[INFO] fetching crate dmenv 0.20.1...
[INFO] testing dmenv-0.20.1 against 1.99.0-beta.8+cargoflags=--release for beta-release-1.100-2
[INFO] extracting crate dmenv 0.20.1 into /workspace/builds/worker-6-tc1/source
[INFO] started tweaking crates.io crate dmenv 0.20.1
[INFO] finished tweaking crates.io crate dmenv 0.20.1
[INFO] tweaked toml for crates.io crate dmenv 0.20.1 written to /workspace/builds/worker-6-tc1/source/Cargo.toml
[INFO] validating manifest of crates.io crate dmenv 0.20.1 on toolchain 1.99.0-beta.8
[INFO] running `Command { std: CARGO_HOME="/workspace/cargo-home" RUSTUP_HOME="/workspace/rustup-home" "/workspace/cargo-home/bin/cargo" "+1.99.0-beta.8" "metadata" "--manifest-path" "Cargo.toml" "--no-deps", kill_on_drop: false }`
[INFO] crate crates.io crate dmenv 0.20.1 already has a lockfile, it will not be regenerated
[INFO] running `Command { std: CARGO_HOME="/workspace/cargo-home" RUSTUP_HOME="/workspace/rustup-home" "/workspace/cargo-home/bin/cargo" "+1.99.0-beta.8" "fetch" "--manifest-path" "Cargo.toml", kill_on_drop: false }`
[INFO] [stderr]     Updating crates.io index
[INFO] [stderr]  Downloading crates ...
[INFO] [stderr]   Downloaded which v2.0.1
[INFO] [stderr]   Downloaded winapi-util v0.1.2
[INFO] [stderr]   Downloaded approx v0.1.1
[INFO] [stderr]   Downloaded ole32-sys v0.2.0
[INFO] [stderr]   Downloaded same-file v1.0.5
[INFO] [stderr]   Downloaded shell32-sys v0.1.2
[INFO] [stderr]   Downloaded remove_dir_all v0.5.2
[INFO] [stderr]   Downloaded rgb v0.8.14
[INFO] [stderr]   Downloaded vec_map v0.8.1
[INFO] [stderr]   Downloaded app_dirs v1.2.1
[INFO] [stderr]   Downloaded atty v0.2.13
[INFO] [stderr]   Downloaded rust-ini v0.13.0
[INFO] [stderr]   Downloaded unicode-width v0.1.6
[INFO] [stderr]   Downloaded globset v0.4.4
[INFO] [stderr]   Downloaded colored v1.8.0
[INFO] [stderr]   Downloaded walkdir v2.2.9
[INFO] [stderr]   Downloaded failure v0.1.6
[INFO] [stderr]   Downloaded ignore v0.4.10
[INFO] [stderr]   Downloaded crossbeam-utils v0.6.6
[INFO] [stderr]   Downloaded winconsole v0.10.0
[INFO] [stderr]   Downloaded cc v1.0.46
[INFO] [stderr]   Downloaded memchr v2.2.1
[INFO] [stderr]   Downloaded cgmath v0.16.1
[INFO] [stderr]   Downloaded backtrace v0.3.40
[INFO] [stderr]   Downloaded unicode-segmentation v1.3.0
[INFO] [stderr]   Downloaded crossbeam-channel v0.3.9
[INFO] [stderr]   Downloaded aho-corasick v0.7.6
[INFO] [stderr]   Downloaded regex-syntax v0.6.12
[INFO] [stderr]   Downloaded regex v1.3.1
[INFO] [stderr]   Downloaded backtrace-sys v0.1.32
[INFO] [stderr]   Downloaded bstr v0.2.8
[INFO] running `Command { std: "docker" "create" "-v" "/var/lib/crater-agent-workspace/builds/worker-6-tc1/source:/opt/rustwide/workdir:ro,Z" "-v" "/var/lib/crater-agent-workspace/builds/worker-6-tc1/target:/opt/rustwide/target:rw,Z" "-v" "/var/lib/crater-agent-workspace/cargo-home:/opt/rustwide/cargo-home:ro,Z" "-v" "/var/lib/crater-agent-workspace/rustup-home:/opt/rustwide/rustup-home:ro,Z" "-m" "1610612736" "--network" "none" "ghcr.io/rust-lang/crates-build-env/linux@sha256:77db811e55d90add9212f6832c23229e3de5f1c1f9905e8cb07319ea15df73ac" "sleep" "infinity", kill_on_drop: false }`
[INFO] [stdout] 7860e72c225cbc6741766fa52e22cf330d2cb04f928a3cefed934cd80c89bc4b
[INFO] running `Command { std: "docker" "start" "7860e72c225cbc6741766fa52e22cf330d2cb04f928a3cefed934cd80c89bc4b", kill_on_drop: false }`
[INFO] running `Command { std: "docker" "inspect" "7860e72c225cbc6741766fa52e22cf330d2cb04f928a3cefed934cd80c89bc4b", kill_on_drop: false }`
[INFO] running `Command { std: "docker" "exec" "-e" "SOURCE_DIR=/opt/rustwide/workdir" "-e" "CARGO_HOME=/opt/rustwide/cargo-home" "-e" "RUSTUP_HOME=/opt/rustwide/rustup-home" "-e" "CARGO_TARGET_DIR=/opt/rustwide/target" "-w" "/opt/rustwide/workdir" "--user" "0:0" "7860e72c225cbc6741766fa52e22cf330d2cb04f928a3cefed934cd80c89bc4b" "/opt/rustwide/cargo-home/bin/cargo" "+1.99.0-beta.8" "metadata" "--no-deps" "--format-version=1", kill_on_drop: false }`
[INFO] running `Command { std: "docker" "inspect" "7860e72c225cbc6741766fa52e22cf330d2cb04f928a3cefed934cd80c89bc4b", kill_on_drop: false }`
[INFO] running `Command { std: "docker" "exec" "-e" "SOURCE_DIR=/opt/rustwide/workdir" "-e" "CARGO_HOME=/opt/rustwide/cargo-home" "-e" "RUSTUP_HOME=/opt/rustwide/rustup-home" "-e" "CARGO_TARGET_DIR=/opt/rustwide/target" "-e" "CARGO_INCREMENTAL=0" "-e" "RUST_BACKTRACE=full" "-e" "RUSTFLAGS=--cap-lints=warn" "-e" "RUSTDOCFLAGS=--cap-lints=warn" "-w" "/opt/rustwide/workdir" "--user" "0:0" "7860e72c225cbc6741766fa52e22cf330d2cb04f928a3cefed934cd80c89bc4b" "/opt/rustwide/cargo-home/bin/cargo" "+1.99.0-beta.8" "build" "--frozen" "--message-format=json" "--release", kill_on_drop: false }`
[INFO] [stderr]    Compiling libc v0.2.65
[INFO] [stderr]    Compiling autocfg v0.1.7
[INFO] [stderr]    Compiling cc v1.0.46
[INFO] [stderr]    Compiling winapi v0.3.8
[INFO] [stderr]    Compiling memchr v2.2.1
[INFO] [stderr]    Compiling bitflags v1.2.1
[INFO] [stderr]    Compiling cgmath v0.16.1
[INFO] [stderr]    Compiling syn v0.15.44
[INFO] [stderr]    Compiling rustc-demangle v0.1.16
[INFO] [stderr]    Compiling unicode-segmentation v1.3.0
[INFO] [stderr]    Compiling unicode-width v0.1.6
[INFO] [stderr]    Compiling approx v0.1.1
[INFO] [stderr]    Compiling num-traits v0.2.8
[INFO] [stderr]    Compiling textwrap v0.11.0
[INFO] [stderr]    Compiling heck v0.3.1
[INFO] [stderr]    Compiling rand v0.4.6
[INFO] [stderr]    Compiling atty v0.2.13
[INFO] [stderr]    Compiling rgb v0.8.14
[INFO] [stderr]    Compiling ansi_term v0.11.0
[INFO] [stderr]    Compiling backtrace-sys v0.1.32
[INFO] [stderr]    Compiling vec_map v0.8.1
[INFO] [stderr]    Compiling aho-corasick v0.7.6
[INFO] [stderr]    Compiling thread_local v0.3.6
[INFO] [stderr]    Compiling clap v2.33.0
[INFO] [stderr]    Compiling xdg v2.2.0
[INFO] [stderr]    Compiling regex-syntax v0.6.12
[INFO] [stderr]    Compiling num-traits v0.1.43
[INFO] [stderr]    Compiling app_dirs v1.2.1
[INFO] [stderr]    Compiling rust-ini v0.13.0
[INFO] [stderr]    Compiling smallvec v0.6.10
[INFO] [stderr]    Compiling structopt-derive v0.2.18
[INFO] [stderr]    Compiling winconsole v0.10.0
[INFO] [stderr]    Compiling colored v1.8.0
[INFO] [stderr]    Compiling regex v1.3.1
[INFO] [stderr]    Compiling backtrace v0.3.40
[INFO] [stderr]    Compiling failure v0.1.6
[INFO] [stderr]    Compiling structopt v0.2.18
[INFO] [stderr]    Compiling which v2.0.1
[INFO] [stderr]    Compiling dmenv v0.20.1 (/opt/rustwide/workdir)
[INFO] [stdout] warning: unused imports: `parse_git_line` and `parse_line`
[INFO] [stdout]  --> src/lock/mod.rs:8:24
[INFO] [stdout]   |
[INFO] [stdout] 8 | pub use parse::{parse, parse_git_line, parse_line, parse_simple_line};
[INFO] [stdout]   |                        ^^^^^^^^^^^^^^  ^^^^^^^^^^
[INFO] [stdout]   |
[INFO] [stdout]   = note: `#[warn(unused_imports)]` (part of `#[warn(unused)]`) on by default
[INFO] [stdout] 
[INFO] [stdout] 
[INFO] [stderr]     Finished `release` profile [optimized] target(s) in 57.96s
[INFO] running `Command { std: "docker" "inspect" "7860e72c225cbc6741766fa52e22cf330d2cb04f928a3cefed934cd80c89bc4b", kill_on_drop: false }`
[INFO] running `Command { std: "docker" "exec" "-e" "SOURCE_DIR=/opt/rustwide/workdir" "-e" "CARGO_HOME=/opt/rustwide/cargo-home" "-e" "RUSTUP_HOME=/opt/rustwide/rustup-home" "-e" "CARGO_TARGET_DIR=/opt/rustwide/target" "-e" "CARGO_INCREMENTAL=0" "-e" "RUST_BACKTRACE=full" "-e" "RUSTFLAGS=--cap-lints=warn" "-e" "RUSTDOCFLAGS=--cap-lints=warn" "-w" "/opt/rustwide/workdir" "--user" "0:0" "7860e72c225cbc6741766fa52e22cf330d2cb04f928a3cefed934cd80c89bc4b" "/opt/rustwide/cargo-home/bin/cargo" "+1.99.0-beta.8" "test" "--frozen" "--no-run" "--message-format=json" "--release", kill_on_drop: false }`
[INFO] [stderr]    Compiling log v0.4.8
[INFO] [stderr]    Compiling bstr v0.2.8
[INFO] [stderr]    Compiling crossbeam-utils v0.6.6
[INFO] [stderr]    Compiling fnv v1.0.6
[INFO] [stderr]    Compiling same-file v1.0.5
[INFO] [stderr]    Compiling remove_dir_all v0.5.2
[INFO] [stdout] warning: unused imports: `parse_git_line` and `parse_line`
[INFO] [stdout]  --> src/lock/mod.rs:8:24
[INFO] [stdout]   |
[INFO] [stdout] 8 | pub use parse::{parse, parse_git_line, parse_line, parse_simple_line};
[INFO] [stdout]   |                        ^^^^^^^^^^^^^^  ^^^^^^^^^^
[INFO] [stdout]   |
[INFO] [stdout]   = note: `#[warn(unused_imports)]` (part of `#[warn(unused)]`) on by default
[INFO] [stdout] 
[INFO] [stdout] 
[INFO] [stderr]    Compiling tempdir v0.3.7
[INFO] [stderr]    Compiling walkdir v2.2.9
[INFO] [stderr]    Compiling crossbeam-channel v0.3.9
[INFO] [stderr]    Compiling globset v0.4.4
[INFO] [stderr]    Compiling ignore v0.4.10
[INFO] [stderr]    Compiling dmenv v0.20.1 (/opt/rustwide/workdir)
[INFO] [stdout] warning: unused import: `parse_line`
[INFO] [stdout]  --> src/lock/mod.rs:8:40
[INFO] [stdout]   |
[INFO] [stdout] 8 | pub use parse::{parse, parse_git_line, parse_line, parse_simple_line};
[INFO] [stdout]   |                                        ^^^^^^^^^^
[INFO] [stdout]   |
[INFO] [stdout]   = note: `#[warn(unused_imports)]` (part of `#[warn(unused)]`) on by default
[INFO] [stdout] 
[INFO] [stdout] 
[INFO] [stderr]     Finished `release` profile [optimized] target(s) in 17.69s
[INFO] running `Command { std: "docker" "inspect" "7860e72c225cbc6741766fa52e22cf330d2cb04f928a3cefed934cd80c89bc4b", kill_on_drop: false }`
[INFO] running `Command { std: "docker" "exec" "-e" "SOURCE_DIR=/opt/rustwide/workdir" "-e" "CARGO_HOME=/opt/rustwide/cargo-home" "-e" "RUSTUP_HOME=/opt/rustwide/rustup-home" "-e" "CARGO_TARGET_DIR=/opt/rustwide/target" "-e" "CARGO_INCREMENTAL=0" "-e" "RUST_BACKTRACE=full" "-e" "RUSTFLAGS=--cap-lints=warn" "-e" "RUSTDOCFLAGS=--cap-lints=warn" "-w" "/opt/rustwide/workdir" "--user" "0:0" "7860e72c225cbc6741766fa52e22cf330d2cb04f928a3cefed934cd80c89bc4b" "/opt/rustwide/cargo-home/bin/cargo" "+1.99.0-beta.8" "test" "--frozen" "--release", kill_on_drop: false }`
[INFO] [stderr] warning: unused imports: `parse_git_line` and `parse_line`
[INFO] [stderr]  --> src/lock/mod.rs:8:24
[INFO] [stderr]   |
[INFO] [stderr] 8 | pub use parse::{parse, parse_git_line, parse_line, parse_simple_line};
[INFO] [stderr]   |                        ^^^^^^^^^^^^^^  ^^^^^^^^^^
[INFO] [stderr]   |
[INFO] [stderr]   = note: `#[warn(unused_imports)]` (part of `#[warn(unused)]`) on by default
[INFO] [stderr] 
[INFO] [stderr] warning: `dmenv` (lib) generated 1 warning (run `cargo fix --lib -p dmenv` to apply 1 suggestion)
[INFO] [stderr] warning: unused import: `parse_line`
[INFO] [stderr]  --> src/lock/mod.rs:8:40
[INFO] [stderr]   |
[INFO] [stderr] 8 | pub use parse::{parse, parse_git_line, parse_line, parse_simple_line};
[INFO] [stderr]   |                                        ^^^^^^^^^^
[INFO] [stderr]   |
[INFO] [stderr]   = note: `#[warn(unused_imports)]` (part of `#[warn(unused)]`) on by default
[INFO] [stderr] 
[INFO] [stderr] warning: `dmenv` (lib test) generated 1 warning (run `cargo fix --lib -p dmenv --tests` to apply 1 suggestion)
[INFO] [stderr]     Finished `release` profile [optimized] target(s) in 0.10s
[INFO] [stderr]      Running unittests src/lib.rs (/opt/rustwide/target/release/deps/dmenv-035fd8d0c0634009)
[INFO] [stdout] 
[INFO] [stdout] running 39 tests
[INFO] [stdout] test cli::syntax::tests::test_parse_python_version_not_quoted ... ok
[INFO] [stdout] test error::tests::errors_are_sync ... ok
[INFO] [stdout] test cli::syntax::tests::test_parse_python_version_no_comparison ... ok
[INFO] [stdout] test dependencies::tests::git_bump ... ok
[INFO] [stdout] test dependencies::tests::simple_bump ... ok
[INFO] [stdout] test error::tests::errors_are_send ... ok
[INFO] [stdout] test lock::bump::tests::bump_git_ref ... ok
[INFO] [stdout] test cli::syntax::tests::test_parse_python_version_ok ... ok
[INFO] [stdout] test lock::parse::tests::test_no_newline_at_the_end ... ok
[INFO] [stdout] test lock::parse::tests::test_parse_git_name ... ok
[INFO] [stdout] test lock::parse::tests::test_parse_lock ... ok
[INFO] [stdout] test lock::parse::tests::test_parse_simple_version ... ok
[INFO] [stdout] test lock::parse::tests::test_split_into_logical_lines ... ok
[INFO] [stdout] test lock::bump::tests::dep_not_found ... ok
[INFO] [stdout] test lock::bump::tests::simple_no_change ... ok
[INFO] [stdout] test lock::parse::tests::test_parse_git_ref ... ok
[INFO] [stdout] test lock::bump::tests::simple_change ... ok
[INFO] [stdout] test lock::parse::tests::malformed_lock ... ok
[INFO] [stdout] test lock::update::tests::add_new_deps ... ok
[INFO] [stdout] test lock::update::tests::different_platform ... ok
[INFO] [stdout] test lock::update::tests::keep_specifications ... ok
[INFO] [stdout] test lock::update::tests::keep_git_deps ... ok
[INFO] [stdout] test lock::update::tests::keep_old_deps ... ok
[INFO] [stdout] test lock::update::tests::simple_dependency_upgraded ... ok
[INFO] [stdout] test lock::update::tests::different_python_version ... ok
[INFO] [stdout] test lock::update::tests::from_scratch ... ok
[INFO] [stdout] test paths::tests::test_resolving_paths_inside_by_default ... ok
[INFO] [stdout] test paths::tests::test_resolving_paths_outside_project ... ok
[INFO] [stdout] test operations::init::tests::does_not_overwrite_setup_cfg ... ok
[INFO] [stdout] test paths::tests::test_resolving_paths_contains_python_version ... ok
[INFO] [stdout] test operations::init::tests::does_not_overwrite_setup_py ... ok
[INFO] [stdout] test paths::tests::test_resolving_paths_prod_differs_from_dev ... ok
[INFO] [stdout] test operations::init::tests::creates_two_files_by_default ... ok
[INFO] [stdout] test operations::init::tests::no_setup_cfg ... ok
[INFO] [stdout] test paths::tests::test_resolving_paths_system_site_packages_differs ... ok
[INFO] [stdout] test run::tests::test_run_py_script_in_venv ... ok
[INFO] [stdout] test run::tests::test_run_script_in_project ... ok
[INFO] [stdout] test tests::test_not_in_venv ... ok
[INFO] [stdout] test run::tests::test_run_python ... ok
[INFO] [stdout] 
[INFO] [stdout] test result: ok. 39 passed; 0 failed; 0 ignored; 0 measured; 0 filtered out; finished in 0.02s
[INFO] [stdout] 
[INFO] [stderr]      Running unittests src/main.rs (/opt/rustwide/target/release/deps/dmenv-25fccef1631d97b3)
[INFO] [stdout] 
[INFO] [stdout] running 0 tests
[INFO] [stdout] 
[INFO] [stdout] test result: ok. 0 passed; 0 failed; 0 ignored; 0 measured; 0 filtered out; finished in 0.00s
[INFO] [stdout] 
[INFO] [stderr]      Running tests/integration_tests.rs (/opt/rustwide/target/release/deps/integration_tests-a08ebe7ea088383c)
[INFO] [stdout] 
[INFO] [stdout] running 14 tests
[INFO] [stdout] test init_does_not_overwrite_existing_setup_py ... ok
[INFO] [stdout] test bump_in_lock_simple ... ok
[INFO] [stdout] test lock_complains_if_setup_py_does_not_exist ... ok
[INFO] [stdout] test install_without_lock ... ok
[INFO] [stdout] test run_without_virtualenv ... ok
[INFO] [stdout] test show_venv_path ... ok
[INFO] [stdout] The virtual environment was not created successfully because ensurepip is not
[INFO] [stdout] available.  On Debian/Ubuntu systems, you need to install the python3-venv
[INFO] [stdout] package using the following command.
[INFO] [stdout] 
[INFO] [stdout]     apt install python3.14-venv
[INFO] [stdout] 
[INFO] [stdout] You may need to use sudo with that command.  After installing the python3-venv
[INFO] [stdout] package, recreate your virtual environment.
[INFO] [stdout] 
[INFO] [stdout] Failing command: /tmp/test-dmenv.CnRDpOYW4o1G/.venv/dev/3.14.4/bin/python3
[INFO] [stdout] 
[INFO] [stdout] The virtual environment was not created successfully because ensurepip is not
[INFO] [stdout] available.  On Debian/Ubuntu systems, you need to install the python3-venv
[INFO] [stdout] package using the following command.
[INFO] [stdout] 
[INFO] [stdout]     apt install python3.14-venv
[INFO] [stdout] 
[INFO] [stdout] You may need to use sudo with that command.  After installing the python3-venv
[INFO] [stdout] package, recreate your virtual environment.
[INFO] [stdout] 
[INFO] [stdout] Failing command: /tmp/test-dmenv.23VfIQnyOVta/.venv/dev/3.14.4/bin/python3
[INFO] [stdout] 
[INFO] [stdout] test install_workflow_basic ... FAILED
[INFO] [stdout] The virtual environment was not created successfully because ensurepip is not
[INFO] [stdout] available.  On Debian/Ubuntu systems, you need to install the python3-venv
[INFO] [stdout] package using the following command.
[INFO] [stdout] 
[INFO] [stdout]     apt install python3.14-venv
[INFO] [stdout] 
[INFO] [stdout] You may need to use sudo with that command.  After installing the python3-venv
[INFO] [stdout] package, recreate your virtual environment.
[INFO] [stdout] 
[INFO] [stdout] Failing command: /tmp/test-dmenv.ciKY369W2blI/.venv/prod/3.14.4/bin/python3
[INFO] [stdout] 
[INFO] [stdout] test install_workflow_step_by_step ... FAILED
[INFO] [stdout] The virtual environment was not created successfully because ensurepip is not
[INFO] [stdout] available.  On Debian/Ubuntu systems, you need to install the python3-venv
[INFO] [stdout] package using the following command.
[INFO] [stdout] 
[INFO] [stdout]     apt install python3.14-venv
[INFO] [stdout] 
[INFO] [stdout] You may need to use sudo with that command.  After installing the python3-venv
[INFO] [stdout] package, recreate your virtual environment.
[INFO] [stdout] 
[INFO] [stdout] Failing command: /tmp/test-dmenv.xJnkriy1TTar/.venv/dev/3.14.4/bin/python3
[INFO] [stdout] 
[INFO] [stdout] The virtual environment was not created successfully because ensurepip is not
[INFO] [stdout] available.  On Debian/Ubuntu systems, you need to install the python3-venv
[INFO] [stdout] package using the following command.
[INFO] [stdout] 
[INFO] [stdout]     apt install python3.14-venv
[INFO] [stdout] 
[INFO] [stdout] You may need to use sudo with that command.  After installing the python3-venv
[INFO] [stdout] package, recreate your virtual environment.
[INFO] [stdout] 
[INFO] [stdout] Failing command: /tmp/test-dmenv.WCH0wnoxNyk9/.venv/dev/3.14.4/bin/python3
[INFO] [stdout] 
[INFO] [stdout] test run_project_script ... FAILED
[INFO] [stdout] test init_works ... FAILED
[INFO] [stdout] test production_workflow ... FAILED
[INFO] [stdout] The virtual environment was not created successfully because ensurepip is not
[INFO] [stdout] available.  On Debian/Ubuntu systems, you need to install the python3-venv
[INFO] [stdout] package using the following command.
[INFO] [stdout] 
[INFO] [stdout]     apt install python3.14-venv
[INFO] [stdout] 
[INFO] [stdout] You may need to use sudo with that command.  After installing the python3-venv
[INFO] [stdout] package, recreate your virtual environment.
[INFO] [stdout] 
[INFO] [stdout] Failing command: /tmp/test-dmenv.ksOsq7FIMb4V/.venv/dev/3.14.4/bin/python3
[INFO] [stdout] 
[INFO] [stdout] The virtual environment was not created successfully because ensurepip is not
[INFO] [stdout] available.  On Debian/Ubuntu systems, you need to install the python3-venv
[INFO] [stdout] package using the following command.
[INFO] [stdout] 
[INFO] [stdout]     apt install python3.14-venv
[INFO] [stdout] 
[INFO] [stdout] You may need to use sudo with that command.  After installing the python3-venv
[INFO] [stdout] package, recreate your virtual environment.
[INFO] [stdout] 
[INFO] [stdout] Failing command: /tmp/test-dmenv.QyvGeMNAn3Bh/.venv/dev/3.14.4/bin/python3
[INFO] [stdout] 
[INFO] [stdout] test test_process_scripts ... FAILED
[INFO] [stdout] test lock_workflow ... FAILED
[INFO] [stdout] The virtual environment was not created successfully because ensurepip is not
[INFO] [stdout] available.  On Debian/Ubuntu systems, you need to install the python3-venv
[INFO] [stdout] package using the following command.
[INFO] [stdout] 
[INFO] [stdout]     apt install python3.14-venv
[INFO] [stdout] 
[INFO] [stdout] You may need to use sudo with that command.  After installing the python3-venv
[INFO] [stdout] package, recreate your virtual environment.
[INFO] [stdout] 
[INFO] [stdout] Failing command: /tmp/test-dmenv.UMnRX3XkYIcp/.venv/dev/3.14.4/bin/python3
[INFO] [stdout] 
[INFO] [stderr] error: test failed, to rerun pass `--test integration_tests`
[INFO] [stdout] test test_tidy ... FAILED
[INFO] [stdout] 
[INFO] [stdout] failures:
[INFO] [stdout] 
[INFO] [stdout] ---- install_workflow_basic stdout ----
[INFO] [stdout] [34m::[0m Preparing project for development
[INFO] [stdout] [34m->[0m Creating virtualenv in: /tmp/test-dmenv.CnRDpOYW4o1G/.venv/dev/3.14.4
[INFO] [stdout] [34m$[0m /usr/bin/python3 -m venv /tmp/test-dmenv.CnRDpOYW4o1G/.venv/dev/3.14.4
[INFO] [stdout] 
[INFO] [stdout] thread 'install_workflow_basic' (1179) panicked at tests/helpers/mod.rs:82:24:
[INFO] [stdout] called `Result::unwrap()` on an `Err` value: Other { message: "command failed" }
[INFO] [stdout] stack backtrace:
[INFO] [stdout]    0:     0x602a3d8d5c21 - <<std[70759c8f55707aa4]::sys::backtrace::BacktraceLock>::print::DisplayBacktrace as core[df12db4294e9bfd3]::fmt::Display>::fmt
[INFO] [stdout]    1:     0x602a3d8ecaaa - core[df12db4294e9bfd3]::fmt::write
[INFO] [stdout]    2:     0x602a3d8da53c - <alloc[2182bb758b4b3781]::vec::Vec<u8> as core[df12db4294e9bfd3]::io::write::Write>::write_fmt
[INFO] [stdout]    3:     0x602a3d8ae986 - std[70759c8f55707aa4]::panicking::default_hook::{closure#0}
[INFO] [stdout]    4:     0x602a3d8cc219 - std[70759c8f55707aa4]::panicking::default_hook
[INFO] [stdout]    5:     0x602a3d741360 - test[9d35eded1c95d3be]::test_main_inner::<test[9d35eded1c95d3be]::test_main_static::{closure#0}>::{closure#0}
[INFO] [stdout]    6:     0x602a3d8cc3d2 - std[70759c8f55707aa4]::panicking::panic_with_hook
[INFO] [stdout]    7:     0x602a3d8aea32 - std[70759c8f55707aa4]::panicking::panic_handler::{closure#0}
[INFO] [stdout]    8:     0x602a3d8a7249 - std[70759c8f55707aa4]::sys::backtrace::__rust_end_short_backtrace::<std[70759c8f55707aa4]::panicking::panic_handler::{closure#0}, !>
[INFO] [stdout]    9:     0x602a3d8af7bd - __rustc[8fa7c3cbc660c2b3]::rust_begin_unwind
[INFO] [stdout]   10:     0x602a3d8ed20c - core[df12db4294e9bfd3]::panicking::panic_fmt
[INFO] [stdout]   11:     0x602a3d8ecfe2 - core[df12db4294e9bfd3]::result::unwrap_failed
[INFO] [stdout]   12:     0x602a3d726e6f - <integration_tests[9aca13a895ff4570]::install_workflow_basic::{closure#0} as core[df12db4294e9bfd3]::ops::function::FnOnce<()>>::call_once
[INFO] [stdout]   13:     0x602a3d73464b - test[9d35eded1c95d3be]::__rust_begin_short_backtrace::<core[df12db4294e9bfd3]::result::Result<(), alloc[2182bb758b4b3781]::string::String>, fn() -> core[df12db4294e9bfd3]::result::Result<(), alloc[2182bb758b4b3781]::string::String>>
[INFO] [stdout]   14:     0x602a3d741cb5 - test[9d35eded1c95d3be]::run_test::{closure#0}
[INFO] [stdout]   15:     0x602a3d73b574 - std[70759c8f55707aa4]::sys::backtrace::__rust_begin_short_backtrace::<test[9d35eded1c95d3be]::run_test::{closure#1}, ()>
[INFO] [stdout]   16:     0x602a3d744e12 - <std[70759c8f55707aa4]::thread::lifecycle::spawn_unchecked<test[9d35eded1c95d3be]::run_test::{closure#1}, ()>::{closure#1} as core[df12db4294e9bfd3]::ops::function::FnOnce<()>>::call_once::{shim:vtable#0}
[INFO] [stdout]   17:     0x602a3d8d4ed9 - <std[70759c8f55707aa4]::sys::thread::unix::Thread>::new::thread_start
[INFO] [stdout]   18:     0x71b324a04dfa - <unknown>
[INFO] [stdout]   19:     0x71b324a983d4 - clone
[INFO] [stdout]   20:                0x0 - <unknown>
[INFO] [stdout] 
[INFO] [stdout] ---- install_workflow_step_by_step stdout ----
[INFO] [stdout] [34m::[0m Preparing project for development
[INFO] [stdout] [34m->[0m Creating virtualenv in: /tmp/test-dmenv.23VfIQnyOVta/.venv/dev/3.14.4
[INFO] [stdout] [34m$[0m /usr/bin/python3 -m venv /tmp/test-dmenv.23VfIQnyOVta/.venv/dev/3.14.4
[INFO] [stdout] 
[INFO] [stdout] thread 'install_workflow_step_by_step' (1180) panicked at tests/helpers/mod.rs:82:24:
[INFO] [stdout] called `Result::unwrap()` on an `Err` value: Other { message: "command failed" }
[INFO] [stdout] stack backtrace:
[INFO] [stdout]    0:     0x602a3d8d5c21 - <<std[70759c8f55707aa4]::sys::backtrace::BacktraceLock>::print::DisplayBacktrace as core[df12db4294e9bfd3]::fmt::Display>::fmt
[INFO] [stdout]    1:     0x602a3d8ecaaa - core[df12db4294e9bfd3]::fmt::write
[INFO] [stdout]    2:     0x602a3d8da53c - <alloc[2182bb758b4b3781]::vec::Vec<u8> as core[df12db4294e9bfd3]::io::write::Write>::write_fmt
[INFO] [stdout]    3:     0x602a3d8ae986 - std[70759c8f55707aa4]::panicking::default_hook::{closure#0}
[INFO] [stdout]    4:     0x602a3d8cc219 - std[70759c8f55707aa4]::panicking::default_hook
[INFO] [stdout]    5:     0x602a3d741360 - test[9d35eded1c95d3be]::test_main_inner::<test[9d35eded1c95d3be]::test_main_static::{closure#0}>::{closure#0}
[INFO] [stdout]    6:     0x602a3d8cc3d2 - std[70759c8f55707aa4]::panicking::panic_with_hook
[INFO] [stdout]    7:     0x602a3d8aea32 - std[70759c8f55707aa4]::panicking::panic_handler::{closure#0}
[INFO] [stdout]    8:     0x602a3d8a7249 - std[70759c8f55707aa4]::sys::backtrace::__rust_end_short_backtrace::<std[70759c8f55707aa4]::panicking::panic_handler::{closure#0}, !>
[INFO] [stdout]    9:     0x602a3d8af7bd - __rustc[8fa7c3cbc660c2b3]::rust_begin_unwind
[INFO] [stdout]   10:     0x602a3d8ed20c - core[df12db4294e9bfd3]::panicking::panic_fmt
[INFO] [stdout]   11:     0x602a3d8ecfe2 - core[df12db4294e9bfd3]::result::unwrap_failed
[INFO] [stdout]   12:     0x602a3d72739d - <integration_tests[9aca13a895ff4570]::install_workflow_step_by_step::{closure#0} as core[df12db4294e9bfd3]::ops::function::FnOnce<()>>::call_once
[INFO] [stdout]   13:     0x602a3d73464b - test[9d35eded1c95d3be]::__rust_begin_short_backtrace::<core[df12db4294e9bfd3]::result::Result<(), alloc[2182bb758b4b3781]::string::String>, fn() -> core[df12db4294e9bfd3]::result::Result<(), alloc[2182bb758b4b3781]::string::String>>
[INFO] [stdout]   14:     0x602a3d741cb5 - test[9d35eded1c95d3be]::run_test::{closure#0}
[INFO] [stdout]   15:     0x602a3d73b574 - std[70759c8f55707aa4]::sys::backtrace::__rust_begin_short_backtrace::<test[9d35eded1c95d3be]::run_test::{closure#1}, ()>
[INFO] [stdout]   16:     0x602a3d744e12 - <std[70759c8f55707aa4]::thread::lifecycle::spawn_unchecked<test[9d35eded1c95d3be]::run_test::{closure#1}, ()>::{closure#1} as core[df12db4294e9bfd3]::ops::function::FnOnce<()>>::call_once::{shim:vtable#0}
[INFO] [stdout]   17:     0x602a3d8d4ed9 - <std[70759c8f55707aa4]::sys::thread::unix::Thread>::new::thread_start
[INFO] [stdout]   18:     0x71b324a04dfa - <unknown>
[INFO] [stdout]   19:     0x71b324a983d4 - clone
[INFO] [stdout]   20:                0x0 - <unknown>
[INFO] [stdout] 
[INFO] [stdout] ---- run_project_script stdout ----
[INFO] [stdout] [34m::[0m Preparing project for development
[INFO] [stdout] [34m->[0m Creating virtualenv in: /tmp/test-dmenv.xJnkriy1TTar/.venv/dev/3.14.4
[INFO] [stdout] [34m$[0m /usr/bin/python3 -m venv /tmp/test-dmenv.xJnkriy1TTar/.venv/dev/3.14.4
[INFO] [stdout] 
[INFO] [stdout] thread 'run_project_script' (1193) panicked at tests/helpers/mod.rs:82:24:
[INFO] [stdout] called `Result::unwrap()` on an `Err` value: Other { message: "command failed" }
[INFO] [stdout] stack backtrace:
[INFO] [stdout]    0:     0x602a3d8d5c21 - <<std[70759c8f55707aa4]::sys::backtrace::BacktraceLock>::print::DisplayBacktrace as core[df12db4294e9bfd3]::fmt::Display>::fmt
[INFO] [stdout]    1:     0x602a3d8ecaaa - core[df12db4294e9bfd3]::fmt::write
[INFO] [stdout]    2:     0x602a3d8da53c - <alloc[2182bb758b4b3781]::vec::Vec<u8> as core[df12db4294e9bfd3]::io::write::Write>::write_fmt
[INFO] [stdout]    3:     0x602a3d8ae986 - std[70759c8f55707aa4]::panicking::default_hook::{closure#0}
[INFO] [stdout]    4:     0x602a3d8cc219 - std[70759c8f55707aa4]::panicking::default_hook
[INFO] [stdout]    5:     0x602a3d741360 - test[9d35eded1c95d3be]::test_main_inner::<test[9d35eded1c95d3be]::test_main_static::{closure#0}>::{closure#0}
[INFO] [stdout]    6:     0x602a3d8cc3d2 - std[70759c8f55707aa4]::panicking::panic_with_hook
[INFO] [stdout]    7:     0x602a3d8aea32 - std[70759c8f55707aa4]::panicking::panic_handler::{closure#0}
[INFO] [stdout]    8:     0x602a3d8a7249 - std[70759c8f55707aa4]::sys::backtrace::__rust_end_short_backtrace::<std[70759c8f55707aa4]::panicking::panic_handler::{closure#0}, !>
[INFO] [stdout]    9:     0x602a3d8af7bd - __rustc[8fa7c3cbc660c2b3]::rust_begin_unwind
[INFO] [stdout]   10:     0x602a3d8ed20c - core[df12db4294e9bfd3]::panicking::panic_fmt
[INFO] [stdout]   11:     0x602a3d8ecfe2 - core[df12db4294e9bfd3]::result::unwrap_failed
[INFO] [stdout]   12:     0x602a3d725b70 - <integration_tests[9aca13a895ff4570]::run_project_script::{closure#0} as core[df12db4294e9bfd3]::ops::function::FnOnce<()>>::call_once
[INFO] [stdout]   13:     0x602a3d73464b - test[9d35eded1c95d3be]::__rust_begin_short_backtrace::<core[df12db4294e9bfd3]::result::Result<(), alloc[2182bb758b4b3781]::string::String>, fn() -> core[df12db4294e9bfd3]::result::Result<(), alloc[2182bb758b4b3781]::string::String>>
[INFO] [stdout]   14:     0x602a3d741cb5 - test[9d35eded1c95d3be]::run_test::{closure#0}
[INFO] [stdout]   15:     0x602a3d73b574 - std[70759c8f55707aa4]::sys::backtrace::__rust_begin_short_backtrace::<test[9d35eded1c95d3be]::run_test::{closure#1}, ()>
[INFO] [stdout]   16:     0x602a3d744e12 - <std[70759c8f55707aa4]::thread::lifecycle::spawn_unchecked<test[9d35eded1c95d3be]::run_test::{closure#1}, ()>::{closure#1} as core[df12db4294e9bfd3]::ops::function::FnOnce<()>>::call_once::{shim:vtable#0}
[INFO] [stdout]   17:     0x602a3d8d4ed9 - <std[70759c8f55707aa4]::sys::thread::unix::Thread>::new::thread_start
[INFO] [stdout]   18:     0x71b324a04dfa - <unknown>
[INFO] [stdout]   19:     0x71b324a983d4 - clone
[INFO] [stdout]   20:                0x0 - <unknown>
[INFO] [stdout] 
[INFO] [stdout] ---- init_works stdout ----
[INFO] [stdout] [34m::[0m Project initialized with setup.py and setup.cfg files
[INFO] [stdout] [34m::[0m Updating lock
[INFO] [stdout] [34m->[0m Creating virtualenv in: /tmp/test-dmenv.WCH0wnoxNyk9/.venv/dev/3.14.4
[INFO] [stdout] [34m$[0m /usr/bin/python3 -m venv /tmp/test-dmenv.WCH0wnoxNyk9/.venv/dev/3.14.4
[INFO] [stdout] 
[INFO] [stdout] thread 'init_works' (1177) panicked at tests/helpers/mod.rs:82:24:
[INFO] [stdout] called `Result::unwrap()` on an `Err` value: Other { message: "command failed" }
[INFO] [stdout] stack backtrace:
[INFO] [stdout]    0:     0x602a3d8d5c21 - <<std[70759c8f55707aa4]::sys::backtrace::BacktraceLock>::print::DisplayBacktrace as core[df12db4294e9bfd3]::fmt::Display>::fmt
[INFO] [stdout]    1:     0x602a3d8ecaaa - core[df12db4294e9bfd3]::fmt::write
[INFO] [stdout]    2:     0x602a3d8da53c - <alloc[2182bb758b4b3781]::vec::Vec<u8> as core[df12db4294e9bfd3]::io::write::Write>::write_fmt
[INFO] [stdout]    3:     0x602a3d8ae986 - std[70759c8f55707aa4]::panicking::default_hook::{closure#0}
[INFO] [stdout]    4:     0x602a3d8cc219 - std[70759c8f55707aa4]::panicking::default_hook
[INFO] [stdout]    5:     0x602a3d741360 - test[9d35eded1c95d3be]::test_main_inner::<test[9d35eded1c95d3be]::test_main_static::{closure#0}>::{closure#0}
[INFO] [stdout]    6:     0x602a3d8cc3d2 - std[70759c8f55707aa4]::panicking::panic_with_hook
[INFO] [stdout]    7:     0x602a3d8aea32 - std[70759c8f55707aa4]::panicking::panic_handler::{closure#0}
[INFO] [stdout]    8:     0x602a3d8a7249 - std[70759c8f55707aa4]::sys::backtrace::__rust_end_short_backtrace::<std[70759c8f55707aa4]::panicking::panic_handler::{closure#0}, !>
[INFO] [stdout]    9:     0x602a3d8af7bd - __rustc[8fa7c3cbc660c2b3]::rust_begin_unwind
[INFO] [stdout]   10:     0x602a3d8ed20c - core[df12db4294e9bfd3]::panicking::panic_fmt
[INFO] [stdout]   11:     0x602a3d8ecfe2 - core[df12db4294e9bfd3]::result::unwrap_failed
[INFO] [stdout]   12:     0x602a3d72505d - <integration_tests[9aca13a895ff4570]::init_works::{closure#0} as core[df12db4294e9bfd3]::ops::function::FnOnce<()>>::call_once
[INFO] [stdout]   13:     0x602a3d73464b - test[9d35eded1c95d3be]::__rust_begin_short_backtrace::<core[df12db4294e9bfd3]::result::Result<(), alloc[2182bb758b4b3781]::string::String>, fn() -> core[df12db4294e9bfd3]::result::Result<(), alloc[2182bb758b4b3781]::string::String>>
[INFO] [stdout]   14:     0x602a3d741cb5 - test[9d35eded1c95d3be]::run_test::{closure#0}
[INFO] [stdout]   15:     0x602a3d73b574 - std[70759c8f55707aa4]::sys::backtrace::__rust_begin_short_backtrace::<test[9d35eded1c95d3be]::run_test::{closure#1}, ()>
[INFO] [stdout]   16:     0x602a3d744e12 - <std[70759c8f55707aa4]::thread::lifecycle::spawn_unchecked<test[9d35eded1c95d3be]::run_test::{closure#1}, ()>::{closure#1} as core[df12db4294e9bfd3]::ops::function::FnOnce<()>>::call_once::{shim:vtable#0}
[INFO] [stdout]   17:     0x602a3d8d4ed9 - <std[70759c8f55707aa4]::sys::thread::unix::Thread>::new::thread_start
[INFO] [stdout]   18:     0x71b324a04dfa - <unknown>
[INFO] [stdout]   19:     0x71b324a983d4 - clone
[INFO] [stdout]   20:                0x0 - <unknown>
[INFO] [stdout] 
[INFO] [stdout] ---- production_workflow stdout ----
[INFO] [stdout] [34m::[0m Updating lock
[INFO] [stdout] [34m->[0m Creating virtualenv in: /tmp/test-dmenv.ciKY369W2blI/.venv/prod/3.14.4
[INFO] [stdout] [34m$[0m /usr/bin/python3 -m venv /tmp/test-dmenv.ciKY369W2blI/.venv/prod/3.14.4
[INFO] [stdout] 
[INFO] [stdout] thread 'production_workflow' (1191) panicked at tests/helpers/mod.rs:82:24:
[INFO] [stdout] called `Result::unwrap()` on an `Err` value: Other { message: "command failed" }
[INFO] [stdout] stack backtrace:
[INFO] [stdout]    0:     0x602a3d8d5c21 - <<std[70759c8f55707aa4]::sys::backtrace::BacktraceLock>::print::DisplayBacktrace as core[df12db4294e9bfd3]::fmt::Display>::fmt
[INFO] [stdout]    1:     0x602a3d8ecaaa - core[df12db4294e9bfd3]::fmt::write
[INFO] [stdout]    2:     0x602a3d8da53c - <alloc[2182bb758b4b3781]::vec::Vec<u8> as core[df12db4294e9bfd3]::io::write::Write>::write_fmt
[INFO] [stdout]    3:     0x602a3d8ae986 - std[70759c8f55707aa4]::panicking::default_hook::{closure#0}
[INFO] [stdout]    4:     0x602a3d8cc219 - std[70759c8f55707aa4]::panicking::default_hook
[INFO] [stdout]    5:     0x602a3d741360 - test[9d35eded1c95d3be]::test_main_inner::<test[9d35eded1c95d3be]::test_main_static::{closure#0}>::{closure#0}
[INFO] [stdout]    6:     0x602a3d8cc3d2 - std[70759c8f55707aa4]::panicking::panic_with_hook
[INFO] [stdout]    7:     0x602a3d8aea32 - std[70759c8f55707aa4]::panicking::panic_handler::{closure#0}
[INFO] [stdout]    8:     0x602a3d8a7249 - std[70759c8f55707aa4]::sys::backtrace::__rust_end_short_backtrace::<std[70759c8f55707aa4]::panicking::panic_handler::{closure#0}, !>
[INFO] [stdout]    9:     0x602a3d8af7bd - __rustc[8fa7c3cbc660c2b3]::rust_begin_unwind
[INFO] [stdout]   10:     0x602a3d8ed20c - core[df12db4294e9bfd3]::panicking::panic_fmt
[INFO] [stdout]   11:     0x602a3d8ecfe2 - core[df12db4294e9bfd3]::result::unwrap_failed
[INFO] [stdout]   12:     0x602a3d72626e - <integration_tests[9aca13a895ff4570]::production_workflow::{closure#0} as core[df12db4294e9bfd3]::ops::function::FnOnce<()>>::call_once
[INFO] [stdout]   13:     0x602a3d73464b - test[9d35eded1c95d3be]::__rust_begin_short_backtrace::<core[df12db4294e9bfd3]::result::Result<(), alloc[2182bb758b4b3781]::string::String>, fn() -> core[df12db4294e9bfd3]::result::Result<(), alloc[2182bb758b4b3781]::string::String>>
[INFO] [stdout]   14:     0x602a3d741cb5 - test[9d35eded1c95d3be]::run_test::{closure#0}
[INFO] [stdout]   15:     0x602a3d73b574 - std[70759c8f55707aa4]::sys::backtrace::__rust_begin_short_backtrace::<test[9d35eded1c95d3be]::run_test::{closure#1}, ()>
[INFO] [stdout]   16:     0x602a3d744e12 - <std[70759c8f55707aa4]::thread::lifecycle::spawn_unchecked<test[9d35eded1c95d3be]::run_test::{closure#1}, ()>::{closure#1} as core[df12db4294e9bfd3]::ops::function::FnOnce<()>>::call_once::{shim:vtable#0}
[INFO] [stdout]   17:     0x602a3d8d4ed9 - <std[70759c8f55707aa4]::sys::thread::unix::Thread>::new::thread_start
[INFO] [stdout]   18:     0x71b324a04dfa - <unknown>
[INFO] [stdout]   19:     0x71b324a983d4 - clone
[INFO] [stdout]   20:                0x0 - <unknown>
[INFO] [stdout] 
[INFO] [stdout] ---- test_process_scripts stdout ----
[INFO] [stdout] [34m::[0m Preparing project for development
[INFO] [stdout] [34m->[0m Creating virtualenv in: /tmp/test-dmenv.ksOsq7FIMb4V/.venv/dev/3.14.4
[INFO] [stdout] [34m$[0m /usr/bin/python3 -m venv /tmp/test-dmenv.ksOsq7FIMb4V/.venv/dev/3.14.4
[INFO] [stdout] 
[INFO] [stdout] thread 'test_process_scripts' (1205) panicked at tests/helpers/mod.rs:82:24:
[INFO] [stdout] called `Result::unwrap()` on an `Err` value: Other { message: "command failed" }
[INFO] [stdout] stack backtrace:
[INFO] [stdout]    0:     0x602a3d8d5c21 - <<std[70759c8f55707aa4]::sys::backtrace::BacktraceLock>::print::DisplayBacktrace as core[df12db4294e9bfd3]::fmt::Display>::fmt
[INFO] [stdout]    1:     0x602a3d8ecaaa - core[df12db4294e9bfd3]::fmt::write
[INFO] [stdout]    2:     0x602a3d8da53c - <alloc[2182bb758b4b3781]::vec::Vec<u8> as core[df12db4294e9bfd3]::io::write::Write>::write_fmt
[INFO] [stdout]    3:     0x602a3d8ae986 - std[70759c8f55707aa4]::panicking::default_hook::{closure#0}
[INFO] [stdout]    4:     0x602a3d8cc219 - std[70759c8f55707aa4]::panicking::default_hook
[INFO] [stdout]    5:     0x602a3d741360 - test[9d35eded1c95d3be]::test_main_inner::<test[9d35eded1c95d3be]::test_main_static::{closure#0}>::{closure#0}
[INFO] [stdout]    6:     0x602a3d8cc3d2 - std[70759c8f55707aa4]::panicking::panic_with_hook
[INFO] [stdout]    7:     0x602a3d8aea32 - std[70759c8f55707aa4]::panicking::panic_handler::{closure#0}
[INFO] [stdout]    8:     0x602a3d8a7249 - std[70759c8f55707aa4]::sys::backtrace::__rust_end_short_backtrace::<std[70759c8f55707aa4]::panicking::panic_handler::{closure#0}, !>
[INFO] [stdout]    9:     0x602a3d8af7bd - __rustc[8fa7c3cbc660c2b3]::rust_begin_unwind
[INFO] [stdout]   10:     0x602a3d8ed20c - core[df12db4294e9bfd3]::panicking::panic_fmt
[INFO] [stdout]   11:     0x602a3d8ecfe2 - core[df12db4294e9bfd3]::result::unwrap_failed
[INFO] [stdout]   12:     0x602a3d72697d - <integration_tests[9aca13a895ff4570]::test_process_scripts::{closure#0} as core[df12db4294e9bfd3]::ops::function::FnOnce<()>>::call_once
[INFO] [stdout]   13:     0x602a3d73464b - test[9d35eded1c95d3be]::__rust_begin_short_backtrace::<core[df12db4294e9bfd3]::result::Result<(), alloc[2182bb758b4b3781]::string::String>, fn() -> core[df12db4294e9bfd3]::result::Result<(), alloc[2182bb758b4b3781]::string::String>>
[INFO] [stdout]   14:     0x602a3d741cb5 - test[9d35eded1c95d3be]::run_test::{closure#0}
[INFO] [stdout]   15:     0x602a3d73b574 - std[70759c8f55707aa4]::sys::backtrace::__rust_begin_short_backtrace::<test[9d35eded1c95d3be]::run_test::{closure#1}, ()>
[INFO] [stdout]   16:     0x602a3d744e12 - <std[70759c8f55707aa4]::thread::lifecycle::spawn_unchecked<test[9d35eded1c95d3be]::run_test::{closure#1}, ()>::{closure#1} as core[df12db4294e9bfd3]::ops::function::FnOnce<()>>::call_once::{shim:vtable#0}
[INFO] [stdout]   17:     0x602a3d8d4ed9 - <std[70759c8f55707aa4]::sys::thread::unix::Thread>::new::thread_start
[INFO] [stdout]   18:     0x71b324a04dfa - <unknown>
[INFO] [stdout]   19:     0x71b324a983d4 - clone
[INFO] [stdout]   20:                0x0 - <unknown>
[INFO] [stdout] 
[INFO] [stdout] ---- lock_workflow stdout ----
[INFO] [stdout] [34m::[0m Updating lock
[INFO] [stdout] [34m->[0m Creating virtualenv in: /tmp/test-dmenv.QyvGeMNAn3Bh/.venv/dev/3.14.4
[INFO] [stdout] [34m$[0m /usr/bin/python3 -m venv /tmp/test-dmenv.QyvGeMNAn3Bh/.venv/dev/3.14.4
[INFO] [stdout] 
[INFO] [stdout] thread 'lock_workflow' (1182) panicked at tests/helpers/mod.rs:82:24:
[INFO] [stdout] called `Result::unwrap()` on an `Err` value: Other { message: "command failed" }
[INFO] [stdout] stack backtrace:
[INFO] [stdout]    0:     0x602a3d8d5c21 - <<std[70759c8f55707aa4]::sys::backtrace::BacktraceLock>::print::DisplayBacktrace as core[df12db4294e9bfd3]::fmt::Display>::fmt
[INFO] [stdout]    1:     0x602a3d8ecaaa - core[df12db4294e9bfd3]::fmt::write
[INFO] [stdout]    2:     0x602a3d8da53c - <alloc[2182bb758b4b3781]::vec::Vec<u8> as core[df12db4294e9bfd3]::io::write::Write>::write_fmt
[INFO] [stdout]    3:     0x602a3d8ae986 - std[70759c8f55707aa4]::panicking::default_hook::{closure#0}
[INFO] [stdout]    4:     0x602a3d8cc219 - std[70759c8f55707aa4]::panicking::default_hook
[INFO] [stdout]    5:     0x602a3d741360 - test[9d35eded1c95d3be]::test_main_inner::<test[9d35eded1c95d3be]::test_main_static::{closure#0}>::{closure#0}
[INFO] [stdout]    6:     0x602a3d8cc3d2 - std[70759c8f55707aa4]::panicking::panic_with_hook
[INFO] [stdout]    7:     0x602a3d8aea32 - std[70759c8f55707aa4]::panicking::panic_handler::{closure#0}
[INFO] [stdout]    8:     0x602a3d8a7249 - std[70759c8f55707aa4]::sys::backtrace::__rust_end_short_backtrace::<std[70759c8f55707aa4]::panicking::panic_handler::{closure#0}, !>
[INFO] [stdout]    9:     0x602a3d8af7bd - __rustc[8fa7c3cbc660c2b3]::rust_begin_unwind
[INFO] [stdout]   10:     0x602a3d8ed20c - core[df12db4294e9bfd3]::panicking::panic_fmt
[INFO] [stdout]   11:     0x602a3d8ecfe2 - core[df12db4294e9bfd3]::result::unwrap_failed
[INFO] [stdout]   12:     0x602a3d72551c - <integration_tests[9aca13a895ff4570]::lock_workflow::{closure#0} as core[df12db4294e9bfd3]::ops::function::FnOnce<()>>::call_once
[INFO] [stdout]   13:     0x602a3d73464b - test[9d35eded1c95d3be]::__rust_begin_short_backtrace::<core[df12db4294e9bfd3]::result::Result<(), alloc[2182bb758b4b3781]::string::String>, fn() -> core[df12db4294e9bfd3]::result::Result<(), alloc[2182bb758b4b3781]::string::String>>
[INFO] [stdout]   14:     0x602a3d741cb5 - test[9d35eded1c95d3be]::run_test::{closure#0}
[INFO] [stdout]   15:     0x602a3d73b574 - std[70759c8f55707aa4]::sys::backtrace::__rust_begin_short_backtrace::<test[9d35eded1c95d3be]::run_test::{closure#1}, ()>
[INFO] [stdout]   16:     0x602a3d744e12 - <std[70759c8f55707aa4]::thread::lifecycle::spawn_unchecked<test[9d35eded1c95d3be]::run_test::{closure#1}, ()>::{closure#1} as core[df12db4294e9bfd3]::ops::function::FnOnce<()>>::call_once::{shim:vtable#0}
[INFO] [stdout]   17:     0x602a3d8d4ed9 - <std[70759c8f55707aa4]::sys::thread::unix::Thread>::new::thread_start
[INFO] [stdout]   18:     0x71b324a04dfa - <unknown>
[INFO] [stdout]   19:     0x71b324a983d4 - clone
[INFO] [stdout]   20:                0x0 - <unknown>
[INFO] [stdout] 
[INFO] [stdout] ---- test_tidy stdout ----
[INFO] [stdout] [34m::[0m Cleaning /tmp/test-dmenv.UMnRX3XkYIcp/.venv/dev/3.14.4
[INFO] [stdout] [34m->[0m Creating virtualenv in: /tmp/test-dmenv.UMnRX3XkYIcp/.venv/dev/3.14.4
[INFO] [stdout] [34m$[0m /usr/bin/python3 -m venv /tmp/test-dmenv.UMnRX3XkYIcp/.venv/dev/3.14.4
[INFO] [stdout] 
[INFO] [stdout] thread 'test_tidy' (1208) panicked at tests/helpers/mod.rs:82:24:
[INFO] [stdout] called `Result::unwrap()` on an `Err` value: Other { message: "command failed" }
[INFO] [stdout] stack backtrace:
[INFO] [stdout]    0:     0x602a3d8d5c21 - <<std[70759c8f55707aa4]::sys::backtrace::BacktraceLock>::print::DisplayBacktrace as core[df12db4294e9bfd3]::fmt::Display>::fmt
[INFO] [stdout]    1:     0x602a3d8ecaaa - core[df12db4294e9bfd3]::fmt::write
[INFO] [stdout]    2:     0x602a3d8da53c - <alloc[2182bb758b4b3781]::vec::Vec<u8> as core[df12db4294e9bfd3]::io::write::Write>::write_fmt
[INFO] [stdout]    3:     0x602a3d8ae986 - std[70759c8f55707aa4]::panicking::default_hook::{closure#0}
[INFO] [stdout]    4:     0x602a3d8cc219 - std[70759c8f55707aa4]::panicking::default_hook
[INFO] [stdout]    5:     0x602a3d741360 - test[9d35eded1c95d3be]::test_main_inner::<test[9d35eded1c95d3be]::test_main_static::{closure#0}>::{closure#0}
[INFO] [stdout]    6:     0x602a3d8cc3d2 - std[70759c8f55707aa4]::panicking::panic_with_hook
[INFO] [stdout]    7:     0x602a3d8aea32 - std[70759c8f55707aa4]::panicking::panic_handler::{closure#0}
[INFO] [stdout]    8:     0x602a3d8a7249 - std[70759c8f55707aa4]::sys::backtrace::__rust_end_short_backtrace::<std[70759c8f55707aa4]::panicking::panic_handler::{closure#0}, !>
[INFO] [stdout]    9:     0x602a3d8af7bd - __rustc[8fa7c3cbc660c2b3]::rust_begin_unwind
[INFO] [stdout]   10:     0x602a3d8ed20c - core[df12db4294e9bfd3]::panicking::panic_fmt
[INFO] [stdout]   11:     0x602a3d8ecfe2 - core[df12db4294e9bfd3]::result::unwrap_failed
[INFO] [stdout]   12:     0x602a3d72790d - <integration_tests[9aca13a895ff4570]::test_tidy::{closure#0} as core[df12db4294e9bfd3]::ops::function::FnOnce<()>>::call_once
[INFO] [stdout]   13:     0x602a3d73464b - test[9d35eded1c95d3be]::__rust_begin_short_backtrace::<core[df12db4294e9bfd3]::result::Result<(), alloc[2182bb758b4b3781]::string::String>, fn() -> core[df12db4294e9bfd3]::result::Result<(), alloc[2182bb758b4b3781]::string::String>>
[INFO] [stdout]   14:     0x602a3d741cb5 - test[9d35eded1c95d3be]::run_test::{closure#0}
[INFO] [stdout]   15:     0x602a3d73b574 - std[70759c8f55707aa4]::sys::backtrace::__rust_begin_short_backtrace::<test[9d35eded1c95d3be]::run_test::{closure#1}, ()>
[INFO] [stdout]   16:     0x602a3d744e12 - <std[70759c8f55707aa4]::thread::lifecycle::spawn_unchecked<test[9d35eded1c95d3be]::run_test::{closure#1}, ()>::{closure#1} as core[df12db4294e9bfd3]::ops::function::FnOnce<()>>::call_once::{shim:vtable#0}
[INFO] [stdout]   17:     0x602a3d8d4ed9 - <std[70759c8f55707aa4]::sys::thread::unix::Thread>::new::thread_start
[INFO] [stdout]   18:     0x71b324a04dfa - <unknown>
[INFO] [stdout]   19:     0x71b324a983d4 - clone
[INFO] [stdout]   20:                0x0 - <unknown>
[INFO] [stdout] 
[INFO] [stdout] 
[INFO] [stdout] failures:
[INFO] [stdout]     init_works
[INFO] [stdout]     install_workflow_basic
[INFO] [stdout]     install_workflow_step_by_step
[INFO] [stdout]     lock_workflow
[INFO] [stdout]     production_workflow
[INFO] [stdout]     run_project_script
[INFO] [stdout]     test_process_scripts
[INFO] [stdout]     test_tidy
[INFO] [stdout] 
[INFO] [stdout] test result: FAILED. 6 passed; 8 failed; 0 ignored; 0 measured; 0 filtered out; finished in 1.38s
[INFO] [stdout] 
[INFO] running `Command { std: "docker" "inspect" "7860e72c225cbc6741766fa52e22cf330d2cb04f928a3cefed934cd80c89bc4b", kill_on_drop: false }`
[INFO] running `Command { std: "docker" "rm" "-f" "7860e72c225cbc6741766fa52e22cf330d2cb04f928a3cefed934cd80c89bc4b", kill_on_drop: false }`
[INFO] [stdout] 7860e72c225cbc6741766fa52e22cf330d2cb04f928a3cefed934cd80c89bc4b
