[INFO] fetching crate dmarc_aggregate_parser 0.1.5...
[INFO] testing dmarc_aggregate_parser-0.1.5 against 1.100.0-beta.1+cargoflags=--release for beta-release-1.100-2
[INFO] extracting crate dmarc_aggregate_parser 0.1.5 into /workspace/builds/worker-4-tc2/source
[INFO] started tweaking crates.io crate dmarc_aggregate_parser 0.1.5
[INFO] finished tweaking crates.io crate dmarc_aggregate_parser 0.1.5
[INFO] tweaked toml for crates.io crate dmarc_aggregate_parser 0.1.5 written to /workspace/builds/worker-4-tc2/source/Cargo.toml
[INFO] validating manifest of crates.io crate dmarc_aggregate_parser 0.1.5 on toolchain 1.100.0-beta.1
[INFO] running `Command { std: CARGO_HOME="/workspace/cargo-home" RUSTUP_HOME="/workspace/rustup-home" "/workspace/cargo-home/bin/cargo" "+1.100.0-beta.1" "metadata" "--manifest-path" "Cargo.toml" "--no-deps", kill_on_drop: false }`
[INFO] running `Command { std: CARGO_HOME="/workspace/cargo-home" RUSTUP_HOME="/workspace/rustup-home" "/workspace/cargo-home/bin/cargo" "+1.100.0-beta.1" "generate-lockfile" "--manifest-path" "Cargo.toml", kill_on_drop: false }`
[INFO] [stderr]     Updating crates.io index
[INFO] [stderr]      Locking 37 packages to highest compatible versions
[INFO] [stderr]       Adding libflate v0.1.27 (available: v2.3.2)
[INFO] [stderr]       Adding serde-xml-rs v0.4.1 (available: v0.8.2)
[INFO] [stderr]       Adding thiserror v1.0.69 (available: v2.0.21)
[INFO] [stderr]       Adding wasi v0.10.0+wasi-snapshot-preview1 (available: v0.10.2+wasi-snapshot-preview1)
[INFO] [stderr]       Adding zip v0.5.13 (available: v9.0.5)
[INFO] running `Command { std: CARGO_HOME="/workspace/cargo-home" RUSTUP_HOME="/workspace/rustup-home" "/workspace/cargo-home/bin/cargo" "+1.100.0-beta.1" "fetch" "--manifest-path" "Cargo.toml", kill_on_drop: false }`
[INFO] running `Command { std: "docker" "create" "-v" "/var/lib/crater-agent-workspace/builds/worker-4-tc2/source:/opt/rustwide/workdir:ro,Z" "-v" "/var/lib/crater-agent-workspace/builds/worker-4-tc2/target:/opt/rustwide/target:rw,Z" "-v" "/var/lib/crater-agent-workspace/cargo-home:/opt/rustwide/cargo-home:ro,Z" "-v" "/var/lib/crater-agent-workspace/rustup-home:/opt/rustwide/rustup-home:ro,Z" "-m" "1610612736" "--network" "none" "ghcr.io/rust-lang/crates-build-env/linux@sha256:77db811e55d90add9212f6832c23229e3de5f1c1f9905e8cb07319ea15df73ac" "sleep" "infinity", kill_on_drop: false }`
[INFO] [stdout] 4550c39f3ef7ec4921ea5a8f1f94f2a8bb8e1d5207465feee9f6d13197e17e71
[INFO] running `Command { std: "docker" "start" "4550c39f3ef7ec4921ea5a8f1f94f2a8bb8e1d5207465feee9f6d13197e17e71", kill_on_drop: false }`
[INFO] running `Command { std: "docker" "inspect" "4550c39f3ef7ec4921ea5a8f1f94f2a8bb8e1d5207465feee9f6d13197e17e71", kill_on_drop: false }`
[INFO] running `Command { std: "docker" "exec" "-e" "SOURCE_DIR=/opt/rustwide/workdir" "-e" "CARGO_HOME=/opt/rustwide/cargo-home" "-e" "RUSTUP_HOME=/opt/rustwide/rustup-home" "-e" "CARGO_TARGET_DIR=/opt/rustwide/target" "-w" "/opt/rustwide/workdir" "--user" "0:0" "4550c39f3ef7ec4921ea5a8f1f94f2a8bb8e1d5207465feee9f6d13197e17e71" "/opt/rustwide/cargo-home/bin/cargo" "+1.100.0-beta.1" "metadata" "--no-deps" "--format-version=1", kill_on_drop: false }`
[INFO] running `Command { std: "docker" "inspect" "4550c39f3ef7ec4921ea5a8f1f94f2a8bb8e1d5207465feee9f6d13197e17e71", kill_on_drop: false }`
[INFO] running `Command { std: "docker" "exec" "-e" "SOURCE_DIR=/opt/rustwide/workdir" "-e" "CARGO_HOME=/opt/rustwide/cargo-home" "-e" "RUSTUP_HOME=/opt/rustwide/rustup-home" "-e" "CARGO_TARGET_DIR=/opt/rustwide/target" "-e" "CARGO_INCREMENTAL=0" "-e" "RUST_BACKTRACE=full" "-e" "RUSTFLAGS=--cap-lints=warn" "-e" "RUSTDOCFLAGS=--cap-lints=warn" "-w" "/opt/rustwide/workdir" "--user" "0:0" "4550c39f3ef7ec4921ea5a8f1f94f2a8bb8e1d5207465feee9f6d13197e17e71" "/opt/rustwide/cargo-home/bin/cargo" "+1.100.0-beta.1" "build" "--frozen" "--message-format=json" "--release", kill_on_drop: false }`
[INFO] [stderr]    Compiling find-msvc-tools v0.1.14
[INFO] [stderr]    Compiling libc v0.2.191
[INFO] [stderr]    Compiling simd-adler32 v0.3.10
[INFO] [stderr]    Compiling log v0.4.34
[INFO] [stderr]    Compiling take_mut v0.2.2
[INFO] [stderr]    Compiling rle-decode-fast v1.0.3
[INFO] [stderr]    Compiling xml-rs v0.8.29
[INFO] [stderr]    Compiling syn v2.0.119
[INFO] [stderr]    Compiling syn v3.0.9
[INFO] [stderr]    Compiling libflate v0.1.27
[INFO] [stderr]    Compiling miniz_oxide v0.9.1
[INFO] [stderr]    Compiling cc v1.8.0
[INFO] [stderr]    Compiling flate2 v1.1.10
[INFO] [stderr]    Compiling time v0.1.45
[INFO] [stderr]    Compiling bzip2-sys v0.1.13+1.0.8
[INFO] [stderr]    Compiling bzip2 v0.4.4
[INFO] [stderr]    Compiling serde_derive v1.0.229
[INFO] [stderr]    Compiling thiserror-impl v1.0.69
[INFO] [stderr]    Compiling thiserror v1.0.69
[INFO] [stderr]    Compiling zip v0.5.13
[INFO] [stderr]    Compiling serde v1.0.229
[INFO] [stderr]    Compiling serde-xml-rs v0.4.1
[INFO] [stderr]    Compiling dmarc_aggregate_parser v0.1.5 (/opt/rustwide/workdir)
[INFO] [stderr]     Finished `release` profile [optimized] target(s) in 18.32s
[INFO] running `Command { std: "docker" "inspect" "4550c39f3ef7ec4921ea5a8f1f94f2a8bb8e1d5207465feee9f6d13197e17e71", kill_on_drop: false }`
[INFO] running `Command { std: "docker" "exec" "-e" "SOURCE_DIR=/opt/rustwide/workdir" "-e" "CARGO_HOME=/opt/rustwide/cargo-home" "-e" "RUSTUP_HOME=/opt/rustwide/rustup-home" "-e" "CARGO_TARGET_DIR=/opt/rustwide/target" "-e" "CARGO_INCREMENTAL=0" "-e" "RUST_BACKTRACE=full" "-e" "RUSTFLAGS=--cap-lints=warn" "-e" "RUSTDOCFLAGS=--cap-lints=warn" "-w" "/opt/rustwide/workdir" "--user" "0:0" "4550c39f3ef7ec4921ea5a8f1f94f2a8bb8e1d5207465feee9f6d13197e17e71" "/opt/rustwide/cargo-home/bin/cargo" "+1.100.0-beta.1" "test" "--frozen" "--no-run" "--message-format=json" "--release", kill_on_drop: false }`
[INFO] [stderr]    Compiling dmarc_aggregate_parser v0.1.5 (/opt/rustwide/workdir)
[INFO] [stderr]     Finished `release` profile [optimized] target(s) in 4.18s
[INFO] running `Command { std: "docker" "inspect" "4550c39f3ef7ec4921ea5a8f1f94f2a8bb8e1d5207465feee9f6d13197e17e71", kill_on_drop: false }`
[INFO] running `Command { std: "docker" "exec" "-e" "SOURCE_DIR=/opt/rustwide/workdir" "-e" "CARGO_HOME=/opt/rustwide/cargo-home" "-e" "RUSTUP_HOME=/opt/rustwide/rustup-home" "-e" "CARGO_TARGET_DIR=/opt/rustwide/target" "-e" "CARGO_INCREMENTAL=0" "-e" "RUST_BACKTRACE=full" "-e" "RUSTFLAGS=--cap-lints=warn" "-e" "RUSTDOCFLAGS=--cap-lints=warn" "-w" "/opt/rustwide/workdir" "--user" "0:0" "4550c39f3ef7ec4921ea5a8f1f94f2a8bb8e1d5207465feee9f6d13197e17e71" "/opt/rustwide/cargo-home/bin/cargo" "+1.100.0-beta.1" "test" "--frozen" "--release", kill_on_drop: false }`
[INFO] [stderr]     Finished `release` profile [optimized] target(s) in 0.07s
[INFO] [stderr]      Running unittests src/lib.rs (/opt/rustwide/target/release/build/dmarc_aggregate_parser/5ad8e3cfe3a98b80/out/dmarc_aggregate_parser-5ad8e3cfe3a98b80)
[INFO] [stdout] 
[INFO] [stdout] running 8 tests
[INFO] [stdout] test parse::unreadable_xml ... ignored, Requires the existence of a file with read permissions removed. Can not be added to git.
[INFO] [stdout] test parse_dir::test_non_existent_dir ... ok
[INFO] [stdout] test parse_dir::test_parse_unreadable_dir ... ok
[INFO] [stdout] test parse::test_error_when_parse_is_given_a_directory ... ok
[INFO] [stdout] test parse_dir::test_parse_dir ... ok
[INFO] [stdout] test parse_dir::test_parse_empty_dir ... ok
[INFO] [stdout] test parse::does_not_exist_xml ... ok
[INFO] [stderr] error: test failed, to rerun pass `--lib`
[INFO] [stdout] test parse::single_xml ... FAILED
[INFO] [stdout] 
[INFO] [stdout] failures:
[INFO] [stdout] 
[INFO] [stdout] ---- parse::single_xml stdout ----
[INFO] [stdout] 
[INFO] [stdout] thread 'parse::single_xml' (597) panicked at src/lib.rs:130:66:
[INFO] [stdout] called `Result::unwrap()` on an `Err` value: Parse(Syntax { source: Error { pos: 1:44, kind: Syntax("Unsupported encoding: windows-1252") } })
[INFO] [stdout] stack backtrace:
[INFO] [stdout]    0:     0x6491628eea21 - <<std[617be2ca0a6fd877]::sys::backtrace::BacktraceLock>::print::DisplayBacktrace as core[a373ad73a504971]::fmt::Display>::fmt
[INFO] [stdout]    1:     0x64916290407a - core[a373ad73a504971]::fmt::write
[INFO] [stdout]    2:     0x6491628f305c - <alloc[2e1b2a31b91974c5]::vec::Vec<u8> as core[a373ad73a504971]::io::write::Write>::write_fmt
[INFO] [stdout]    3:     0x6491628ca886 - std[617be2ca0a6fd877]::panicking::default_hook::{closure#0}
[INFO] [stdout]    4:     0x6491628e6ea9 - std[617be2ca0a6fd877]::panicking::default_hook
[INFO] [stdout]    5:     0x64916286ac30 - test[aada8e7e76ba119b]::test_main_inner::{closure#0}
[INFO] [stdout]    6:     0x6491628e7062 - std[617be2ca0a6fd877]::panicking::panic_with_hook
[INFO] [stdout]    7:     0x6491628ca932 - std[617be2ca0a6fd877]::panicking::panic_handler::{closure#0}
[INFO] [stdout]    8:     0x6491628c3579 - std[617be2ca0a6fd877]::sys::backtrace::__rust_end_short_backtrace::<std[617be2ca0a6fd877]::panicking::panic_handler::{closure#0}, !>
[INFO] [stdout]    9:     0x6491628cb53d - __rustc[ea4f61d10b84890b]::rust_begin_unwind
[INFO] [stdout]   10:     0x6491629047ac - core[a373ad73a504971]::panicking::panic_fmt
[INFO] [stdout]   11:     0x649162904582 - core[a373ad73a504971]::result::unwrap_failed
[INFO] [stdout]   12:     0x6491628476dd - <dmarc_aggregate_parser[5336250195bf2574]::parse::single_xml::{closure#0} as core[a373ad73a504971]::ops::function::FnOnce<()>>::call_once
[INFO] [stdout]   13:     0x64916285e07b - test[aada8e7e76ba119b]::__rust_begin_short_backtrace::<core[a373ad73a504971]::result::Result<(), alloc[2e1b2a31b91974c5]::string::String>, fn() -> core[a373ad73a504971]::result::Result<(), alloc[2e1b2a31b91974c5]::string::String>>
[INFO] [stdout]   14:     0x64916286b255 - test[aada8e7e76ba119b]::run_test::{closure#0}
[INFO] [stdout]   15:     0x649162864b44 - std[617be2ca0a6fd877]::sys::backtrace::__rust_begin_short_backtrace::<test[aada8e7e76ba119b]::run_test::{closure#1}, ()>
[INFO] [stdout]   16:     0x64916286e2e2 - <std[617be2ca0a6fd877]::thread::lifecycle::spawn_unchecked<test[aada8e7e76ba119b]::run_test::{closure#1}, ()>::{closure#1} as core[a373ad73a504971]::ops::function::FnOnce<()>>::call_once::{shim:vtable#0}
[INFO] [stdout]   17:     0x6491628ee27f - <std[617be2ca0a6fd877]::sys::thread::unix::Thread>::new::thread_start
[INFO] [stdout]   18:     0x78a3a0f16dfa - <unknown>
[INFO] [stdout]   19:     0x78a3a0faa3d4 - clone
[INFO] [stdout]   20:                0x0 - <unknown>
[INFO] [stdout] 
[INFO] [stdout] 
[INFO] [stdout] failures:
[INFO] [stdout]     parse::single_xml
[INFO] [stdout] 
[INFO] [stdout] test result: FAILED. 6 passed; 1 failed; 1 ignored; 0 measured; 0 filtered out; finished in 0.00s
[INFO] [stdout] 
[INFO] running `Command { std: "docker" "inspect" "4550c39f3ef7ec4921ea5a8f1f94f2a8bb8e1d5207465feee9f6d13197e17e71", kill_on_drop: false }`
[INFO] running `Command { std: "docker" "rm" "-f" "4550c39f3ef7ec4921ea5a8f1f94f2a8bb8e1d5207465feee9f6d13197e17e71", kill_on_drop: false }`
[INFO] [stdout] 4550c39f3ef7ec4921ea5a8f1f94f2a8bb8e1d5207465feee9f6d13197e17e71
