[INFO] fetching crate dmalibrary 0.0.2...
[INFO] testing dmalibrary-0.0.2 against 1.99.0-beta.8+cargoflags=--release for beta-release-1.100-2
[INFO] extracting crate dmalibrary 0.0.2 into /workspace/builds/worker-5-tc1/source
[INFO] started tweaking crates.io crate dmalibrary 0.0.2
[INFO] finished tweaking crates.io crate dmalibrary 0.0.2
[INFO] tweaked toml for crates.io crate dmalibrary 0.0.2 written to /workspace/builds/worker-5-tc1/source/Cargo.toml
[INFO] validating manifest of crates.io crate dmalibrary 0.0.2 on toolchain 1.99.0-beta.8
[INFO] running `Command { std: CARGO_HOME="/workspace/cargo-home" RUSTUP_HOME="/workspace/rustup-home" "/workspace/cargo-home/bin/cargo" "+1.99.0-beta.8" "metadata" "--manifest-path" "Cargo.toml" "--no-deps", kill_on_drop: false }`
[INFO] running `Command { std: CARGO_HOME="/workspace/cargo-home" RUSTUP_HOME="/workspace/rustup-home" "/workspace/cargo-home/bin/cargo" "+1.99.0-beta.8" "generate-lockfile" "--manifest-path" "Cargo.toml", kill_on_drop: false }`
[INFO] [stderr]     Updating crates.io index
[INFO] [stderr]      Locking 12 packages to highest compatible versions
[INFO] running `Command { std: CARGO_HOME="/workspace/cargo-home" RUSTUP_HOME="/workspace/rustup-home" "/workspace/cargo-home/bin/cargo" "+1.99.0-beta.8" "fetch" "--manifest-path" "Cargo.toml", kill_on_drop: false }`
[INFO] [stderr]  Downloading crates ...
[INFO] [stderr]   Downloaded memprocfs v5.19.0
[INFO] running `Command { std: "docker" "create" "-v" "/var/lib/crater-agent-workspace/builds/worker-5-tc1/source:/opt/rustwide/workdir:ro,Z" "-v" "/var/lib/crater-agent-workspace/builds/worker-5-tc1/target:/opt/rustwide/target:rw,Z" "-v" "/var/lib/crater-agent-workspace/cargo-home:/opt/rustwide/cargo-home:ro,Z" "-v" "/var/lib/crater-agent-workspace/rustup-home:/opt/rustwide/rustup-home:ro,Z" "-m" "1610612736" "--network" "none" "ghcr.io/rust-lang/crates-build-env/linux@sha256:77db811e55d90add9212f6832c23229e3de5f1c1f9905e8cb07319ea15df73ac" "sleep" "infinity", kill_on_drop: false }`
[INFO] [stdout] 06b9c86f0926b11a49b69767cb4b6d2654d1d440768f1f0cfbe9b40db7dcd61f
[INFO] running `Command { std: "docker" "start" "06b9c86f0926b11a49b69767cb4b6d2654d1d440768f1f0cfbe9b40db7dcd61f", kill_on_drop: false }`
[INFO] running `Command { std: "docker" "inspect" "06b9c86f0926b11a49b69767cb4b6d2654d1d440768f1f0cfbe9b40db7dcd61f", kill_on_drop: false }`
[INFO] running `Command { std: "docker" "exec" "-e" "SOURCE_DIR=/opt/rustwide/workdir" "-e" "CARGO_HOME=/opt/rustwide/cargo-home" "-e" "RUSTUP_HOME=/opt/rustwide/rustup-home" "-e" "CARGO_TARGET_DIR=/opt/rustwide/target" "-w" "/opt/rustwide/workdir" "--user" "0:0" "06b9c86f0926b11a49b69767cb4b6d2654d1d440768f1f0cfbe9b40db7dcd61f" "/opt/rustwide/cargo-home/bin/cargo" "+1.99.0-beta.8" "metadata" "--no-deps" "--format-version=1", kill_on_drop: false }`
[INFO] running `Command { std: "docker" "inspect" "06b9c86f0926b11a49b69767cb4b6d2654d1d440768f1f0cfbe9b40db7dcd61f", kill_on_drop: false }`
[INFO] running `Command { std: "docker" "exec" "-e" "SOURCE_DIR=/opt/rustwide/workdir" "-e" "CARGO_HOME=/opt/rustwide/cargo-home" "-e" "RUSTUP_HOME=/opt/rustwide/rustup-home" "-e" "CARGO_TARGET_DIR=/opt/rustwide/target" "-e" "CARGO_INCREMENTAL=0" "-e" "RUST_BACKTRACE=full" "-e" "RUSTFLAGS=--cap-lints=warn" "-e" "RUSTDOCFLAGS=--cap-lints=warn" "-w" "/opt/rustwide/workdir" "--user" "0:0" "06b9c86f0926b11a49b69767cb4b6d2654d1d440768f1f0cfbe9b40db7dcd61f" "/opt/rustwide/cargo-home/bin/cargo" "+1.99.0-beta.8" "build" "--frozen" "--message-format=json" "--release", kill_on_drop: false }`
[INFO] [stderr]    Compiling proc-macro2 v1.0.107
[INFO] [stderr]    Compiling quote v1.0.47
[INFO] [stderr]    Compiling serde_core v1.0.229
[INFO] [stderr]    Compiling serde v1.0.229
[INFO] [stderr]    Compiling anyhow v1.0.104
[INFO] [stderr]    Compiling libloading v0.8.9
[INFO] [stderr]    Compiling syn v3.0.9
[INFO] [stderr]    Compiling serde_derive v1.0.229
[INFO] [stderr]    Compiling memprocfs v5.19.0
[INFO] [stderr]    Compiling dmalibrary v0.0.2 (/opt/rustwide/workdir)
[INFO] [stderr]     Finished `release` profile [optimized] target(s) in 14.91s
[INFO] running `Command { std: "docker" "inspect" "06b9c86f0926b11a49b69767cb4b6d2654d1d440768f1f0cfbe9b40db7dcd61f", kill_on_drop: false }`
[INFO] running `Command { std: "docker" "exec" "-e" "SOURCE_DIR=/opt/rustwide/workdir" "-e" "CARGO_HOME=/opt/rustwide/cargo-home" "-e" "RUSTUP_HOME=/opt/rustwide/rustup-home" "-e" "CARGO_TARGET_DIR=/opt/rustwide/target" "-e" "CARGO_INCREMENTAL=0" "-e" "RUST_BACKTRACE=full" "-e" "RUSTFLAGS=--cap-lints=warn" "-e" "RUSTDOCFLAGS=--cap-lints=warn" "-w" "/opt/rustwide/workdir" "--user" "0:0" "06b9c86f0926b11a49b69767cb4b6d2654d1d440768f1f0cfbe9b40db7dcd61f" "/opt/rustwide/cargo-home/bin/cargo" "+1.99.0-beta.8" "test" "--frozen" "--no-run" "--message-format=json" "--release", kill_on_drop: false }`
[INFO] [stderr]    Compiling dmalibrary v0.0.2 (/opt/rustwide/workdir)
[INFO] [stderr]     Finished `release` profile [optimized] target(s) in 0.30s
[INFO] running `Command { std: "docker" "inspect" "06b9c86f0926b11a49b69767cb4b6d2654d1d440768f1f0cfbe9b40db7dcd61f", kill_on_drop: false }`
[INFO] running `Command { std: "docker" "exec" "-e" "SOURCE_DIR=/opt/rustwide/workdir" "-e" "CARGO_HOME=/opt/rustwide/cargo-home" "-e" "RUSTUP_HOME=/opt/rustwide/rustup-home" "-e" "CARGO_TARGET_DIR=/opt/rustwide/target" "-e" "CARGO_INCREMENTAL=0" "-e" "RUST_BACKTRACE=full" "-e" "RUSTFLAGS=--cap-lints=warn" "-e" "RUSTDOCFLAGS=--cap-lints=warn" "-w" "/opt/rustwide/workdir" "--user" "0:0" "06b9c86f0926b11a49b69767cb4b6d2654d1d440768f1f0cfbe9b40db7dcd61f" "/opt/rustwide/cargo-home/bin/cargo" "+1.99.0-beta.8" "test" "--frozen" "--release", kill_on_drop: false }`
[INFO] [stderr]     Finished `release` profile [optimized] target(s) in 0.02s
[INFO] [stderr]      Running unittests src/lib.rs (/opt/rustwide/target/release/deps/dmalibrary-48f4d17a7582a6d9)
[INFO] [stdout] 
[INFO] [stdout] running 0 tests
[INFO] [stdout] 
[INFO] [stdout] test result: ok. 0 passed; 0 failed; 0 ignored; 0 measured; 0 filtered out; finished in 0.00s
[INFO] [stdout] 
[INFO] [stderr]    Doc-tests dmalibrary
[INFO] [stdout] 
[INFO] [stdout] running 5 tests
[INFO] [stdout] test src/lib.rs - init (line 18) ... FAILED
[INFO] [stdout] test src/lib.rs - find_process (line 61) ... FAILED
[INFO] [stdout] test src/lib.rs - get_winver (line 40) ... FAILED
[INFO] [stdout] test src/lib.rs - fix_cr3 (line 122) ... FAILED
[INFO] [stdout] test src/lib.rs - find_base_address (line 89) ... FAILED
[INFO] [stderr] error: doctest failed, to rerun pass `--doc`
[INFO] [stdout] 
[INFO] [stdout] failures:
[INFO] [stdout] 
[INFO] [stdout] ---- src/lib.rs - init (line 18) stdout ----
[INFO] [stdout] error[E0425]: cannot find function `init` in this scope
[INFO] [stdout]   --> src/lib.rs:21:11
[INFO] [stdout]    |
[INFO] [stdout] 21 | let vmm = init(vmm_path, &args).expect("Failed to initialize Vmm");
[INFO] [stdout]    |           ^^^^ not found in this scope
[INFO] [stdout] 
[INFO] [stdout] error: aborting due to 1 previous error
[INFO] [stdout] 
[INFO] [stdout] For more information about this error, try `rustc --explain E0425`.
[INFO] [stdout] Couldn't compile the test.
[INFO] [stdout] ---- src/lib.rs - find_process (line 61) stdout ----
[INFO] [stdout] error[E0425]: cannot find value `vmm` in this scope
[INFO] [stdout]   --> src/lib.rs:62:25
[INFO] [stdout]    |
[INFO] [stdout] 62 | let pid = find_process(&vmm, "smss.exe").expect("Process not found");
[INFO] [stdout]    |                         ^^^ not found in this scope
[INFO] [stdout] 
[INFO] [stdout] error[E0425]: cannot find function `find_process` in this scope
[INFO] [stdout]   --> src/lib.rs:62:11
[INFO] [stdout]    |
[INFO] [stdout] 62 | let pid = find_process(&vmm, "smss.exe").expect("Process not found");
[INFO] [stdout]    |           ^^^^^^^^^^^^ not found in this scope
[INFO] [stdout] 
[INFO] [stdout] error: aborting due to 2 previous errors
[INFO] [stdout] 
[INFO] [stdout] For more information about this error, try `rustc --explain E0425`.
[INFO] [stdout] Couldn't compile the test.
[INFO] [stdout] ---- src/lib.rs - get_winver (line 40) stdout ----
[INFO] [stdout] error[E0425]: cannot find value `vmm` in this scope
[INFO] [stdout]   --> src/lib.rs:41:26
[INFO] [stdout]    |
[INFO] [stdout] 41 | let winver = get_winver(&vmm).expect("Failed to get Windows version");
[INFO] [stdout]    |                          ^^^ not found in this scope
[INFO] [stdout] 
[INFO] [stdout] error[E0425]: cannot find function `get_winver` in this scope
[INFO] [stdout]   --> src/lib.rs:41:14
[INFO] [stdout]    |
[INFO] [stdout] 41 | let winver = get_winver(&vmm).expect("Failed to get Windows version");
[INFO] [stdout]    |              ^^^^^^^^^^ not found in this scope
[INFO] [stdout] 
[INFO] [stdout] error: aborting due to 2 previous errors
[INFO] [stdout] 
[INFO] [stdout] For more information about this error, try `rustc --explain E0425`.
[INFO] [stdout] Couldn't compile the test.
[INFO] [stdout] ---- src/lib.rs - fix_cr3 (line 122) stdout ----
[INFO] [stdout] error[E0425]: cannot find value `vmm` in this scope
[INFO] [stdout]    --> src/lib.rs:123:24
[INFO] [stdout]     |
[INFO] [stdout] 123 | let success = fix_cr3(&vmm, &process, "smss.exe", pid).expect("Failed to fix CR3");
[INFO] [stdout]     |                        ^^^ not found in this scope
[INFO] [stdout] 
[INFO] [stdout] error[E0425]: cannot find value `process` in this scope
[INFO] [stdout]    --> src/lib.rs:123:30
[INFO] [stdout]     |
[INFO] [stdout] 123 | let success = fix_cr3(&vmm, &process, "smss.exe", pid).expect("Failed to fix CR3");
[INFO] [stdout]     |                              ^^^^^^^ not found in this scope
[INFO] [stdout] 
[INFO] [stdout] error[E0425]: cannot find value `pid` in this scope
[INFO] [stdout]    --> src/lib.rs:123:51
[INFO] [stdout]     |
[INFO] [stdout] 123 | let success = fix_cr3(&vmm, &process, "smss.exe", pid).expect("Failed to fix CR3");
[INFO] [stdout]     |                                                   ^^^ not found in this scope
[INFO] [stdout] 
[INFO] [stdout] error[E0425]: cannot find function `fix_cr3` in this scope
[INFO] [stdout]    --> src/lib.rs:123:15
[INFO] [stdout]     |
[INFO] [stdout] 123 | let success = fix_cr3(&vmm, &process, "smss.exe", pid).expect("Failed to fix CR3");
[INFO] [stdout]     |               ^^^^^^^ not found in this scope
[INFO] [stdout] 
[INFO] [stdout] error: aborting due to 4 previous errors
[INFO] [stdout] 
[INFO] [stdout] For more information about this error, try `rustc --explain E0425`.
[INFO] [stdout] Couldn't compile the test.
[INFO] [stdout] ---- src/lib.rs - find_base_address (line 89) stdout ----
[INFO] [stdout] error[E0425]: cannot find value `vmm` in this scope
[INFO] [stdout]   --> src/lib.rs:90:39
[INFO] [stdout]    |
[INFO] [stdout] 90 | let base_address = find_base_address(&vmm, pid, "smss.exe").expect("Module not found");
[INFO] [stdout]    |                                       ^^^ not found in this scope
[INFO] [stdout] 
[INFO] [stdout] error[E0425]: cannot find value `pid` in this scope
[INFO] [stdout]   --> src/lib.rs:90:44
[INFO] [stdout]    |
[INFO] [stdout] 90 | let base_address = find_base_address(&vmm, pid, "smss.exe").expect("Module not found");
[INFO] [stdout]    |                                            ^^^ not found in this scope
[INFO] [stdout] 
[INFO] [stdout] error[E0425]: cannot find function `find_base_address` in this scope
[INFO] [stdout]   --> src/lib.rs:90:20
[INFO] [stdout]    |
[INFO] [stdout] 90 | let base_address = find_base_address(&vmm, pid, "smss.exe").expect("Module not found");
[INFO] [stdout]    |                    ^^^^^^^^^^^^^^^^^ not found in this scope
[INFO] [stdout] 
[INFO] [stdout] error: aborting due to 3 previous errors
[INFO] [stdout] 
[INFO] [stdout] For more information about this error, try `rustc --explain E0425`.
[INFO] [stdout] Couldn't compile the test.
[INFO] [stdout] 
[INFO] [stdout] failures:
[INFO] [stdout]     src/lib.rs - find_base_address (line 89)
[INFO] [stdout]     src/lib.rs - find_process (line 61)
[INFO] [stdout]     src/lib.rs - fix_cr3 (line 122)
[INFO] [stdout]     src/lib.rs - get_winver (line 40)
[INFO] [stdout]     src/lib.rs - init (line 18)
[INFO] [stdout] 
[INFO] [stdout] test result: FAILED. 0 passed; 5 failed; 0 ignored; 0 measured; 0 filtered out; finished in 0.16s
[INFO] [stdout] 
[INFO] running `Command { std: "docker" "inspect" "06b9c86f0926b11a49b69767cb4b6d2654d1d440768f1f0cfbe9b40db7dcd61f", kill_on_drop: false }`
[INFO] running `Command { std: "docker" "rm" "-f" "06b9c86f0926b11a49b69767cb4b6d2654d1d440768f1f0cfbe9b40db7dcd61f", kill_on_drop: false }`
[INFO] [stdout] 06b9c86f0926b11a49b69767cb4b6d2654d1d440768f1f0cfbe9b40db7dcd61f
