[INFO] fetching crate dm2xcod 0.3.14...
[INFO] testing dm2xcod-0.3.14 against 1.99.0-beta.8+cargoflags=--release for beta-release-1.100-2
[INFO] extracting crate dm2xcod 0.3.14 into /workspace/builds/worker-0-tc1/source
[INFO] started tweaking crates.io crate dm2xcod 0.3.14
[INFO] removed 0 missing tests
[INFO] finished tweaking crates.io crate dm2xcod 0.3.14
[INFO] tweaked toml for crates.io crate dm2xcod 0.3.14 written to /workspace/builds/worker-0-tc1/source/Cargo.toml
[INFO] validating manifest of crates.io crate dm2xcod 0.3.14 on toolchain 1.99.0-beta.8
[INFO] running `Command { std: CARGO_HOME="/workspace/cargo-home" RUSTUP_HOME="/workspace/rustup-home" "/workspace/cargo-home/bin/cargo" "+1.99.0-beta.8" "metadata" "--manifest-path" "Cargo.toml" "--no-deps", kill_on_drop: false }`
[INFO] crate crates.io crate dm2xcod 0.3.14 already has a lockfile, it will not be regenerated
[INFO] running `Command { std: CARGO_HOME="/workspace/cargo-home" RUSTUP_HOME="/workspace/rustup-home" "/workspace/cargo-home/bin/cargo" "+1.99.0-beta.8" "fetch" "--manifest-path" "Cargo.toml", kill_on_drop: false }`
[INFO] [stderr]     Updating crates.io index
[INFO] [stderr]  Downloading crates ...
[INFO] [stderr]   Downloaded wasm-bindgen v0.2.108
[INFO] [stderr]   Downloaded wasm-bindgen-macro v0.2.108
[INFO] [stderr]   Downloaded wasm-bindgen-shared v0.2.108
[INFO] [stderr]   Downloaded cc v1.2.53
[INFO] [stderr]   Downloaded crc-catalog v2.4.0
[INFO] [stderr]   Downloaded time-core v0.1.7
[INFO] [stderr]   Downloaded convert_case v0.4.0
[INFO] [stderr]   Downloaded hard-xml-derive v1.41.0
[INFO] [stderr]   Downloaded zeroize_derive v1.4.3
[INFO] [stderr]   Downloaded num-conv v0.1.0
[INFO] [stderr]   Downloaded clap_lex v0.7.7
[INFO] [stderr]   Downloaded hard-xml v1.41.0
[INFO] [stderr]   Downloaded unindent v0.2.4
[INFO] [stderr]   Downloaded pyo3-macros v0.23.5
[INFO] [stderr]   Downloaded deflate64 v0.1.10
[INFO] [stderr]   Downloaded zeroize v1.8.2
[INFO] [stderr]   Downloaded xmlparser v0.13.6
[INFO] [stderr]   Downloaded jetscii v0.5.3
[INFO] [stderr]   Downloaded find-msvc-tools v0.1.8
[INFO] [stderr]   Downloaded deranged v0.5.5
[INFO] [stderr]   Downloaded pyo3-build-config v0.23.5
[INFO] [stderr]   Downloaded clap_derive v4.5.49
[INFO] [stderr]   Downloaded js-sys v0.3.85
[INFO] [stderr]   Downloaded diff v0.1.13
[INFO] [stderr]   Downloaded wasm-bindgen-macro-support v0.2.108
[INFO] [stderr]   Downloaded typenum v1.19.0
[INFO] [stderr]   Downloaded pyo3-ffi v0.23.5
[INFO] [stderr]   Downloaded pretty_assertions v1.4.1
[INFO] [stderr]   Downloaded flate2 v1.1.8
[INFO] [stderr]   Downloaded pyo3-macros-backend v0.23.5
[INFO] [stderr]   Downloaded yansi v1.0.1
[INFO] [stderr]   Downloaded clap v4.5.54
[INFO] [stderr]   Downloaded indexmap v2.13.0
[INFO] [stderr]   Downloaded zip v4.6.1
[INFO] [stderr]   Downloaded wasip2 v1.0.2+wasi-0.2.9
[INFO] [stderr]   Downloaded portable-atomic v1.13.0
[INFO] [stderr]   Downloaded clap_builder v4.5.54
[INFO] [stderr]   Downloaded time v0.3.45
[INFO] [stderr]   Downloaded zlib-rs v0.5.5
[INFO] [stderr]   Downloaded syn v2.0.114
[INFO] [stderr]   Downloaded libc v0.2.180
[INFO] [stderr]   Downloaded rs-docx v0.2.0
[INFO] [stderr]   Downloaded pyo3 v0.23.5
[INFO] running `Command { std: "docker" "create" "-v" "/var/lib/crater-agent-workspace/builds/worker-0-tc1/source:/opt/rustwide/workdir:ro,Z" "-v" "/var/lib/crater-agent-workspace/builds/worker-0-tc1/target:/opt/rustwide/target:rw,Z" "-v" "/var/lib/crater-agent-workspace/cargo-home:/opt/rustwide/cargo-home:ro,Z" "-v" "/var/lib/crater-agent-workspace/rustup-home:/opt/rustwide/rustup-home:ro,Z" "-m" "1610612736" "--network" "none" "ghcr.io/rust-lang/crates-build-env/linux@sha256:77db811e55d90add9212f6832c23229e3de5f1c1f9905e8cb07319ea15df73ac" "sleep" "infinity", kill_on_drop: false }`
[INFO] [stdout] 8daac3842be8124a91bd2448c59c70c651e012adc13f733a46c4cda1a8f707ca
[INFO] running `Command { std: "docker" "start" "8daac3842be8124a91bd2448c59c70c651e012adc13f733a46c4cda1a8f707ca", kill_on_drop: false }`
[INFO] running `Command { std: "docker" "inspect" "8daac3842be8124a91bd2448c59c70c651e012adc13f733a46c4cda1a8f707ca", kill_on_drop: false }`
[INFO] running `Command { std: "docker" "exec" "-e" "SOURCE_DIR=/opt/rustwide/workdir" "-e" "CARGO_HOME=/opt/rustwide/cargo-home" "-e" "RUSTUP_HOME=/opt/rustwide/rustup-home" "-e" "CARGO_TARGET_DIR=/opt/rustwide/target" "-w" "/opt/rustwide/workdir" "--user" "0:0" "8daac3842be8124a91bd2448c59c70c651e012adc13f733a46c4cda1a8f707ca" "/opt/rustwide/cargo-home/bin/cargo" "+1.99.0-beta.8" "metadata" "--no-deps" "--format-version=1", kill_on_drop: false }`
[INFO] running `Command { std: "docker" "inspect" "8daac3842be8124a91bd2448c59c70c651e012adc13f733a46c4cda1a8f707ca", kill_on_drop: false }`
[INFO] running `Command { std: "docker" "exec" "-e" "SOURCE_DIR=/opt/rustwide/workdir" "-e" "CARGO_HOME=/opt/rustwide/cargo-home" "-e" "RUSTUP_HOME=/opt/rustwide/rustup-home" "-e" "CARGO_TARGET_DIR=/opt/rustwide/target" "-e" "CARGO_INCREMENTAL=0" "-e" "RUST_BACKTRACE=full" "-e" "RUSTFLAGS=--cap-lints=warn" "-e" "RUSTDOCFLAGS=--cap-lints=warn" "-w" "/opt/rustwide/workdir" "--user" "0:0" "8daac3842be8124a91bd2448c59c70c651e012adc13f733a46c4cda1a8f707ca" "/opt/rustwide/cargo-home/bin/cargo" "+1.99.0-beta.8" "build" "--frozen" "--message-format=json" "--release", kill_on_drop: false }`
[INFO] [stderr]    Compiling libc v0.2.180
[INFO] [stderr]    Compiling quote v1.0.44
[INFO] [stderr]    Compiling unicode-ident v1.0.22
[INFO] [stderr]    Compiling find-msvc-tools v0.1.8
[INFO] [stderr]    Compiling shlex v1.3.0
[INFO] [stderr]    Compiling pkg-config v0.3.32
[INFO] [stderr]    Compiling version_check v0.9.5
[INFO] [stderr]    Compiling typenum v1.19.0
[INFO] [stderr]    Compiling simd-adler32 v0.3.8
[INFO] [stderr]    Compiling syn v1.0.109
[INFO] [stderr]    Compiling subtle v2.6.1
[INFO] [stderr]    Compiling zstd-safe v7.2.4
[INFO] [stderr]    Compiling log v0.4.29
[INFO] [stderr]    Compiling zlib-rs v0.5.5
[INFO] [stderr]    Compiling hashbrown v0.16.1
[INFO] [stderr]    Compiling equivalent v1.0.2
[INFO] [stderr]    Compiling proc-macro2 v1.0.106
[INFO] [stderr]    Compiling memchr v2.7.6
[INFO] [stderr]    Compiling jetscii v0.5.3
[INFO] [stderr]    Compiling bumpalo v3.19.1
[INFO] [stderr]    Compiling utf8parse v0.2.2
[INFO] [stderr]    Compiling cpufeatures v0.2.17
[INFO] [stderr]    Compiling generic-array v0.14.7
[INFO] [stderr]    Compiling is_terminal_polyfill v1.70.2
[INFO] [stderr]    Compiling getrandom v0.3.4
[INFO] [stderr]    Compiling anstyle-parse v0.2.7
[INFO] [stderr]    Compiling colorchoice v1.0.4
[INFO] [stderr]    Compiling miniz_oxide v0.8.9
[INFO] [stderr]    Compiling zopfli v0.8.3
[INFO] [stderr]    Compiling anstyle-query v1.1.5
[INFO] [stderr]    Compiling thiserror v1.0.69
[INFO] [stderr]    Compiling anstyle v1.0.13
[INFO] [stderr]    Compiling bitflags v2.10.0
[INFO] [stderr]    Compiling powerfmt v0.2.0
[INFO] [stderr]    Compiling crc-catalog v2.4.0
[INFO] [stderr]    Compiling deranged v0.5.5
[INFO] [stderr]    Compiling crc v3.4.0
[INFO] [stderr]    Compiling anstream v0.6.21
[INFO] [stderr]    Compiling xmlparser v0.13.6
[INFO] [stderr]    Compiling lazy_static v1.5.0
[INFO] [stderr]    Compiling zip v2.4.2
[INFO] [stderr]    Compiling strsim v0.11.1
[INFO] [stderr]    Compiling syn v2.0.114
[INFO] [stderr]    Compiling clap_lex v0.7.7
[INFO] [stderr]    Compiling num-conv v0.1.0
[INFO] [stderr]    Compiling convert_case v0.4.0
[INFO] [stderr]    Compiling indexmap v2.13.0
[INFO] [stderr]    Compiling heck v0.5.0
[INFO] [stderr]    Compiling time-core v0.1.7
[INFO] [stderr]    Compiling byteorder v1.5.0
[INFO] [stderr]    Compiling clap_builder v4.5.54
[INFO] [stderr]    Compiling jobserver v0.1.34
[INFO] [stderr]    Compiling constant_time_eq v0.3.1
[INFO] [stderr]    Compiling lzma-rs v0.3.0
[INFO] [stderr]    Compiling deflate64 v0.1.10
[INFO] [stderr]    Compiling cc v1.2.53
[INFO] [stderr]    Compiling base64 v0.22.1
[INFO] [stderr]    Compiling crypto-common v0.1.7
[INFO] [stderr]    Compiling block-buffer v0.10.4
[INFO] [stderr]    Compiling inout v0.1.4
[INFO] [stderr]    Compiling digest v0.10.7
[INFO] [stderr]    Compiling cipher v0.4.4
[INFO] [stderr]    Compiling time v0.3.45
[INFO] [stderr]    Compiling aes v0.8.4
[INFO] [stderr]    Compiling hmac v0.12.1
[INFO] [stderr]    Compiling sha1 v0.10.6
[INFO] [stderr]    Compiling pbkdf2 v0.12.2
[INFO] [stderr]    Compiling flate2 v1.1.8
[INFO] [stderr]    Compiling hard-xml-derive v1.41.0
[INFO] [stderr]    Compiling zstd-sys v2.0.16+zstd.1.5.7
[INFO] [stderr]    Compiling lzma-sys v0.1.20
[INFO] [stderr]    Compiling bzip2-sys v0.1.13+1.0.8
[INFO] [stderr]    Compiling xz2 v0.1.7
[INFO] [stderr]    Compiling zip v4.6.1
[INFO] [stderr]    Compiling bzip2 v0.5.2
[INFO] [stderr]    Compiling hard-xml v1.41.0
[INFO] [stderr]    Compiling thiserror-impl v2.0.18
[INFO] [stderr]    Compiling zeroize_derive v1.4.3
[INFO] [stderr]    Compiling thiserror-impl v1.0.69
[INFO] [stderr]    Compiling clap_derive v4.5.49
[INFO] [stderr]    Compiling derive_more v0.99.20
[INFO] [stderr]    Compiling displaydoc v0.2.5
[INFO] [stderr]    Compiling zeroize v1.8.2
[INFO] [stderr]    Compiling thiserror v2.0.18
[INFO] [stderr]    Compiling clap v4.5.54
[INFO] [stderr]    Compiling rs-docx v0.2.0
[INFO] [stderr]    Compiling zstd v0.13.3
[INFO] [stderr]    Compiling dm2xcod v0.3.14 (/opt/rustwide/workdir)
[INFO] [stderr]     Finished `release` profile [optimized] target(s) in 1m 24s
[INFO] running `Command { std: "docker" "inspect" "8daac3842be8124a91bd2448c59c70c651e012adc13f733a46c4cda1a8f707ca", kill_on_drop: false }`
[INFO] running `Command { std: "docker" "exec" "-e" "SOURCE_DIR=/opt/rustwide/workdir" "-e" "CARGO_HOME=/opt/rustwide/cargo-home" "-e" "RUSTUP_HOME=/opt/rustwide/rustup-home" "-e" "CARGO_TARGET_DIR=/opt/rustwide/target" "-e" "CARGO_INCREMENTAL=0" "-e" "RUST_BACKTRACE=full" "-e" "RUSTFLAGS=--cap-lints=warn" "-e" "RUSTDOCFLAGS=--cap-lints=warn" "-w" "/opt/rustwide/workdir" "--user" "0:0" "8daac3842be8124a91bd2448c59c70c651e012adc13f733a46c4cda1a8f707ca" "/opt/rustwide/cargo-home/bin/cargo" "+1.99.0-beta.8" "test" "--frozen" "--no-run" "--message-format=json" "--release", kill_on_drop: false }`
[INFO] [stderr]    Compiling yansi v1.0.1
[INFO] [stderr]    Compiling diff v0.1.13
[INFO] [stderr]    Compiling pretty_assertions v1.4.1
[INFO] [stderr]    Compiling dm2xcod v0.3.14 (/opt/rustwide/workdir)
[INFO] [stderr]     Finished `release` profile [optimized] target(s) in 29.94s
[INFO] running `Command { std: "docker" "inspect" "8daac3842be8124a91bd2448c59c70c651e012adc13f733a46c4cda1a8f707ca", kill_on_drop: false }`
[INFO] running `Command { std: "docker" "exec" "-e" "SOURCE_DIR=/opt/rustwide/workdir" "-e" "CARGO_HOME=/opt/rustwide/cargo-home" "-e" "RUSTUP_HOME=/opt/rustwide/rustup-home" "-e" "CARGO_TARGET_DIR=/opt/rustwide/target" "-e" "CARGO_INCREMENTAL=0" "-e" "RUST_BACKTRACE=full" "-e" "RUSTFLAGS=--cap-lints=warn" "-e" "RUSTDOCFLAGS=--cap-lints=warn" "-w" "/opt/rustwide/workdir" "--user" "0:0" "8daac3842be8124a91bd2448c59c70c651e012adc13f733a46c4cda1a8f707ca" "/opt/rustwide/cargo-home/bin/cargo" "+1.99.0-beta.8" "test" "--frozen" "--release", kill_on_drop: false }`
[INFO] [stderr]     Finished `release` profile [optimized] target(s) in 0.11s
[INFO] [stderr]      Running unittests src/lib.rs (/opt/rustwide/target/release/deps/dm2xcod-ae46a410b2e82e99)
[INFO] [stdout] 
[INFO] [stdout] running 26 tests
[INFO] [stdout] test converter::paragraph::tests::test_adjacent_anchors ... ok
[INFO] [stdout] test converter::paragraph::tests::test_field_code_within_single_run_preserves_visible_text ... ok
[INFO] [stdout] test converter::tests::test_convert_content_body_run_is_rendered ... ok
[INFO] [stdout] test converter::paragraph::tests::test_preserve_whitespace_option ... ok
[INFO] [stdout] test converter::table::tests::test_table_row_sdt_with_table_cell_is_rendered ... ok
[INFO] [stdout] test converter::paragraph::tests::test_toc_anchor_link ... ok
[INFO] [stdout] test converter::table::tests::test_vmerge_continuation_on_merged_left_column_increments_master_rowspan ... ok
[INFO] [stdout] test converter::tests::test_convert_content_body_table_cell_is_rendered ... ok
[INFO] [stdout] test converter::tests::test_with_components_uses_custom_extractor_and_renderer ... ok
[INFO] [stdout] test render::escape::tests::test_escape_html_attr ... ok
[INFO] [stdout] test converter::paragraph::tests::test_extended_run_content_is_preserved ... ok
[INFO] [stdout] test render::escape::tests::test_escape_markdown_link_destination ... ok
[INFO] [stdout] test converter::paragraph::tests::test_deep_list_indentation_not_clamped ... ok
[INFO] [stdout] test render::escape::tests::test_escape_markdown_link_text ... ok
[INFO] [stdout] test converter::tests::test_convert_content_sdt_with_bookmark ... ok
[INFO] [stdout] test converter::paragraph::tests::test_anchor_placement_header ... ok
[INFO] [stdout] test converter::tests::test_with_components_respects_strict_reference_validation ... ok
[INFO] [stdout] test converter::tests::test_with_components_convert_from_bytes_uses_custom_pipeline ... ok
[INFO] [stdout] test converter::paragraph::tests::test_duplicate_footnote_references_reuse_index ... ok
[INFO] [stdout] test converter::tests::test_with_components_strict_validation_fails_for_missing_comment ... ok
[INFO] [stderr]      Running unittests src/main.rs (/opt/rustwide/target/release/deps/dm2xcod-b06e6c741b7acd40)
[INFO] [stdout] test converter::paragraph::tests::test_duplicate_comment_references_reuse_definition ... ok
[INFO] [stdout] test converter::tests::test_with_components_strict_validation_fails_for_missing_endnote ... ok
[INFO] [stdout] test converter::numbering::tests::test_lvl_override_style_change ... ok
[INFO] [stdout] test render::markdown::tests::test_renderer_appends_references ... ok
[INFO] [stdout] test converter::paragraph::tests::test_toc_anchor_target ... ok
[INFO] [stdout] test converter::tests::test_reference_registration_deduplicates_ids ... ok
[INFO] [stdout] 
[INFO] [stdout] test result: ok. 26 passed; 0 failed; 0 ignored; 0 measured; 0 filtered out; finished in 0.01s
[INFO] [stdout] 
[INFO] [stdout] 
[INFO] [stdout] running 0 tests
[INFO] [stdout] 
[INFO] [stdout] test result: ok. 0 passed; 0 failed; 0 ignored; 0 measured; 0 filtered out; finished in 0.00s
[INFO] [stdout] 
[INFO] [stderr]      Running tests/generated_regression_test.rs (/opt/rustwide/target/release/deps/generated_regression_test-ab85f64c91451d48)
[INFO] [stdout] 
[INFO] [stdout] running 2 tests
[INFO] [stdout] test generated_docx_deep_list_indentation_regression ... ok
[INFO] [stderr]      Running tests/golden_snapshot_test.rs (/opt/rustwide/target/release/deps/golden_snapshot_test-6cc690eab01fa9d5)
[INFO] [stdout] test generated_docx_duplicate_note_comment_references_regression ... ok
[INFO] [stdout] 
[INFO] [stdout] test result: ok. 2 passed; 0 failed; 0 ignored; 0 measured; 0 filtered out; finished in 0.00s
[INFO] [stdout] 
[INFO] [stdout] 
[INFO] [stdout] running 2 tests
[INFO] [stdout] test golden_snapshot_deep_list_output ... ok
[INFO] [stdout] test golden_snapshot_duplicate_note_comment_output ... ok
[INFO] [stdout] 
[INFO] [stdout] test result: ok. 2 passed; 0 failed; 0 ignored; 0 measured; 0 filtered out; finished in 0.01s
[INFO] [stdout] 
[INFO] [stderr]      Running tests/integration_test.rs (/opt/rustwide/target/release/deps/integration_test-a60372503783b49b)
[INFO] [stdout] 
[INFO] [stdout] running 2 tests
[INFO] [stdout] test verify_markdown_conversion ... FAILED
[INFO] [stdout] test test_cli_help ... ok
[INFO] [stdout] 
[INFO] [stdout] failures:
[INFO] [stdout] 
[INFO] [stdout] ---- verify_markdown_conversion stdout ----
[INFO] [stdout] 
[INFO] [stdout] thread 'verify_markdown_conversion' (2227) panicked at tests/integration_test.rs:22:32:
[INFO] [stdout] Failed to create output directory: Os { code: 30, kind: ReadOnlyFilesystem, message: "Read-only file system" }
[INFO] [stdout] stack backtrace:
[INFO] [stdout]    0:     0x608af61f5d11 - <<std[70759c8f55707aa4]::sys::backtrace::BacktraceLock>::print::DisplayBacktrace as core[df12db4294e9bfd3]::fmt::Display>::fmt
[INFO] [stdout]    1:     0x608af620c47a - core[df12db4294e9bfd3]::fmt::write
[INFO] [stdout]    2:     0x608af61fa5ac - <alloc[2182bb758b4b3781]::vec::Vec<u8> as core[df12db4294e9bfd3]::io::write::Write>::write_fmt
[INFO] [stdout]    3:     0x608af61d1066 - std[70759c8f55707aa4]::panicking::default_hook::{closure#0}
[INFO] [stdout]    4:     0x608af61ee079 - std[70759c8f55707aa4]::panicking::default_hook
[INFO] [stdout]    5:     0x608af5fcdf30 - test[9d35eded1c95d3be]::test_main_inner::<test[9d35eded1c95d3be]::test_main_static::{closure#0}>::{closure#0}
[INFO] [stdout]    6:     0x608af61ee232 - std[70759c8f55707aa4]::panicking::panic_with_hook
[INFO] [stdout]    7:     0x608af61d1112 - std[70759c8f55707aa4]::panicking::panic_handler::{closure#0}
[INFO] [stdout]    8:     0x608af61c9cd9 - std[70759c8f55707aa4]::sys::backtrace::__rust_end_short_backtrace::<std[70759c8f55707aa4]::panicking::panic_handler::{closure#0}, !>
[INFO] [stdout]    9:     0x608af61d1d0d - __rustc[8fa7c3cbc660c2b3]::rust_begin_unwind
[INFO] [stdout]   10:     0x608af620cbac - core[df12db4294e9bfd3]::panicking::panic_fmt
[INFO] [stdout]   11:     0x608af620c982 - core[df12db4294e9bfd3]::result::unwrap_failed
[INFO] [stdout]   12:     0x608af5fb9d5b - <integration_test[48be3f7bbe6ac8ee]::verify_markdown_conversion::{closure#0} as core[df12db4294e9bfd3]::ops::function::FnOnce<()>>::call_once
[INFO] [stdout]   13:     0x608af5fc121b - test[9d35eded1c95d3be]::__rust_begin_short_backtrace::<core[df12db4294e9bfd3]::result::Result<(), alloc[2182bb758b4b3781]::string::String>, fn() -> core[df12db4294e9bfd3]::result::Result<(), alloc[2182bb758b4b3781]::string::String>>
[INFO] [stdout]   14:     0x608af5fce885 - test[9d35eded1c95d3be]::run_test::{closure#0}
[INFO] [stdout]   15:     0x608af5fc8144 - std[70759c8f55707aa4]::sys::backtrace::__rust_begin_short_backtrace::<test[9d35eded1c95d3be]::run_test::{closure#1}, ()>
[INFO] [stdout]   16:     0x608af5fd19e2 - <std[70759c8f55707aa4]::thread::lifecycle::spawn_unchecked<test[9d35eded1c95d3be]::run_test::{closure#1}, ()>::{closure#1} as core[df12db4294e9bfd3]::ops::function::FnOnce<()>>::call_once::{shim:vtable#0}
[INFO] [stdout]   17:     0x608af61f53f9 - <std[70759c8f55707aa4]::sys::thread::unix::Thread>::new::thread_start
[INFO] [stdout]   18:     0x7e5fd486fdfa - <unknown>
[INFO] [stdout]   19:     0x7e5fd49033d4 - clone
[INFO] [stdout]   20:                0x0 - <unknown>
[INFO] [stdout] 
[INFO] [stdout] 
[INFO] [stdout] failures:
[INFO] [stdout]     verify_markdown_conversion
[INFO] [stdout] 
[INFO] [stdout] test result: FAILED. 1 passed; 1 failed; 0 ignored; 0 measured; 0 filtered out; finished in 0.01s
[INFO] [stdout] 
[INFO] [stderr] error: test failed, to rerun pass `--test integration_test`
[INFO] running `Command { std: "docker" "inspect" "8daac3842be8124a91bd2448c59c70c651e012adc13f733a46c4cda1a8f707ca", kill_on_drop: false }`
[INFO] running `Command { std: "docker" "rm" "-f" "8daac3842be8124a91bd2448c59c70c651e012adc13f733a46c4cda1a8f707ca", kill_on_drop: false }`
[INFO] [stdout] 8daac3842be8124a91bd2448c59c70c651e012adc13f733a46c4cda1a8f707ca
