[INFO] fetching crate dm-scan 0.1.0...
[INFO] testing dm-scan-0.1.0 against 1.99.0-beta.8+cargoflags=--release for beta-release-1.100-2
[INFO] extracting crate dm-scan 0.1.0 into /workspace/builds/worker-6-tc1/source
[INFO] started tweaking crates.io crate dm-scan 0.1.0
[INFO] finished tweaking crates.io crate dm-scan 0.1.0
[INFO] tweaked toml for crates.io crate dm-scan 0.1.0 written to /workspace/builds/worker-6-tc1/source/Cargo.toml
[INFO] validating manifest of crates.io crate dm-scan 0.1.0 on toolchain 1.99.0-beta.8
[INFO] running `Command { std: CARGO_HOME="/workspace/cargo-home" RUSTUP_HOME="/workspace/rustup-home" "/workspace/cargo-home/bin/cargo" "+1.99.0-beta.8" "metadata" "--manifest-path" "Cargo.toml" "--no-deps", kill_on_drop: false }`
[INFO] crate crates.io crate dm-scan 0.1.0 already has a lockfile, it will not be regenerated
[INFO] running `Command { std: CARGO_HOME="/workspace/cargo-home" RUSTUP_HOME="/workspace/rustup-home" "/workspace/cargo-home/bin/cargo" "+1.99.0-beta.8" "fetch" "--manifest-path" "Cargo.toml", kill_on_drop: false }`
[INFO] [stderr]     Updating crates.io index
[INFO] [stderr]  Downloading crates ...
[INFO] [stderr]   Downloaded dm-meta v0.1.0
[INFO] [stderr]   Downloaded chrono v0.4.43
[INFO] [stderr]   Downloaded syn v2.0.115
[INFO] [stderr]   Downloaded libc v0.2.181
[INFO] running `Command { std: "docker" "create" "-v" "/var/lib/crater-agent-workspace/builds/worker-6-tc1/source:/opt/rustwide/workdir:ro,Z" "-v" "/var/lib/crater-agent-workspace/builds/worker-6-tc1/target:/opt/rustwide/target:rw,Z" "-v" "/var/lib/crater-agent-workspace/cargo-home:/opt/rustwide/cargo-home:ro,Z" "-v" "/var/lib/crater-agent-workspace/rustup-home:/opt/rustwide/rustup-home:ro,Z" "-m" "1610612736" "--network" "none" "ghcr.io/rust-lang/crates-build-env/linux@sha256:77db811e55d90add9212f6832c23229e3de5f1c1f9905e8cb07319ea15df73ac" "sleep" "infinity", kill_on_drop: false }`
[INFO] [stdout] 00249f257229dd38457ca625741122f56234581e7a357beda6eb2155e2c70656
[INFO] running `Command { std: "docker" "start" "00249f257229dd38457ca625741122f56234581e7a357beda6eb2155e2c70656", kill_on_drop: false }`
[INFO] running `Command { std: "docker" "inspect" "00249f257229dd38457ca625741122f56234581e7a357beda6eb2155e2c70656", kill_on_drop: false }`
[INFO] running `Command { std: "docker" "exec" "-e" "SOURCE_DIR=/opt/rustwide/workdir" "-e" "CARGO_HOME=/opt/rustwide/cargo-home" "-e" "RUSTUP_HOME=/opt/rustwide/rustup-home" "-e" "CARGO_TARGET_DIR=/opt/rustwide/target" "-w" "/opt/rustwide/workdir" "--user" "0:0" "00249f257229dd38457ca625741122f56234581e7a357beda6eb2155e2c70656" "/opt/rustwide/cargo-home/bin/cargo" "+1.99.0-beta.8" "metadata" "--no-deps" "--format-version=1", kill_on_drop: false }`
[INFO] running `Command { std: "docker" "inspect" "00249f257229dd38457ca625741122f56234581e7a357beda6eb2155e2c70656", kill_on_drop: false }`
[INFO] running `Command { std: "docker" "exec" "-e" "SOURCE_DIR=/opt/rustwide/workdir" "-e" "CARGO_HOME=/opt/rustwide/cargo-home" "-e" "RUSTUP_HOME=/opt/rustwide/rustup-home" "-e" "CARGO_TARGET_DIR=/opt/rustwide/target" "-e" "CARGO_INCREMENTAL=0" "-e" "RUST_BACKTRACE=full" "-e" "RUSTFLAGS=--cap-lints=warn" "-e" "RUSTDOCFLAGS=--cap-lints=warn" "-w" "/opt/rustwide/workdir" "--user" "0:0" "00249f257229dd38457ca625741122f56234581e7a357beda6eb2155e2c70656" "/opt/rustwide/cargo-home/bin/cargo" "+1.99.0-beta.8" "build" "--frozen" "--message-format=json" "--release", kill_on_drop: false }`
[INFO] [stderr]    Compiling unicode-ident v1.0.23
[INFO] [stderr]    Compiling serde_core v1.0.228
[INFO] [stderr]    Compiling hashbrown v0.16.1
[INFO] [stderr]    Compiling glob v0.3.3
[INFO] [stderr]    Compiling proc-macro2 v1.0.106
[INFO] [stderr]    Compiling quote v1.0.44
[INFO] [stderr]    Compiling syn v2.0.115
[INFO] [stderr]    Compiling indexmap v2.13.0
[INFO] [stderr]    Compiling serde_derive v1.0.228
[INFO] [stderr]    Compiling thiserror-impl v2.0.18
[INFO] [stderr]    Compiling thiserror v2.0.18
[INFO] [stderr]    Compiling serde v1.0.228
[INFO] [stderr]    Compiling serde_yaml v0.9.34+deprecated
[INFO] [stderr]    Compiling chrono v0.4.43
[INFO] [stderr]    Compiling dm-meta v0.1.0
[INFO] [stderr]    Compiling dm-scan v0.1.0 (/opt/rustwide/workdir)
[INFO] [stderr]     Finished `release` profile [optimized] target(s) in 14.88s
[INFO] running `Command { std: "docker" "inspect" "00249f257229dd38457ca625741122f56234581e7a357beda6eb2155e2c70656", kill_on_drop: false }`
[INFO] running `Command { std: "docker" "exec" "-e" "SOURCE_DIR=/opt/rustwide/workdir" "-e" "CARGO_HOME=/opt/rustwide/cargo-home" "-e" "RUSTUP_HOME=/opt/rustwide/rustup-home" "-e" "CARGO_TARGET_DIR=/opt/rustwide/target" "-e" "CARGO_INCREMENTAL=0" "-e" "RUST_BACKTRACE=full" "-e" "RUSTFLAGS=--cap-lints=warn" "-e" "RUSTDOCFLAGS=--cap-lints=warn" "-w" "/opt/rustwide/workdir" "--user" "0:0" "00249f257229dd38457ca625741122f56234581e7a357beda6eb2155e2c70656" "/opt/rustwide/cargo-home/bin/cargo" "+1.99.0-beta.8" "test" "--frozen" "--no-run" "--message-format=json" "--release", kill_on_drop: false }`
[INFO] [stderr]    Compiling dm-scan v0.1.0 (/opt/rustwide/workdir)
[INFO] [stderr]     Finished `release` profile [optimized] target(s) in 1.29s
[INFO] running `Command { std: "docker" "inspect" "00249f257229dd38457ca625741122f56234581e7a357beda6eb2155e2c70656", kill_on_drop: false }`
[INFO] running `Command { std: "docker" "exec" "-e" "SOURCE_DIR=/opt/rustwide/workdir" "-e" "CARGO_HOME=/opt/rustwide/cargo-home" "-e" "RUSTUP_HOME=/opt/rustwide/rustup-home" "-e" "CARGO_TARGET_DIR=/opt/rustwide/target" "-e" "CARGO_INCREMENTAL=0" "-e" "RUST_BACKTRACE=full" "-e" "RUSTFLAGS=--cap-lints=warn" "-e" "RUSTDOCFLAGS=--cap-lints=warn" "-w" "/opt/rustwide/workdir" "--user" "0:0" "00249f257229dd38457ca625741122f56234581e7a357beda6eb2155e2c70656" "/opt/rustwide/cargo-home/bin/cargo" "+1.99.0-beta.8" "test" "--frozen" "--release", kill_on_drop: false }`
[INFO] [stderr]     Finished `release` profile [optimized] target(s) in 0.03s
[INFO] [stderr]      Running unittests src/lib.rs (/opt/rustwide/target/release/deps/dm_scan-42920ec7a49b8b3f)
[INFO] [stdout] 
[INFO] [stdout] running 9 tests
[INFO] [stdout] test tests::search_finds_execution_engine ... FAILED
[INFO] [stdout] test tests::by_category_active ... FAILED
[INFO] [stdout] test tests::counts_returns_correct_values ... FAILED
[INFO] [stdout] test tests::scan_filter_by_category ... FAILED
[INFO] [stdout] test tests::by_tag_architecture ... FAILED
[INFO] [stdout] test tests::scan_continues_on_errors ... FAILED
[INFO] [stdout] test tests::search_is_case_insensitive ... FAILED
[INFO] [stdout] test tests::scan_finds_all_markdown_files ... FAILED
[INFO] [stdout] test tests::by_category_design ... FAILED
[INFO] [stdout] 
[INFO] [stdout] failures:
[INFO] [stdout] 
[INFO] [stdout] ---- tests::search_finds_execution_engine stdout ----
[INFO] [stdout] 
[INFO] [stdout] thread 'tests::search_finds_execution_engine' (448) panicked at src/lib.rs:191:9:
[INFO] [stdout] fixtures dir not found at /opt/tests/fixtures/docs
[INFO] [stdout] stack backtrace:
[INFO] [stdout]    0:     0x567d7186cfa1 - <<std[70759c8f55707aa4]::sys::backtrace::BacktraceLock>::print::DisplayBacktrace as core[df12db4294e9bfd3]::fmt::Display>::fmt
[INFO] [stdout]    1:     0x567d71882d3a - core[df12db4294e9bfd3]::fmt::write
[INFO] [stdout]    2:     0x567d7187172c - <alloc[2182bb758b4b3781]::vec::Vec<u8> as core[df12db4294e9bfd3]::io::write::Write>::write_fmt
[INFO] [stdout]    3:     0x567d71848546 - std[70759c8f55707aa4]::panicking::default_hook::{closure#0}
[INFO] [stdout]    4:     0x567d71865009 - std[70759c8f55707aa4]::panicking::default_hook
[INFO] [stdout]    5:     0x567d717d9b10 - test[9d35eded1c95d3be]::test_main_inner::<test[9d35eded1c95d3be]::test_main_static::{closure#0}>::{closure#0}
[INFO] [stdout]    6:     0x567d718651c2 - std[70759c8f55707aa4]::panicking::panic_with_hook
[INFO] [stdout]    7:     0x567d718485f2 - std[70759c8f55707aa4]::panicking::panic_handler::{closure#0}
[INFO] [stdout]    8:     0x567d71841149 - std[70759c8f55707aa4]::sys::backtrace::__rust_end_short_backtrace::<std[70759c8f55707aa4]::panicking::panic_handler::{closure#0}, !>
[INFO] [stdout]    9:     0x567d718491ed - __rustc[8fa7c3cbc660c2b3]::rust_begin_unwind
[INFO] [stdout]   10:     0x567d7188346c - core[df12db4294e9bfd3]::panicking::panic_fmt
[INFO] [stdout]   11:     0x567d717c0c4d - dm_scan[aaae966c9b9cc208]::tests::fixtures_root
[INFO] [stdout]   12:     0x567d717c237b - dm_scan[aaae966c9b9cc208]::tests::search_finds_execution_engine
[INFO] [stdout]   13:     0x567d717c0769 - <dm_scan[aaae966c9b9cc208]::tests::search_finds_execution_engine::{closure#0} as core[df12db4294e9bfd3]::ops::function::FnOnce<()>>::call_once
[INFO] [stdout]   14:     0x567d717ccdfb - test[9d35eded1c95d3be]::__rust_begin_short_backtrace::<core[df12db4294e9bfd3]::result::Result<(), alloc[2182bb758b4b3781]::string::String>, fn() -> core[df12db4294e9bfd3]::result::Result<(), alloc[2182bb758b4b3781]::string::String>>
[INFO] [stdout]   15:     0x567d717da465 - test[9d35eded1c95d3be]::run_test::{closure#0}
[INFO] [stdout]   16:     0x567d717d3d24 - std[70759c8f55707aa4]::sys::backtrace::__rust_begin_short_backtrace::<test[9d35eded1c95d3be]::run_test::{closure#1}, ()>
[INFO] [stdout]   17:     0x567d717dd5c2 - <std[70759c8f55707aa4]::thread::lifecycle::spawn_unchecked<test[9d35eded1c95d3be]::run_test::{closure#1}, ()>::{closure#1} as core[df12db4294e9bfd3]::ops::function::FnOnce<()>>::call_once::{shim:vtable#0}
[INFO] [stdout]   18:     0x567d7186c509 - <std[70759c8f55707aa4]::sys::thread::unix::Thread>::new::thread_start
[INFO] [stdout]   19:     0x7a67bf83bdfa - <unknown>
[INFO] [stdout]   20:     0x7a67bf8cf3d4 - clone
[INFO] [stdout]   21:                0x0 - <unknown>
[INFO] [stdout] 
[INFO] [stdout] ---- tests::by_category_active stdout ----
[INFO] [stdout] 
[INFO] [stdout] thread 'tests::by_category_active' (441) panicked at src/lib.rs:191:9:
[INFO] [stdout] fixtures dir not found at /opt/tests/fixtures/docs
[INFO] [stdout] stack backtrace:
[INFO] [stdout]    0:     0x567d7186cfa1 - <<std[70759c8f55707aa4]::sys::backtrace::BacktraceLock>::print::DisplayBacktrace as core[df12db4294e9bfd3]::fmt::Display>::fmt
[INFO] [stdout]    1:     0x567d71882d3a - core[df12db4294e9bfd3]::fmt::write
[INFO] [stdout]    2:     0x567d7187172c - <alloc[2182bb758b4b3781]::vec::Vec<u8> as core[df12db4294e9bfd3]::io::write::Write>::write_fmt
[INFO] [stdout]    3:     0x567d71848546 - std[70759c8f55707aa4]::panicking::default_hook::{closure#0}
[INFO] [stdout]    4:     0x567d71865009 - std[70759c8f55707aa4]::panicking::default_hook
[INFO] [stdout]    5:     0x567d717d9b10 - test[9d35eded1c95d3be]::test_main_inner::<test[9d35eded1c95d3be]::test_main_static::{closure#0}>::{closure#0}
[INFO] [stdout]    6:     0x567d718651c2 - std[70759c8f55707aa4]::panicking::panic_with_hook
[INFO] [stdout]    7:     0x567d718485f2 - std[70759c8f55707aa4]::panicking::panic_handler::{closure#0}
[INFO] [stdout]    8:     0x567d71841149 - std[70759c8f55707aa4]::sys::backtrace::__rust_end_short_backtrace::<std[70759c8f55707aa4]::panicking::panic_handler::{closure#0}, !>
[INFO] [stdout]    9:     0x567d718491ed - __rustc[8fa7c3cbc660c2b3]::rust_begin_unwind
[INFO] [stdout]   10:     0x567d7188346c - core[df12db4294e9bfd3]::panicking::panic_fmt
[INFO] [stdout]   11:     0x567d717c0c4d - dm_scan[aaae966c9b9cc208]::tests::fixtures_root
[INFO] [stdout]   12:     0x567d717c0ca2 - dm_scan[aaae966c9b9cc208]::tests::by_category_active
[INFO] [stdout]   13:     0x567d717c0669 - <dm_scan[aaae966c9b9cc208]::tests::by_category_active::{closure#0} as core[df12db4294e9bfd3]::ops::function::FnOnce<()>>::call_once
[INFO] [stdout]   14:     0x567d717ccdfb - test[9d35eded1c95d3be]::__rust_begin_short_backtrace::<core[df12db4294e9bfd3]::result::Result<(), alloc[2182bb758b4b3781]::string::String>, fn() -> core[df12db4294e9bfd3]::result::Result<(), alloc[2182bb758b4b3781]::string::String>>
[INFO] [stdout]   15:     0x567d717da465 - test[9d35eded1c95d3be]::run_test::{closure#0}
[INFO] [stdout]   16:     0x567d717d3d24 - std[70759c8f55707aa4]::sys::backtrace::__rust_begin_short_backtrace::<test[9d35eded1c95d3be]::run_test::{closure#1}, ()>
[INFO] [stdout]   17:     0x567d717dd5c2 - <std[70759c8f55707aa4]::thread::lifecycle::spawn_unchecked<test[9d35eded1c95d3be]::run_test::{closure#1}, ()>::{closure#1} as core[df12db4294e9bfd3]::ops::function::FnOnce<()>>::call_once::{shim:vtable#0}
[INFO] [stdout]   18:     0x567d7186c509 - <std[70759c8f55707aa4]::sys::thread::unix::Thread>::new::thread_start
[INFO] [stdout]   19:     0x7a67bf83bdfa - <unknown>
[INFO] [stdout]   20:     0x7a67bf8cf3d4 - clone
[INFO] [stdout]   21:                0x0 - <unknown>
[INFO] [stdout] 
[INFO] [stdout] ---- tests::counts_returns_correct_values stdout ----
[INFO] [stdout] 
[INFO] [stdout] thread 'tests::counts_returns_correct_values' (444) panicked at src/lib.rs:191:9:
[INFO] [stdout] fixtures dir not found at /opt/tests/fixtures/docs
[INFO] [stdout] stack backtrace:
[INFO] [stdout]    0:     0x567d7186cfa1 - <<std[70759c8f55707aa4]::sys::backtrace::BacktraceLock>::print::DisplayBacktrace as core[df12db4294e9bfd3]::fmt::Display>::fmt
[INFO] [stdout]    1:     0x567d71882d3a - core[df12db4294e9bfd3]::fmt::write
[INFO] [stdout]    2:     0x567d7187172c - <alloc[2182bb758b4b3781]::vec::Vec<u8> as core[df12db4294e9bfd3]::io::write::Write>::write_fmt
[INFO] [stdout]    3:     0x567d71848546 - std[70759c8f55707aa4]::panicking::default_hook::{closure#0}
[INFO] [stdout]    4:     0x567d71865009 - std[70759c8f55707aa4]::panicking::default_hook
[INFO] [stdout]    5:     0x567d717d9b10 - test[9d35eded1c95d3be]::test_main_inner::<test[9d35eded1c95d3be]::test_main_static::{closure#0}>::{closure#0}
[INFO] [stdout]    6:     0x567d718651c2 - std[70759c8f55707aa4]::panicking::panic_with_hook
[INFO] [stdout]    7:     0x567d718485f2 - std[70759c8f55707aa4]::panicking::panic_handler::{closure#0}
[INFO] [stdout]    8:     0x567d71841149 - std[70759c8f55707aa4]::sys::backtrace::__rust_end_short_backtrace::<std[70759c8f55707aa4]::panicking::panic_handler::{closure#0}, !>
[INFO] [stdout]    9:     0x567d718491ed - __rustc[8fa7c3cbc660c2b3]::rust_begin_unwind
[INFO] [stdout]   10:     0x567d7188346c - core[df12db4294e9bfd3]::panicking::panic_fmt
[INFO] [stdout]   11:     0x567d717c0c4d - dm_scan[aaae966c9b9cc208]::tests::fixtures_root
[INFO] [stdout]   12:     0x567d717c196e - dm_scan[aaae966c9b9cc208]::tests::counts_returns_correct_values
[INFO] [stdout]   13:     0x567d717c0729 - <dm_scan[aaae966c9b9cc208]::tests::counts_returns_correct_values::{closure#0} as core[df12db4294e9bfd3]::ops::function::FnOnce<()>>::call_once
[INFO] [stdout]   14:     0x567d717ccdfb - test[9d35eded1c95d3be]::__rust_begin_short_backtrace::<core[df12db4294e9bfd3]::result::Result<(), alloc[2182bb758b4b3781]::string::String>, fn() -> core[df12db4294e9bfd3]::result::Result<(), alloc[2182bb758b4b3781]::string::String>>
[INFO] [stdout]   15:     0x567d717da465 - test[9d35eded1c95d3be]::run_test::{closure#0}
[INFO] [stdout]   16:     0x567d717d3d24 - std[70759c8f55707aa4]::sys::backtrace::__rust_begin_short_backtrace::<test[9d35eded1c95d3be]::run_test::{closure#1}, ()>
[INFO] [stdout]   17:     0x567d717dd5c2 - <std[70759c8f55707aa4]::thread::lifecycle::spawn_unchecked<test[9d35eded1c95d3be]::run_test::{closure#1}, ()>::{closure#1} as core[df12db4294e9bfd3]::ops::function::FnOnce<()>>::call_once::{shim:vtable#0}
[INFO] [stdout]   18:     0x567d7186c509 - <std[70759c8f55707aa4]::sys::thread::unix::Thread>::new::thread_start
[INFO] [stdout]   19:     0x7a67bf83bdfa - <unknown>
[INFO] [stdout]   20:     0x7a67bf8cf3d4 - clone
[INFO] [stdout]   21:                0x0 - <unknown>
[INFO] [stdout] 
[INFO] [stdout] ---- tests::scan_filter_by_category stdout ----
[INFO] [stdout] 
[INFO] [stdout] thread 'tests::scan_filter_by_category' (446) panicked at src/lib.rs:191:9:
[INFO] [stdout] fixtures dir not found at /opt/tests/fixtures/docs
[INFO] [stdout] stack backtrace:
[INFO] [stdout]    0:     0x567d7186cfa1 - <<std[70759c8f55707aa4]::sys::backtrace::BacktraceLock>::print::DisplayBacktrace as core[df12db4294e9bfd3]::fmt::Display>::fmt
[INFO] [stdout]    1:     0x567d71882d3a - core[df12db4294e9bfd3]::fmt::write
[INFO] [stdout]    2:     0x567d7187172c - <alloc[2182bb758b4b3781]::vec::Vec<u8> as core[df12db4294e9bfd3]::io::write::Write>::write_fmt
[INFO] [stdout]    3:     0x567d71848546 - std[70759c8f55707aa4]::panicking::default_hook::{closure#0}
[INFO] [stdout]    4:     0x567d71865009 - std[70759c8f55707aa4]::panicking::default_hook
[INFO] [stdout]    5:     0x567d717d9b10 - test[9d35eded1c95d3be]::test_main_inner::<test[9d35eded1c95d3be]::test_main_static::{closure#0}>::{closure#0}
[INFO] [stdout]    6:     0x567d718651c2 - std[70759c8f55707aa4]::panicking::panic_with_hook
[INFO] [stdout]    7:     0x567d718485f2 - std[70759c8f55707aa4]::panicking::panic_handler::{closure#0}
[INFO] [stdout]    8:     0x567d71841149 - std[70759c8f55707aa4]::sys::backtrace::__rust_end_short_backtrace::<std[70759c8f55707aa4]::panicking::panic_handler::{closure#0}, !>
[INFO] [stdout]    9:     0x567d718491ed - __rustc[8fa7c3cbc660c2b3]::rust_begin_unwind
[INFO] [stdout]   10:     0x567d7188346c - core[df12db4294e9bfd3]::panicking::panic_fmt
[INFO] [stdout]   11:     0x567d717c0c4d - dm_scan[aaae966c9b9cc208]::tests::fixtures_root
[INFO] [stdout]   12:     0x567d717c13d8 - dm_scan[aaae966c9b9cc208]::tests::scan_filter_by_category
[INFO] [stdout]   13:     0x567d717c06c9 - <dm_scan[aaae966c9b9cc208]::tests::scan_filter_by_category::{closure#0} as core[df12db4294e9bfd3]::ops::function::FnOnce<()>>::call_once
[INFO] [stdout]   14:     0x567d717ccdfb - test[9d35eded1c95d3be]::__rust_begin_short_backtrace::<core[df12db4294e9bfd3]::result::Result<(), alloc[2182bb758b4b3781]::string::String>, fn() -> core[df12db4294e9bfd3]::result::Result<(), alloc[2182bb758b4b3781]::string::String>>
[INFO] [stdout]   15:     0x567d717da465 - test[9d35eded1c95d3be]::run_test::{closure#0}
[INFO] [stdout]   16:     0x567d717d3d24 - std[70759c8f55707aa4]::sys::backtrace::__rust_begin_short_backtrace::<test[9d35eded1c95d3be]::run_test::{closure#1}, ()>
[INFO] [stdout]   17:     0x567d717dd5c2 - <std[70759c8f55707aa4]::thread::lifecycle::spawn_unchecked<test[9d35eded1c95d3be]::run_test::{closure#1}, ()>::{closure#1} as core[df12db4294e9bfd3]::ops::function::FnOnce<()>>::call_once::{shim:vtable#0}
[INFO] [stdout]   18:     0x567d7186c509 - <std[70759c8f55707aa4]::sys::thread::unix::Thread>::new::thread_start
[INFO] [stdout]   19:     0x7a67bf83bdfa - <unknown>
[INFO] [stdout]   20:     0x7a67bf8cf3d4 - clone
[INFO] [stdout]   21:                0x0 - <unknown>
[INFO] [stdout] 
[INFO] [stdout] ---- tests::by_tag_architecture stdout ----
[INFO] [stdout] 
[INFO] [stdout] thread 'tests::by_tag_architecture' (443) panicked at src/lib.rs:191:9:
[INFO] [stdout] fixtures dir not found at /opt/tests/fixtures/docs
[INFO] [stdout] stack backtrace:
[INFO] [stdout]    0:     0x567d7186cfa1 - <<std[70759c8f55707aa4]::sys::backtrace::BacktraceLock>::print::DisplayBacktrace as core[df12db4294e9bfd3]::fmt::Display>::fmt
[INFO] [stdout]    1:     0x567d71882d3a - core[df12db4294e9bfd3]::fmt::write
[INFO] [stdout]    2:     0x567d7187172c - <alloc[2182bb758b4b3781]::vec::Vec<u8> as core[df12db4294e9bfd3]::io::write::Write>::write_fmt
[INFO] [stdout]    3:     0x567d71848546 - std[70759c8f55707aa4]::panicking::default_hook::{closure#0}
[INFO] [stdout]    4:     0x567d71865009 - std[70759c8f55707aa4]::panicking::default_hook
[INFO] [stdout]    5:     0x567d717d9b10 - test[9d35eded1c95d3be]::test_main_inner::<test[9d35eded1c95d3be]::test_main_static::{closure#0}>::{closure#0}
[INFO] [stdout]    6:     0x567d718651c2 - std[70759c8f55707aa4]::panicking::panic_with_hook
[INFO] [stdout]    7:     0x567d718485f2 - std[70759c8f55707aa4]::panicking::panic_handler::{closure#0}
[INFO] [stdout]    8:     0x567d71841149 - std[70759c8f55707aa4]::sys::backtrace::__rust_end_short_backtrace::<std[70759c8f55707aa4]::panicking::panic_handler::{closure#0}, !>
[INFO] [stdout]    9:     0x567d718491ed - __rustc[8fa7c3cbc660c2b3]::rust_begin_unwind
[INFO] [stdout]   10:     0x567d7188346c - core[df12db4294e9bfd3]::panicking::panic_fmt
[INFO] [stdout]   11:     0x567d717c0c4d - dm_scan[aaae966c9b9cc208]::tests::fixtures_root
[INFO] [stdout]   12:     0x567d717c1112 - dm_scan[aaae966c9b9cc208]::tests::by_tag_architecture
[INFO] [stdout]   13:     0x567d717c06a9 - <dm_scan[aaae966c9b9cc208]::tests::by_tag_architecture::{closure#0} as core[df12db4294e9bfd3]::ops::function::FnOnce<()>>::call_once
[INFO] [stdout]   14:     0x567d717ccdfb - test[9d35eded1c95d3be]::__rust_begin_short_backtrace::<core[df12db4294e9bfd3]::result::Result<(), alloc[2182bb758b4b3781]::string::String>, fn() -> core[df12db4294e9bfd3]::result::Result<(), alloc[2182bb758b4b3781]::string::String>>
[INFO] [stdout]   15:     0x567d717da465 - test[9d35eded1c95d3be]::run_test::{closure#0}
[INFO] [stdout]   16:     0x567d717d3d24 - std[70759c8f55707aa4]::sys::backtrace::__rust_begin_short_backtrace::<test[9d35eded1c95d3be]::run_test::{closure#1}, ()>
[INFO] [stdout]   17:     0x567d717dd5c2 - <std[70759c8f55707aa4]::thread::lifecycle::spawn_unchecked<test[9d35eded1c95d3be]::run_test::{closure#1}, ()>::{closure#1} as core[df12db4294e9bfd3]::ops::function::FnOnce<()>>::call_once::{shim:vtable#0}
[INFO] [stdout]   18:     0x567d7186c509 - <std[70759c8f55707aa4]::sys::thread::unix::Thread>::new::thread_start
[INFO] [stdout]   19:     0x7a67bf83bdfa - <unknown>
[INFO] [stdout]   20:     0x7a67bf8cf3d4 - clone
[INFO] [stdout]   21:                0x0 - <unknown>
[INFO] [stdout] 
[INFO] [stdout] ---- tests::scan_continues_on_errors stdout ----
[INFO] [stdout] 
[INFO] [stdout] thread 'tests::scan_continues_on_errors' (445) panicked at src/lib.rs:191:9:
[INFO] [stdout] fixtures dir not found at /opt/tests/fixtures/docs
[INFO] [stdout] stack backtrace:
[INFO] [stdout]    0:     0x567d7186cfa1 - <<std[70759c8f55707aa4]::sys::backtrace::BacktraceLock>::print::DisplayBacktrace as core[df12db4294e9bfd3]::fmt::Display>::fmt
[INFO] [stdout]    1:     0x567d71882d3a - core[df12db4294e9bfd3]::fmt::write
[INFO] [stdout]    2:     0x567d7187172c - <alloc[2182bb758b4b3781]::vec::Vec<u8> as core[df12db4294e9bfd3]::io::write::Write>::write_fmt
[INFO] [stdout]    3:     0x567d71848546 - std[70759c8f55707aa4]::panicking::default_hook::{closure#0}
[INFO] [stdout]    4:     0x567d71865009 - std[70759c8f55707aa4]::panicking::default_hook
[INFO] [stdout]    5:     0x567d717d9b10 - test[9d35eded1c95d3be]::test_main_inner::<test[9d35eded1c95d3be]::test_main_static::{closure#0}>::{closure#0}
[INFO] [stdout]    6:     0x567d718651c2 - std[70759c8f55707aa4]::panicking::panic_with_hook
[INFO] [stdout]    7:     0x567d718485f2 - std[70759c8f55707aa4]::panicking::panic_handler::{closure#0}
[INFO] [stdout]    8:     0x567d71841149 - std[70759c8f55707aa4]::sys::backtrace::__rust_end_short_backtrace::<std[70759c8f55707aa4]::panicking::panic_handler::{closure#0}, !>
[INFO] [stdout]    9:     0x567d718491ed - __rustc[8fa7c3cbc660c2b3]::rust_begin_unwind
[INFO] [stdout]   10:     0x567d7188346c - core[df12db4294e9bfd3]::panicking::panic_fmt
[INFO] [stdout]   11:     0x567d717c0c4d - dm_scan[aaae966c9b9cc208]::tests::fixtures_root
[INFO] [stdout]   12:     0x567d717c1567 - dm_scan[aaae966c9b9cc208]::tests::scan_continues_on_errors
[INFO] [stdout]   13:     0x567d717c06e9 - <dm_scan[aaae966c9b9cc208]::tests::scan_continues_on_errors::{closure#0} as core[df12db4294e9bfd3]::ops::function::FnOnce<()>>::call_once
[INFO] [stdout]   14:     0x567d717ccdfb - test[9d35eded1c95d3be]::__rust_begin_short_backtrace::<core[df12db4294e9bfd3]::result::Result<(), alloc[2182bb758b4b3781]::string::String>, fn() -> core[df12db4294e9bfd3]::result::Result<(), alloc[2182bb758b4b3781]::string::String>>
[INFO] [stdout]   15:     0x567d717da465 - test[9d35eded1c95d3be]::run_test::{closure#0}
[INFO] [stdout]   16:     0x567d717d3d24 - std[70759c8f55707aa4]::sys::backtrace::__rust_begin_short_backtrace::<test[9d35eded1c95d3be]::run_test::{closure#1}, ()>
[INFO] [stdout]   17:     0x567d717dd5c2 - <std[70759c8f55707aa4]::thread::lifecycle::spawn_unchecked<test[9d35eded1c95d3be]::run_test::{closure#1}, ()>::{closure#1} as core[df12db4294e9bfd3]::ops::function::FnOnce<()>>::call_once::{shim:vtable#0}
[INFO] [stdout]   18:     0x567d7186c509 - <std[70759c8f55707aa4]::sys::thread::unix::Thread>::new::thread_start
[INFO] [stdout]   19:     0x7a67bf83bdfa - <unknown>
[INFO] [stdout]   20:     0x7a67bf8cf3d4 - clone
[INFO] [stdout]   21:                0x0 - <unknown>
[INFO] [stdout] 
[INFO] [stdout] ---- tests::search_is_case_insensitive stdout ----
[INFO] [stdout] 
[INFO] [stdout] thread 'tests::search_is_case_insensitive' (449) panicked at src/lib.rs:191:9:
[INFO] [stdout] fixtures dir not found at /opt/tests/fixtures/docs
[INFO] [stdout] stack backtrace:
[INFO] [stdout]    0:     0x567d7186cfa1 - <<std[70759c8f55707aa4]::sys::backtrace::BacktraceLock>::print::DisplayBacktrace as core[df12db4294e9bfd3]::fmt::Display>::fmt
[INFO] [stdout]    1:     0x567d71882d3a - core[df12db4294e9bfd3]::fmt::write
[INFO] [stdout]    2:     0x567d7187172c - <alloc[2182bb758b4b3781]::vec::Vec<u8> as core[df12db4294e9bfd3]::io::write::Write>::write_fmt
[INFO] [stdout]    3:     0x567d71848546 - std[70759c8f55707aa4]::panicking::default_hook::{closure#0}
[INFO] [stdout]    4:     0x567d71865009 - std[70759c8f55707aa4]::panicking::default_hook
[INFO] [stdout]    5:     0x567d717d9b10 - test[9d35eded1c95d3be]::test_main_inner::<test[9d35eded1c95d3be]::test_main_static::{closure#0}>::{closure#0}
[INFO] [stdout]    6:     0x567d718651c2 - std[70759c8f55707aa4]::panicking::panic_with_hook
[INFO] [stdout]    7:     0x567d718485f2 - std[70759c8f55707aa4]::panicking::panic_handler::{closure#0}
[INFO] [stdout]    8:     0x567d71841149 - std[70759c8f55707aa4]::sys::backtrace::__rust_end_short_backtrace::<std[70759c8f55707aa4]::panicking::panic_handler::{closure#0}, !>
[INFO] [stdout]    9:     0x567d718491ed - __rustc[8fa7c3cbc660c2b3]::rust_begin_unwind
[INFO] [stdout]   10:     0x567d7188346c - core[df12db4294e9bfd3]::panicking::panic_fmt
[INFO] [stdout]   11:     0x567d717c0c4d - dm_scan[aaae966c9b9cc208]::tests::fixtures_root
[INFO] [stdout]   12:     0x567d717c1694 - dm_scan[aaae966c9b9cc208]::tests::search_is_case_insensitive
[INFO] [stdout]   13:     0x567d717c0709 - <dm_scan[aaae966c9b9cc208]::tests::search_is_case_insensitive::{closure#0} as core[df12db4294e9bfd3]::ops::function::FnOnce<()>>::call_once
[INFO] [stdout]   14:     0x567d717ccdfb - test[9d35eded1c95d3be]::__rust_begin_short_backtrace::<core[df12db4294e9bfd3]::result::Result<(), alloc[2182bb758b4b3781]::string::String>, fn() -> core[df12db4294e9bfd3]::result::Result<(), alloc[2182bb758b4b3781]::string::String>>
[INFO] [stdout]   15:     0x567d717da465 - test[9d35eded1c95d3be]::run_test::{closure#0}
[INFO] [stdout]   16:     0x567d717d3d24 - std[70759c8f55707aa4]::sys::backtrace::__rust_begin_short_backtrace::<test[9d35eded1c95d3be]::run_test::{closure#1}, ()>
[INFO] [stdout]   17:     0x567d717dd5c2 - <std[70759c8f55707aa4]::thread::lifecycle::spawn_unchecked<test[9d35eded1c95d3be]::run_test::{closure#1}, ()>::{closure#1} as core[df12db4294e9bfd3]::ops::function::FnOnce<()>>::call_once::{shim:vtable#0}
[INFO] [stdout]   18:     0x567d7186c509 - <std[70759c8f55707aa4]::sys::thread::unix::Thread>::new::thread_start
[INFO] [stdout]   19:     0x7a67bf83bdfa - <unknown>
[INFO] [stdout]   20:     0x7a67bf8cf3d4 - clone
[INFO] [stdout]   21:                0x0 - <unknown>
[INFO] [stdout] 
[INFO] [stdout] ---- tests::scan_finds_all_markdown_files stdout ----
[INFO] [stdout] 
[INFO] [stdout] thread 'tests::scan_finds_all_markdown_files' (447) panicked at src/lib.rs:191:9:
[INFO] [stdout] fixtures dir not found at /opt/tests/fixtures/docs
[INFO] [stdout] stack backtrace:
[INFO] [stdout]    0:     0x567d7186cfa1 - <<std[70759c8f55707aa4]::sys::backtrace::BacktraceLock>::print::DisplayBacktrace as core[df12db4294e9bfd3]::fmt::Display>::fmt
[INFO] [stdout]    1:     0x567d71882d3a - core[df12db4294e9bfd3]::fmt::write
[INFO] [stdout]    2:     0x567d7187172c - <alloc[2182bb758b4b3781]::vec::Vec<u8> as core[df12db4294e9bfd3]::io::write::Write>::write_fmt
[INFO] [stdout]    3:     0x567d71848546 - std[70759c8f55707aa4]::panicking::default_hook::{closure#0}
[INFO] [stdout]    4:     0x567d71865009 - std[70759c8f55707aa4]::panicking::default_hook
[INFO] [stdout]    5:     0x567d717d9b10 - test[9d35eded1c95d3be]::test_main_inner::<test[9d35eded1c95d3be]::test_main_static::{closure#0}>::{closure#0}
[INFO] [stdout]    6:     0x567d718651c2 - std[70759c8f55707aa4]::panicking::panic_with_hook
[INFO] [stdout]    7:     0x567d718485f2 - std[70759c8f55707aa4]::panicking::panic_handler::{closure#0}
[INFO] [stdout]    8:     0x567d71841149 - std[70759c8f55707aa4]::sys::backtrace::__rust_end_short_backtrace::<std[70759c8f55707aa4]::panicking::panic_handler::{closure#0}, !>
[INFO] [stdout]    9:     0x567d718491ed - __rustc[8fa7c3cbc660c2b3]::rust_begin_unwind
[INFO] [stdout]   10:     0x567d7188346c - core[df12db4294e9bfd3]::panicking::panic_fmt
[INFO] [stdout]   11:     0x567d717c0c4d - dm_scan[aaae966c9b9cc208]::tests::fixtures_root
[INFO] [stdout]   12:     0x567d717c2247 - dm_scan[aaae966c9b9cc208]::tests::scan_finds_all_markdown_files
[INFO] [stdout]   13:     0x567d717c0749 - <dm_scan[aaae966c9b9cc208]::tests::scan_finds_all_markdown_files::{closure#0} as core[df12db4294e9bfd3]::ops::function::FnOnce<()>>::call_once
[INFO] [stdout]   14:     0x567d717ccdfb - test[9d35eded1c95d3be]::__rust_begin_short_backtrace::<core[df12db4294e9bfd3]::result::Result<(), alloc[2182bb758b4b3781]::string::String>, fn() -> core[df12db4294e9bfd3]::result::Result<(), alloc[2182bb758b4b3781]::string::String>>
[INFO] [stdout]   15:     0x567d717da465 - test[9d35eded1c95d3be]::run_test::{closure#0}
[INFO] [stdout]   16:     0x567d717d3d24 - std[70759c8f55707aa4]::sys::backtrace::__rust_begin_short_backtrace::<test[9d35eded1c95d3be]::run_test::{closure#1}, ()>
[INFO] [stdout]   17:     0x567d717dd5c2 - <std[70759c8f55707aa4]::thread::lifecycle::spawn_unchecked<test[9d35eded1c95d3be]::run_test::{closure#1}, ()>::{closure#1} as core[df12db4294e9bfd3]::ops::function::FnOnce<()>>::call_once::{shim:vtable#0}
[INFO] [stdout]   18:     0x567d7186c509 - <std[70759c8f55707aa4]::sys::thread::unix::Thread>::new::thread_start
[INFO] [stdout]   19:     0x7a67bf83bdfa - <unknown>
[INFO] [stdout]   20:     0x7a67bf8cf3d4 - clone
[INFO] [stdout]   21:                0x0 - <unknown>
[INFO] [stdout] 
[INFO] [stdout] ---- tests::by_category_design stdout ----
[INFO] [stdout] 
[INFO] [stdout] thread 'tests::by_category_design' (442) panicked at src/lib.rs:191:9:
[INFO] [stdout] fixtures dir not found at /opt/tests/fixtures/docs
[INFO] [stdout] stack backtrace:
[INFO] [stdout]    0:     0x567d7186cfa1 - <<std[70759c8f55707aa4]::sys::backtrace::BacktraceLock>::print::DisplayBacktrace as core[df12db4294e9bfd3]::fmt::Display>::fmt
[INFO] [stdout]    1:     0x567d71882d3a - core[df12db4294e9bfd3]::fmt::write
[INFO] [stdout]    2:     0x567d7187172c - <alloc[2182bb758b4b3781]::vec::Vec<u8> as core[df12db4294e9bfd3]::io::write::Write>::write_fmt
[INFO] [stdout]    3:     0x567d71848546 - std[70759c8f55707aa4]::panicking::default_hook::{closure#0}
[INFO] [stdout]    4:     0x567d71865009 - std[70759c8f55707aa4]::panicking::default_hook
[INFO] [stdout]    5:     0x567d717d9b10 - test[9d35eded1c95d3be]::test_main_inner::<test[9d35eded1c95d3be]::test_main_static::{closure#0}>::{closure#0}
[INFO] [stdout]    6:     0x567d718651c2 - std[70759c8f55707aa4]::panicking::panic_with_hook
[INFO] [stdout]    7:     0x567d718485f2 - std[70759c8f55707aa4]::panicking::panic_handler::{closure#0}
[INFO] [stdout]    8:     0x567d71841149 - std[70759c8f55707aa4]::sys::backtrace::__rust_end_short_backtrace::<std[70759c8f55707aa4]::panicking::panic_handler::{closure#0}, !>
[INFO] [stdout]    9:     0x567d718491ed - __rustc[8fa7c3cbc660c2b3]::rust_begin_unwind
[INFO] [stdout]   10:     0x567d7188346c - core[df12db4294e9bfd3]::panicking::panic_fmt
[INFO] [stdout]   11:     0x567d717c0c4d - dm_scan[aaae966c9b9cc208]::tests::fixtures_root
[INFO] [stdout]   12:     0x567d717c0f14 - dm_scan[aaae966c9b9cc208]::tests::by_category_design
[INFO] [stdout]   13:     0x567d717c0689 - <dm_scan[aaae966c9b9cc208]::tests::by_category_design::{closure#0} as core[df12db4294e9bfd3]::ops::function::FnOnce<()>>::call_once
[INFO] [stdout]   14:     0x567d717ccdfb - test[9d35eded1c95d3be]::__rust_begin_short_backtrace::<core[df12db4294e9bfd3]::result::Result<(), alloc[2182bb758b4b3781]::string::String>, fn() -> core[df12db4294e9bfd3]::result::Result<(), alloc[2182bb758b4b3781]::string::String>>
[INFO] [stdout]   15:     0x567d717da465 - test[9d35eded1c95d3be]::run_test::{closure#0}
[INFO] [stdout]   16:     0x567d717d3d24 - std[70759c8f55707aa4]::sys::backtrace::__rust_begin_short_backtrace::<test[9d35eded1c95d3be]::run_test::{closure#1}, ()>
[INFO] [stdout]   17:     0x567d717dd5c2 - <std[70759c8f55707aa4]::thread::lifecycle::spawn_unchecked<test[9d35eded1c95d3be]::run_test::{closure#1}, ()>::{closure#1} as core[df12db4294e9bfd3]::ops::function::FnOnce<()>>::call_once::{shim:vtable#0}
[INFO] [stdout]   18:     0x567d7186c509 - <std[70759c8f55707aa4]::sys::thread::unix::Thread>::new::thread_start
[INFO] [stdout]   19:     0x7a67bf83bdfa - <unknown>
[INFO] [stdout]   20:     0x7a67bf8cf3d4 - clone
[INFO] [stdout]   21:                0x0 - <unknown>
[INFO] [stdout] 
[INFO] [stderr] error: test failed, to rerun pass `--lib`
[INFO] [stdout] 
[INFO] [stdout] failures:
[INFO] [stdout]     tests::by_category_active
[INFO] [stdout]     tests::by_category_design
[INFO] [stdout]     tests::by_tag_architecture
[INFO] [stdout]     tests::counts_returns_correct_values
[INFO] [stdout]     tests::scan_continues_on_errors
[INFO] [stdout]     tests::scan_filter_by_category
[INFO] [stdout]     tests::scan_finds_all_markdown_files
[INFO] [stdout]     tests::search_finds_execution_engine
[INFO] [stdout]     tests::search_is_case_insensitive
[INFO] [stdout] 
[INFO] [stdout] test result: FAILED. 0 passed; 9 failed; 0 ignored; 0 measured; 0 filtered out; finished in 0.00s
[INFO] [stdout] 
[INFO] running `Command { std: "docker" "inspect" "00249f257229dd38457ca625741122f56234581e7a357beda6eb2155e2c70656", kill_on_drop: false }`
[INFO] running `Command { std: "docker" "rm" "-f" "00249f257229dd38457ca625741122f56234581e7a357beda6eb2155e2c70656", kill_on_drop: false }`
[INFO] [stdout] 00249f257229dd38457ca625741122f56234581e7a357beda6eb2155e2c70656
