[INFO] fetching crate dlsite 0.2.0...
[INFO] testing dlsite-0.2.0 against 1.100.0-beta.1+cargoflags=--release for beta-release-1.100-2
[INFO] extracting crate dlsite 0.2.0 into /workspace/builds/worker-1-tc2/source
[INFO] started tweaking crates.io crate dlsite 0.2.0
[INFO] finished tweaking crates.io crate dlsite 0.2.0
[INFO] tweaked toml for crates.io crate dlsite 0.2.0 written to /workspace/builds/worker-1-tc2/source/Cargo.toml
[INFO] validating manifest of crates.io crate dlsite 0.2.0 on toolchain 1.100.0-beta.1
[INFO] running `Command { std: CARGO_HOME="/workspace/cargo-home" RUSTUP_HOME="/workspace/rustup-home" "/workspace/cargo-home/bin/cargo" "+1.100.0-beta.1" "metadata" "--manifest-path" "Cargo.toml" "--no-deps", kill_on_drop: false }`
[INFO] crate crates.io crate dlsite 0.2.0 already has a lockfile, it will not be regenerated
[INFO] running `Command { std: CARGO_HOME="/workspace/cargo-home" RUSTUP_HOME="/workspace/rustup-home" "/workspace/cargo-home/bin/cargo" "+1.100.0-beta.1" "fetch" "--manifest-path" "Cargo.toml", kill_on_drop: false }`
[INFO] running `Command { std: "docker" "create" "-v" "/var/lib/crater-agent-workspace/builds/worker-1-tc2/source:/opt/rustwide/workdir:ro,Z" "-v" "/var/lib/crater-agent-workspace/builds/worker-1-tc2/target:/opt/rustwide/target:rw,Z" "-v" "/var/lib/crater-agent-workspace/cargo-home:/opt/rustwide/cargo-home:ro,Z" "-v" "/var/lib/crater-agent-workspace/rustup-home:/opt/rustwide/rustup-home:ro,Z" "-m" "1610612736" "--network" "none" "ghcr.io/rust-lang/crates-build-env/linux@sha256:77db811e55d90add9212f6832c23229e3de5f1c1f9905e8cb07319ea15df73ac" "sleep" "infinity", kill_on_drop: false }`
[INFO] [stdout] f648a8a8f2f8c31cf1da4380d79c50cd91d96dc71784d254154d09c42d6641ad
[INFO] running `Command { std: "docker" "start" "f648a8a8f2f8c31cf1da4380d79c50cd91d96dc71784d254154d09c42d6641ad", kill_on_drop: false }`
[INFO] running `Command { std: "docker" "inspect" "f648a8a8f2f8c31cf1da4380d79c50cd91d96dc71784d254154d09c42d6641ad", kill_on_drop: false }`
[INFO] running `Command { std: "docker" "exec" "-e" "SOURCE_DIR=/opt/rustwide/workdir" "-e" "CARGO_HOME=/opt/rustwide/cargo-home" "-e" "RUSTUP_HOME=/opt/rustwide/rustup-home" "-e" "CARGO_TARGET_DIR=/opt/rustwide/target" "-w" "/opt/rustwide/workdir" "--user" "0:0" "f648a8a8f2f8c31cf1da4380d79c50cd91d96dc71784d254154d09c42d6641ad" "/opt/rustwide/cargo-home/bin/cargo" "+1.100.0-beta.1" "metadata" "--no-deps" "--format-version=1", kill_on_drop: false }`
[INFO] running `Command { std: "docker" "inspect" "f648a8a8f2f8c31cf1da4380d79c50cd91d96dc71784d254154d09c42d6641ad", kill_on_drop: false }`
[INFO] running `Command { std: "docker" "exec" "-e" "SOURCE_DIR=/opt/rustwide/workdir" "-e" "CARGO_HOME=/opt/rustwide/cargo-home" "-e" "RUSTUP_HOME=/opt/rustwide/rustup-home" "-e" "CARGO_TARGET_DIR=/opt/rustwide/target" "-e" "CARGO_INCREMENTAL=0" "-e" "RUST_BACKTRACE=full" "-e" "RUSTFLAGS=--cap-lints=warn" "-e" "RUSTDOCFLAGS=--cap-lints=warn" "-w" "/opt/rustwide/workdir" "--user" "0:0" "f648a8a8f2f8c31cf1da4380d79c50cd91d96dc71784d254154d09c42d6641ad" "/opt/rustwide/cargo-home/bin/cargo" "+1.100.0-beta.1" "build" "--frozen" "--message-format=json" "--release", kill_on_drop: false }`
[INFO] [stderr]    Compiling syn v2.0.91
[INFO] [stderr]    Compiling libc v0.2.169
[INFO] [stderr]    Compiling byteorder v1.5.0
[INFO] [stderr]    Compiling siphasher v0.3.11
[INFO] [stderr]    Compiling smallvec v1.13.2
[INFO] [stderr]    Compiling serde v1.0.216
[INFO] [stderr]    Compiling cc v1.2.5
[INFO] [stderr]    Compiling http v1.2.0
[INFO] [stderr]    Compiling mio v1.0.3
[INFO] [stderr]    Compiling socket2 v0.5.8
[INFO] [stderr]    Compiling tracing-core v0.1.33
[INFO] [stderr]    Compiling futures-task v0.3.31
[INFO] [stderr]    Compiling httparse v1.9.5
[INFO] [stderr]    Compiling memchr v2.7.4
[INFO] [stderr]    Compiling futures-channel v0.3.31
[INFO] [stderr]    Compiling phf_shared v0.11.2
[INFO] [stderr]    Compiling phf_shared v0.10.0
[INFO] [stderr]    Compiling futures-util v0.3.31
[INFO] [stderr]    Compiling num-traits v0.2.19
[INFO] [stderr]    Compiling dtoa v1.0.9
[INFO] [stderr]    Compiling parking_lot_core v0.9.10
[INFO] [stderr]    Compiling serde_json v1.0.134
[INFO] [stderr]    Compiling dtoa-short v0.3.5
[INFO] [stderr]    Compiling parking_lot v0.12.3
[INFO] [stderr]    Compiling servo_arc v0.4.0
[INFO] [stderr]    Compiling thiserror v2.0.9
[INFO] [stderr]    Compiling iana-time-zone v0.1.61
[INFO] [stderr]    Compiling rustls-pemfile v2.2.0
[INFO] [stderr]    Compiling getopts v0.2.21
[INFO] [stderr]    Compiling encoding_rs v0.8.35
[INFO] [stderr]    Compiling ipnet v2.10.1
[INFO] [stderr]    Compiling getrandom v0.2.15
[INFO] [stderr]    Compiling rand_core v0.6.4
[INFO] [stderr]    Compiling aho-corasick v1.1.3
[INFO] [stderr]    Compiling openssl-sys v0.9.104
[INFO] [stderr]    Compiling http-body v1.0.1
[INFO] [stderr]    Compiling openssl v0.10.68
[INFO] [stderr]    Compiling native-tls v0.2.12
[INFO] [stderr]    Compiling regex-automata v0.4.9
[INFO] [stderr]    Compiling http-body-util v0.1.2
[INFO] [stderr]    Compiling synstructure v0.13.1
[INFO] [stderr]    Compiling darling_core v0.20.10
[INFO] [stderr]    Compiling zerocopy-derive v0.7.35
[INFO] [stderr]    Compiling serde_derive v1.0.216
[INFO] [stderr]    Compiling zerovec-derive v0.10.3
[INFO] [stderr]    Compiling displaydoc v0.2.5
[INFO] [stderr]    Compiling tokio-macros v2.4.0
[INFO] [stderr]    Compiling icu_provider_macros v1.5.0
[INFO] [stderr]    Compiling tracing-attributes v0.1.28
[INFO] [stderr]    Compiling openssl-macros v0.1.1
[INFO] [stderr]    Compiling cssparser-macros v0.6.1
[INFO] [stderr]    Compiling html5ever v0.29.0
[INFO] [stderr]    Compiling derive_more v0.99.18
[INFO] [stderr]    Compiling thiserror-impl v2.0.9
[INFO] [stderr]    Compiling strum_macros v0.26.4
[INFO] [stderr]    Compiling regex v1.11.1
[INFO] [stderr]    Compiling zerofrom-derive v0.1.5
[INFO] [stderr]    Compiling yoke-derive v0.7.5
[INFO] [stderr]    Compiling serde_repr v0.1.19
[INFO] [stderr]    Compiling tokio v1.42.0
[INFO] [stderr]    Compiling zerocopy v0.7.35
[INFO] [stderr]    Compiling tracing v0.1.41
[INFO] [stderr]    Compiling ppv-lite86 v0.2.20
[INFO] [stderr]    Compiling zerofrom v0.1.5
[INFO] [stderr]    Compiling strum v0.26.3
[INFO] [stderr]    Compiling yoke v0.7.5
[INFO] [stderr]    Compiling rand_chacha v0.3.1
[INFO] [stderr]    Compiling zerovec v0.10.4
[INFO] [stderr]    Compiling rand v0.8.5
[INFO] [stderr]    Compiling darling_macro v0.20.10
[INFO] [stderr]    Compiling darling v0.20.10
[INFO] [stderr]    Compiling serde_with_macros v3.11.0
[INFO] [stderr]    Compiling phf_generator v0.11.2
[INFO] [stderr]    Compiling phf_generator v0.10.0
[INFO] [stderr]    Compiling string_cache_codegen v0.5.2
[INFO] [stderr]    Compiling phf_codegen v0.11.2
[INFO] [stderr]    Compiling phf_macros v0.11.2
[INFO] [stderr]    Compiling selectors v0.26.0
[INFO] [stderr]    Compiling markup5ever v0.14.0
[INFO] [stderr]    Compiling phf v0.11.2
[INFO] [stderr]    Compiling tinystr v0.7.6
[INFO] [stderr]    Compiling icu_collections v1.5.0
[INFO] [stderr]    Compiling cssparser v0.34.0
[INFO] [stderr]    Compiling icu_locid v1.5.0
[INFO] [stderr]    Compiling icu_provider v1.5.0
[INFO] [stderr]    Compiling icu_locid_transform v1.5.0
[INFO] [stderr]    Compiling icu_properties v1.5.1
[INFO] [stderr]    Compiling tokio-util v0.7.13
[INFO] [stderr]    Compiling tokio-native-tls v0.3.1
[INFO] [stderr]    Compiling h2 v0.4.7
[INFO] [stderr]    Compiling string_cache v0.8.7
[INFO] [stderr]    Compiling chrono v0.4.39
[INFO] [stderr]    Compiling serde_urlencoded v0.7.1
[INFO] [stderr]    Compiling serde_ignored v0.1.10
[INFO] [stderr]    Compiling serde_with v3.11.0
[INFO] [stderr]    Compiling serde_path_to_error v0.1.16
[INFO] [stderr]    Compiling icu_normalizer v1.5.0
[INFO] [stderr]    Compiling serde-aux v4.5.0
[INFO] [stderr]    Compiling idna_adapter v1.2.0
[INFO] [stderr]    Compiling idna v1.0.3
[INFO] [stderr]    Compiling url v2.5.4
[INFO] [stderr]    Compiling scraper v0.22.0
[INFO] [stderr]    Compiling hyper v1.5.2
[INFO] [stderr]    Compiling hyper-util v0.1.10
[INFO] [stderr]    Compiling hyper-tls v0.6.0
[INFO] [stderr]    Compiling reqwest v0.12.9
[INFO] [stderr]    Compiling dlsite v0.2.0 (/opt/rustwide/workdir)
[INFO] [stdout] warning: hiding a lifetime that's elided elsewhere is confusing
[INFO] [stdout]   --> src/product/html.rs:53:33
[INFO] [stdout]    |
[INFO] [stdout] 53 | fn get_work_outline_table(html: &Html) -> HashMap<String, ElementRef> {
[INFO] [stdout]    |                                 ^^^^^                     ^^^^^^^^^^ the same lifetime is hidden here
[INFO] [stdout]    |                                 |
[INFO] [stdout]    |                                 the lifetime is elided here
[INFO] [stdout]    |
[INFO] [stdout]    = help: the same lifetime is referred to in inconsistent ways, making the signature confusing
[INFO] [stdout]    = note: `#[warn(mismatched_lifetime_syntaxes)]` on by default
[INFO] [stdout] help: use `'_` for type paths
[INFO] [stdout]    |
[INFO] [stdout] 53 | fn get_work_outline_table(html: &Html) -> HashMap<String, ElementRef<'_>> {
[INFO] [stdout]    |                                                                     ++++
[INFO] [stdout] 
[INFO] [stdout] 
[INFO] [stderr] warning: unused dependency `serde_path_to_error`
[INFO] [stderr]   --> Cargo.toml:27:15
[INFO] [stderr]    |
[INFO] [stderr] 27 | [dependencies.serde_path_to_error]
[INFO] [stderr]    |               ^^^^^^^^^^^^^^^^^^^^
[INFO] [stderr]    |
[INFO] [stderr]    = note: `cargo::unused_dependencies` is set to `warn` by default
[INFO] [stderr] help: consider removing the dependency on `serde_path_to_error`
[INFO] [stderr] warning: `dlsite` (manifest) generated 1 warning
[INFO] [stderr]     Finished `release` profile [optimized] target(s) in 1m 16s
[INFO] running `Command { std: "docker" "inspect" "f648a8a8f2f8c31cf1da4380d79c50cd91d96dc71784d254154d09c42d6641ad", kill_on_drop: false }`
[INFO] running `Command { std: "docker" "exec" "-e" "SOURCE_DIR=/opt/rustwide/workdir" "-e" "CARGO_HOME=/opt/rustwide/cargo-home" "-e" "RUSTUP_HOME=/opt/rustwide/rustup-home" "-e" "CARGO_TARGET_DIR=/opt/rustwide/target" "-e" "CARGO_INCREMENTAL=0" "-e" "RUST_BACKTRACE=full" "-e" "RUSTFLAGS=--cap-lints=warn" "-e" "RUSTDOCFLAGS=--cap-lints=warn" "-w" "/opt/rustwide/workdir" "--user" "0:0" "f648a8a8f2f8c31cf1da4380d79c50cd91d96dc71784d254154d09c42d6641ad" "/opt/rustwide/cargo-home/bin/cargo" "+1.100.0-beta.1" "test" "--frozen" "--no-run" "--message-format=json" "--release", kill_on_drop: false }`
[INFO] [stderr]    Compiling tokio v1.42.0
[INFO] [stderr]    Compiling tracing v0.1.41
[INFO] [stderr]    Compiling native-tls v0.2.12
[INFO] [stderr]    Compiling object v0.36.7
[INFO] [stderr]    Compiling zerocopy v0.7.35
[INFO] [stderr]    Compiling miniz_oxide v0.8.2
[INFO] [stderr]    Compiling addr2line v0.24.2
[INFO] [stderr]    Compiling markup5ever v0.14.0
[INFO] [stderr]    Compiling selectors v0.26.0
[INFO] [stderr]    Compiling test-case-core v3.3.1
[INFO] [stderr]    Compiling anyhow v1.0.95
[INFO] [stderr]    Compiling tracing-subscriber v0.3.19
[INFO] [stderr]    Compiling test-case-macros v3.3.1
[INFO] [stderr]    Compiling ppv-lite86 v0.2.20
[INFO] [stderr]    Compiling html5ever v0.29.0
[INFO] [stderr]    Compiling test-case v3.3.1
[INFO] [stderr]    Compiling rand_chacha v0.3.1
[INFO] [stderr]    Compiling rand v0.8.5
[INFO] [stderr]    Compiling scraper v0.22.0
[INFO] [stderr]    Compiling backtrace v0.3.74
[INFO] [stderr]    Compiling tokio-util v0.7.13
[INFO] [stderr]    Compiling tokio-native-tls v0.3.1
[INFO] [stderr]    Compiling h2 v0.4.7
[INFO] [stderr]    Compiling hyper v1.5.2
[INFO] [stderr]    Compiling hyper-util v0.1.10
[INFO] [stderr]    Compiling hyper-tls v0.6.0
[INFO] [stderr]    Compiling reqwest v0.12.9
[INFO] [stderr]    Compiling dlsite v0.2.0 (/opt/rustwide/workdir)
[INFO] [stdout] warning: hiding a lifetime that's elided elsewhere is confusing
[INFO] [stdout]   --> src/product/html.rs:53:33
[INFO] [stdout]    |
[INFO] [stdout] 53 | fn get_work_outline_table(html: &Html) -> HashMap<String, ElementRef> {
[INFO] [stdout]    |                                 ^^^^^                     ^^^^^^^^^^ the same lifetime is hidden here
[INFO] [stdout]    |                                 |
[INFO] [stdout]    |                                 the lifetime is elided here
[INFO] [stdout]    |
[INFO] [stdout]    = help: the same lifetime is referred to in inconsistent ways, making the signature confusing
[INFO] [stdout]    = note: `#[warn(mismatched_lifetime_syntaxes)]` on by default
[INFO] [stdout] help: use `'_` for type paths
[INFO] [stdout]    |
[INFO] [stdout] 53 | fn get_work_outline_table(html: &Html) -> HashMap<String, ElementRef<'_>> {
[INFO] [stdout]    |                                                                     ++++
[INFO] [stdout] 
[INFO] [stdout] 
[INFO] [stdout] warning: hiding a lifetime that's elided elsewhere is confusing
[INFO] [stdout]   --> src/product/html.rs:53:33
[INFO] [stdout]    |
[INFO] [stdout] 53 | fn get_work_outline_table(html: &Html) -> HashMap<String, ElementRef> {
[INFO] [stdout]    |                                 ^^^^^                     ^^^^^^^^^^ the same lifetime is hidden here
[INFO] [stdout]    |                                 |
[INFO] [stdout]    |                                 the lifetime is elided here
[INFO] [stdout]    |
[INFO] [stdout]    = help: the same lifetime is referred to in inconsistent ways, making the signature confusing
[INFO] [stdout]    = note: `#[warn(mismatched_lifetime_syntaxes)]` on by default
[INFO] [stdout] help: use `'_` for type paths
[INFO] [stdout]    |
[INFO] [stdout] 53 | fn get_work_outline_table(html: &Html) -> HashMap<String, ElementRef<'_>> {
[INFO] [stdout]    |                                                                     ++++
[INFO] [stdout] 
[INFO] [stdout] 
[INFO] [stderr] warning: unused dependency `serde_path_to_error`
[INFO] [stderr]   --> Cargo.toml:27:15
[INFO] [stderr]    |
[INFO] [stderr] 27 | [dependencies.serde_path_to_error]
[INFO] [stderr]    |               ^^^^^^^^^^^^^^^^^^^^
[INFO] [stderr]    |
[INFO] [stderr]    = note: `cargo::unused_dependencies` is set to `warn` by default
[INFO] [stderr] help: consider removing the dependency on `serde_path_to_error`
[INFO] [stderr] warning: `dlsite` (manifest) generated 1 warning
[INFO] [stderr]     Finished `release` profile [optimized] target(s) in 1m 44s
[INFO] running `Command { std: "docker" "inspect" "f648a8a8f2f8c31cf1da4380d79c50cd91d96dc71784d254154d09c42d6641ad", kill_on_drop: false }`
[INFO] running `Command { std: "docker" "exec" "-e" "SOURCE_DIR=/opt/rustwide/workdir" "-e" "CARGO_HOME=/opt/rustwide/cargo-home" "-e" "RUSTUP_HOME=/opt/rustwide/rustup-home" "-e" "CARGO_TARGET_DIR=/opt/rustwide/target" "-e" "CARGO_INCREMENTAL=0" "-e" "RUST_BACKTRACE=full" "-e" "RUSTFLAGS=--cap-lints=warn" "-e" "RUSTDOCFLAGS=--cap-lints=warn" "-w" "/opt/rustwide/workdir" "--user" "0:0" "f648a8a8f2f8c31cf1da4380d79c50cd91d96dc71784d254154d09c42d6641ad" "/opt/rustwide/cargo-home/bin/cargo" "+1.100.0-beta.1" "test" "--frozen" "--release", kill_on_drop: false }`
[INFO] [stderr] warning: hiding a lifetime that's elided elsewhere is confusing
[INFO] [stderr]   --> src/product/html.rs:53:33
[INFO] [stderr]    |
[INFO] [stderr] 53 | fn get_work_outline_table(html: &Html) -> HashMap<String, ElementRef> {
[INFO] [stderr]    |                                 ^^^^^                     ^^^^^^^^^^ the same lifetime is hidden here
[INFO] [stderr]    |                                 |
[INFO] [stderr]    |                                 the lifetime is elided here
[INFO] [stderr]    |
[INFO] [stderr]    = help: the same lifetime is referred to in inconsistent ways, making the signature confusing
[INFO] [stderr]    = note: `#[warn(mismatched_lifetime_syntaxes)]` on by default
[INFO] [stderr] help: use `'_` for type paths
[INFO] [stderr]    |
[INFO] [stderr] 53 | fn get_work_outline_table(html: &Html) -> HashMap<String, ElementRef<'_>> {
[INFO] [stderr]    |                                                                     ++++
[INFO] [stderr] 
[INFO] [stderr] warning: `dlsite` (lib) generated 1 warning (run `cargo fix --lib -p dlsite` to apply 1 suggestion)
[INFO] [stderr] warning: `dlsite` (lib test) generated 1 warning (1 duplicate)
[INFO] [stderr] warning: unused dependency `serde_path_to_error`
[INFO] [stderr]   --> Cargo.toml:27:15
[INFO] [stderr]    |
[INFO] [stderr] 27 | [dependencies.serde_path_to_error]
[INFO] [stderr]    |               ^^^^^^^^^^^^^^^^^^^^
[INFO] [stderr]    |
[INFO] [stderr]    = note: `cargo::unused_dependencies` is set to `warn` by default
[INFO] [stderr] help: consider removing the dependency on `serde_path_to_error`
[INFO] [stderr] warning: `dlsite` (manifest) generated 1 warning
[INFO] [stderr]     Finished `release` profile [optimized] target(s) in 0.37s
[INFO] [stderr]      Running unittests src/lib.rs (/opt/rustwide/target/release/build/dlsite/01f8cf555afc57eb/out/dlsite-01f8cf555afc57eb)
[INFO] [stdout] 
[INFO] [stdout] running 19 tests
[INFO] [stdout] test circle::options::tests::circle_param_2 ... ok
[INFO] [stdout] test circle::options::tests::circle_param ... ok
[INFO] [stdout] test circle::options::tests::circle_param_1 ... ok
[INFO] [stdout] test search::options::tests::product_search_param_1 ... ok
[INFO] [stdout] test search::options::tests::product_search_param_default ... ok
[INFO] [stdout] test product_api::test::get_product_api_env ... ok
[INFO] [stdout] test product_api::test::get_product_api_success::normal ... FAILED
[INFO] [stdout] test product_api::test::get_product_api_2 ... FAILED
[INFO] [stdout] test product_api::test::get_product_api_1_content ... FAILED
[INFO] [stdout] test circle::tests::get_circle_1 ... FAILED
[INFO] [stdout] test product::test::get_product_2 ... FAILED
[INFO] [stdout] test product_api::test::get_product_api_success::soft ... FAILED
[INFO] [stdout] test product_api::test::get_product_api_rand::rj ... FAILED
[INFO] [stdout] test product::test::get_product_success::soft ... FAILED
[INFO] [stdout] test search::tests::search_product_2 ... FAILED
[INFO] [stdout] test product::test::get_product_success::otome ... FAILED
[INFO] [stdout] test product_api::test::get_product_api_success::otome ... FAILED
[INFO] [stdout] test product::test::get_product_1_content ... FAILED
[INFO] [stdout] test search::tests::search_product_1 ... FAILED
[INFO] [stdout] 
[INFO] [stdout] failures:
[INFO] [stdout] 
[INFO] [stdout] ---- product_api::test::get_product_api_success::normal stdout ----
[INFO] [stdout] 
[INFO] [stdout] thread 'product_api::test::get_product_api_success::normal' (2889) panicked at src/product_api/test.rs:64:38:
[INFO] [stdout] called `Result::unwrap()` on an `Err` value: ReqwestError(reqwest::Error { kind: Request, url: "https://www.dlsite.com/maniax/api/=/product.json?workno=RJ411991", source: hyper_util::client::legacy::Error(Connect, ConnectError("dns error", Custom { kind: Uncategorized, error: "failed to lookup address information: Temporary failure in name resolution" })) })
[INFO] [stdout] stack backtrace:
[INFO] [stdout]    0:     0x5f6a88742a01 - <<std[617be2ca0a6fd877]::sys::backtrace::BacktraceLock>::print::DisplayBacktrace as core[a373ad73a504971]::fmt::Display>::fmt
[INFO] [stdout]    1:     0x5f6a8875ab8a - core[a373ad73a504971]::fmt::write
[INFO] [stdout]    2:     0x5f6a887477ec - <alloc[2e1b2a31b91974c5]::vec::Vec<u8> as core[a373ad73a504971]::io::write::Write>::write_fmt
[INFO] [stdout]    3:     0x5f6a8871d566 - std[617be2ca0a6fd877]::panicking::default_hook::{closure#0}
[INFO] [stdout]    4:     0x5f6a8873a8e9 - std[617be2ca0a6fd877]::panicking::default_hook
[INFO] [stdout]    5:     0x5f6a88647b40 - test[aada8e7e76ba119b]::test_main_inner::{closure#0}
[INFO] [stdout]    6:     0x5f6a8873ac12 - std[617be2ca0a6fd877]::panicking::panic_with_hook
[INFO] [stdout]    7:     0x5f6a8871d612 - std[617be2ca0a6fd877]::panicking::panic_handler::{closure#0}
[INFO] [stdout]    8:     0x5f6a88715a79 - std[617be2ca0a6fd877]::sys::backtrace::__rust_end_short_backtrace::<std[617be2ca0a6fd877]::panicking::panic_handler::{closure#0}, !>
[INFO] [stdout]    9:     0x5f6a8871e5bd - __rustc[ea4f61d10b84890b]::rust_begin_unwind
[INFO] [stdout]   10:     0x5f6a8875b36c - core[a373ad73a504971]::panicking::panic_fmt
[INFO] [stdout]   11:     0x5f6a8875b142 - core[a373ad73a504971]::result::unwrap_failed
[INFO] [stdout]   12:     0x5f6a88442d27 - dlsite[8620739495ba065a]::product_api::test::get_product_api_success::{closure#0}
[INFO] [stdout]   13:     0x5f6a8844404f - dlsite[8620739495ba065a]::product_api::test::get_product_api_success::normal::{closure#0}
[INFO] [stdout]   14:     0x5f6a88437263 - <tokio[b41c4e398d22344c]::runtime::scheduler::current_thread::Context>::enter::<core[a373ad73a504971]::task::poll::Poll<()>, <tokio[b41c4e398d22344c]::runtime::scheduler::current_thread::CoreGuard>::block_on<core[a373ad73a504971]::pin::Pin<&mut core[a373ad73a504971]::pin::Pin<&mut dyn core[a373ad73a504971]::future::future::Future<Output = ()>>>>::{closure#0}::{closure#0}>
[INFO] [stdout]   15:     0x5f6a88452b02 - <tokio[b41c4e398d22344c]::runtime::context::scoped::Scoped<tokio[b41c4e398d22344c]::runtime::scheduler::Context>>::set::<<tokio[b41c4e398d22344c]::runtime::scheduler::current_thread::CoreGuard>::enter<<tokio[b41c4e398d22344c]::runtime::scheduler::current_thread::CoreGuard>::block_on<core[a373ad73a504971]::pin::Pin<&mut core[a373ad73a504971]::pin::Pin<&mut dyn core[a373ad73a504971]::future::future::Future<Output = ()>>>>::{closure#0}, core[a373ad73a504971]::option::Option<()>>::{closure#0}, (alloc[2e1b2a31b91974c5]::boxed::Box<tokio[b41c4e398d22344c]::runtime::scheduler::current_thread::Core>, core[a373ad73a504971]::option::Option<()>)>
[INFO] [stdout]   16:     0x5f6a88436d9f - <tokio[b41c4e398d22344c]::runtime::runtime::Runtime>::block_on::<core[a373ad73a504971]::pin::Pin<&mut dyn core[a373ad73a504971]::future::future::Future<Output = ()>>>
[INFO] [stdout]   17:     0x5f6a8844503e - <dlsite[8620739495ba065a]::product_api::test::get_product_api_success::normal::{closure#0} as core[a373ad73a504971]::ops::function::FnOnce<()>>::call_once
[INFO] [stdout]   18:     0x5f6a8863af8b - test[aada8e7e76ba119b]::__rust_begin_short_backtrace::<core[a373ad73a504971]::result::Result<(), alloc[2e1b2a31b91974c5]::string::String>, fn() -> core[a373ad73a504971]::result::Result<(), alloc[2e1b2a31b91974c5]::string::String>>
[INFO] [stdout]   19:     0x5f6a88648165 - test[aada8e7e76ba119b]::run_test::{closure#0}
[INFO] [stdout]   20:     0x5f6a88641a54 - std[617be2ca0a6fd877]::sys::backtrace::__rust_begin_short_backtrace::<test[aada8e7e76ba119b]::run_test::{closure#1}, ()>
[INFO] [stdout]   21:     0x5f6a8864b1f2 - <std[617be2ca0a6fd877]::thread::lifecycle::spawn_unchecked<test[aada8e7e76ba119b]::run_test::{closure#1}, ()>::{closure#1} as core[a373ad73a504971]::ops::function::FnOnce<()>>::call_once::{shim:vtable#0}
[INFO] [stdout]   22:     0x5f6a88741eaf - <std[617be2ca0a6fd877]::sys::thread::unix::Thread>::new::thread_start
[INFO] [stdout]   23:     0x79297c10fdfa - <unknown>
[INFO] [stdout]   24:     0x79297c1a33d4 - clone
[INFO] [stdout]   25:                0x0 - <unknown>
[INFO] [stderr] error: test failed, to rerun pass `--lib`
[INFO] [stdout] 
[INFO] [stdout] ---- product_api::test::get_product_api_2 stdout ----
[INFO] [stdout] 
[INFO] [stdout] thread 'product_api::test::get_product_api_2' (2886) panicked at src/product_api/test.rs:33:19:
[INFO] [stdout] called `Result::unwrap()` on an `Err` value: Failed to get product info
[INFO] [stdout] 
[INFO] [stdout] Caused by:
[INFO] [stdout]     0: error sending request for url (https://www.dlsite.com/maniax/api/=/product.json?workno=RJ01017217)
[INFO] [stdout]     1: client error (Connect)
[INFO] [stdout]     2: dns error: failed to lookup address information: Temporary failure in name resolution
[INFO] [stdout]     3: failed to lookup address information: Temporary failure in name resolution
[INFO] [stdout] 
[INFO] [stdout] Stack backtrace:
[INFO] [stdout]    0: <dlsite::DlsiteError as anyhow::context::ext::StdError>::ext_context::<&str>
[INFO] [stdout]    1: dlsite::product_api::test::get_product_api_2::{closure#0}
[INFO] [stdout]    2: <tokio::runtime::scheduler::current_thread::Context>::enter::<core::task::poll::Poll<()>, <tokio::runtime::scheduler::current_thread::CoreGuard>::block_on<core::pin::Pin<&mut core::pin::Pin<&mut dyn core::future::future::Future<Output = ()>>>>::{closure#0}::{closure#0}>
[INFO] [stdout]    3: <tokio::runtime::context::scoped::Scoped<tokio::runtime::scheduler::Context>>::set::<<tokio::runtime::scheduler::current_thread::CoreGuard>::enter<<tokio::runtime::scheduler::current_thread::CoreGuard>::block_on<core::pin::Pin<&mut core::pin::Pin<&mut dyn core::future::future::Future<Output = ()>>>>::{closure#0}, core::option::Option<()>>::{closure#0}, (alloc::boxed::Box<tokio::runtime::scheduler::current_thread::Core>, core::option::Option<()>)>
[INFO] [stdout]    4: <tokio::runtime::runtime::Runtime>::block_on::<core::pin::Pin<&mut dyn core::future::future::Future<Output = ()>>>
[INFO] [stdout]    5: <dlsite::product_api::test::get_product_api_2::{closure#0} as core::ops::function::FnOnce<()>>::call_once
[INFO] [stdout]    6: test::__rust_begin_short_backtrace::<core::result::Result<(), alloc::string::String>, fn() -> core::result::Result<(), alloc::string::String>>
[INFO] [stdout]    7: test::run_test::{closure#0}
[INFO] [stdout]    8: std::sys::backtrace::__rust_begin_short_backtrace::<test::run_test::{closure#1}, ()>
[INFO] [stdout]    9: <std::thread::lifecycle::spawn_unchecked<test::run_test::{closure#1}, ()>::{closure#1} as core::ops::function::FnOnce<()>>::call_once::{shim:vtable#0}
[INFO] [stdout]   10: <std::sys::thread::unix::Thread>::new::thread_start
[INFO] [stdout]   11: <unknown>
[INFO] [stdout]   12: clone
[INFO] [stdout] stack backtrace:
[INFO] [stdout]    0:     0x5f6a88742a01 - <<std[617be2ca0a6fd877]::sys::backtrace::BacktraceLock>::print::DisplayBacktrace as core[a373ad73a504971]::fmt::Display>::fmt
[INFO] [stdout]    1:     0x5f6a8875ab8a - core[a373ad73a504971]::fmt::write
[INFO] [stdout]    2:     0x5f6a887477ec - <alloc[2e1b2a31b91974c5]::vec::Vec<u8> as core[a373ad73a504971]::io::write::Write>::write_fmt
[INFO] [stdout]    3:     0x5f6a8871d566 - std[617be2ca0a6fd877]::panicking::default_hook::{closure#0}
[INFO] [stdout]    4:     0x5f6a8873a8e9 - std[617be2ca0a6fd877]::panicking::default_hook
[INFO] [stdout]    5:     0x5f6a88647b40 - test[aada8e7e76ba119b]::test_main_inner::{closure#0}
[INFO] [stdout]    6:     0x5f6a8873ac12 - std[617be2ca0a6fd877]::panicking::panic_with_hook
[INFO] [stdout]    7:     0x5f6a8871d612 - std[617be2ca0a6fd877]::panicking::panic_handler::{closure#0}
[INFO] [stdout]    8:     0x5f6a88715a79 - std[617be2ca0a6fd877]::sys::backtrace::__rust_end_short_backtrace::<std[617be2ca0a6fd877]::panicking::panic_handler::{closure#0}, !>
[INFO] [stdout]    9:     0x5f6a8871e5bd - __rustc[ea4f61d10b84890b]::rust_begin_unwind
[INFO] [stdout]   10:     0x5f6a8875b36c - core[a373ad73a504971]::panicking::panic_fmt
[INFO] [stdout]   11:     0x5f6a8875b142 - core[a373ad73a504971]::result::unwrap_failed
[INFO] [stdout]   12:     0x5f6a8840b60e - dlsite[8620739495ba065a]::product_api::test::get_product_api_2::{closure#0}
[INFO] [stdout]   13:     0x5f6a88437263 - <tokio[b41c4e398d22344c]::runtime::scheduler::current_thread::Context>::enter::<core[a373ad73a504971]::task::poll::Poll<()>, <tokio[b41c4e398d22344c]::runtime::scheduler::current_thread::CoreGuard>::block_on<core[a373ad73a504971]::pin::Pin<&mut core[a373ad73a504971]::pin::Pin<&mut dyn core[a373ad73a504971]::future::future::Future<Output = ()>>>>::{closure#0}::{closure#0}>
[INFO] [stdout]   14:     0x5f6a88452b02 - <tokio[b41c4e398d22344c]::runtime::context::scoped::Scoped<tokio[b41c4e398d22344c]::runtime::scheduler::Context>>::set::<<tokio[b41c4e398d22344c]::runtime::scheduler::current_thread::CoreGuard>::enter<<tokio[b41c4e398d22344c]::runtime::scheduler::current_thread::CoreGuard>::block_on<core[a373ad73a504971]::pin::Pin<&mut core[a373ad73a504971]::pin::Pin<&mut dyn core[a373ad73a504971]::future::future::Future<Output = ()>>>>::{closure#0}, core[a373ad73a504971]::option::Option<()>>::{closure#0}, (alloc[2e1b2a31b91974c5]::boxed::Box<tokio[b41c4e398d22344c]::runtime::scheduler::current_thread::Core>, core[a373ad73a504971]::option::Option<()>)>
[INFO] [stdout]   15:     0x5f6a88436d9f - <tokio[b41c4e398d22344c]::runtime::runtime::Runtime>::block_on::<core[a373ad73a504971]::pin::Pin<&mut dyn core[a373ad73a504971]::future::future::Future<Output = ()>>>
[INFO] [stdout]   16:     0x5f6a88413dde - <dlsite[8620739495ba065a]::product_api::test::get_product_api_2::{closure#0} as core[a373ad73a504971]::ops::function::FnOnce<()>>::call_once
[INFO] [stdout]   17:     0x5f6a8863af8b - test[aada8e7e76ba119b]::__rust_begin_short_backtrace::<core[a373ad73a504971]::result::Result<(), alloc[2e1b2a31b91974c5]::string::String>, fn() -> core[a373ad73a504971]::result::Result<(), alloc[2e1b2a31b91974c5]::string::String>>
[INFO] [stdout]   18:     0x5f6a88648165 - test[aada8e7e76ba119b]::run_test::{closure#0}
[INFO] [stdout]   19:     0x5f6a88641a54 - std[617be2ca0a6fd877]::sys::backtrace::__rust_begin_short_backtrace::<test[aada8e7e76ba119b]::run_test::{closure#1}, ()>
[INFO] [stdout]   20:     0x5f6a8864b1f2 - <std[617be2ca0a6fd877]::thread::lifecycle::spawn_unchecked<test[aada8e7e76ba119b]::run_test::{closure#1}, ()>::{closure#1} as core[a373ad73a504971]::ops::function::FnOnce<()>>::call_once::{shim:vtable#0}
[INFO] [stdout]   21:     0x5f6a88741eaf - <std[617be2ca0a6fd877]::sys::thread::unix::Thread>::new::thread_start
[INFO] [stdout]   22:     0x79297c10fdfa - <unknown>
[INFO] [stdout]   23:     0x79297c1a33d4 - clone
[INFO] [stdout]   24:                0x0 - <unknown>
[INFO] [stdout] 
[INFO] [stdout] ---- product_api::test::get_product_api_1_content stdout ----
[INFO] [stdout] 
[INFO] [stdout] thread 'product_api::test::get_product_api_1_content' (2885) panicked at src/product_api/test.rs:14:56:
[INFO] [stdout] called `Result::unwrap()` on an `Err` value: ReqwestError(reqwest::Error { kind: Request, url: "https://www.dlsite.com/maniax/api/=/product.json?workno=RJ403038", source: hyper_util::client::legacy::Error(Connect, ConnectError("dns error", Custom { kind: Uncategorized, error: "failed to lookup address information: Temporary failure in name resolution" })) })
[INFO] [stdout] stack backtrace:
[INFO] [stdout]    0:     0x5f6a88742a01 - <<std[617be2ca0a6fd877]::sys::backtrace::BacktraceLock>::print::DisplayBacktrace as core[a373ad73a504971]::fmt::Display>::fmt
[INFO] [stdout]    1:     0x5f6a8875ab8a - core[a373ad73a504971]::fmt::write
[INFO] [stdout]    2:     0x5f6a887477ec - <alloc[2e1b2a31b91974c5]::vec::Vec<u8> as core[a373ad73a504971]::io::write::Write>::write_fmt
[INFO] [stdout]    3:     0x5f6a8871d566 - std[617be2ca0a6fd877]::panicking::default_hook::{closure#0}
[INFO] [stdout]    4:     0x5f6a8873a8e9 - std[617be2ca0a6fd877]::panicking::default_hook
[INFO] [stdout]    5:     0x5f6a88647b40 - test[aada8e7e76ba119b]::test_main_inner::{closure#0}
[INFO] [stdout]    6:     0x5f6a8873ac12 - std[617be2ca0a6fd877]::panicking::panic_with_hook
[INFO] [stdout]    7:     0x5f6a8871d612 - std[617be2ca0a6fd877]::panicking::panic_handler::{closure#0}
[INFO] [stdout]    8:     0x5f6a88715a79 - std[617be2ca0a6fd877]::sys::backtrace::__rust_end_short_backtrace::<std[617be2ca0a6fd877]::panicking::panic_handler::{closure#0}, !>
[INFO] [stdout]    9:     0x5f6a8871e5bd - __rustc[ea4f61d10b84890b]::rust_begin_unwind
[INFO] [stdout]   10:     0x5f6a8875b36c - core[a373ad73a504971]::panicking::panic_fmt
[INFO] [stdout]   11:     0x5f6a8875b142 - core[a373ad73a504971]::result::unwrap_failed
[INFO] [stdout]   12:     0x5f6a884102a8 - dlsite[8620739495ba065a]::product_api::test::get_product_api_1_content::{closure#0}
[INFO] [stdout]   13:     0x5f6a88437263 - <tokio[b41c4e398d22344c]::runtime::scheduler::current_thread::Context>::enter::<core[a373ad73a504971]::task::poll::Poll<()>, <tokio[b41c4e398d22344c]::runtime::scheduler::current_thread::CoreGuard>::block_on<core[a373ad73a504971]::pin::Pin<&mut core[a373ad73a504971]::pin::Pin<&mut dyn core[a373ad73a504971]::future::future::Future<Output = ()>>>>::{closure#0}::{closure#0}>
[INFO] [stdout]   14:     0x5f6a88452b02 - <tokio[b41c4e398d22344c]::runtime::context::scoped::Scoped<tokio[b41c4e398d22344c]::runtime::scheduler::Context>>::set::<<tokio[b41c4e398d22344c]::runtime::scheduler::current_thread::CoreGuard>::enter<<tokio[b41c4e398d22344c]::runtime::scheduler::current_thread::CoreGuard>::block_on<core[a373ad73a504971]::pin::Pin<&mut core[a373ad73a504971]::pin::Pin<&mut dyn core[a373ad73a504971]::future::future::Future<Output = ()>>>>::{closure#0}, core[a373ad73a504971]::option::Option<()>>::{closure#0}, (alloc[2e1b2a31b91974c5]::boxed::Box<tokio[b41c4e398d22344c]::runtime::scheduler::current_thread::Core>, core[a373ad73a504971]::option::Option<()>)>
[INFO] [stdout]   15:     0x5f6a88436d9f - <tokio[b41c4e398d22344c]::runtime::runtime::Runtime>::block_on::<core[a373ad73a504971]::pin::Pin<&mut dyn core[a373ad73a504971]::future::future::Future<Output = ()>>>
[INFO] [stdout]   16:     0x5f6a8841409e - <dlsite[8620739495ba065a]::product_api::test::get_product_api_1_content::{closure#0} as core[a373ad73a504971]::ops::function::FnOnce<()>>::call_once
[INFO] [stdout]   17:     0x5f6a8863af8b - test[aada8e7e76ba119b]::__rust_begin_short_backtrace::<core[a373ad73a504971]::result::Result<(), alloc[2e1b2a31b91974c5]::string::String>, fn() -> core[a373ad73a504971]::result::Result<(), alloc[2e1b2a31b91974c5]::string::String>>
[INFO] [stdout]   18:     0x5f6a88648165 - test[aada8e7e76ba119b]::run_test::{closure#0}
[INFO] [stdout]   19:     0x5f6a88641a54 - std[617be2ca0a6fd877]::sys::backtrace::__rust_begin_short_backtrace::<test[aada8e7e76ba119b]::run_test::{closure#1}, ()>
[INFO] [stdout]   20:     0x5f6a8864b1f2 - <std[617be2ca0a6fd877]::thread::lifecycle::spawn_unchecked<test[aada8e7e76ba119b]::run_test::{closure#1}, ()>::{closure#1} as core[a373ad73a504971]::ops::function::FnOnce<()>>::call_once::{shim:vtable#0}
[INFO] [stdout]   21:     0x5f6a88741eaf - <std[617be2ca0a6fd877]::sys::thread::unix::Thread>::new::thread_start
[INFO] [stdout]   22:     0x79297c10fdfa - <unknown>
[INFO] [stdout]   23:     0x79297c1a33d4 - clone
[INFO] [stdout]   24:                0x0 - <unknown>
[INFO] [stdout] 
[INFO] [stdout] ---- circle::tests::get_circle_1 stdout ----
[INFO] [stdout] 
[INFO] [stdout] thread 'circle::tests::get_circle_1' (2880) panicked at src/circle/mod.rs:62:14:
[INFO] [stdout] Failed to search: ReqwestError(reqwest::Error { kind: Request, url: "https://www.dlsite.com/maniax/circle/profile/=/show_type/3/hd/1/without_order/1/maker_id/RG24350.html", source: hyper_util::client::legacy::Error(Connect, ConnectError("dns error", Custom { kind: Uncategorized, error: "failed to lookup address information: Temporary failure in name resolution" })) })
[INFO] [stdout] stack backtrace:
[INFO] [stdout]    0:     0x5f6a88742a01 - <<std[617be2ca0a6fd877]::sys::backtrace::BacktraceLock>::print::DisplayBacktrace as core[a373ad73a504971]::fmt::Display>::fmt
[INFO] [stdout]    1:     0x5f6a8875ab8a - core[a373ad73a504971]::fmt::write
[INFO] [stdout]    2:     0x5f6a887477ec - <alloc[2e1b2a31b91974c5]::vec::Vec<u8> as core[a373ad73a504971]::io::write::Write>::write_fmt
[INFO] [stdout]    3:     0x5f6a8871d566 - std[617be2ca0a6fd877]::panicking::default_hook::{closure#0}
[INFO] [stdout]    4:     0x5f6a8873a8e9 - std[617be2ca0a6fd877]::panicking::default_hook
[INFO] [stdout]    5:     0x5f6a88647b40 - test[aada8e7e76ba119b]::test_main_inner::{closure#0}
[INFO] [stdout]    6:     0x5f6a8873ac12 - std[617be2ca0a6fd877]::panicking::panic_with_hook
[INFO] [stdout]    7:     0x5f6a8871d612 - std[617be2ca0a6fd877]::panicking::panic_handler::{closure#0}
[INFO] [stdout]    8:     0x5f6a88715a79 - std[617be2ca0a6fd877]::sys::backtrace::__rust_end_short_backtrace::<std[617be2ca0a6fd877]::panicking::panic_handler::{closure#0}, !>
[INFO] [stdout]    9:     0x5f6a8871e5bd - __rustc[ea4f61d10b84890b]::rust_begin_unwind
[INFO] [stdout]   10:     0x5f6a8875b36c - core[a373ad73a504971]::panicking::panic_fmt
[INFO] [stdout]   11:     0x5f6a8875b142 - core[a373ad73a504971]::result::unwrap_failed
[INFO] [stdout]   12:     0x5f6a883e50a4 - dlsite[8620739495ba065a]::circle::tests::get_circle_1::{closure#0}
[INFO] [stdout]   13:     0x5f6a88437263 - <tokio[b41c4e398d22344c]::runtime::scheduler::current_thread::Context>::enter::<core[a373ad73a504971]::task::poll::Poll<()>, <tokio[b41c4e398d22344c]::runtime::scheduler::current_thread::CoreGuard>::block_on<core[a373ad73a504971]::pin::Pin<&mut core[a373ad73a504971]::pin::Pin<&mut dyn core[a373ad73a504971]::future::future::Future<Output = ()>>>>::{closure#0}::{closure#0}>
[INFO] [stdout]   14:     0x5f6a88452b02 - <tokio[b41c4e398d22344c]::runtime::context::scoped::Scoped<tokio[b41c4e398d22344c]::runtime::scheduler::Context>>::set::<<tokio[b41c4e398d22344c]::runtime::scheduler::current_thread::CoreGuard>::enter<<tokio[b41c4e398d22344c]::runtime::scheduler::current_thread::CoreGuard>::block_on<core[a373ad73a504971]::pin::Pin<&mut core[a373ad73a504971]::pin::Pin<&mut dyn core[a373ad73a504971]::future::future::Future<Output = ()>>>>::{closure#0}, core[a373ad73a504971]::option::Option<()>>::{closure#0}, (alloc[2e1b2a31b91974c5]::boxed::Box<tokio[b41c4e398d22344c]::runtime::scheduler::current_thread::Core>, core[a373ad73a504971]::option::Option<()>)>
[INFO] [stdout]   15:     0x5f6a88436d9f - <tokio[b41c4e398d22344c]::runtime::runtime::Runtime>::block_on::<core[a373ad73a504971]::pin::Pin<&mut dyn core[a373ad73a504971]::future::future::Future<Output = ()>>>
[INFO] [stdout]   16:     0x5f6a883e6e9e - <dlsite[8620739495ba065a]::circle::tests::get_circle_1::{closure#0} as core[a373ad73a504971]::ops::function::FnOnce<()>>::call_once
[INFO] [stdout]   17:     0x5f6a8863af8b - test[aada8e7e76ba119b]::__rust_begin_short_backtrace::<core[a373ad73a504971]::result::Result<(), alloc[2e1b2a31b91974c5]::string::String>, fn() -> core[a373ad73a504971]::result::Result<(), alloc[2e1b2a31b91974c5]::string::String>>
[INFO] [stdout]   18:     0x5f6a88648165 - test[aada8e7e76ba119b]::run_test::{closure#0}
[INFO] [stdout]   19:     0x5f6a88641a54 - std[617be2ca0a6fd877]::sys::backtrace::__rust_begin_short_backtrace::<test[aada8e7e76ba119b]::run_test::{closure#1}, ()>
[INFO] [stdout]   20:     0x5f6a8864b1f2 - <std[617be2ca0a6fd877]::thread::lifecycle::spawn_unchecked<test[aada8e7e76ba119b]::run_test::{closure#1}, ()>::{closure#1} as core[a373ad73a504971]::ops::function::FnOnce<()>>::call_once::{shim:vtable#0}
[INFO] [stdout]   21:     0x5f6a88741eaf - <std[617be2ca0a6fd877]::sys::thread::unix::Thread>::new::thread_start
[INFO] [stdout]   22:     0x79297c10fdfa - <unknown>
[INFO] [stdout]   23:     0x79297c1a33d4 - clone
[INFO] [stdout]   24:                0x0 - <unknown>
[INFO] [stdout] 
[INFO] [stdout] ---- product::test::get_product_2 stdout ----
[INFO] [stdout] 
[INFO] [stdout] thread 'product::test::get_product_2' (2882) panicked at src/product/test.rs:46:19:
[INFO] [stdout] called `Result::unwrap()` on an `Err` value: Failed to get product info
[INFO] [stdout] 
[INFO] [stdout] Caused by:
[INFO] [stdout]     0: error sending request for url (https://www.dlsite.com/maniax/product/info/ajax?product_id=RJ01017217)
[INFO] [stdout]     1: client error (Connect)
[INFO] [stdout]     2: dns error: failed to lookup address information: Temporary failure in name resolution
[INFO] [stdout]     3: failed to lookup address information: Temporary failure in name resolution
[INFO] [stdout] 
[INFO] [stdout] Stack backtrace:
[INFO] [stdout]    0: <dlsite::DlsiteError as anyhow::context::ext::StdError>::ext_context::<&str>
[INFO] [stdout]    1: dlsite::product::test::get_product_2::{closure#0}
[INFO] [stdout]    2: <tokio::runtime::scheduler::current_thread::Context>::enter::<core::task::poll::Poll<()>, <tokio::runtime::scheduler::current_thread::CoreGuard>::block_on<core::pin::Pin<&mut core::pin::Pin<&mut dyn core::future::future::Future<Output = ()>>>>::{closure#0}::{closure#0}>
[INFO] [stdout]    3: <tokio::runtime::context::scoped::Scoped<tokio::runtime::scheduler::Context>>::set::<<tokio::runtime::scheduler::current_thread::CoreGuard>::enter<<tokio::runtime::scheduler::current_thread::CoreGuard>::block_on<core::pin::Pin<&mut core::pin::Pin<&mut dyn core::future::future::Future<Output = ()>>>>::{closure#0}, core::option::Option<()>>::{closure#0}, (alloc::boxed::Box<tokio::runtime::scheduler::current_thread::Core>, core::option::Option<()>)>
[INFO] [stdout]    4: <tokio::runtime::runtime::Runtime>::block_on::<core::pin::Pin<&mut dyn core::future::future::Future<Output = ()>>>
[INFO] [stdout]    5: <dlsite::product::test::get_product_2::{closure#0} as core::ops::function::FnOnce<()>>::call_once
[INFO] [stdout]    6: test::__rust_begin_short_backtrace::<core::result::Result<(), alloc::string::String>, fn() -> core::result::Result<(), alloc::string::String>>
[INFO] [stdout]    7: test::run_test::{closure#0}
[INFO] [stdout]    8: std::sys::backtrace::__rust_begin_short_backtrace::<test::run_test::{closure#1}, ()>
[INFO] [stdout]    9: <std::thread::lifecycle::spawn_unchecked<test::run_test::{closure#1}, ()>::{closure#1} as core::ops::function::FnOnce<()>>::call_once::{shim:vtable#0}
[INFO] [stdout]   10: <std::sys::thread::unix::Thread>::new::thread_start
[INFO] [stdout]   11: <unknown>
[INFO] [stdout]   12: clone
[INFO] [stdout] stack backtrace:
[INFO] [stdout]    0:     0x5f6a88742a01 - <<std[617be2ca0a6fd877]::sys::backtrace::BacktraceLock>::print::DisplayBacktrace as core[a373ad73a504971]::fmt::Display>::fmt
[INFO] [stdout]    1:     0x5f6a8875ab8a - core[a373ad73a504971]::fmt::write
[INFO] [stdout]    2:     0x5f6a887477ec - <alloc[2e1b2a31b91974c5]::vec::Vec<u8> as core[a373ad73a504971]::io::write::Write>::write_fmt
[INFO] [stdout]    3:     0x5f6a8871d566 - std[617be2ca0a6fd877]::panicking::default_hook::{closure#0}
[INFO] [stdout]    4:     0x5f6a8873a8e9 - std[617be2ca0a6fd877]::panicking::default_hook
[INFO] [stdout]    5:     0x5f6a88647b40 - test[aada8e7e76ba119b]::test_main_inner::{closure#0}
[INFO] [stdout]    6:     0x5f6a8873ac12 - std[617be2ca0a6fd877]::panicking::panic_with_hook
[INFO] [stdout]    7:     0x5f6a8871d612 - std[617be2ca0a6fd877]::panicking::panic_handler::{closure#0}
[INFO] [stdout]    8:     0x5f6a88715a79 - std[617be2ca0a6fd877]::sys::backtrace::__rust_end_short_backtrace::<std[617be2ca0a6fd877]::panicking::panic_handler::{closure#0}, !>
[INFO] [stdout]    9:     0x5f6a8871e5bd - __rustc[ea4f61d10b84890b]::rust_begin_unwind
[INFO] [stdout]   10:     0x5f6a8875b36c - core[a373ad73a504971]::panicking::panic_fmt
[INFO] [stdout]   11:     0x5f6a8875b142 - core[a373ad73a504971]::result::unwrap_failed
[INFO] [stdout]   12:     0x5f6a8844e409 - dlsite[8620739495ba065a]::product::test::get_product_2::{closure#0}
[INFO] [stdout]   13:     0x5f6a88437263 - <tokio[b41c4e398d22344c]::runtime::scheduler::current_thread::Context>::enter::<core[a373ad73a504971]::task::poll::Poll<()>, <tokio[b41c4e398d22344c]::runtime::scheduler::current_thread::CoreGuard>::block_on<core[a373ad73a504971]::pin::Pin<&mut core[a373ad73a504971]::pin::Pin<&mut dyn core[a373ad73a504971]::future::future::Future<Output = ()>>>>::{closure#0}::{closure#0}>
[INFO] [stdout]   14:     0x5f6a88452b02 - <tokio[b41c4e398d22344c]::runtime::context::scoped::Scoped<tokio[b41c4e398d22344c]::runtime::scheduler::Context>>::set::<<tokio[b41c4e398d22344c]::runtime::scheduler::current_thread::CoreGuard>::enter<<tokio[b41c4e398d22344c]::runtime::scheduler::current_thread::CoreGuard>::block_on<core[a373ad73a504971]::pin::Pin<&mut core[a373ad73a504971]::pin::Pin<&mut dyn core[a373ad73a504971]::future::future::Future<Output = ()>>>>::{closure#0}, core[a373ad73a504971]::option::Option<()>>::{closure#0}, (alloc[2e1b2a31b91974c5]::boxed::Box<tokio[b41c4e398d22344c]::runtime::scheduler::current_thread::Core>, core[a373ad73a504971]::option::Option<()>)>
[INFO] [stdout]   15:     0x5f6a88436d9f - <tokio[b41c4e398d22344c]::runtime::runtime::Runtime>::block_on::<core[a373ad73a504971]::pin::Pin<&mut dyn core[a373ad73a504971]::future::future::Future<Output = ()>>>
[INFO] [stdout]   16:     0x5f6a8845285d - <dlsite[8620739495ba065a]::product::test::get_product_2::{closure#0} as core[a373ad73a504971]::ops::function::FnOnce<()>>::call_once
[INFO] [stdout]   17:     0x5f6a8863af8b - test[aada8e7e76ba119b]::__rust_begin_short_backtrace::<core[a373ad73a504971]::result::Result<(), alloc[2e1b2a31b91974c5]::string::String>, fn() -> core[a373ad73a504971]::result::Result<(), alloc[2e1b2a31b91974c5]::string::String>>
[INFO] [stdout]   18:     0x5f6a88648165 - test[aada8e7e76ba119b]::run_test::{closure#0}
[INFO] [stdout]   19:     0x5f6a88641a54 - std[617be2ca0a6fd877]::sys::backtrace::__rust_begin_short_backtrace::<test[aada8e7e76ba119b]::run_test::{closure#1}, ()>
[INFO] [stdout]   20:     0x5f6a8864b1f2 - <std[617be2ca0a6fd877]::thread::lifecycle::spawn_unchecked<test[aada8e7e76ba119b]::run_test::{closure#1}, ()>::{closure#1} as core[a373ad73a504971]::ops::function::FnOnce<()>>::call_once::{shim:vtable#0}
[INFO] [stdout]   21:     0x5f6a88741eaf - <std[617be2ca0a6fd877]::sys::thread::unix::Thread>::new::thread_start
[INFO] [stdout]   22:     0x79297c10fdfa - <unknown>
[INFO] [stdout]   23:     0x79297c1a33d4 - clone
[INFO] [stdout]   24:                0x0 - <unknown>
[INFO] [stdout] 
[INFO] [stdout] ---- product_api::test::get_product_api_success::soft stdout ----
[INFO] [stdout] 
[INFO] [stdout] thread 'product_api::test::get_product_api_success::soft' (2891) panicked at src/product_api/test.rs:64:38:
[INFO] [stdout] called `Result::unwrap()` on an `Err` value: ReqwestError(reqwest::Error { kind: Request, url: "https://www.dlsite.com/maniax/api/=/product.json?workno=VJ01000513", source: hyper_util::client::legacy::Error(Connect, ConnectError("dns error", Custom { kind: Uncategorized, error: "failed to lookup address information: Temporary failure in name resolution" })) })
[INFO] [stdout] stack backtrace:
[INFO] [stdout]    0:     0x5f6a88742a01 - <<std[617be2ca0a6fd877]::sys::backtrace::BacktraceLock>::print::DisplayBacktrace as core[a373ad73a504971]::fmt::Display>::fmt
[INFO] [stdout]    1:     0x5f6a8875ab8a - core[a373ad73a504971]::fmt::write
[INFO] [stdout]    2:     0x5f6a887477ec - <alloc[2e1b2a31b91974c5]::vec::Vec<u8> as core[a373ad73a504971]::io::write::Write>::write_fmt
[INFO] [stdout]    3:     0x5f6a8871d566 - std[617be2ca0a6fd877]::panicking::default_hook::{closure#0}
[INFO] [stdout]    4:     0x5f6a8873a8e9 - std[617be2ca0a6fd877]::panicking::default_hook
[INFO] [stdout]    5:     0x5f6a88647b40 - test[aada8e7e76ba119b]::test_main_inner::{closure#0}
[INFO] [stdout]    6:     0x5f6a8873ac12 - std[617be2ca0a6fd877]::panicking::panic_with_hook
[INFO] [stdout]    7:     0x5f6a8871d612 - std[617be2ca0a6fd877]::panicking::panic_handler::{closure#0}
[INFO] [stdout]    8:     0x5f6a88715a79 - std[617be2ca0a6fd877]::sys::backtrace::__rust_end_short_backtrace::<std[617be2ca0a6fd877]::panicking::panic_handler::{closure#0}, !>
[INFO] [stdout]    9:     0x5f6a8871e5bd - __rustc[ea4f61d10b84890b]::rust_begin_unwind
[INFO] [stdout]   10:     0x5f6a8875b36c - core[a373ad73a504971]::panicking::panic_fmt
[INFO] [stdout]   11:     0x5f6a8875b142 - core[a373ad73a504971]::result::unwrap_failed
[INFO] [stdout]   12:     0x5f6a88442d27 - dlsite[8620739495ba065a]::product_api::test::get_product_api_success::{closure#0}
[INFO] [stdout]   13:     0x5f6a88443eef - dlsite[8620739495ba065a]::product_api::test::get_product_api_success::soft::{closure#0}
[INFO] [stdout]   14:     0x5f6a88437263 - <tokio[b41c4e398d22344c]::runtime::scheduler::current_thread::Context>::enter::<core[a373ad73a504971]::task::poll::Poll<()>, <tokio[b41c4e398d22344c]::runtime::scheduler::current_thread::CoreGuard>::block_on<core[a373ad73a504971]::pin::Pin<&mut core[a373ad73a504971]::pin::Pin<&mut dyn core[a373ad73a504971]::future::future::Future<Output = ()>>>>::{closure#0}::{closure#0}>
[INFO] [stdout]   15:     0x5f6a88452b02 - <tokio[b41c4e398d22344c]::runtime::context::scoped::Scoped<tokio[b41c4e398d22344c]::runtime::scheduler::Context>>::set::<<tokio[b41c4e398d22344c]::runtime::scheduler::current_thread::CoreGuard>::enter<<tokio[b41c4e398d22344c]::runtime::scheduler::current_thread::CoreGuard>::block_on<core[a373ad73a504971]::pin::Pin<&mut core[a373ad73a504971]::pin::Pin<&mut dyn core[a373ad73a504971]::future::future::Future<Output = ()>>>>::{closure#0}, core[a373ad73a504971]::option::Option<()>>::{closure#0}, (alloc[2e1b2a31b91974c5]::boxed::Box<tokio[b41c4e398d22344c]::runtime::scheduler::current_thread::Core>, core[a373ad73a504971]::option::Option<()>)>
[INFO] [stdout]   16:     0x5f6a88436d9f - <tokio[b41c4e398d22344c]::runtime::runtime::Runtime>::block_on::<core[a373ad73a504971]::pin::Pin<&mut dyn core[a373ad73a504971]::future::future::Future<Output = ()>>>
[INFO] [stdout]   17:     0x5f6a88444d5e - <dlsite[8620739495ba065a]::product_api::test::get_product_api_success::soft::{closure#0} as core[a373ad73a504971]::ops::function::FnOnce<()>>::call_once
[INFO] [stdout]   18:     0x5f6a8863af8b - test[aada8e7e76ba119b]::__rust_begin_short_backtrace::<core[a373ad73a504971]::result::Result<(), alloc[2e1b2a31b91974c5]::string::String>, fn() -> core[a373ad73a504971]::result::Result<(), alloc[2e1b2a31b91974c5]::string::String>>
[INFO] [stdout]   19:     0x5f6a88648165 - test[aada8e7e76ba119b]::run_test::{closure#0}
[INFO] [stdout]   20:     0x5f6a88641a54 - std[617be2ca0a6fd877]::sys::backtrace::__rust_begin_short_backtrace::<test[aada8e7e76ba119b]::run_test::{closure#1}, ()>
[INFO] [stdout]   21:     0x5f6a8864b1f2 - <std[617be2ca0a6fd877]::thread::lifecycle::spawn_unchecked<test[aada8e7e76ba119b]::run_test::{closure#1}, ()>::{closure#1} as core[a373ad73a504971]::ops::function::FnOnce<()>>::call_once::{shim:vtable#0}
[INFO] [stdout]   22:     0x5f6a88741eaf - <std[617be2ca0a6fd877]::sys::thread::unix::Thread>::new::thread_start
[INFO] [stdout]   23:     0x79297c10fdfa - <unknown>
[INFO] [stdout]   24:     0x79297c1a33d4 - clone
[INFO] [stdout]   25:                0x0 - <unknown>
[INFO] [stdout] 
[INFO] [stdout] ---- product_api::test::get_product_api_rand::rj stdout ----
[INFO] [stdout] 
[INFO] [stdout] thread 'product_api::test::get_product_api_rand::rj' (2888) panicked at src/product_api/test.rs:93:14:
[INFO] [stdout] called `Result::unwrap()` on an `Err` value: ReqwestError(reqwest::Error { kind: Request, url: "https://www.dlsite.com/maniax/api/=/product.json?workno=RJ552801", source: hyper_util::client::legacy::Error(Connect, ConnectError("dns error", Custom { kind: Uncategorized, error: "failed to lookup address information: Temporary failure in name resolution" })) })
[INFO] [stdout] stack backtrace:
[INFO] [stdout]    0:     0x5f6a88742a01 - <<std[617be2ca0a6fd877]::sys::backtrace::BacktraceLock>::print::DisplayBacktrace as core[a373ad73a504971]::fmt::Display>::fmt
[INFO] [stdout]    1:     0x5f6a8875ab8a - core[a373ad73a504971]::fmt::write
[INFO] [stdout]    2:     0x5f6a887477ec - <alloc[2e1b2a31b91974c5]::vec::Vec<u8> as core[a373ad73a504971]::io::write::Write>::write_fmt
[INFO] [stdout]    3:     0x5f6a8871d566 - std[617be2ca0a6fd877]::panicking::default_hook::{closure#0}
[INFO] [stdout]    4:     0x5f6a8873a8e9 - std[617be2ca0a6fd877]::panicking::default_hook
[INFO] [stdout]    5:     0x5f6a88647b40 - test[aada8e7e76ba119b]::test_main_inner::{closure#0}
[INFO] [stdout]    6:     0x5f6a8873ac12 - std[617be2ca0a6fd877]::panicking::panic_with_hook
[INFO] [stdout]    7:     0x5f6a8871d612 - std[617be2ca0a6fd877]::panicking::panic_handler::{closure#0}
[INFO] [stdout]    8:     0x5f6a88715a79 - std[617be2ca0a6fd877]::sys::backtrace::__rust_end_short_backtrace::<std[617be2ca0a6fd877]::panicking::panic_handler::{closure#0}, !>
[INFO] [stdout]    9:     0x5f6a8871e5bd - __rustc[ea4f61d10b84890b]::rust_begin_unwind
[INFO] [stdout]   10:     0x5f6a8875b36c - core[a373ad73a504971]::panicking::panic_fmt
[INFO] [stdout]   11:     0x5f6a8875b142 - core[a373ad73a504971]::result::unwrap_failed
[INFO] [stdout]   12:     0x5f6a883e5cc0 - dlsite[8620739495ba065a]::product_api::test::get_product_api_rand::rj::{closure#0}
[INFO] [stdout]   13:     0x5f6a88437263 - <tokio[b41c4e398d22344c]::runtime::scheduler::current_thread::Context>::enter::<core[a373ad73a504971]::task::poll::Poll<()>, <tokio[b41c4e398d22344c]::runtime::scheduler::current_thread::CoreGuard>::block_on<core[a373ad73a504971]::pin::Pin<&mut core[a373ad73a504971]::pin::Pin<&mut dyn core[a373ad73a504971]::future::future::Future<Output = ()>>>>::{closure#0}::{closure#0}>
[INFO] [stdout]   14:     0x5f6a88452b02 - <tokio[b41c4e398d22344c]::runtime::context::scoped::Scoped<tokio[b41c4e398d22344c]::runtime::scheduler::Context>>::set::<<tokio[b41c4e398d22344c]::runtime::scheduler::current_thread::CoreGuard>::enter<<tokio[b41c4e398d22344c]::runtime::scheduler::current_thread::CoreGuard>::block_on<core[a373ad73a504971]::pin::Pin<&mut core[a373ad73a504971]::pin::Pin<&mut dyn core[a373ad73a504971]::future::future::Future<Output = ()>>>>::{closure#0}, core[a373ad73a504971]::option::Option<()>>::{closure#0}, (alloc[2e1b2a31b91974c5]::boxed::Box<tokio[b41c4e398d22344c]::runtime::scheduler::current_thread::Core>, core[a373ad73a504971]::option::Option<()>)>
[INFO] [stdout]   15:     0x5f6a88436d9f - <tokio[b41c4e398d22344c]::runtime::runtime::Runtime>::block_on::<core[a373ad73a504971]::pin::Pin<&mut dyn core[a373ad73a504971]::future::future::Future<Output = ()>>>
[INFO] [stdout]   16:     0x5f6a883e6ffe - <dlsite[8620739495ba065a]::product_api::test::get_product_api_rand::rj::{closure#0} as core[a373ad73a504971]::ops::function::FnOnce<()>>::call_once
[INFO] [stdout]   17:     0x5f6a8863af8b - test[aada8e7e76ba119b]::__rust_begin_short_backtrace::<core[a373ad73a504971]::result::Result<(), alloc[2e1b2a31b91974c5]::string::String>, fn() -> core[a373ad73a504971]::result::Result<(), alloc[2e1b2a31b91974c5]::string::String>>
[INFO] [stdout]   18:     0x5f6a88648165 - test[aada8e7e76ba119b]::run_test::{closure#0}
[INFO] [stdout]   19:     0x5f6a88641a54 - std[617be2ca0a6fd877]::sys::backtrace::__rust_begin_short_backtrace::<test[aada8e7e76ba119b]::run_test::{closure#1}, ()>
[INFO] [stdout]   20:     0x5f6a8864b1f2 - <std[617be2ca0a6fd877]::thread::lifecycle::spawn_unchecked<test[aada8e7e76ba119b]::run_test::{closure#1}, ()>::{closure#1} as core[a373ad73a504971]::ops::function::FnOnce<()>>::call_once::{shim:vtable#0}
[INFO] [stdout]   21:     0x5f6a88741eaf - <std[617be2ca0a6fd877]::sys::thread::unix::Thread>::new::thread_start
[INFO] [stdout]   22:     0x79297c10fdfa - <unknown>
[INFO] [stdout]   23:     0x79297c1a33d4 - clone
[INFO] [stdout]   24:                0x0 - <unknown>
[INFO] [stdout] 
[INFO] [stdout] ---- product::test::get_product_success::soft stdout ----
[INFO] [stdout] 
[INFO] [stdout] thread 'product::test::get_product_success::soft' (2884) panicked at src/product/test.rs:80:34:
[INFO] [stdout] called `Result::unwrap()` on an `Err` value: ReqwestError(reqwest::Error { kind: Request, url: "https://www.dlsite.com/maniax/work/=/product_id/VJ01000513", source: hyper_util::client::legacy::Error(Connect, ConnectError("dns error", Custom { kind: Uncategorized, error: "failed to lookup address information: Temporary failure in name resolution" })) })
[INFO] [stdout] stack backtrace:
[INFO] [stdout]    0:     0x5f6a88742a01 - <<std[617be2ca0a6fd877]::sys::backtrace::BacktraceLock>::print::DisplayBacktrace as core[a373ad73a504971]::fmt::Display>::fmt
[INFO] [stdout]    1:     0x5f6a8875ab8a - core[a373ad73a504971]::fmt::write
[INFO] [stdout]    2:     0x5f6a887477ec - <alloc[2e1b2a31b91974c5]::vec::Vec<u8> as core[a373ad73a504971]::io::write::Write>::write_fmt
[INFO] [stdout]    3:     0x5f6a8871d566 - std[617be2ca0a6fd877]::panicking::default_hook::{closure#0}
[INFO] [stdout]    4:     0x5f6a8873a8e9 - std[617be2ca0a6fd877]::panicking::default_hook
[INFO] [stdout]    5:     0x5f6a88647b40 - test[aada8e7e76ba119b]::test_main_inner::{closure#0}
[INFO] [stdout]    6:     0x5f6a8873ac12 - std[617be2ca0a6fd877]::panicking::panic_with_hook
[INFO] [stdout]    7:     0x5f6a8871d612 - std[617be2ca0a6fd877]::panicking::panic_handler::{closure#0}
[INFO] [stdout]    8:     0x5f6a88715a79 - std[617be2ca0a6fd877]::sys::backtrace::__rust_end_short_backtrace::<std[617be2ca0a6fd877]::panicking::panic_handler::{closure#0}, !>
[INFO] [stdout]    9:     0x5f6a8871e5bd - __rustc[ea4f61d10b84890b]::rust_begin_unwind
[INFO] [stdout]   10:     0x5f6a8875b36c - core[a373ad73a504971]::panicking::panic_fmt
[INFO] [stdout]   11:     0x5f6a8875b142 - core[a373ad73a504971]::result::unwrap_failed
[INFO] [stdout]   12:     0x5f6a88412367 - dlsite[8620739495ba065a]::product::test::get_product_success::{closure#0}
[INFO] [stdout]   13:     0x5f6a8841310f - dlsite[8620739495ba065a]::product::test::get_product_success::soft::{closure#0}
[INFO] [stdout]   14:     0x5f6a88437263 - <tokio[b41c4e398d22344c]::runtime::scheduler::current_thread::Context>::enter::<core[a373ad73a504971]::task::poll::Poll<()>, <tokio[b41c4e398d22344c]::runtime::scheduler::current_thread::CoreGuard>::block_on<core[a373ad73a504971]::pin::Pin<&mut core[a373ad73a504971]::pin::Pin<&mut dyn core[a373ad73a504971]::future::future::Future<Output = ()>>>>::{closure#0}::{closure#0}>
[INFO] [stdout]   15:     0x5f6a88452b02 - <tokio[b41c4e398d22344c]::runtime::context::scoped::Scoped<tokio[b41c4e398d22344c]::runtime::scheduler::Context>>::set::<<tokio[b41c4e398d22344c]::runtime::scheduler::current_thread::CoreGuard>::enter<<tokio[b41c4e398d22344c]::runtime::scheduler::current_thread::CoreGuard>::block_on<core[a373ad73a504971]::pin::Pin<&mut core[a373ad73a504971]::pin::Pin<&mut dyn core[a373ad73a504971]::future::future::Future<Output = ()>>>>::{closure#0}, core[a373ad73a504971]::option::Option<()>>::{closure#0}, (alloc[2e1b2a31b91974c5]::boxed::Box<tokio[b41c4e398d22344c]::runtime::scheduler::current_thread::Core>, core[a373ad73a504971]::option::Option<()>)>
[INFO] [stdout]   16:     0x5f6a88436d9f - <tokio[b41c4e398d22344c]::runtime::runtime::Runtime>::block_on::<core[a373ad73a504971]::pin::Pin<&mut dyn core[a373ad73a504971]::future::future::Future<Output = ()>>>
[INFO] [stdout]   17:     0x5f6a8841420d - <dlsite[8620739495ba065a]::product::test::get_product_success::soft::{closure#0} as core[a373ad73a504971]::ops::function::FnOnce<()>>::call_once
[INFO] [stdout]   18:     0x5f6a8863af8b - test[aada8e7e76ba119b]::__rust_begin_short_backtrace::<core[a373ad73a504971]::result::Result<(), alloc[2e1b2a31b91974c5]::string::String>, fn() -> core[a373ad73a504971]::result::Result<(), alloc[2e1b2a31b91974c5]::string::String>>
[INFO] [stdout]   19:     0x5f6a88648165 - test[aada8e7e76ba119b]::run_test::{closure#0}
[INFO] [stdout]   20:     0x5f6a88641a54 - std[617be2ca0a6fd877]::sys::backtrace::__rust_begin_short_backtrace::<test[aada8e7e76ba119b]::run_test::{closure#1}, ()>
[INFO] [stdout]   21:     0x5f6a8864b1f2 - <std[617be2ca0a6fd877]::thread::lifecycle::spawn_unchecked<test[aada8e7e76ba119b]::run_test::{closure#1}, ()>::{closure#1} as core[a373ad73a504971]::ops::function::FnOnce<()>>::call_once::{shim:vtable#0}
[INFO] [stdout]   22:     0x5f6a88741eaf - <std[617be2ca0a6fd877]::sys::thread::unix::Thread>::new::thread_start
[INFO] [stdout]   23:     0x79297c10fdfa - <unknown>
[INFO] [stdout]   24:     0x79297c1a33d4 - clone
[INFO] [stdout]   25:                0x0 - <unknown>
[INFO] [stdout] 
[INFO] [stdout] ---- search::tests::search_product_2 stdout ----
[INFO] [stdout] 
[INFO] [stdout] thread 'search::tests::search_product_2' (2895) panicked at src/search/mod.rs:405:14:
[INFO] [stdout] Failed to search page 1: ReqwestError(reqwest::Error { kind: Request, url: "https://www.dlsite.com/maniax/fsr/ajax/=/language/jp/sex_category[0]/male/order/trend/per_page/50", source: hyper_util::client::legacy::Error(Connect, ConnectError("dns error", Custom { kind: Uncategorized, error: "failed to lookup address information: Temporary failure in name resolution" })) })
[INFO] [stdout] stack backtrace:
[INFO] [stdout]    0:     0x5f6a88742a01 - <<std[617be2ca0a6fd877]::sys::backtrace::BacktraceLock>::print::DisplayBacktrace as core[a373ad73a504971]::fmt::Display>::fmt
[INFO] [stdout]    1:     0x5f6a8875ab8a - core[a373ad73a504971]::fmt::write
[INFO] [stdout]    2:     0x5f6a887477ec - <alloc[2e1b2a31b91974c5]::vec::Vec<u8> as core[a373ad73a504971]::io::write::Write>::write_fmt
[INFO] [stdout]    3:     0x5f6a8871d566 - std[617be2ca0a6fd877]::panicking::default_hook::{closure#0}
[INFO] [stdout]    4:     0x5f6a8873a8e9 - std[617be2ca0a6fd877]::panicking::default_hook
[INFO] [stdout]    5:     0x5f6a88647b40 - test[aada8e7e76ba119b]::test_main_inner::{closure#0}
[INFO] [stdout]    6:     0x5f6a8873ac12 - std[617be2ca0a6fd877]::panicking::panic_with_hook
[INFO] [stdout]    7:     0x5f6a8871d612 - std[617be2ca0a6fd877]::panicking::panic_handler::{closure#0}
[INFO] [stdout]    8:     0x5f6a88715a79 - std[617be2ca0a6fd877]::sys::backtrace::__rust_end_short_backtrace::<std[617be2ca0a6fd877]::panicking::panic_handler::{closure#0}, !>
[INFO] [stdout]    9:     0x5f6a8871e5bd - __rustc[ea4f61d10b84890b]::rust_begin_unwind
[INFO] [stdout]   10:     0x5f6a8875b36c - core[a373ad73a504971]::panicking::panic_fmt
[INFO] [stdout]   11:     0x5f6a8875b142 - core[a373ad73a504971]::result::unwrap_failed
[INFO] [stdout]   12:     0x5f6a88443d22 - dlsite[8620739495ba065a]::search::tests::search_product_2::{closure#0}
[INFO] [stdout]   13:     0x5f6a88437263 - <tokio[b41c4e398d22344c]::runtime::scheduler::current_thread::Context>::enter::<core[a373ad73a504971]::task::poll::Poll<()>, <tokio[b41c4e398d22344c]::runtime::scheduler::current_thread::CoreGuard>::block_on<core[a373ad73a504971]::pin::Pin<&mut core[a373ad73a504971]::pin::Pin<&mut dyn core[a373ad73a504971]::future::future::Future<Output = ()>>>>::{closure#0}::{closure#0}>
[INFO] [stdout]   14:     0x5f6a88452b02 - <tokio[b41c4e398d22344c]::runtime::context::scoped::Scoped<tokio[b41c4e398d22344c]::runtime::scheduler::Context>>::set::<<tokio[b41c4e398d22344c]::runtime::scheduler::current_thread::CoreGuard>::enter<<tokio[b41c4e398d22344c]::runtime::scheduler::current_thread::CoreGuard>::block_on<core[a373ad73a504971]::pin::Pin<&mut core[a373ad73a504971]::pin::Pin<&mut dyn core[a373ad73a504971]::future::future::Future<Output = ()>>>>::{closure#0}, core[a373ad73a504971]::option::Option<()>>::{closure#0}, (alloc[2e1b2a31b91974c5]::boxed::Box<tokio[b41c4e398d22344c]::runtime::scheduler::current_thread::Core>, core[a373ad73a504971]::option::Option<()>)>
[INFO] [stdout]   15:     0x5f6a88436d9f - <tokio[b41c4e398d22344c]::runtime::runtime::Runtime>::block_on::<core[a373ad73a504971]::pin::Pin<&mut dyn core[a373ad73a504971]::future::future::Future<Output = ()>>>
[INFO] [stdout]   16:     0x5f6a88444bfe - <dlsite[8620739495ba065a]::search::tests::search_product_2::{closure#0} as core[a373ad73a504971]::ops::function::FnOnce<()>>::call_once
[INFO] [stdout]   17:     0x5f6a8863af8b - test[aada8e7e76ba119b]::__rust_begin_short_backtrace::<core[a373ad73a504971]::result::Result<(), alloc[2e1b2a31b91974c5]::string::String>, fn() -> core[a373ad73a504971]::result::Result<(), alloc[2e1b2a31b91974c5]::string::String>>
[INFO] [stdout]   18:     0x5f6a88648165 - test[aada8e7e76ba119b]::run_test::{closure#0}
[INFO] [stdout]   19:     0x5f6a88641a54 - std[617be2ca0a6fd877]::sys::backtrace::__rust_begin_short_backtrace::<test[aada8e7e76ba119b]::run_test::{closure#1}, ()>
[INFO] [stdout]   20:     0x5f6a8864b1f2 - <std[617be2ca0a6fd877]::thread::lifecycle::spawn_unchecked<test[aada8e7e76ba119b]::run_test::{closure#1}, ()>::{closure#1} as core[a373ad73a504971]::ops::function::FnOnce<()>>::call_once::{shim:vtable#0}
[INFO] [stdout]   21:     0x5f6a88741eaf - <std[617be2ca0a6fd877]::sys::thread::unix::Thread>::new::thread_start
[INFO] [stdout]   22:     0x79297c10fdfa - <unknown>
[INFO] [stdout]   23:     0x79297c1a33d4 - clone
[INFO] [stdout]   24:                0x0 - <unknown>
[INFO] [stdout] 
[INFO] [stdout] ---- product::test::get_product_success::otome stdout ----
[INFO] [stdout] 
[INFO] [stdout] thread 'product::test::get_product_success::otome' (2883) panicked at src/product/test.rs:80:34:
[INFO] [stdout] called `Result::unwrap()` on an `Err` value: ReqwestError(reqwest::Error { kind: Request, url: "https://www.dlsite.com/maniax/product/info/ajax?product_id=RJ01084246", source: hyper_util::client::legacy::Error(Connect, ConnectError("dns error", Custom { kind: Uncategorized, error: "failed to lookup address information: Temporary failure in name resolution" })) })
[INFO] [stdout] stack backtrace:
[INFO] [stdout]    0:     0x5f6a88742a01 - <<std[617be2ca0a6fd877]::sys::backtrace::BacktraceLock>::print::DisplayBacktrace as core[a373ad73a504971]::fmt::Display>::fmt
[INFO] [stdout]    1:     0x5f6a8875ab8a - core[a373ad73a504971]::fmt::write
[INFO] [stdout]    2:     0x5f6a887477ec - <alloc[2e1b2a31b91974c5]::vec::Vec<u8> as core[a373ad73a504971]::io::write::Write>::write_fmt
[INFO] [stdout]    3:     0x5f6a8871d566 - std[617be2ca0a6fd877]::panicking::default_hook::{closure#0}
[INFO] [stdout]    4:     0x5f6a8873a8e9 - std[617be2ca0a6fd877]::panicking::default_hook
[INFO] [stdout]    5:     0x5f6a88647b40 - test[aada8e7e76ba119b]::test_main_inner::{closure#0}
[INFO] [stdout]    6:     0x5f6a8873ac12 - std[617be2ca0a6fd877]::panicking::panic_with_hook
[INFO] [stdout]    7:     0x5f6a8871d612 - std[617be2ca0a6fd877]::panicking::panic_handler::{closure#0}
[INFO] [stdout]    8:     0x5f6a88715a79 - std[617be2ca0a6fd877]::sys::backtrace::__rust_end_short_backtrace::<std[617be2ca0a6fd877]::panicking::panic_handler::{closure#0}, !>
[INFO] [stdout]    9:     0x5f6a8871e5bd - __rustc[ea4f61d10b84890b]::rust_begin_unwind
[INFO] [stdout]   10:     0x5f6a8875b36c - core[a373ad73a504971]::panicking::panic_fmt
[INFO] [stdout]   11:     0x5f6a8875b142 - core[a373ad73a504971]::result::unwrap_failed
[INFO] [stdout]   12:     0x5f6a88412367 - dlsite[8620739495ba065a]::product::test::get_product_success::{closure#0}
[INFO] [stdout]   13:     0x5f6a884131bf - dlsite[8620739495ba065a]::product::test::get_product_success::otome::{closure#0}
[INFO] [stdout]   14:     0x5f6a88437263 - <tokio[b41c4e398d22344c]::runtime::scheduler::current_thread::Context>::enter::<core[a373ad73a504971]::task::poll::Poll<()>, <tokio[b41c4e398d22344c]::runtime::scheduler::current_thread::CoreGuard>::block_on<core[a373ad73a504971]::pin::Pin<&mut core[a373ad73a504971]::pin::Pin<&mut dyn core[a373ad73a504971]::future::future::Future<Output = ()>>>>::{closure#0}::{closure#0}>
[INFO] [stdout]   15:     0x5f6a88452b02 - <tokio[b41c4e398d22344c]::runtime::context::scoped::Scoped<tokio[b41c4e398d22344c]::runtime::scheduler::Context>>::set::<<tokio[b41c4e398d22344c]::runtime::scheduler::current_thread::CoreGuard>::enter<<tokio[b41c4e398d22344c]::runtime::scheduler::current_thread::CoreGuard>::block_on<core[a373ad73a504971]::pin::Pin<&mut core[a373ad73a504971]::pin::Pin<&mut dyn core[a373ad73a504971]::future::future::Future<Output = ()>>>>::{closure#0}, core[a373ad73a504971]::option::Option<()>>::{closure#0}, (alloc[2e1b2a31b91974c5]::boxed::Box<tokio[b41c4e398d22344c]::runtime::scheduler::current_thread::Core>, core[a373ad73a504971]::option::Option<()>)>
[INFO] [stdout]   16:     0x5f6a88436d9f - <tokio[b41c4e398d22344c]::runtime::runtime::Runtime>::block_on::<core[a373ad73a504971]::pin::Pin<&mut dyn core[a373ad73a504971]::future::future::Future<Output = ()>>>
[INFO] [stdout]   17:     0x5f6a8841438d - <dlsite[8620739495ba065a]::product::test::get_product_success::otome::{closure#0} as core[a373ad73a504971]::ops::function::FnOnce<()>>::call_once
[INFO] [stdout]   18:     0x5f6a8863af8b - test[aada8e7e76ba119b]::__rust_begin_short_backtrace::<core[a373ad73a504971]::result::Result<(), alloc[2e1b2a31b91974c5]::string::String>, fn() -> core[a373ad73a504971]::result::Result<(), alloc[2e1b2a31b91974c5]::string::String>>
[INFO] [stdout]   19:     0x5f6a88648165 - test[aada8e7e76ba119b]::run_test::{closure#0}
[INFO] [stdout]   20:     0x5f6a88641a54 - std[617be2ca0a6fd877]::sys::backtrace::__rust_begin_short_backtrace::<test[aada8e7e76ba119b]::run_test::{closure#1}, ()>
[INFO] [stdout]   21:     0x5f6a8864b1f2 - <std[617be2ca0a6fd877]::thread::lifecycle::spawn_unchecked<test[aada8e7e76ba119b]::run_test::{closure#1}, ()>::{closure#1} as core[a373ad73a504971]::ops::function::FnOnce<()>>::call_once::{shim:vtable#0}
[INFO] [stdout]   22:     0x5f6a88741eaf - <std[617be2ca0a6fd877]::sys::thread::unix::Thread>::new::thread_start
[INFO] [stdout]   23:     0x79297c10fdfa - <unknown>
[INFO] [stdout]   24:     0x79297c1a33d4 - clone
[INFO] [stdout]   25:                0x0 - <unknown>
[INFO] [stdout] 
[INFO] [stdout] ---- product_api::test::get_product_api_success::otome stdout ----
[INFO] [stdout] 
[INFO] [stdout] thread 'product_api::test::get_product_api_success::otome' (2890) panicked at src/product_api/test.rs:64:38:
[INFO] [stdout] called `Result::unwrap()` on an `Err` value: ReqwestError(reqwest::Error { kind: Request, url: "https://www.dlsite.com/maniax/api/=/product.json?workno=RJ01084246", source: hyper_util::client::legacy::Error(Connect, ConnectError("dns error", Custom { kind: Uncategorized, error: "failed to lookup address information: Temporary failure in name resolution" })) })
[INFO] [stdout] stack backtrace:
[INFO] [stdout]    0:     0x5f6a88742a01 - <<std[617be2ca0a6fd877]::sys::backtrace::BacktraceLock>::print::DisplayBacktrace as core[a373ad73a504971]::fmt::Display>::fmt
[INFO] [stdout]    1:     0x5f6a8875ab8a - core[a373ad73a504971]::fmt::write
[INFO] [stdout]    2:     0x5f6a887477ec - <alloc[2e1b2a31b91974c5]::vec::Vec<u8> as core[a373ad73a504971]::io::write::Write>::write_fmt
[INFO] [stdout]    3:     0x5f6a8871d566 - std[617be2ca0a6fd877]::panicking::default_hook::{closure#0}
[INFO] [stdout]    4:     0x5f6a8873a8e9 - std[617be2ca0a6fd877]::panicking::default_hook
[INFO] [stdout]    5:     0x5f6a88647b40 - test[aada8e7e76ba119b]::test_main_inner::{closure#0}
[INFO] [stdout]    6:     0x5f6a8873ac12 - std[617be2ca0a6fd877]::panicking::panic_with_hook
[INFO] [stdout]    7:     0x5f6a8871d612 - std[617be2ca0a6fd877]::panicking::panic_handler::{closure#0}
[INFO] [stdout]    8:     0x5f6a88715a79 - std[617be2ca0a6fd877]::sys::backtrace::__rust_end_short_backtrace::<std[617be2ca0a6fd877]::panicking::panic_handler::{closure#0}, !>
[INFO] [stdout]    9:     0x5f6a8871e5bd - __rustc[ea4f61d10b84890b]::rust_begin_unwind
[INFO] [stdout]   10:     0x5f6a8875b36c - core[a373ad73a504971]::panicking::panic_fmt
[INFO] [stdout]   11:     0x5f6a8875b142 - core[a373ad73a504971]::result::unwrap_failed
[INFO] [stdout]   12:     0x5f6a88442d27 - dlsite[8620739495ba065a]::product_api::test::get_product_api_success::{closure#0}
[INFO] [stdout]   13:     0x5f6a88443f9f - dlsite[8620739495ba065a]::product_api::test::get_product_api_success::otome::{closure#0}
[INFO] [stdout]   14:     0x5f6a88437263 - <tokio[b41c4e398d22344c]::runtime::scheduler::current_thread::Context>::enter::<core[a373ad73a504971]::task::poll::Poll<()>, <tokio[b41c4e398d22344c]::runtime::scheduler::current_thread::CoreGuard>::block_on<core[a373ad73a504971]::pin::Pin<&mut core[a373ad73a504971]::pin::Pin<&mut dyn core[a373ad73a504971]::future::future::Future<Output = ()>>>>::{closure#0}::{closure#0}>
[INFO] [stdout]   15:     0x5f6a88452b02 - <tokio[b41c4e398d22344c]::runtime::context::scoped::Scoped<tokio[b41c4e398d22344c]::runtime::scheduler::Context>>::set::<<tokio[b41c4e398d22344c]::runtime::scheduler::current_thread::CoreGuard>::enter<<tokio[b41c4e398d22344c]::runtime::scheduler::current_thread::CoreGuard>::block_on<core[a373ad73a504971]::pin::Pin<&mut core[a373ad73a504971]::pin::Pin<&mut dyn core[a373ad73a504971]::future::future::Future<Output = ()>>>>::{closure#0}, core[a373ad73a504971]::option::Option<()>>::{closure#0}, (alloc[2e1b2a31b91974c5]::boxed::Box<tokio[b41c4e398d22344c]::runtime::scheduler::current_thread::Core>, core[a373ad73a504971]::option::Option<()>)>
[INFO] [stdout]   16:     0x5f6a88436d9f - <tokio[b41c4e398d22344c]::runtime::runtime::Runtime>::block_on::<core[a373ad73a504971]::pin::Pin<&mut dyn core[a373ad73a504971]::future::future::Future<Output = ()>>>
[INFO] [stdout]   17:     0x5f6a88444ece - <dlsite[8620739495ba065a]::product_api::test::get_product_api_success::otome::{closure#0} as core[a373ad73a504971]::ops::function::FnOnce<()>>::call_once
[INFO] [stdout]   18:     0x5f6a8863af8b - test[aada8e7e76ba119b]::__rust_begin_short_backtrace::<core[a373ad73a504971]::result::Result<(), alloc[2e1b2a31b91974c5]::string::String>, fn() -> core[a373ad73a504971]::result::Result<(), alloc[2e1b2a31b91974c5]::string::String>>
[INFO] [stdout]   19:     0x5f6a88648165 - test[aada8e7e76ba119b]::run_test::{closure#0}
[INFO] [stdout]   20:     0x5f6a88641a54 - std[617be2ca0a6fd877]::sys::backtrace::__rust_begin_short_backtrace::<test[aada8e7e76ba119b]::run_test::{closure#1}, ()>
[INFO] [stdout]   21:     0x5f6a8864b1f2 - <std[617be2ca0a6fd877]::thread::lifecycle::spawn_unchecked<test[aada8e7e76ba119b]::run_test::{closure#1}, ()>::{closure#1} as core[a373ad73a504971]::ops::function::FnOnce<()>>::call_once::{shim:vtable#0}
[INFO] [stdout]   22:     0x5f6a88741eaf - <std[617be2ca0a6fd877]::sys::thread::unix::Thread>::new::thread_start
[INFO] [stdout]   23:     0x79297c10fdfa - <unknown>
[INFO] [stdout]   24:     0x79297c1a33d4 - clone
[INFO] [stdout]   25:                0x0 - <unknown>
[INFO] [stdout] 
[INFO] [stdout] ---- product::test::get_product_1_content stdout ----
[INFO] [stdout] 
[INFO] [stdout] thread 'product::test::get_product_1_content' (2881) panicked at src/product/test.rs:14:52:
[INFO] [stdout] called `Result::unwrap()` on an `Err` value: ReqwestError(reqwest::Error { kind: Request, url: "https://www.dlsite.com/maniax/product/info/ajax?product_id=RJ403038", source: hyper_util::client::legacy::Error(Connect, ConnectError("dns error", Custom { kind: Uncategorized, error: "failed to lookup address information: Temporary failure in name resolution" })) })
[INFO] [stdout] stack backtrace:
[INFO] [stdout]    0:     0x5f6a88742a01 - <<std[617be2ca0a6fd877]::sys::backtrace::BacktraceLock>::print::DisplayBacktrace as core[a373ad73a504971]::fmt::Display>::fmt
[INFO] [stdout]    1:     0x5f6a8875ab8a - core[a373ad73a504971]::fmt::write
[INFO] [stdout]    2:     0x5f6a887477ec - <alloc[2e1b2a31b91974c5]::vec::Vec<u8> as core[a373ad73a504971]::io::write::Write>::write_fmt
[INFO] [stdout]    3:     0x5f6a8871d566 - std[617be2ca0a6fd877]::panicking::default_hook::{closure#0}
[INFO] [stdout]    4:     0x5f6a8873a8e9 - std[617be2ca0a6fd877]::panicking::default_hook
[INFO] [stdout]    5:     0x5f6a88647b40 - test[aada8e7e76ba119b]::test_main_inner::{closure#0}
[INFO] [stdout]    6:     0x5f6a8873ac12 - std[617be2ca0a6fd877]::panicking::panic_with_hook
[INFO] [stdout]    7:     0x5f6a8871d612 - std[617be2ca0a6fd877]::panicking::panic_handler::{closure#0}
[INFO] [stdout]    8:     0x5f6a88715a79 - std[617be2ca0a6fd877]::sys::backtrace::__rust_end_short_backtrace::<std[617be2ca0a6fd877]::panicking::panic_handler::{closure#0}, !>
[INFO] [stdout]    9:     0x5f6a8871e5bd - __rustc[ea4f61d10b84890b]::rust_begin_unwind
[INFO] [stdout]   10:     0x5f6a8875b36c - core[a373ad73a504971]::panicking::panic_fmt
[INFO] [stdout]   11:     0x5f6a8875b142 - core[a373ad73a504971]::result::unwrap_failed
[INFO] [stdout]   12:     0x5f6a8844ec02 - dlsite[8620739495ba065a]::product::test::get_product_1_content::{closure#0}
[INFO] [stdout]   13:     0x5f6a88437263 - <tokio[b41c4e398d22344c]::runtime::scheduler::current_thread::Context>::enter::<core[a373ad73a504971]::task::poll::Poll<()>, <tokio[b41c4e398d22344c]::runtime::scheduler::current_thread::CoreGuard>::block_on<core[a373ad73a504971]::pin::Pin<&mut core[a373ad73a504971]::pin::Pin<&mut dyn core[a373ad73a504971]::future::future::Future<Output = ()>>>>::{closure#0}::{closure#0}>
[INFO] [stdout]   14:     0x5f6a88452b02 - <tokio[b41c4e398d22344c]::runtime::context::scoped::Scoped<tokio[b41c4e398d22344c]::runtime::scheduler::Context>>::set::<<tokio[b41c4e398d22344c]::runtime::scheduler::current_thread::CoreGuard>::enter<<tokio[b41c4e398d22344c]::runtime::scheduler::current_thread::CoreGuard>::block_on<core[a373ad73a504971]::pin::Pin<&mut core[a373ad73a504971]::pin::Pin<&mut dyn core[a373ad73a504971]::future::future::Future<Output = ()>>>>::{closure#0}, core[a373ad73a504971]::option::Option<()>>::{closure#0}, (alloc[2e1b2a31b91974c5]::boxed::Box<tokio[b41c4e398d22344c]::runtime::scheduler::current_thread::Core>, core[a373ad73a504971]::option::Option<()>)>
[INFO] [stdout]   15:     0x5f6a88436d9f - <tokio[b41c4e398d22344c]::runtime::runtime::Runtime>::block_on::<core[a373ad73a504971]::pin::Pin<&mut dyn core[a373ad73a504971]::future::future::Future<Output = ()>>>
[INFO] [stdout]   16:     0x5f6a884529bd - <dlsite[8620739495ba065a]::product::test::get_product_1_content::{closure#0} as core[a373ad73a504971]::ops::function::FnOnce<()>>::call_once
[INFO] [stdout]   17:     0x5f6a8863af8b - test[aada8e7e76ba119b]::__rust_begin_short_backtrace::<core[a373ad73a504971]::result::Result<(), alloc[2e1b2a31b91974c5]::string::String>, fn() -> core[a373ad73a504971]::result::Result<(), alloc[2e1b2a31b91974c5]::string::String>>
[INFO] [stdout]   18:     0x5f6a88648165 - test[aada8e7e76ba119b]::run_test::{closure#0}
[INFO] [stdout]   19:     0x5f6a88641a54 - std[617be2ca0a6fd877]::sys::backtrace::__rust_begin_short_backtrace::<test[aada8e7e76ba119b]::run_test::{closure#1}, ()>
[INFO] [stdout]   20:     0x5f6a8864b1f2 - <std[617be2ca0a6fd877]::thread::lifecycle::spawn_unchecked<test[aada8e7e76ba119b]::run_test::{closure#1}, ()>::{closure#1} as core[a373ad73a504971]::ops::function::FnOnce<()>>::call_once::{shim:vtable#0}
[INFO] [stdout]   21:     0x5f6a88741eaf - <std[617be2ca0a6fd877]::sys::thread::unix::Thread>::new::thread_start
[INFO] [stdout]   22:     0x79297c10fdfa - <unknown>
[INFO] [stdout]   23:     0x79297c1a33d4 - clone
[INFO] [stdout]   24:                0x0 - <unknown>
[INFO] [stdout] 
[INFO] [stdout] ---- search::tests::search_product_1 stdout ----
[INFO] [stdout] 
[INFO] [stdout] thread 'search::tests::search_product_1' (2894) panicked at src/search/mod.rs:365:14:
[INFO] [stdout] Failed to search: ReqwestError(reqwest::Error { kind: Request, url: "https://www.dlsite.com/maniax/fsr/ajax/=/language/jp/sex_category[0]/male/keyword/%E3%83%A6%E3%82%A6%E3%82%ABASMR", source: hyper_util::client::legacy::Error(Connect, ConnectError("dns error", Custom { kind: Uncategorized, error: "failed to lookup address information: Temporary failure in name resolution" })) })
[INFO] [stdout] stack backtrace:
[INFO] [stdout]    0:     0x5f6a88742a01 - <<std[617be2ca0a6fd877]::sys::backtrace::BacktraceLock>::print::DisplayBacktrace as core[a373ad73a504971]::fmt::Display>::fmt
[INFO] [stdout]    1:     0x5f6a8875ab8a - core[a373ad73a504971]::fmt::write
[INFO] [stdout]    2:     0x5f6a887477ec - <alloc[2e1b2a31b91974c5]::vec::Vec<u8> as core[a373ad73a504971]::io::write::Write>::write_fmt
[INFO] [stdout]    3:     0x5f6a8871d566 - std[617be2ca0a6fd877]::panicking::default_hook::{closure#0}
[INFO] [stdout]    4:     0x5f6a8873a8e9 - std[617be2ca0a6fd877]::panicking::default_hook
[INFO] [stdout]    5:     0x5f6a88647b40 - test[aada8e7e76ba119b]::test_main_inner::{closure#0}
[INFO] [stdout]    6:     0x5f6a8873ac12 - std[617be2ca0a6fd877]::panicking::panic_with_hook
[INFO] [stdout]    7:     0x5f6a8871d612 - std[617be2ca0a6fd877]::panicking::panic_handler::{closure#0}
[INFO] [stdout]    8:     0x5f6a88715a79 - std[617be2ca0a6fd877]::sys::backtrace::__rust_end_short_backtrace::<std[617be2ca0a6fd877]::panicking::panic_handler::{closure#0}, !>
[INFO] [stdout]    9:     0x5f6a8871e5bd - __rustc[ea4f61d10b84890b]::rust_begin_unwind
[INFO] [stdout]   10:     0x5f6a8875b36c - core[a373ad73a504971]::panicking::panic_fmt
[INFO] [stdout]   11:     0x5f6a8875b142 - core[a373ad73a504971]::result::unwrap_failed
[INFO] [stdout]   12:     0x5f6a884435e2 - dlsite[8620739495ba065a]::search::tests::search_product_1::{closure#0}
[INFO] [stdout]   13:     0x5f6a88437263 - <tokio[b41c4e398d22344c]::runtime::scheduler::current_thread::Context>::enter::<core[a373ad73a504971]::task::poll::Poll<()>, <tokio[b41c4e398d22344c]::runtime::scheduler::current_thread::CoreGuard>::block_on<core[a373ad73a504971]::pin::Pin<&mut core[a373ad73a504971]::pin::Pin<&mut dyn core[a373ad73a504971]::future::future::Future<Output = ()>>>>::{closure#0}::{closure#0}>
[INFO] [stdout]   14:     0x5f6a88452b02 - <tokio[b41c4e398d22344c]::runtime::context::scoped::Scoped<tokio[b41c4e398d22344c]::runtime::scheduler::Context>>::set::<<tokio[b41c4e398d22344c]::runtime::scheduler::current_thread::CoreGuard>::enter<<tokio[b41c4e398d22344c]::runtime::scheduler::current_thread::CoreGuard>::block_on<core[a373ad73a504971]::pin::Pin<&mut core[a373ad73a504971]::pin::Pin<&mut dyn core[a373ad73a504971]::future::future::Future<Output = ()>>>>::{closure#0}, core[a373ad73a504971]::option::Option<()>>::{closure#0}, (alloc[2e1b2a31b91974c5]::boxed::Box<tokio[b41c4e398d22344c]::runtime::scheduler::current_thread::Core>, core[a373ad73a504971]::option::Option<()>)>
[INFO] [stdout]   15:     0x5f6a88436d9f - <tokio[b41c4e398d22344c]::runtime::runtime::Runtime>::block_on::<core[a373ad73a504971]::pin::Pin<&mut dyn core[a373ad73a504971]::future::future::Future<Output = ()>>>
[INFO] [stdout]   16:     0x5f6a88444a9e - <dlsite[8620739495ba065a]::search::tests::search_product_1::{closure#0} as core[a373ad73a504971]::ops::function::FnOnce<()>>::call_once
[INFO] [stdout]   17:     0x5f6a8863af8b - test[aada8e7e76ba119b]::__rust_begin_short_backtrace::<core[a373ad73a504971]::result::Result<(), alloc[2e1b2a31b91974c5]::string::String>, fn() -> core[a373ad73a504971]::result::Result<(), alloc[2e1b2a31b91974c5]::string::String>>
[INFO] [stdout]   18:     0x5f6a88648165 - test[aada8e7e76ba119b]::run_test::{closure#0}
[INFO] [stdout]   19:     0x5f6a88641a54 - std[617be2ca0a6fd877]::sys::backtrace::__rust_begin_short_backtrace::<test[aada8e7e76ba119b]::run_test::{closure#1}, ()>
[INFO] [stdout]   20:     0x5f6a8864b1f2 - <std[617be2ca0a6fd877]::thread::lifecycle::spawn_unchecked<test[aada8e7e76ba119b]::run_test::{closure#1}, ()>::{closure#1} as core[a373ad73a504971]::ops::function::FnOnce<()>>::call_once::{shim:vtable#0}
[INFO] [stdout]   21:     0x5f6a88741eaf - <std[617be2ca0a6fd877]::sys::thread::unix::Thread>::new::thread_start
[INFO] [stdout]   22:     0x79297c10fdfa - <unknown>
[INFO] [stdout]   23:     0x79297c1a33d4 - clone
[INFO] [stdout]   24:                0x0 - <unknown>
[INFO] [stdout] 
[INFO] [stdout] 
[INFO] [stdout] failures:
[INFO] [stdout]     circle::tests::get_circle_1
[INFO] [stdout]     product::test::get_product_1_content
[INFO] [stdout]     product::test::get_product_2
[INFO] [stdout]     product::test::get_product_success::otome
[INFO] [stdout]     product::test::get_product_success::soft
[INFO] [stdout]     product_api::test::get_product_api_1_content
[INFO] [stdout]     product_api::test::get_product_api_2
[INFO] [stdout]     product_api::test::get_product_api_rand::rj
[INFO] [stdout]     product_api::test::get_product_api_success::normal
[INFO] [stdout]     product_api::test::get_product_api_success::otome
[INFO] [stdout]     product_api::test::get_product_api_success::soft
[INFO] [stdout]     search::tests::search_product_1
[INFO] [stdout]     search::tests::search_product_2
[INFO] [stdout] 
[INFO] [stdout] test result: FAILED. 6 passed; 13 failed; 0 ignored; 0 measured; 0 filtered out; finished in 0.13s
[INFO] [stdout] 
[INFO] running `Command { std: "docker" "inspect" "f648a8a8f2f8c31cf1da4380d79c50cd91d96dc71784d254154d09c42d6641ad", kill_on_drop: false }`
[INFO] running `Command { std: "docker" "rm" "-f" "f648a8a8f2f8c31cf1da4380d79c50cd91d96dc71784d254154d09c42d6641ad", kill_on_drop: false }`
[INFO] [stdout] f648a8a8f2f8c31cf1da4380d79c50cd91d96dc71784d254154d09c42d6641ad
