[INFO] fetching crate dlsite-gamebox 0.3.0...
[INFO] testing dlsite-gamebox-0.3.0 against 1.100.0-beta.1+cargoflags=--release for beta-release-1.100-2
[INFO] extracting crate dlsite-gamebox 0.3.0 into /workspace/builds/worker-0-tc2/source
[INFO] started tweaking crates.io crate dlsite-gamebox 0.3.0
[INFO] finished tweaking crates.io crate dlsite-gamebox 0.3.0
[INFO] tweaked toml for crates.io crate dlsite-gamebox 0.3.0 written to /workspace/builds/worker-0-tc2/source/Cargo.toml
[INFO] validating manifest of crates.io crate dlsite-gamebox 0.3.0 on toolchain 1.100.0-beta.1
[INFO] running `Command { std: CARGO_HOME="/workspace/cargo-home" RUSTUP_HOME="/workspace/rustup-home" "/workspace/cargo-home/bin/cargo" "+1.100.0-beta.1" "metadata" "--manifest-path" "Cargo.toml" "--no-deps", kill_on_drop: false }`
[INFO] crate crates.io crate dlsite-gamebox 0.3.0 already has a lockfile, it will not be regenerated
[INFO] running `Command { std: CARGO_HOME="/workspace/cargo-home" RUSTUP_HOME="/workspace/rustup-home" "/workspace/cargo-home/bin/cargo" "+1.100.0-beta.1" "fetch" "--manifest-path" "Cargo.toml", kill_on_drop: false }`
[INFO] [stderr]     Blocking waiting for file lock on package cache
[INFO] running `Command { std: "docker" "create" "-v" "/var/lib/crater-agent-workspace/builds/worker-0-tc2/source:/opt/rustwide/workdir:ro,Z" "-v" "/var/lib/crater-agent-workspace/builds/worker-0-tc2/target:/opt/rustwide/target:rw,Z" "-v" "/var/lib/crater-agent-workspace/cargo-home:/opt/rustwide/cargo-home:ro,Z" "-v" "/var/lib/crater-agent-workspace/rustup-home:/opt/rustwide/rustup-home:ro,Z" "-m" "1610612736" "--network" "none" "ghcr.io/rust-lang/crates-build-env/linux@sha256:77db811e55d90add9212f6832c23229e3de5f1c1f9905e8cb07319ea15df73ac" "sleep" "infinity", kill_on_drop: false }`
[INFO] [stdout] 1a4d8697bf412905debf0d5785179f062d89ca99d42aae1e3ee708d5438a1733
[INFO] running `Command { std: "docker" "start" "1a4d8697bf412905debf0d5785179f062d89ca99d42aae1e3ee708d5438a1733", kill_on_drop: false }`
[INFO] running `Command { std: "docker" "inspect" "1a4d8697bf412905debf0d5785179f062d89ca99d42aae1e3ee708d5438a1733", kill_on_drop: false }`
[INFO] running `Command { std: "docker" "exec" "-e" "SOURCE_DIR=/opt/rustwide/workdir" "-e" "CARGO_HOME=/opt/rustwide/cargo-home" "-e" "RUSTUP_HOME=/opt/rustwide/rustup-home" "-e" "CARGO_TARGET_DIR=/opt/rustwide/target" "-w" "/opt/rustwide/workdir" "--user" "0:0" "1a4d8697bf412905debf0d5785179f062d89ca99d42aae1e3ee708d5438a1733" "/opt/rustwide/cargo-home/bin/cargo" "+1.100.0-beta.1" "metadata" "--no-deps" "--format-version=1", kill_on_drop: false }`
[INFO] running `Command { std: "docker" "inspect" "1a4d8697bf412905debf0d5785179f062d89ca99d42aae1e3ee708d5438a1733", kill_on_drop: false }`
[INFO] running `Command { std: "docker" "exec" "-e" "SOURCE_DIR=/opt/rustwide/workdir" "-e" "CARGO_HOME=/opt/rustwide/cargo-home" "-e" "RUSTUP_HOME=/opt/rustwide/rustup-home" "-e" "CARGO_TARGET_DIR=/opt/rustwide/target" "-e" "CARGO_INCREMENTAL=0" "-e" "RUST_BACKTRACE=full" "-e" "RUSTFLAGS=--cap-lints=warn" "-e" "RUSTDOCFLAGS=--cap-lints=warn" "-w" "/opt/rustwide/workdir" "--user" "0:0" "1a4d8697bf412905debf0d5785179f062d89ca99d42aae1e3ee708d5438a1733" "/opt/rustwide/cargo-home/bin/cargo" "+1.100.0-beta.1" "build" "--frozen" "--message-format=json" "--release", kill_on_drop: false }`
[INFO] [stderr]    Compiling libc v0.2.172
[INFO] [stderr]    Compiling smallvec v1.15.0
[INFO] [stderr]    Compiling stable_deref_trait v1.2.0
[INFO] [stderr]    Compiling siphasher v1.0.1
[INFO] [stderr]    Compiling rand_core v0.6.4
[INFO] [stderr]    Compiling proc-macro2 v1.0.94
[INFO] [stderr]    Compiling cc v1.2.19
[INFO] [stderr]    Compiling writeable v0.5.5
[INFO] [stderr]    Compiling icu_locid_transform_data v1.5.1
[INFO] [stderr]    Compiling litemap v0.7.5
[INFO] [stderr]    Compiling log v0.4.27
[INFO] [stderr]    Compiling icu_properties_data v1.5.1
[INFO] [stderr]    Compiling bitflags v2.9.0
[INFO] [stderr]    Compiling new_debug_unreachable v1.0.6
[INFO] [stderr]    Compiling icu_normalizer_data v1.5.1
[INFO] [stderr]    Compiling tracing-core v0.1.33
[INFO] [stderr]    Compiling num-traits v0.2.19
[INFO] [stderr]    Compiling rand v0.8.5
[INFO] [stderr]    Compiling openssl v0.10.72
[INFO] [stderr]    Compiling foreign-types-shared v0.1.1
[INFO] [stderr]    Compiling phf_shared v0.11.3
[INFO] [stderr]    Compiling foreign-types v0.3.2
[INFO] [stderr]    Compiling lock_api v0.4.12
[INFO] [stderr]    Compiling precomputed-hash v0.1.1
[INFO] [stderr]    Compiling native-tls v0.2.14
[INFO] [stderr]    Compiling write16 v1.0.0
[INFO] [stderr]    Compiling utf16_iter v1.0.5
[INFO] [stderr]    Compiling mac v0.1.1
[INFO] [stderr]    Compiling utf-8 v0.7.6
[INFO] [stderr]    Compiling rustversion v1.0.20
[INFO] [stderr]    Compiling openssl-probe v0.1.6
[INFO] [stderr]    Compiling futf v0.1.5
[INFO] [stderr]    Compiling dtoa-short v0.3.5
[INFO] [stderr]    Compiling fxhash v0.2.1
[INFO] [stderr]    Compiling servo_arc v0.4.0
[INFO] [stderr]    Compiling iana-time-zone v0.1.63
[INFO] [stderr]    Compiling rustls-pki-types v1.11.0
[INFO] [stderr]    Compiling hashbrown v0.16.0
[INFO] [stderr]    Compiling getopts v0.2.21
[INFO] [stderr]    Compiling quote v1.0.40
[INFO] [stderr]    Compiling tendril v0.4.3
[INFO] [stderr]    Compiling regex-automata v0.4.9
[INFO] [stderr]    Compiling encoding_rs v0.8.35
[INFO] [stderr]    Compiling ego-tree v0.10.0
[INFO] [stderr]    Compiling syn v2.0.100
[INFO] [stderr]    Compiling rayon v1.11.0
[INFO] [stderr]    Compiling mio v1.0.3
[INFO] [stderr]    Compiling socket2 v0.5.9
[INFO] [stderr]    Compiling phf_generator v0.11.3
[INFO] [stderr]    Compiling parking_lot_core v0.9.10
[INFO] [stderr]    Compiling phf_codegen v0.11.3
[INFO] [stderr]    Compiling string_cache_codegen v0.5.4
[INFO] [stderr]    Compiling ordered-float v2.10.1
[INFO] [stderr]    Compiling lru v0.16.2
[INFO] [stderr]    Compiling selectors v0.26.0
[INFO] [stderr]    Compiling rustls-pemfile v2.2.0
[INFO] [stderr]    Compiling parking_lot v0.12.3
[INFO] [stderr]    Compiling markup5ever v0.14.1
[INFO] [stderr]    Compiling openssl-sys v0.9.107
[INFO] [stderr]    Compiling regex v1.11.1
[INFO] [stderr]    Compiling synstructure v0.13.1
[INFO] [stderr]    Compiling darling_core v0.20.11
[INFO] [stderr]    Compiling serde_derive v1.0.219
[INFO] [stderr]    Compiling zerovec-derive v0.10.3
[INFO] [stderr]    Compiling displaydoc v0.2.5
[INFO] [stderr]    Compiling tokio-macros v2.5.0
[INFO] [stderr]    Compiling futures-macro v0.3.31
[INFO] [stderr]    Compiling icu_provider_macros v1.5.0
[INFO] [stderr]    Compiling tracing-attributes v0.1.28
[INFO] [stderr]    Compiling phf_macros v0.11.3
[INFO] [stderr]    Compiling openssl-macros v0.1.1
[INFO] [stderr]    Compiling cssparser-macros v0.6.1
[INFO] [stderr]    Compiling derive_more v0.99.19
[INFO] [stderr]    Compiling match_token v0.1.0
[INFO] [stderr]    Compiling thiserror-impl v2.0.12
[INFO] [stderr]    Compiling strum_macros v0.27.1
[INFO] [stderr]    Compiling serde_repr v0.1.20
[INFO] [stderr]    Compiling zerofrom-derive v0.1.6
[INFO] [stderr]    Compiling yoke-derive v0.7.5
[INFO] [stderr]    Compiling phf v0.11.3
[INFO] [stderr]    Compiling cssparser v0.34.0
[INFO] [stderr]    Compiling tokio v1.44.2
[INFO] [stderr]    Compiling futures-util v0.3.31
[INFO] [stderr]    Compiling zerofrom v0.1.6
[INFO] [stderr]    Compiling tracing v0.1.41
[INFO] [stderr]    Compiling yoke v0.7.5
[INFO] [stderr]    Compiling strum v0.27.1
[INFO] [stderr]    Compiling zerovec v0.10.4
[INFO] [stderr]    Compiling darling_macro v0.20.11
[INFO] [stderr]    Compiling thiserror v2.0.12
[INFO] [stderr]    Compiling darling v0.20.11
[INFO] [stderr]    Compiling serde_with_macros v3.12.0
[INFO] [stderr]    Compiling serde v1.0.219
[INFO] [stderr]    Compiling tinystr v0.7.6
[INFO] [stderr]    Compiling icu_collections v1.5.0
[INFO] [stderr]    Compiling futures-executor v0.3.31
[INFO] [stderr]    Compiling futures v0.3.31
[INFO] [stderr]    Compiling icu_locid v1.5.0
[INFO] [stderr]    Compiling icu_provider v1.5.0
[INFO] [stderr]    Compiling icu_locid_transform v1.5.0
[INFO] [stderr]    Compiling icu_properties v1.5.1
[INFO] [stderr]    Compiling string_cache v0.8.9
[INFO] [stderr]    Compiling serde_urlencoded v0.7.1
[INFO] [stderr]    Compiling serde-value v0.7.0
[INFO] [stderr]    Compiling serde_json v1.0.140
[INFO] [stderr]    Compiling chrono v0.4.40
[INFO] [stderr]    Compiling serde_path_to_error v0.1.17
[INFO] [stderr]    Compiling serde_ignored v0.1.11
[INFO] [stderr]    Compiling serde_with v3.12.0
[INFO] [stderr]    Compiling tokio-util v0.7.14
[INFO] [stderr]    Compiling tokio-native-tls v0.3.1
[INFO] [stderr]    Compiling tower v0.5.2
[INFO] [stderr]    Compiling h2 v0.4.9
[INFO] [stderr]    Compiling html5ever v0.29.1
[INFO] [stderr]    Compiling serde-aux v4.6.0
[INFO] [stderr]    Compiling icu_normalizer v1.5.0
[INFO] [stderr]    Compiling idna_adapter v1.2.0
[INFO] [stderr]    Compiling idna v1.0.3
[INFO] [stderr]    Compiling scraper v0.23.1
[INFO] [stderr]    Compiling url v2.5.4
[INFO] [stderr]    Compiling hyper v1.6.0
[INFO] [stderr]    Compiling hyper-util v0.1.11
[INFO] [stderr]    Compiling hyper-tls v0.6.0
[INFO] [stderr]    Compiling reqwest v0.12.15
[INFO] [stderr]    Compiling dlsite-gamebox v0.3.0 (/opt/rustwide/workdir)
[INFO] [stdout] warning: function `search_result_items` is never used
[INFO] [stdout]  --> src/client/search/selectors.rs:8:8
[INFO] [stdout]   |
[INFO] [stdout] 8 | pub fn search_result_items() -> &'static Selector {
[INFO] [stdout]   |        ^^^^^^^^^^^^^^^^^^^
[INFO] [stdout]   |
[INFO] [stdout]   = note: `#[warn(dead_code)]` (part of `#[warn(unused)]`) on by default
[INFO] [stdout] 
[INFO] [stdout] 
[INFO] [stdout] warning: hiding a lifetime that's elided elsewhere is confusing
[INFO] [stdout]    --> src/client/mod.rs:237:20
[INFO] [stdout]     |
[INFO] [stdout] 237 |     pub fn product(&self) -> product::ProductClient {
[INFO] [stdout]     |                    ^^^^^     ^^^^^^^^^^^^^^^^^^^^^^ the same lifetime is hidden here
[INFO] [stdout]     |                    |
[INFO] [stdout]     |                    the lifetime is elided here
[INFO] [stdout]     |
[INFO] [stdout]     = help: the same lifetime is referred to in inconsistent ways, making the signature confusing
[INFO] [stdout]     = note: `#[warn(mismatched_lifetime_syntaxes)]` on by default
[INFO] [stdout] help: use `'_` for type paths
[INFO] [stdout]     |
[INFO] [stdout] 237 |     pub fn product(&self) -> product::ProductClient<'_> {
[INFO] [stdout]     |                                                    ++++
[INFO] [stdout] 
[INFO] [stdout] 
[INFO] [stdout] warning: hiding a lifetime that's elided elsewhere is confusing
[INFO] [stdout]    --> src/client/mod.rs:243:24
[INFO] [stdout]     |
[INFO] [stdout] 243 |     pub fn product_api(&self) -> product_api::ProductApiClient {
[INFO] [stdout]     |                        ^^^^^     ^^^^^^^^^^^^^^^^^^^^^^^^^^^^^ the same lifetime is hidden here
[INFO] [stdout]     |                        |
[INFO] [stdout]     |                        the lifetime is elided here
[INFO] [stdout]     |
[INFO] [stdout]     = help: the same lifetime is referred to in inconsistent ways, making the signature confusing
[INFO] [stdout] help: use `'_` for type paths
[INFO] [stdout]     |
[INFO] [stdout] 243 |     pub fn product_api(&self) -> product_api::ProductApiClient<'_> {
[INFO] [stdout]     |                                                               ++++
[INFO] [stdout] 
[INFO] [stdout] 
[INFO] [stdout] warning: hiding a lifetime that's elided elsewhere is confusing
[INFO] [stdout]    --> src/client/mod.rs:248:19
[INFO] [stdout]     |
[INFO] [stdout] 248 |     pub fn circle(&self) -> circle::CircleClient {
[INFO] [stdout]     |                   ^^^^^     ^^^^^^^^^^^^^^^^^^^^ the same lifetime is hidden here
[INFO] [stdout]     |                   |
[INFO] [stdout]     |                   the lifetime is elided here
[INFO] [stdout]     |
[INFO] [stdout]     = help: the same lifetime is referred to in inconsistent ways, making the signature confusing
[INFO] [stdout] help: use `'_` for type paths
[INFO] [stdout]     |
[INFO] [stdout] 248 |     pub fn circle(&self) -> circle::CircleClient<'_> {
[INFO] [stdout]     |                                                 ++++
[INFO] [stdout] 
[INFO] [stdout] 
[INFO] [stdout] warning: hiding a lifetime that's elided elsewhere is confusing
[INFO] [stdout]    --> src/client/mod.rs:253:19
[INFO] [stdout]     |
[INFO] [stdout] 253 |     pub fn search(&self) -> search::SearchClient {
[INFO] [stdout]     |                   ^^^^^     ^^^^^^^^^^^^^^^^^^^^ the same lifetime is hidden here
[INFO] [stdout]     |                   |
[INFO] [stdout]     |                   the lifetime is elided here
[INFO] [stdout]     |
[INFO] [stdout]     = help: the same lifetime is referred to in inconsistent ways, making the signature confusing
[INFO] [stdout] help: use `'_` for type paths
[INFO] [stdout]     |
[INFO] [stdout] 253 |     pub fn search(&self) -> search::SearchClient<'_> {
[INFO] [stdout]     |                                                 ++++
[INFO] [stdout] 
[INFO] [stdout] 
[INFO] [stdout] warning: hiding a lifetime that's elided elsewhere is confusing
[INFO] [stdout]    --> src/client/product/html.rs:285:33
[INFO] [stdout]     |
[INFO] [stdout] 285 | fn get_work_outline_table(html: &Html) -> HashMap<String, ElementRef> {
[INFO] [stdout]     |                                 ^^^^^                     ^^^^^^^^^^ the same lifetime is hidden here
[INFO] [stdout]     |                                 |
[INFO] [stdout]     |                                 the lifetime is elided here
[INFO] [stdout]     |
[INFO] [stdout]     = help: the same lifetime is referred to in inconsistent ways, making the signature confusing
[INFO] [stdout] help: use `'_` for type paths
[INFO] [stdout]     |
[INFO] [stdout] 285 | fn get_work_outline_table(html: &Html) -> HashMap<String, ElementRef<'_>> {
[INFO] [stdout]     |                                                                     ++++
[INFO] [stdout] 
[INFO] [stdout] 
[INFO] [stderr] warning: unused dependency `serde_path_to_error`
[INFO] [stderr]   --> Cargo.toml:40:15
[INFO] [stderr]    |
[INFO] [stderr] 40 | [dependencies.serde_path_to_error]
[INFO] [stderr]    |               ^^^^^^^^^^^^^^^^^^^^
[INFO] [stderr]    |
[INFO] [stderr]    = note: `cargo::unused_dependencies` is set to `warn` by default
[INFO] [stderr] help: consider removing the dependency on `serde_path_to_error`
[INFO] [stderr] warning: `dlsite-gamebox` (manifest) generated 1 warning
[INFO] [stderr]     Finished `release` profile [optimized] target(s) in 1m 27s
[INFO] running `Command { std: "docker" "inspect" "1a4d8697bf412905debf0d5785179f062d89ca99d42aae1e3ee708d5438a1733", kill_on_drop: false }`
[INFO] running `Command { std: "docker" "exec" "-e" "SOURCE_DIR=/opt/rustwide/workdir" "-e" "CARGO_HOME=/opt/rustwide/cargo-home" "-e" "RUSTUP_HOME=/opt/rustwide/rustup-home" "-e" "CARGO_TARGET_DIR=/opt/rustwide/target" "-e" "CARGO_INCREMENTAL=0" "-e" "RUST_BACKTRACE=full" "-e" "RUSTFLAGS=--cap-lints=warn" "-e" "RUSTDOCFLAGS=--cap-lints=warn" "-w" "/opt/rustwide/workdir" "--user" "0:0" "1a4d8697bf412905debf0d5785179f062d89ca99d42aae1e3ee708d5438a1733" "/opt/rustwide/cargo-home/bin/cargo" "+1.100.0-beta.1" "test" "--frozen" "--no-run" "--message-format=json" "--release", kill_on_drop: false }`
[INFO] [stderr]    Compiling tracing-core v0.1.33
[INFO] [stderr]    Compiling signal-hook-registry v1.4.2
[INFO] [stderr]    Compiling getrandom v0.3.2
[INFO] [stderr]    Compiling zerocopy v0.8.24
[INFO] [stderr]    Compiling native-tls v0.2.14
[INFO] [stderr]    Compiling object v0.36.7
[INFO] [stderr]    Compiling markup5ever v0.14.1
[INFO] [stderr]    Compiling gimli v0.31.1
[INFO] [stderr]    Compiling adler2 v2.0.0
[INFO] [stderr]    Compiling test-case-core v3.3.1
[INFO] [stderr]    Compiling selectors v0.26.0
[INFO] [stderr]    Compiling anyhow v1.0.98
[INFO] [stderr]    Compiling thread_local v1.1.8
[INFO] [stderr]    Compiling miniz_oxide v0.8.8
[INFO] [stderr]    Compiling tokio v1.44.2
[INFO] [stderr]    Compiling rand_core v0.9.3
[INFO] [stderr]    Compiling tracing v0.1.41
[INFO] [stderr]    Compiling tracing-log v0.2.0
[INFO] [stderr]    Compiling tracing-subscriber v0.3.19
[INFO] [stderr]    Compiling test-case-macros v3.3.1
[INFO] [stderr]    Compiling test-case v3.3.1
[INFO] [stderr]    Compiling html5ever v0.29.1
[INFO] [stderr]    Compiling ppv-lite86 v0.2.21
[INFO] [stderr]    Compiling rand_chacha v0.9.0
[INFO] [stderr]    Compiling rand v0.9.0
[INFO] [stderr]    Compiling scraper v0.23.1
[INFO] [stderr]    Compiling addr2line v0.24.2
[INFO] [stderr]    Compiling backtrace v0.3.74
[INFO] [stderr]    Compiling tokio-util v0.7.14
[INFO] [stderr]    Compiling tokio-native-tls v0.3.1
[INFO] [stderr]    Compiling tower v0.5.2
[INFO] [stderr]    Compiling h2 v0.4.9
[INFO] [stderr]    Compiling hyper v1.6.0
[INFO] [stderr]    Compiling hyper-util v0.1.11
[INFO] [stderr]    Compiling hyper-tls v0.6.0
[INFO] [stderr]    Compiling reqwest v0.12.15
[INFO] [stderr]    Compiling dlsite-gamebox v0.3.0 (/opt/rustwide/workdir)
[INFO] [stdout] warning: function `search_result_items` is never used
[INFO] [stdout]  --> src/client/search/selectors.rs:8:8
[INFO] [stdout]   |
[INFO] [stdout] 8 | pub fn search_result_items() -> &'static Selector {
[INFO] [stdout]   |        ^^^^^^^^^^^^^^^^^^^
[INFO] [stdout]   |
[INFO] [stdout]   = note: `#[warn(dead_code)]` (part of `#[warn(unused)]`) on by default
[INFO] [stdout] 
[INFO] [stdout] 
[INFO] [stdout] warning: hiding a lifetime that's elided elsewhere is confusing
[INFO] [stdout]    --> src/client/mod.rs:237:20
[INFO] [stdout]     |
[INFO] [stdout] 237 |     pub fn product(&self) -> product::ProductClient {
[INFO] [stdout]     |                    ^^^^^     ^^^^^^^^^^^^^^^^^^^^^^ the same lifetime is hidden here
[INFO] [stdout]     |                    |
[INFO] [stdout]     |                    the lifetime is elided here
[INFO] [stdout]     |
[INFO] [stdout]     = help: the same lifetime is referred to in inconsistent ways, making the signature confusing
[INFO] [stdout]     = note: `#[warn(mismatched_lifetime_syntaxes)]` on by default
[INFO] [stdout] help: use `'_` for type paths
[INFO] [stdout]     |
[INFO] [stdout] 237 |     pub fn product(&self) -> product::ProductClient<'_> {
[INFO] [stdout]     |                                                    ++++
[INFO] [stdout] 
[INFO] [stdout] 
[INFO] [stdout] warning: hiding a lifetime that's elided elsewhere is confusing
[INFO] [stdout]    --> src/client/mod.rs:243:24
[INFO] [stdout]     |
[INFO] [stdout] 243 |     pub fn product_api(&self) -> product_api::ProductApiClient {
[INFO] [stdout]     |                        ^^^^^     ^^^^^^^^^^^^^^^^^^^^^^^^^^^^^ the same lifetime is hidden here
[INFO] [stdout]     |                        |
[INFO] [stdout]     |                        the lifetime is elided here
[INFO] [stdout]     |
[INFO] [stdout]     = help: the same lifetime is referred to in inconsistent ways, making the signature confusing
[INFO] [stdout] help: use `'_` for type paths
[INFO] [stdout]     |
[INFO] [stdout] 243 |     pub fn product_api(&self) -> product_api::ProductApiClient<'_> {
[INFO] [stdout]     |                                                               ++++
[INFO] [stdout] 
[INFO] [stdout] 
[INFO] [stdout] warning: hiding a lifetime that's elided elsewhere is confusing
[INFO] [stdout]    --> src/client/mod.rs:248:19
[INFO] [stdout]     |
[INFO] [stdout] 248 |     pub fn circle(&self) -> circle::CircleClient {
[INFO] [stdout]     |                   ^^^^^     ^^^^^^^^^^^^^^^^^^^^ the same lifetime is hidden here
[INFO] [stdout]     |                   |
[INFO] [stdout]     |                   the lifetime is elided here
[INFO] [stdout]     |
[INFO] [stdout]     = help: the same lifetime is referred to in inconsistent ways, making the signature confusing
[INFO] [stdout] help: use `'_` for type paths
[INFO] [stdout]     |
[INFO] [stdout] 248 |     pub fn circle(&self) -> circle::CircleClient<'_> {
[INFO] [stdout]     |                                                 ++++
[INFO] [stdout] 
[INFO] [stdout] 
[INFO] [stdout] warning: hiding a lifetime that's elided elsewhere is confusing
[INFO] [stdout]    --> src/client/mod.rs:253:19
[INFO] [stdout]     |
[INFO] [stdout] 253 |     pub fn search(&self) -> search::SearchClient {
[INFO] [stdout]     |                   ^^^^^     ^^^^^^^^^^^^^^^^^^^^ the same lifetime is hidden here
[INFO] [stdout]     |                   |
[INFO] [stdout]     |                   the lifetime is elided here
[INFO] [stdout]     |
[INFO] [stdout]     = help: the same lifetime is referred to in inconsistent ways, making the signature confusing
[INFO] [stdout] help: use `'_` for type paths
[INFO] [stdout]     |
[INFO] [stdout] 253 |     pub fn search(&self) -> search::SearchClient<'_> {
[INFO] [stdout]     |                                                 ++++
[INFO] [stdout] 
[INFO] [stdout] 
[INFO] [stdout] warning: hiding a lifetime that's elided elsewhere is confusing
[INFO] [stdout]    --> src/client/product/html.rs:285:33
[INFO] [stdout]     |
[INFO] [stdout] 285 | fn get_work_outline_table(html: &Html) -> HashMap<String, ElementRef> {
[INFO] [stdout]     |                                 ^^^^^                     ^^^^^^^^^^ the same lifetime is hidden here
[INFO] [stdout]     |                                 |
[INFO] [stdout]     |                                 the lifetime is elided here
[INFO] [stdout]     |
[INFO] [stdout]     = help: the same lifetime is referred to in inconsistent ways, making the signature confusing
[INFO] [stdout] help: use `'_` for type paths
[INFO] [stdout]     |
[INFO] [stdout] 285 | fn get_work_outline_table(html: &Html) -> HashMap<String, ElementRef<'_>> {
[INFO] [stdout]     |                                                                     ++++
[INFO] [stdout] 
[INFO] [stdout] 
[INFO] [stdout] warning: function `search_result_items` is never used
[INFO] [stdout]  --> src/client/search/selectors.rs:8:8
[INFO] [stdout]   |
[INFO] [stdout] 8 | pub fn search_result_items() -> &'static Selector {
[INFO] [stdout]   |        ^^^^^^^^^^^^^^^^^^^
[INFO] [stdout]   |
[INFO] [stdout]   = note: `#[warn(dead_code)]` (part of `#[warn(unused)]`) on by default
[INFO] [stdout] 
[INFO] [stdout] 
[INFO] [stdout] warning: hiding a lifetime that's elided elsewhere is confusing
[INFO] [stdout]    --> src/client/mod.rs:237:20
[INFO] [stdout]     |
[INFO] [stdout] 237 |     pub fn product(&self) -> product::ProductClient {
[INFO] [stdout]     |                    ^^^^^     ^^^^^^^^^^^^^^^^^^^^^^ the same lifetime is hidden here
[INFO] [stdout]     |                    |
[INFO] [stdout]     |                    the lifetime is elided here
[INFO] [stdout]     |
[INFO] [stdout]     = help: the same lifetime is referred to in inconsistent ways, making the signature confusing
[INFO] [stdout]     = note: `#[warn(mismatched_lifetime_syntaxes)]` on by default
[INFO] [stdout] help: use `'_` for type paths
[INFO] [stdout]     |
[INFO] [stdout] 237 |     pub fn product(&self) -> product::ProductClient<'_> {
[INFO] [stdout]     |                                                    ++++
[INFO] [stdout] 
[INFO] [stdout] 
[INFO] [stdout] warning: hiding a lifetime that's elided elsewhere is confusing
[INFO] [stdout]    --> src/client/mod.rs:243:24
[INFO] [stdout]     |
[INFO] [stdout] 243 |     pub fn product_api(&self) -> product_api::ProductApiClient {
[INFO] [stdout]     |                        ^^^^^     ^^^^^^^^^^^^^^^^^^^^^^^^^^^^^ the same lifetime is hidden here
[INFO] [stdout]     |                        |
[INFO] [stdout]     |                        the lifetime is elided here
[INFO] [stdout]     |
[INFO] [stdout]     = help: the same lifetime is referred to in inconsistent ways, making the signature confusing
[INFO] [stdout] help: use `'_` for type paths
[INFO] [stdout]     |
[INFO] [stdout] 243 |     pub fn product_api(&self) -> product_api::ProductApiClient<'_> {
[INFO] [stdout]     |                                                               ++++
[INFO] [stdout] 
[INFO] [stdout] 
[INFO] [stdout] warning: hiding a lifetime that's elided elsewhere is confusing
[INFO] [stdout]    --> src/client/mod.rs:248:19
[INFO] [stdout]     |
[INFO] [stdout] 248 |     pub fn circle(&self) -> circle::CircleClient {
[INFO] [stdout]     |                   ^^^^^     ^^^^^^^^^^^^^^^^^^^^ the same lifetime is hidden here
[INFO] [stdout]     |                   |
[INFO] [stdout]     |                   the lifetime is elided here
[INFO] [stdout]     |
[INFO] [stdout]     = help: the same lifetime is referred to in inconsistent ways, making the signature confusing
[INFO] [stdout] help: use `'_` for type paths
[INFO] [stdout]     |
[INFO] [stdout] 248 |     pub fn circle(&self) -> circle::CircleClient<'_> {
[INFO] [stdout]     |                                                 ++++
[INFO] [stdout] 
[INFO] [stdout] 
[INFO] [stdout] warning: hiding a lifetime that's elided elsewhere is confusing
[INFO] [stdout]    --> src/client/mod.rs:253:19
[INFO] [stdout]     |
[INFO] [stdout] 253 |     pub fn search(&self) -> search::SearchClient {
[INFO] [stdout]     |                   ^^^^^     ^^^^^^^^^^^^^^^^^^^^ the same lifetime is hidden here
[INFO] [stdout]     |                   |
[INFO] [stdout]     |                   the lifetime is elided here
[INFO] [stdout]     |
[INFO] [stdout]     = help: the same lifetime is referred to in inconsistent ways, making the signature confusing
[INFO] [stdout] help: use `'_` for type paths
[INFO] [stdout]     |
[INFO] [stdout] 253 |     pub fn search(&self) -> search::SearchClient<'_> {
[INFO] [stdout]     |                                                 ++++
[INFO] [stdout] 
[INFO] [stdout] 
[INFO] [stdout] warning: hiding a lifetime that's elided elsewhere is confusing
[INFO] [stdout]    --> src/client/product/html.rs:285:33
[INFO] [stdout]     |
[INFO] [stdout] 285 | fn get_work_outline_table(html: &Html) -> HashMap<String, ElementRef> {
[INFO] [stdout]     |                                 ^^^^^                     ^^^^^^^^^^ the same lifetime is hidden here
[INFO] [stdout]     |                                 |
[INFO] [stdout]     |                                 the lifetime is elided here
[INFO] [stdout]     |
[INFO] [stdout]     = help: the same lifetime is referred to in inconsistent ways, making the signature confusing
[INFO] [stdout] help: use `'_` for type paths
[INFO] [stdout]     |
[INFO] [stdout] 285 | fn get_work_outline_table(html: &Html) -> HashMap<String, ElementRef<'_>> {
[INFO] [stdout]     |                                                                     ++++
[INFO] [stdout] 
[INFO] [stdout] 
[INFO] [stderr] warning: unused dependency `serde_path_to_error`
[INFO] [stderr]   --> Cargo.toml:40:15
[INFO] [stderr]    |
[INFO] [stderr] 40 | [dependencies.serde_path_to_error]
[INFO] [stderr]    |               ^^^^^^^^^^^^^^^^^^^^
[INFO] [stderr]    |
[INFO] [stderr]    = note: `cargo::unused_dependencies` is set to `warn` by default
[INFO] [stderr] help: consider removing the dependency on `serde_path_to_error`
[INFO] [stderr] warning: `dlsite-gamebox` (manifest) generated 1 warning
[INFO] [stderr]     Finished `release` profile [optimized] target(s) in 2m 08s
[INFO] running `Command { std: "docker" "inspect" "1a4d8697bf412905debf0d5785179f062d89ca99d42aae1e3ee708d5438a1733", kill_on_drop: false }`
[INFO] running `Command { std: "docker" "exec" "-e" "SOURCE_DIR=/opt/rustwide/workdir" "-e" "CARGO_HOME=/opt/rustwide/cargo-home" "-e" "RUSTUP_HOME=/opt/rustwide/rustup-home" "-e" "CARGO_TARGET_DIR=/opt/rustwide/target" "-e" "CARGO_INCREMENTAL=0" "-e" "RUST_BACKTRACE=full" "-e" "RUSTFLAGS=--cap-lints=warn" "-e" "RUSTDOCFLAGS=--cap-lints=warn" "-w" "/opt/rustwide/workdir" "--user" "0:0" "1a4d8697bf412905debf0d5785179f062d89ca99d42aae1e3ee708d5438a1733" "/opt/rustwide/cargo-home/bin/cargo" "+1.100.0-beta.1" "test" "--frozen" "--release", kill_on_drop: false }`
[INFO] [stderr] warning: function `search_result_items` is never used
[INFO] [stderr]  --> src/client/search/selectors.rs:8:8
[INFO] [stderr]   |
[INFO] [stderr] 8 | pub fn search_result_items() -> &'static Selector {
[INFO] [stderr]   |        ^^^^^^^^^^^^^^^^^^^
[INFO] [stderr]   |
[INFO] [stderr]   = note: `#[warn(dead_code)]` (part of `#[warn(unused)]`) on by default
[INFO] [stderr] 
[INFO] [stderr] warning: hiding a lifetime that's elided elsewhere is confusing
[INFO] [stderr]    --> src/client/mod.rs:237:20
[INFO] [stderr]     |
[INFO] [stderr] 237 |     pub fn product(&self) -> product::ProductClient {
[INFO] [stderr]     |                    ^^^^^     ^^^^^^^^^^^^^^^^^^^^^^ the same lifetime is hidden here
[INFO] [stderr]     |                    |
[INFO] [stderr]     |                    the lifetime is elided here
[INFO] [stderr]     |
[INFO] [stderr]     = help: the same lifetime is referred to in inconsistent ways, making the signature confusing
[INFO] [stderr]     = note: `#[warn(mismatched_lifetime_syntaxes)]` on by default
[INFO] [stderr] help: use `'_` for type paths
[INFO] [stderr]     |
[INFO] [stderr] 237 |     pub fn product(&self) -> product::ProductClient<'_> {
[INFO] [stderr]     |                                                    ++++
[INFO] [stderr] 
[INFO] [stderr] warning: hiding a lifetime that's elided elsewhere is confusing
[INFO] [stderr]    --> src/client/mod.rs:243:24
[INFO] [stderr]     |
[INFO] [stderr] 243 |     pub fn product_api(&self) -> product_api::ProductApiClient {
[INFO] [stderr]     |                        ^^^^^     ^^^^^^^^^^^^^^^^^^^^^^^^^^^^^ the same lifetime is hidden here
[INFO] [stderr]     |                        |
[INFO] [stderr]     |                        the lifetime is elided here
[INFO] [stderr]     |
[INFO] [stderr]     = help: the same lifetime is referred to in inconsistent ways, making the signature confusing
[INFO] [stderr] help: use `'_` for type paths
[INFO] [stderr]     |
[INFO] [stderr] 243 |     pub fn product_api(&self) -> product_api::ProductApiClient<'_> {
[INFO] [stderr]     |                                                               ++++
[INFO] [stderr] 
[INFO] [stderr] warning: hiding a lifetime that's elided elsewhere is confusing
[INFO] [stderr]    --> src/client/mod.rs:248:19
[INFO] [stderr]     |
[INFO] [stderr] 248 |     pub fn circle(&self) -> circle::CircleClient {
[INFO] [stderr]     |                   ^^^^^     ^^^^^^^^^^^^^^^^^^^^ the same lifetime is hidden here
[INFO] [stderr]     |                   |
[INFO] [stderr]     |                   the lifetime is elided here
[INFO] [stderr]     |
[INFO] [stderr]     = help: the same lifetime is referred to in inconsistent ways, making the signature confusing
[INFO] [stderr] help: use `'_` for type paths
[INFO] [stderr]     |
[INFO] [stderr] 248 |     pub fn circle(&self) -> circle::CircleClient<'_> {
[INFO] [stderr]     |                                                 ++++
[INFO] [stderr] 
[INFO] [stderr] warning: hiding a lifetime that's elided elsewhere is confusing
[INFO] [stderr]    --> src/client/mod.rs:253:19
[INFO] [stderr]     |
[INFO] [stderr] 253 |     pub fn search(&self) -> search::SearchClient {
[INFO] [stderr]     |                   ^^^^^     ^^^^^^^^^^^^^^^^^^^^ the same lifetime is hidden here
[INFO] [stderr]     |                   |
[INFO] [stderr]     |                   the lifetime is elided here
[INFO] [stderr]     |
[INFO] [stderr]     = help: the same lifetime is referred to in inconsistent ways, making the signature confusing
[INFO] [stderr] help: use `'_` for type paths
[INFO] [stderr]     |
[INFO] [stderr] 253 |     pub fn search(&self) -> search::SearchClient<'_> {
[INFO] [stderr]     |                                                 ++++
[INFO] [stderr] 
[INFO] [stderr] warning: hiding a lifetime that's elided elsewhere is confusing
[INFO] [stderr]    --> src/client/product/html.rs:285:33
[INFO] [stderr]     |
[INFO] [stderr] 285 | fn get_work_outline_table(html: &Html) -> HashMap<String, ElementRef> {
[INFO] [stderr]     |                                 ^^^^^                     ^^^^^^^^^^ the same lifetime is hidden here
[INFO] [stderr]     |                                 |
[INFO] [stderr]     |                                 the lifetime is elided here
[INFO] [stderr]     |
[INFO] [stderr]     = help: the same lifetime is referred to in inconsistent ways, making the signature confusing
[INFO] [stderr] help: use `'_` for type paths
[INFO] [stderr]     |
[INFO] [stderr] 285 | fn get_work_outline_table(html: &Html) -> HashMap<String, ElementRef<'_>> {
[INFO] [stderr]     |                                                                     ++++
[INFO] [stderr] 
[INFO] [stderr] warning: `dlsite-gamebox` (lib) generated 6 warnings (run `cargo fix --lib -p dlsite-gamebox` to apply 5 suggestions)
[INFO] [stderr] warning: `dlsite-gamebox` (lib test) generated 6 warnings (6 duplicates)
[INFO] [stderr] warning: unused dependency `serde_path_to_error`
[INFO] [stderr]   --> Cargo.toml:40:15
[INFO] [stderr]    |
[INFO] [stderr] 40 | [dependencies.serde_path_to_error]
[INFO] [stderr]    |               ^^^^^^^^^^^^^^^^^^^^
[INFO] [stderr]    |
[INFO] [stderr]    = note: `cargo::unused_dependencies` is set to `warn` by default
[INFO] [stderr] help: consider removing the dependency on `serde_path_to_error`
[INFO] [stderr] warning: `dlsite-gamebox` (manifest) generated 1 warning
[INFO] [stderr]     Finished `release` profile [optimized] target(s) in 0.28s
[INFO] [stderr]      Running unittests src/lib.rs (/opt/rustwide/target/release/build/dlsite-gamebox/8f43e98f029df402/out/dlsite_gamebox-8f43e98f029df402)
[INFO] [stdout] 
[INFO] [stdout] running 27 tests
[INFO] [stdout] test client::circle::query::tests::circle_param_1 ... ok
[INFO] [stdout] test client::circle::query::tests::circle_param_2 ... ok
[INFO] [stdout] test client::circle::query::tests::circle_param ... ok
[INFO] [stdout] test cache::tests::test_cache_insert_and_get ... ok
[INFO] [stdout] test cache::tests::test_cache_clear ... ok
[INFO] [stdout] test cache::tests::test_cache_lru_eviction ... ok
[INFO] [stdout] test client::product_api::test::get_product_api_env ... ok
[INFO] [stdout] test client::search::query::tests::product_search_param_1 ... ok
[INFO] [stdout] test client::search::query::tests::product_search_param_default ... ok
[INFO] [stdout] test retry::tests::test_calculate_delay ... ok
[INFO] [stdout] test retry::tests::test_calculate_delay_max_cap ... ok
[INFO] [stdout] test retry::tests::test_is_retryable ... ok
[INFO] [stdout] test retry::tests::test_retry_config_default ... ok
[INFO] [stdout] test client::product_api::test::get_product_api_rand::rj ... FAILED
[INFO] [stdout] test client::product::test::get_product_1_content ... FAILED
[INFO] [stdout] test client::product::test::get_product_success::soft ... FAILED
[INFO] [stdout] test client::product::test::get_product_success::otome ... FAILED
[INFO] [stdout] test client::product::test::get_product_2 ... FAILED
[INFO] [stdout] test client::product_api::test::get_product_api_2 ... FAILED
[INFO] [stdout] test client::product_api::test::get_product_api_success::soft ... FAILED
[INFO] [stdout] test client::circle::tests::get_circle_1 ... FAILED
[INFO] [stdout] test client::product_api::test::get_product_api_success::normal ... FAILED
[INFO] [stdout] test client::search::tests::search_product_2 ... FAILED
[INFO] [stdout] test client::search::tests::search_product_1 ... FAILED
[INFO] [stdout] test client::product_api::test::get_product_api_1_content ... FAILED
[INFO] [stdout] test client::product_api::test::get_product_api_success::otome ... FAILED
[INFO] [stdout] test cache::tests::test_cache_expiration ... ok
[INFO] [stdout] 
[INFO] [stdout] failures:
[INFO] [stdout] 
[INFO] [stdout] ---- client::product_api::test::get_product_api_rand::rj stdout ----
[INFO] [stdout] 
[INFO] [stdout] thread 'client::product_api::test::get_product_api_rand::rj' (3239) panicked at src/client/product_api/test.rs:94:14:
[INFO] [stdout] called `Result::unwrap()` on an `Err` value: Reqwest(reqwest::Error { kind: Request, url: "https://www.dlsite.com/maniax/api/=/product.json?workno=RJ493364", source: hyper_util::client::legacy::Error(Connect, ConnectError("dns error", Custom { kind: Uncategorized, error: "failed to lookup address information: Temporary failure in name resolution" })) })
[INFO] [stdout] stack backtrace:
[INFO] [stdout]    0:     0x5a8e9d4d9a11 - <<std[617be2ca0a6fd877]::sys::backtrace::BacktraceLock>::print::DisplayBacktrace as core[a373ad73a504971]::fmt::Display>::fmt
[INFO] [stdout]    1:     0x5a8e9d4f1f6a - core[a373ad73a504971]::fmt::write
[INFO] [stdout]    2:     0x5a8e9d4de7fc - <alloc[2e1b2a31b91974c5]::vec::Vec<u8> as core[a373ad73a504971]::io::write::Write>::write_fmt
[INFO] [stdout]    3:     0x5a8e9d4b4606 - std[617be2ca0a6fd877]::panicking::default_hook::{closure#0}
[INFO] [stdout]    4:     0x5a8e9d4d1a09 - std[617be2ca0a6fd877]::panicking::default_hook
[INFO] [stdout]    5:     0x5a8e9d3b3270 - test[aada8e7e76ba119b]::test_main_inner::{closure#0}
[INFO] [stdout]    6:     0x5a8e9d4d1d32 - std[617be2ca0a6fd877]::panicking::panic_with_hook
[INFO] [stdout]    7:     0x5a8e9d4b46b2 - std[617be2ca0a6fd877]::panicking::panic_handler::{closure#0}
[INFO] [stdout]    8:     0x5a8e9d4acd59 - std[617be2ca0a6fd877]::sys::backtrace::__rust_end_short_backtrace::<std[617be2ca0a6fd877]::panicking::panic_handler::{closure#0}, !>
[INFO] [stdout]    9:     0x5a8e9d4b55bd - __rustc[ea4f61d10b84890b]::rust_begin_unwind
[INFO] [stdout]   10:     0x5a8e9d4f274c - core[a373ad73a504971]::panicking::panic_fmt
[INFO] [stdout]   11:     0x5a8e9d4f2522 - core[a373ad73a504971]::result::unwrap_failed
[INFO] [stdout]   12:     0x5a8e9d164cc7 - dlsite_gamebox[d34bbea8d0ee01f9]::client::product_api::test::get_product_api_rand::rj::{closure#0}
[INFO] [stdout]   13:     0x5a8e9d1b11c3 - <tokio[fc95745ac4ccc578]::runtime::scheduler::current_thread::Context>::enter::<core[a373ad73a504971]::task::poll::Poll<()>, <tokio[fc95745ac4ccc578]::runtime::scheduler::current_thread::CoreGuard>::block_on<core[a373ad73a504971]::pin::Pin<&mut core[a373ad73a504971]::pin::Pin<&mut dyn core[a373ad73a504971]::future::future::Future<Output = ()>>>>::{closure#0}::{closure#0}>
[INFO] [stdout]   14:     0x5a8e9d13d6f2 - <tokio[fc95745ac4ccc578]::runtime::context::scoped::Scoped<tokio[fc95745ac4ccc578]::runtime::scheduler::Context>>::set::<<tokio[fc95745ac4ccc578]::runtime::scheduler::current_thread::CoreGuard>::enter<<tokio[fc95745ac4ccc578]::runtime::scheduler::current_thread::CoreGuard>::block_on<core[a373ad73a504971]::pin::Pin<&mut core[a373ad73a504971]::pin::Pin<&mut dyn core[a373ad73a504971]::future::future::Future<Output = ()>>>>::{closure#0}, core[a373ad73a504971]::option::Option<()>>::{closure#0}, (alloc[2e1b2a31b91974c5]::boxed::Box<tokio[fc95745ac4ccc578]::runtime::scheduler::current_thread::Core>, core[a373ad73a504971]::option::Option<()>)>
[INFO] [stdout]   15:     0x5a8e9d1b0cf4 - <tokio[fc95745ac4ccc578]::runtime::runtime::Runtime>::block_on::<core[a373ad73a504971]::pin::Pin<&mut dyn core[a373ad73a504971]::future::future::Future<Output = ()>>>
[INFO] [stdout]   16:     0x5a8e9d16787e - <dlsite_gamebox[d34bbea8d0ee01f9]::client::product_api::test::get_product_api_rand::rj::{closure#0} as core[a373ad73a504971]::ops::function::FnOnce<()>>::call_once
[INFO] [stdout]   17:     0x5a8e9d3a66bb - test[aada8e7e76ba119b]::__rust_begin_short_backtrace::<core[a373ad73a504971]::result::Result<(), alloc[2e1b2a31b91974c5]::string::String>, fn() -> core[a373ad73a504971]::result::Result<(), alloc[2e1b2a31b91974c5]::string::String>>
[INFO] [stdout]   18:     0x5a8e9d3b3895 - test[aada8e7e76ba119b]::run_test::{closure#0}
[INFO] [stdout]   19:     0x5a8e9d3ad184 - std[617be2ca0a6fd877]::sys::backtrace::__rust_begin_short_backtrace::<test[aada8e7e76ba119b]::run_test::{closure#1}, ()>
[INFO] [stdout]   20:     0x5a8e9d3b6922 - <std[617be2ca0a6fd877]::thread::lifecycle::spawn_unchecked<test[aada8e7e76ba119b]::run_test::{closure#1}, ()>::{closure#1} as core[a373ad73a504971]::ops::function::FnOnce<()>>::call_once::{shim:vtable#0}
[INFO] [stdout]   21:     0x5a8e9d4d8ebf - <std[617be2ca0a6fd877]::sys::thread::unix::Thread>::new::thread_start
[INFO] [stdout]   22:     0x7ae20e550dfa - <unknown>
[INFO] [stdout]   23:     0x7ae20e5e43d4 - clone
[INFO] [stdout]   24:                0x0 - <unknown>
[INFO] [stdout] 
[INFO] [stdout] ---- client::product::test::get_product_1_content stdout ----
[INFO] [stdout] 
[INFO] [stdout] thread 'client::product::test::get_product_1_content' (3232) panicked at src/client/product/test.rs:14:58:
[INFO] [stdout] called `Result::unwrap()` on an `Err` value: Reqwest(reqwest::Error { kind: Request, url: "https://www.dlsite.com/maniax/work/=/product_id/RJ403038", source: hyper_util::client::legacy::Error(Connect, ConnectError("dns error", Custom { kind: Uncategorized, error: "failed to lookup address information: Temporary failure in name resolution" })) })
[INFO] [stdout] stack backtrace:
[INFO] [stdout]    0:     0x5a8e9d4d9a11 - <<std[617be2ca0a6fd877]::sys::backtrace::BacktraceLock>::print::DisplayBacktrace as core[a373ad73a504971]::fmt::Display>::fmt
[INFO] [stdout]    1:     0x5a8e9d4f1f6a - core[a373ad73a504971]::fmt::write
[INFO] [stdout]    2:     0x5a8e9d4de7fc - <alloc[2e1b2a31b91974c5]::vec::Vec<u8> as core[a373ad73a504971]::io::write::Write>::write_fmt
[INFO] [stdout]    3:     0x5a8e9d4b4606 - std[617be2ca0a6fd877]::panicking::default_hook::{closure#0}
[INFO] [stdout]    4:     0x5a8e9d4d1a09 - std[617be2ca0a6fd877]::panicking::default_hook
[INFO] [stdout]    5:     0x5a8e9d3b3270 - test[aada8e7e76ba119b]::test_main_inner::{closure#0}
[INFO] [stdout]    6:     0x5a8e9d4d1d32 - std[617be2ca0a6fd877]::panicking::panic_with_hook
[INFO] [stdout]    7:     0x5a8e9d4b46b2 - std[617be2ca0a6fd877]::panicking::panic_handler::{closure#0}
[INFO] [stdout]    8:     0x5a8e9d4acd59 - std[617be2ca0a6fd877]::sys::backtrace::__rust_end_short_backtrace::<std[617be2ca0a6fd877]::panicking::panic_handler::{closure#0}, !>
[INFO] [stdout]    9:     0x5a8e9d4b55bd - __rustc[ea4f61d10b84890b]::rust_begin_unwind
[INFO] [stdout]   10:     0x5a8e9d4f274c - core[a373ad73a504971]::panicking::panic_fmt
[INFO] [stdout]   11:     0x5a8e9d4f2522 - core[a373ad73a504971]::result::unwrap_failed
[INFO] [stdout]   12:     0x5a8e9d1818ec - dlsite_gamebox[d34bbea8d0ee01f9]::client::product::test::get_product_1_content::{closure#0}
[INFO] [stdout]   13:     0x5a8e9d1b11c3 - <tokio[fc95745ac4ccc578]::runtime::scheduler::current_thread::Context>::enter::<core[a373ad73a504971]::task::poll::Poll<()>, <tokio[fc95745ac4ccc578]::runtime::scheduler::current_thread::CoreGuard>::block_on<core[a373ad73a504971]::pin::Pin<&mut core[a373ad73a504971]::pin::Pin<&mut dyn core[a373ad73a504971]::future::future::Future<Output = ()>>>>::{closure#0}::{closure#0}>
[INFO] [stdout]   14:     0x5a8e9d13d6f2 - <tokio[fc95745ac4ccc578]::runtime::context::scoped::Scoped<tokio[fc95745ac4ccc578]::runtime::scheduler::Context>>::set::<<tokio[fc95745ac4ccc578]::runtime::scheduler::current_thread::CoreGuard>::enter<<tokio[fc95745ac4ccc578]::runtime::scheduler::current_thread::CoreGuard>::block_on<core[a373ad73a504971]::pin::Pin<&mut core[a373ad73a504971]::pin::Pin<&mut dyn core[a373ad73a504971]::future::future::Future<Output = ()>>>>::{closure#0}, core[a373ad73a504971]::option::Option<()>>::{closure#0}, (alloc[2e1b2a31b91974c5]::boxed::Box<tokio[fc95745ac4ccc578]::runtime::scheduler::current_thread::Core>, core[a373ad73a504971]::option::Option<()>)>
[INFO] [stdout]   15:     0x5a8e9d1b0cf4 - <tokio[fc95745ac4ccc578]::runtime::runtime::Runtime>::block_on::<core[a373ad73a504971]::pin::Pin<&mut dyn core[a373ad73a504971]::future::future::Future<Output = ()>>>
[INFO] [stdout]   16:     0x5a8e9d18577d - <dlsite_gamebox[d34bbea8d0ee01f9]::client::product::test::get_product_1_content::{closure#0} as core[a373ad73a504971]::ops::function::FnOnce<()>>::call_once
[INFO] [stdout]   17:     0x5a8e9d3a66bb - test[aada8e7e76ba119b]::__rust_begin_short_backtrace::<core[a373ad73a504971]::result::Result<(), alloc[2e1b2a31b91974c5]::string::String>, fn() -> core[a373ad73a504971]::result::Result<(), alloc[2e1b2a31b91974c5]::string::String>>
[INFO] [stdout]   18:     0x5a8e9d3b3895 - test[aada8e7e76ba119b]::run_test::{closure#0}
[INFO] [stdout]   19:     0x5a8e9d3ad184 - std[617be2ca0a6fd877]::sys::backtrace::__rust_begin_short_backtrace::<test[aada8e7e76ba119b]::run_test::{closure#1}, ()>
[INFO] [stdout]   20:     0x5a8e9d3b6922 - <std[617be2ca0a6fd877]::thread::lifecycle::spawn_unchecked<test[aada8e7e76ba119b]::run_test::{closure#1}, ()>::{closure#1} as core[a373ad73a504971]::ops::function::FnOnce<()>>::call_once::{shim:vtable#0}
[INFO] [stdout]   21:     0x5a8e9d4d8ebf - <std[617be2ca0a6fd877]::sys::thread::unix::Thread>::new::thread_start
[INFO] [stdout]   22:     0x7ae20e550dfa - <unknown>
[INFO] [stdout]   23:     0x7ae20e5e43d4 - clone
[INFO] [stdout]   24:                0x0 - <unknown>
[INFO] [stdout] 
[INFO] [stdout] ---- client::product::test::get_product_success::soft stdout ----
[INFO] [stdout] 
[INFO] [stdout] thread 'client::product::test::get_product_success::soft' (3235) panicked at src/client/product/test.rs:81:40:
[INFO] [stdout] called `Result::unwrap()` on an `Err` value: Reqwest(reqwest::Error { kind: Request, url: "https://www.dlsite.com/maniax/work/=/product_id/VJ01000513", source: hyper_util::client::legacy::Error(Connect, ConnectError("dns error", Custom { kind: Uncategorized, error: "failed to lookup address information: Temporary failure in name resolution" })) })
[INFO] [stdout] stack backtrace:
[INFO] [stdout]    0:     0x5a8e9d4d9a11 - <<std[617be2ca0a6fd877]::sys::backtrace::BacktraceLock>::print::DisplayBacktrace as core[a373ad73a504971]::fmt::Display>::fmt
[INFO] [stdout]    1:     0x5a8e9d4f1f6a - core[a373ad73a504971]::fmt::write
[INFO] [stdout]    2:     0x5a8e9d4de7fc - <alloc[2e1b2a31b91974c5]::vec::Vec<u8> as core[a373ad73a504971]::io::write::Write>::write_fmt
[INFO] [stdout]    3:     0x5a8e9d4b4606 - std[617be2ca0a6fd877]::panicking::default_hook::{closure#0}
[INFO] [stdout]    4:     0x5a8e9d4d1a09 - std[617be2ca0a6fd877]::panicking::default_hook
[INFO] [stdout]    5:     0x5a8e9d3b3270 - test[aada8e7e76ba119b]::test_main_inner::{closure#0}
[INFO] [stdout]    6:     0x5a8e9d4d1d32 - std[617be2ca0a6fd877]::panicking::panic_with_hook
[INFO] [stdout]    7:     0x5a8e9d4b46b2 - std[617be2ca0a6fd877]::panicking::panic_handler::{closure#0}
[INFO] [stdout]    8:     0x5a8e9d4acd59 - std[617be2ca0a6fd877]::sys::backtrace::__rust_end_short_backtrace::<std[617be2ca0a6fd877]::panicking::panic_handler::{closure#0}, !>
[INFO] [stdout]    9:     0x5a8e9d4b55bd - __rustc[ea4f61d10b84890b]::rust_begin_unwind
[INFO] [stdout]   10:     0x5a8e9d4f274c - core[a373ad73a504971]::panicking::panic_fmt
[INFO] [stdout]   11:     0x5a8e9d4f2522 - core[a373ad73a504971]::result::unwrap_failed
[INFO] [stdout]   12:     0x5a8e9d1bd4f2 - dlsite_gamebox[d34bbea8d0ee01f9]::client::product::test::get_product_success::{closure#0}
[INFO] [stdout]   13:     0x5a8e9d1be26f - dlsite_gamebox[d34bbea8d0ee01f9]::client::product::test::get_product_success::soft::{closure#0}
[INFO] [stdout]   14:     0x5a8e9d1b11c3 - <tokio[fc95745ac4ccc578]::runtime::scheduler::current_thread::Context>::enter::<core[a373ad73a504971]::task::poll::Poll<()>, <tokio[fc95745ac4ccc578]::runtime::scheduler::current_thread::CoreGuard>::block_on<core[a373ad73a504971]::pin::Pin<&mut core[a373ad73a504971]::pin::Pin<&mut dyn core[a373ad73a504971]::future::future::Future<Output = ()>>>>::{closure#0}::{closure#0}>
[INFO] [stdout]   15:     0x5a8e9d13d6f2 - <tokio[fc95745ac4ccc578]::runtime::context::scoped::Scoped<tokio[fc95745ac4ccc578]::runtime::scheduler::Context>>::set::<<tokio[fc95745ac4ccc578]::runtime::scheduler::current_thread::CoreGuard>::enter<<tokio[fc95745ac4ccc578]::runtime::scheduler::current_thread::CoreGuard>::block_on<core[a373ad73a504971]::pin::Pin<&mut core[a373ad73a504971]::pin::Pin<&mut dyn core[a373ad73a504971]::future::future::Future<Output = ()>>>>::{closure#0}, core[a373ad73a504971]::option::Option<()>>::{closure#0}, (alloc[2e1b2a31b91974c5]::boxed::Box<tokio[fc95745ac4ccc578]::runtime::scheduler::current_thread::Core>, core[a373ad73a504971]::option::Option<()>)>
[INFO] [stdout]   16:     0x5a8e9d1b0cf4 - <tokio[fc95745ac4ccc578]::runtime::runtime::Runtime>::block_on::<core[a373ad73a504971]::pin::Pin<&mut dyn core[a373ad73a504971]::future::future::Future<Output = ()>>>
[INFO] [stdout]   17:     0x5a8e9d1bf09d - <dlsite_gamebox[d34bbea8d0ee01f9]::client::product::test::get_product_success::soft::{closure#0} as core[a373ad73a504971]::ops::function::FnOnce<()>>::call_once
[INFO] [stdout]   18:     0x5a8e9d3a66bb - test[aada8e7e76ba119b]::__rust_begin_short_backtrace::<core[a373ad73a504971]::result::Result<(), alloc[2e1b2a31b91974c5]::string::String>, fn() -> core[a373ad73a504971]::result::Result<(), alloc[2e1b2a31b91974c5]::string::String>>
[INFO] [stdout]   19:     0x5a8e9d3b3895 - test[aada8e7e76ba119b]::run_test::{closure#0}
[INFO] [stdout]   20:     0x5a8e9d3ad184 - std[617be2ca0a6fd877]::sys::backtrace::__rust_begin_short_backtrace::<test[aada8e7e76ba119b]::run_test::{closure#1}, ()>
[INFO] [stdout]   21:     0x5a8e9d3b6922 - <std[617be2ca0a6fd877]::thread::lifecycle::spawn_unchecked<test[aada8e7e76ba119b]::run_test::{closure#1}, ()>::{closure#1} as core[a373ad73a504971]::ops::function::FnOnce<()>>::call_once::{shim:vtable#0}
[INFO] [stdout]   22:     0x5a8e9d4d8ebf - <std[617be2ca0a6fd877]::sys::thread::unix::Thread>::new::thread_start
[INFO] [stdout]   23:     0x7ae20e550dfa - <unknown>
[INFO] [stdout]   24:     0x7ae20e5e43d4 - clone
[INFO] [stdout]   25:                0x0 - <unknown>
[INFO] [stdout] 
[INFO] [stdout] ---- client::product::test::get_product_success::otome stdout ----
[INFO] [stdout] 
[INFO] [stdout] thread 'client::product::test::get_product_success::otome' (3234) panicked at src/client/product/test.rs:81:40:
[INFO] [stdout] called `Result::unwrap()` on an `Err` value: Reqwest(reqwest::Error { kind: Request, url: "https://www.dlsite.com/maniax/work/=/product_id/RJ01084246", source: hyper_util::client::legacy::Error(Connect, ConnectError("dns error", Custom { kind: Uncategorized, error: "failed to lookup address information: Temporary failure in name resolution" })) })
[INFO] [stdout] stack backtrace:
[INFO] [stdout]    0:     0x5a8e9d4d9a11 - <<std[617be2ca0a6fd877]::sys::backtrace::BacktraceLock>::print::DisplayBacktrace as core[a373ad73a504971]::fmt::Display>::fmt
[INFO] [stdout]    1:     0x5a8e9d4f1f6a - core[a373ad73a504971]::fmt::write
[INFO] [stdout]    2:     0x5a8e9d4de7fc - <alloc[2e1b2a31b91974c5]::vec::Vec<u8> as core[a373ad73a504971]::io::write::Write>::write_fmt
[INFO] [stdout]    3:     0x5a8e9d4b4606 - std[617be2ca0a6fd877]::panicking::default_hook::{closure#0}
[INFO] [stdout]    4:     0x5a8e9d4d1a09 - std[617be2ca0a6fd877]::panicking::default_hook
[INFO] [stdout]    5:     0x5a8e9d3b3270 - test[aada8e7e76ba119b]::test_main_inner::{closure#0}
[INFO] [stdout]    6:     0x5a8e9d4d1d32 - std[617be2ca0a6fd877]::panicking::panic_with_hook
[INFO] [stdout]    7:     0x5a8e9d4b46b2 - std[617be2ca0a6fd877]::panicking::panic_handler::{closure#0}
[INFO] [stdout]    8:     0x5a8e9d4acd59 - std[617be2ca0a6fd877]::sys::backtrace::__rust_end_short_backtrace::<std[617be2ca0a6fd877]::panicking::panic_handler::{closure#0}, !>
[INFO] [stdout]    9:     0x5a8e9d4b55bd - __rustc[ea4f61d10b84890b]::rust_begin_unwind
[INFO] [stdout]   10:     0x5a8e9d4f274c - core[a373ad73a504971]::panicking::panic_fmt
[INFO] [stdout]   11:     0x5a8e9d4f2522 - core[a373ad73a504971]::result::unwrap_failed
[INFO] [stdout]   12:     0x5a8e9d1bd4f2 - dlsite_gamebox[d34bbea8d0ee01f9]::client::product::test::get_product_success::{closure#0}
[INFO] [stdout]   13:     0x5a8e9d1be31f - dlsite_gamebox[d34bbea8d0ee01f9]::client::product::test::get_product_success::otome::{closure#0}
[INFO] [stdout]   14:     0x5a8e9d1b11c3 - <tokio[fc95745ac4ccc578]::runtime::scheduler::current_thread::Context>::enter::<core[a373ad73a504971]::task::poll::Poll<()>, <tokio[fc95745ac4ccc578]::runtime::scheduler::current_thread::CoreGuard>::block_on<core[a373ad73a504971]::pin::Pin<&mut core[a373ad73a504971]::pin::Pin<&mut dyn core[a373ad73a504971]::future::future::Future<Output = ()>>>>::{closure#0}::{closure#0}>
[INFO] [stdout]   15:     0x5a8e9d13d6f2 - <tokio[fc95745ac4ccc578]::runtime::context::scoped::Scoped<tokio[fc95745ac4ccc578]::runtime::scheduler::Context>>::set::<<tokio[fc95745ac4ccc578]::runtime::scheduler::current_thread::CoreGuard>::enter<<tokio[fc95745ac4ccc578]::runtime::scheduler::current_thread::CoreGuard>::block_on<core[a373ad73a504971]::pin::Pin<&mut core[a373ad73a504971]::pin::Pin<&mut dyn core[a373ad73a504971]::future::future::Future<Output = ()>>>>::{closure#0}, core[a373ad73a504971]::option::Option<()>>::{closure#0}, (alloc[2e1b2a31b91974c5]::boxed::Box<tokio[fc95745ac4ccc578]::runtime::scheduler::current_thread::Core>, core[a373ad73a504971]::option::Option<()>)>
[INFO] [stdout]   16:     0x5a8e9d1b0cf4 - <tokio[fc95745ac4ccc578]::runtime::runtime::Runtime>::block_on::<core[a373ad73a504971]::pin::Pin<&mut dyn core[a373ad73a504971]::future::future::Future<Output = ()>>>
[INFO] [stdout]   17:     0x5a8e9d1bf21d - <dlsite_gamebox[d34bbea8d0ee01f9]::client::product::test::get_product_success::otome::{closure#0} as core[a373ad73a504971]::ops::function::FnOnce<()>>::call_once
[INFO] [stdout]   18:     0x5a8e9d3a66bb - test[aada8e7e76ba119b]::__rust_begin_short_backtrace::<core[a373ad73a504971]::result::Result<(), alloc[2e1b2a31b91974c5]::string::String>, fn() -> core[a373ad73a504971]::result::Result<(), alloc[2e1b2a31b91974c5]::string::String>>
[INFO] [stdout]   19:     0x5a8e9d3b3895 - test[aada8e7e76ba119b]::run_test::{closure#0}
[INFO] [stdout]   20:     0x5a8e9d3ad184 - std[617be2ca0a6fd877]::sys::backtrace::__rust_begin_short_backtrace::<test[aada8e7e76ba119b]::run_test::{closure#1}, ()>
[INFO] [stdout]   21:     0x5a8e9d3b6922 - <std[617be2ca0a6fd877]::thread::lifecycle::spawn_unchecked<test[aada8e7e76ba119b]::run_test::{closure#1}, ()>::{closure#1} as core[a373ad73a504971]::ops::function::FnOnce<()>>::call_once::{shim:vtable#0}
[INFO] [stdout]   22:     0x5a8e9d4d8ebf - <std[617be2ca0a6fd877]::sys::thread::unix::Thread>::new::thread_start
[INFO] [stdout]   23:     0x7ae20e550dfa - <unknown>
[INFO] [stdout]   24:     0x7ae20e5e43d4 - clone
[INFO] [stdout]   25:                0x0 - <unknown>
[INFO] [stdout] 
[INFO] [stdout] ---- client::product::test::get_product_2 stdout ----
[INFO] [stdout] 
[INFO] [stdout] thread 'client::product::test::get_product_2' (3233) panicked at src/client/product/test.rs:47:19:
[INFO] [stdout] called `Result::unwrap()` on an `Err` value: Failed to get product info
[INFO] [stdout] 
[INFO] [stdout] Caused by:
[INFO] [stdout]     0: error sending request for url (https://www.dlsite.com/maniax/work/=/product_id/RJ01017217)
[INFO] [stdout]     1: client error (Connect)
[INFO] [stdout]     2: dns error: failed to lookup address information: Temporary failure in name resolution
[INFO] [stdout]     3: failed to lookup address information: Temporary failure in name resolution
[INFO] [stdout] 
[INFO] [stdout] Stack backtrace:
[INFO] [stdout]    0: <dlsite_gamebox::error::DlsiteError as anyhow::context::ext::StdError>::ext_context::<&str>
[INFO] [stdout]    1: dlsite_gamebox::client::product::test::get_product_2::{closure#0}
[INFO] [stdout]    2: <tokio::runtime::scheduler::current_thread::Context>::enter::<core::task::poll::Poll<()>, <tokio::runtime::scheduler::current_thread::CoreGuard>::block_on<core::pin::Pin<&mut core::pin::Pin<&mut dyn core::future::future::Future<Output = ()>>>>::{closure#0}::{closure#0}>
[INFO] [stdout]    3: <tokio::runtime::context::scoped::Scoped<tokio::runtime::scheduler::Context>>::set::<<tokio::runtime::scheduler::current_thread::CoreGuard>::enter<<tokio::runtime::scheduler::current_thread::CoreGuard>::block_on<core::pin::Pin<&mut core::pin::Pin<&mut dyn core::future::future::Future<Output = ()>>>>::{closure#0}, core::option::Option<()>>::{closure#0}, (alloc::boxed::Box<tokio::runtime::scheduler::current_thread::Core>, core::option::Option<()>)>
[INFO] [stdout]    4: <tokio::runtime::runtime::Runtime>::block_on::<core::pin::Pin<&mut dyn core::future::future::Future<Output = ()>>>
[INFO] [stdout]    5: <dlsite_gamebox::client::product::test::get_product_2::{closure#0} as core::ops::function::FnOnce<()>>::call_once
[INFO] [stdout]    6: test::__rust_begin_short_backtrace::<core::result::Result<(), alloc::string::String>, fn() -> core::result::Result<(), alloc::string::String>>
[INFO] [stdout]    7: test::run_test::{closure#0}
[INFO] [stdout]    8: std::sys::backtrace::__rust_begin_short_backtrace::<test::run_test::{closure#1}, ()>
[INFO] [stdout]    9: <std::thread::lifecycle::spawn_unchecked<test::run_test::{closure#1}, ()>::{closure#1} as core::ops::function::FnOnce<()>>::call_once::{shim:vtable#0}
[INFO] [stdout]   10: <std::sys::thread::unix::Thread>::new::thread_start
[INFO] [stdout]   11: <unknown>
[INFO] [stdout]   12: clone
[INFO] [stdout] stack backtrace:
[INFO] [stdout]    0:     0x5a8e9d4d9a11 - <<std[617be2ca0a6fd877]::sys::backtrace::BacktraceLock>::print::DisplayBacktrace as core[a373ad73a504971]::fmt::Display>::fmt
[INFO] [stdout]    1:     0x5a8e9d4f1f6a - core[a373ad73a504971]::fmt::write
[INFO] [stdout]    2:     0x5a8e9d4de7fc - <alloc[2e1b2a31b91974c5]::vec::Vec<u8> as core[a373ad73a504971]::io::write::Write>::write_fmt
[INFO] [stdout]    3:     0x5a8e9d4b4606 - std[617be2ca0a6fd877]::panicking::default_hook::{closure#0}
[INFO] [stdout]    4:     0x5a8e9d4d1a09 - std[617be2ca0a6fd877]::panicking::default_hook
[INFO] [stdout]    5:     0x5a8e9d3b3270 - test[aada8e7e76ba119b]::test_main_inner::{closure#0}
[INFO] [stdout]    6:     0x5a8e9d4d1d32 - std[617be2ca0a6fd877]::panicking::panic_with_hook
[INFO] [stdout]    7:     0x5a8e9d4b46b2 - std[617be2ca0a6fd877]::panicking::panic_handler::{closure#0}
[INFO] [stdout]    8:     0x5a8e9d4acd59 - std[617be2ca0a6fd877]::sys::backtrace::__rust_end_short_backtrace::<std[617be2ca0a6fd877]::panicking::panic_handler::{closure#0}, !>
[INFO] [stdout]    9:     0x5a8e9d4b55bd - __rustc[ea4f61d10b84890b]::rust_begin_unwind
[INFO] [stdout]   10:     0x5a8e9d4f274c - core[a373ad73a504971]::panicking::panic_fmt
[INFO] [stdout]   11:     0x5a8e9d4f2522 - core[a373ad73a504971]::result::unwrap_failed
[INFO] [stdout]   12:     0x5a8e9d1810ef - dlsite_gamebox[d34bbea8d0ee01f9]::client::product::test::get_product_2::{closure#0}
[INFO] [stdout]   13:     0x5a8e9d1b11c3 - <tokio[fc95745ac4ccc578]::runtime::scheduler::current_thread::Context>::enter::<core[a373ad73a504971]::task::poll::Poll<()>, <tokio[fc95745ac4ccc578]::runtime::scheduler::current_thread::CoreGuard>::block_on<core[a373ad73a504971]::pin::Pin<&mut core[a373ad73a504971]::pin::Pin<&mut dyn core[a373ad73a504971]::future::future::Future<Output = ()>>>>::{closure#0}::{closure#0}>
[INFO] [stdout]   14:     0x5a8e9d13d6f2 - <tokio[fc95745ac4ccc578]::runtime::context::scoped::Scoped<tokio[fc95745ac4ccc578]::runtime::scheduler::Context>>::set::<<tokio[fc95745ac4ccc578]::runtime::scheduler::current_thread::CoreGuard>::enter<<tokio[fc95745ac4ccc578]::runtime::scheduler::current_thread::CoreGuard>::block_on<core[a373ad73a504971]::pin::Pin<&mut core[a373ad73a504971]::pin::Pin<&mut dyn core[a373ad73a504971]::future::future::Future<Output = ()>>>>::{closure#0}, core[a373ad73a504971]::option::Option<()>>::{closure#0}, (alloc[2e1b2a31b91974c5]::boxed::Box<tokio[fc95745ac4ccc578]::runtime::scheduler::current_thread::Core>, core[a373ad73a504971]::option::Option<()>)>
[INFO] [stdout]   15:     0x5a8e9d1b0cf4 - <tokio[fc95745ac4ccc578]::runtime::runtime::Runtime>::block_on::<core[a373ad73a504971]::pin::Pin<&mut dyn core[a373ad73a504971]::future::future::Future<Output = ()>>>
[INFO] [stdout]   16:     0x5a8e9d18561d - <dlsite_gamebox[d34bbea8d0ee01f9]::client::product::test::get_product_2::{closure#0} as core[a373ad73a504971]::ops::function::FnOnce<()>>::call_once
[INFO] [stdout]   17:     0x5a8e9d3a66bb - test[aada8e7e76ba119b]::__rust_begin_short_backtrace::<core[a373ad73a504971]::result::Result<(), alloc[2e1b2a31b91974c5]::string::String>, fn() -> core[a373ad73a504971]::result::Result<(), alloc[2e1b2a31b91974c5]::string::String>>
[INFO] [stdout]   18:     0x5a8e9d3b3895 - test[aada8e7e76ba119b]::run_test::{closure#0}
[INFO] [stdout]   19:     0x5a8e9d3ad184 - std[617be2ca0a6fd877]::sys::backtrace::__rust_begin_short_backtrace::<test[aada8e7e76ba119b]::run_test::{closure#1}, ()>
[INFO] [stdout]   20:     0x5a8e9d3b6922 - <std[617be2ca0a6fd877]::thread::lifecycle::spawn_unchecked<test[aada8e7e76ba119b]::run_test::{closure#1}, ()>::{closure#1} as core[a373ad73a504971]::ops::function::FnOnce<()>>::call_once::{shim:vtable#0}
[INFO] [stdout]   21:     0x5a8e9d4d8ebf - <std[617be2ca0a6fd877]::sys::thread::unix::Thread>::new::thread_start
[INFO] [stdout]   22:     0x7ae20e550dfa - <unknown>
[INFO] [stdout]   23:     0x7ae20e5e43d4 - clone
[INFO] [stdout]   24:                0x0 - <unknown>
[INFO] [stdout] 
[INFO] [stdout] ---- client::product_api::test::get_product_api_2 stdout ----
[INFO] [stdout] 
[INFO] [stdout] thread 'client::product_api::test::get_product_api_2' (3237) panicked at src/client/product_api/test.rs:34:19:
[INFO] [stdout] called `Result::unwrap()` on an `Err` value: Failed to get product info
[INFO] [stdout] 
[INFO] [stdout] Caused by:
[INFO] [stdout]     0: error sending request for url (https://www.dlsite.com/maniax/api/=/product.json?workno=RJ01017217)
[INFO] [stdout]     1: client error (Connect)
[INFO] [stdout]     2: dns error: failed to lookup address information: Temporary failure in name resolution
[INFO] [stdout]     3: failed to lookup address information: Temporary failure in name resolution
[INFO] [stdout] 
[INFO] [stdout] Stack backtrace:
[INFO] [stdout]    0: <dlsite_gamebox::error::DlsiteError as anyhow::context::ext::StdError>::ext_context::<&str>
[INFO] [stdout]    1: dlsite_gamebox::client::product_api::test::get_product_api_2::{closure#0}
[INFO] [stdout]    2: <tokio::runtime::scheduler::current_thread::Context>::enter::<core::task::poll::Poll<()>, <tokio::runtime::scheduler::current_thread::CoreGuard>::block_on<core::pin::Pin<&mut core::pin::Pin<&mut dyn core::future::future::Future<Output = ()>>>>::{closure#0}::{closure#0}>
[INFO] [stdout]    3: <tokio::runtime::context::scoped::Scoped<tokio::runtime::scheduler::Context>>::set::<<tokio::runtime::scheduler::current_thread::CoreGuard>::enter<<tokio::runtime::scheduler::current_thread::CoreGuard>::block_on<core::pin::Pin<&mut core::pin::Pin<&mut dyn core::future::future::Future<Output = ()>>>>::{closure#0}, core::option::Option<()>>::{closure#0}, (alloc::boxed::Box<tokio::runtime::scheduler::current_thread::Core>, core::option::Option<()>)>
[INFO] [stdout]    4: <tokio::runtime::runtime::Runtime>::block_on::<core::pin::Pin<&mut dyn core::future::future::Future<Output = ()>>>
[INFO] [stdout]    5: <dlsite_gamebox::client::product_api::test::get_product_api_2::{closure#0} as core::ops::function::FnOnce<()>>::call_once
[INFO] [stdout]    6: test::__rust_begin_short_backtrace::<core::result::Result<(), alloc::string::String>, fn() -> core::result::Result<(), alloc::string::String>>
[INFO] [stdout]    7: test::run_test::{closure#0}
[INFO] [stdout]    8: std::sys::backtrace::__rust_begin_short_backtrace::<test::run_test::{closure#1}, ()>
[INFO] [stdout]    9: <std::thread::lifecycle::spawn_unchecked<test::run_test::{closure#1}, ()>::{closure#1} as core::ops::function::FnOnce<()>>::call_once::{shim:vtable#0}
[INFO] [stdout]   10: <std::sys::thread::unix::Thread>::new::thread_start
[INFO] [stdout]   11: <unknown>
[INFO] [stdout]   12: clone
[INFO] [stdout] stack backtrace:
[INFO] [stdout]    0:     0x5a8e9d4d9a11 - <<std[617be2ca0a6fd877]::sys::backtrace::BacktraceLock>::print::DisplayBacktrace as core[a373ad73a504971]::fmt::Display>::fmt
[INFO] [stdout]    1:     0x5a8e9d4f1f6a - core[a373ad73a504971]::fmt::write
[INFO] [stdout]    2:     0x5a8e9d4de7fc - <alloc[2e1b2a31b91974c5]::vec::Vec<u8> as core[a373ad73a504971]::io::write::Write>::write_fmt
[INFO] [stdout]    3:     0x5a8e9d4b4606 - std[617be2ca0a6fd877]::panicking::default_hook::{closure#0}
[INFO] [stdout]    4:     0x5a8e9d4d1a09 - std[617be2ca0a6fd877]::panicking::default_hook
[INFO] [stdout]    5:     0x5a8e9d3b3270 - test[aada8e7e76ba119b]::test_main_inner::{closure#0}
[INFO] [stdout]    6:     0x5a8e9d4d1d32 - std[617be2ca0a6fd877]::panicking::panic_with_hook
[INFO] [stdout]    7:     0x5a8e9d4b46b2 - std[617be2ca0a6fd877]::panicking::panic_handler::{closure#0}
[INFO] [stdout]    8:     0x5a8e9d4acd59 - std[617be2ca0a6fd877]::sys::backtrace::__rust_end_short_backtrace::<std[617be2ca0a6fd877]::panicking::panic_handler::{closure#0}, !>
[INFO] [stdout]    9:     0x5a8e9d4b55bd - __rustc[ea4f61d10b84890b]::rust_begin_unwind
[INFO] [stdout]   10:     0x5a8e9d4f274c - core[a373ad73a504971]::panicking::panic_fmt
[INFO] [stdout]   11:     0x5a8e9d4f2522 - core[a373ad73a504971]::result::unwrap_failed
[INFO] [stdout]   12:     0x5a8e9d194233 - dlsite_gamebox[d34bbea8d0ee01f9]::client::product_api::test::get_product_api_2::{closure#0}
[INFO] [stdout]   13:     0x5a8e9d1b11c3 - <tokio[fc95745ac4ccc578]::runtime::scheduler::current_thread::Context>::enter::<core[a373ad73a504971]::task::poll::Poll<()>, <tokio[fc95745ac4ccc578]::runtime::scheduler::current_thread::CoreGuard>::block_on<core[a373ad73a504971]::pin::Pin<&mut core[a373ad73a504971]::pin::Pin<&mut dyn core[a373ad73a504971]::future::future::Future<Output = ()>>>>::{closure#0}::{closure#0}>
[INFO] [stdout]   14:     0x5a8e9d13d6f2 - <tokio[fc95745ac4ccc578]::runtime::context::scoped::Scoped<tokio[fc95745ac4ccc578]::runtime::scheduler::Context>>::set::<<tokio[fc95745ac4ccc578]::runtime::scheduler::current_thread::CoreGuard>::enter<<tokio[fc95745ac4ccc578]::runtime::scheduler::current_thread::CoreGuard>::block_on<core[a373ad73a504971]::pin::Pin<&mut core[a373ad73a504971]::pin::Pin<&mut dyn core[a373ad73a504971]::future::future::Future<Output = ()>>>>::{closure#0}, core[a373ad73a504971]::option::Option<()>>::{closure#0}, (alloc[2e1b2a31b91974c5]::boxed::Box<tokio[fc95745ac4ccc578]::runtime::scheduler::current_thread::Core>, core[a373ad73a504971]::option::Option<()>)>
[INFO] [stdout]   15:     0x5a8e9d1b0cf4 - <tokio[fc95745ac4ccc578]::runtime::runtime::Runtime>::block_on::<core[a373ad73a504971]::pin::Pin<&mut dyn core[a373ad73a504971]::future::future::Future<Output = ()>>>
[INFO] [stdout]   16:     0x5a8e9d19b36e - <dlsite_gamebox[d34bbea8d0ee01f9]::client::product_api::test::get_product_api_2::{closure#0} as core[a373ad73a504971]::ops::function::FnOnce<()>>::call_once
[INFO] [stdout]   17:     0x5a8e9d3a66bb - test[aada8e7e76ba119b]::__rust_begin_short_backtrace::<core[a373ad73a504971]::result::Result<(), alloc[2e1b2a31b91974c5]::string::String>, fn() -> core[a373ad73a504971]::result::Result<(), alloc[2e1b2a31b91974c5]::string::String>>
[INFO] [stdout]   18:     0x5a8e9d3b3895 - test[aada8e7e76ba119b]::run_test::{closure#0}
[INFO] [stdout]   19:     0x5a8e9d3ad184 - std[617be2ca0a6fd877]::sys::backtrace::__rust_begin_short_backtrace::<test[aada8e7e76ba119b]::run_test::{closure#1}, ()>
[INFO] [stdout]   20:     0x5a8e9d3b6922 - <std[617be2ca0a6fd877]::thread::lifecycle::spawn_unchecked<test[aada8e7e76ba119b]::run_test::{closure#1}, ()>::{closure#1} as core[a373ad73a504971]::ops::function::FnOnce<()>>::call_once::{shim:vtable#0}
[INFO] [stdout]   21:     0x5a8e9d4d8ebf - <std[617be2ca0a6fd877]::sys::thread::unix::Thread>::new::thread_start
[INFO] [stdout]   22:     0x7ae20e550dfa - <unknown>
[INFO] [stdout]   23:     0x7ae20e5e43d4 - clone
[INFO] [stdout]   24:                0x0 - <unknown>
[INFO] [stdout] 
[INFO] [stdout] ---- client::product_api::test::get_product_api_success::soft stdout ----
[INFO] [stdout] 
[INFO] [stdout] thread 'client::product_api::test::get_product_api_success::soft' (3242) panicked at src/client/product_api/test.rs:65:40:
[INFO] [stdout] called `Result::unwrap()` on an `Err` value: Reqwest(reqwest::Error { kind: Request, url: "https://www.dlsite.com/maniax/api/=/product.json?workno=VJ01000513", source: hyper_util::client::legacy::Error(Connect, ConnectError("dns error", Custom { kind: Uncategorized, error: "failed to lookup address information: Temporary failure in name resolution" })) })
[INFO] [stdout] stack backtrace:
[INFO] [stdout]    0:     0x5a8e9d4d9a11 - <<std[617be2ca0a6fd877]::sys::backtrace::BacktraceLock>::print::DisplayBacktrace as core[a373ad73a504971]::fmt::Display>::fmt
[INFO] [stdout]    1:     0x5a8e9d4f1f6a - core[a373ad73a504971]::fmt::write
[INFO] [stdout]    2:     0x5a8e9d4de7fc - <alloc[2e1b2a31b91974c5]::vec::Vec<u8> as core[a373ad73a504971]::io::write::Write>::write_fmt
[INFO] [stdout]    3:     0x5a8e9d4b4606 - std[617be2ca0a6fd877]::panicking::default_hook::{closure#0}
[INFO] [stdout]    4:     0x5a8e9d4d1a09 - std[617be2ca0a6fd877]::panicking::default_hook
[INFO] [stdout]    5:     0x5a8e9d3b3270 - test[aada8e7e76ba119b]::test_main_inner::{closure#0}
[INFO] [stdout]    6:     0x5a8e9d4d1d32 - std[617be2ca0a6fd877]::panicking::panic_with_hook
[INFO] [stdout]    7:     0x5a8e9d4b46b2 - std[617be2ca0a6fd877]::panicking::panic_handler::{closure#0}
[INFO] [stdout]    8:     0x5a8e9d4acd59 - std[617be2ca0a6fd877]::sys::backtrace::__rust_end_short_backtrace::<std[617be2ca0a6fd877]::panicking::panic_handler::{closure#0}, !>
[INFO] [stdout]    9:     0x5a8e9d4b55bd - __rustc[ea4f61d10b84890b]::rust_begin_unwind
[INFO] [stdout]   10:     0x5a8e9d4f274c - core[a373ad73a504971]::panicking::panic_fmt
[INFO] [stdout]   11:     0x5a8e9d4f2522 - core[a373ad73a504971]::result::unwrap_failed
[INFO] [stdout]   12:     0x5a8e9d14b6f3 - dlsite_gamebox[d34bbea8d0ee01f9]::client::product_api::test::get_product_api_success::{closure#0}
[INFO] [stdout]   13:     0x5a8e9d14bf0f - dlsite_gamebox[d34bbea8d0ee01f9]::client::product_api::test::get_product_api_success::soft::{closure#0}
[INFO] [stdout]   14:     0x5a8e9d1b11c3 - <tokio[fc95745ac4ccc578]::runtime::scheduler::current_thread::Context>::enter::<core[a373ad73a504971]::task::poll::Poll<()>, <tokio[fc95745ac4ccc578]::runtime::scheduler::current_thread::CoreGuard>::block_on<core[a373ad73a504971]::pin::Pin<&mut core[a373ad73a504971]::pin::Pin<&mut dyn core[a373ad73a504971]::future::future::Future<Output = ()>>>>::{closure#0}::{closure#0}>
[INFO] [stdout]   15:     0x5a8e9d13d6f2 - <tokio[fc95745ac4ccc578]::runtime::context::scoped::Scoped<tokio[fc95745ac4ccc578]::runtime::scheduler::Context>>::set::<<tokio[fc95745ac4ccc578]::runtime::scheduler::current_thread::CoreGuard>::enter<<tokio[fc95745ac4ccc578]::runtime::scheduler::current_thread::CoreGuard>::block_on<core[a373ad73a504971]::pin::Pin<&mut core[a373ad73a504971]::pin::Pin<&mut dyn core[a373ad73a504971]::future::future::Future<Output = ()>>>>::{closure#0}, core[a373ad73a504971]::option::Option<()>>::{closure#0}, (alloc[2e1b2a31b91974c5]::boxed::Box<tokio[fc95745ac4ccc578]::runtime::scheduler::current_thread::Core>, core[a373ad73a504971]::option::Option<()>)>
[INFO] [stdout]   16:     0x5a8e9d1b0cf4 - <tokio[fc95745ac4ccc578]::runtime::runtime::Runtime>::block_on::<core[a373ad73a504971]::pin::Pin<&mut dyn core[a373ad73a504971]::future::future::Future<Output = ()>>>
[INFO] [stdout]   17:     0x5a8e9d14c8be - <dlsite_gamebox[d34bbea8d0ee01f9]::client::product_api::test::get_product_api_success::soft::{closure#0} as core[a373ad73a504971]::ops::function::FnOnce<()>>::call_once
[INFO] [stdout]   18:     0x5a8e9d3a66bb - test[aada8e7e76ba119b]::__rust_begin_short_backtrace::<core[a373ad73a504971]::result::Result<(), alloc[2e1b2a31b91974c5]::string::String>, fn() -> core[a373ad73a504971]::result::Result<(), alloc[2e1b2a31b91974c5]::string::String>>
[INFO] [stdout]   19:     0x5a8e9d3b3895 - test[aada8e7e76ba119b]::run_test::{closure#0}
[INFO] [stdout]   20:     0x5a8e9d3ad184 - std[617be2ca0a6fd877]::sys::backtrace::__rust_begin_short_backtrace::<test[aada8e7e76ba119b]::run_test::{closure#1}, ()>
[INFO] [stdout]   21:     0x5a8e9d3b6922 - <std[617be2ca0a6fd877]::thread::lifecycle::spawn_unchecked<test[aada8e7e76ba119b]::run_test::{closure#1}, ()>::{closure#1} as core[a373ad73a504971]::ops::function::FnOnce<()>>::call_once::{shim:vtable#0}
[INFO] [stdout]   22:     0x5a8e9d4d8ebf - <std[617be2ca0a6fd877]::sys::thread::unix::Thread>::new::thread_start
[INFO] [stdout]   23:     0x7ae20e550dfa - <unknown>
[INFO] [stdout]   24:     0x7ae20e5e43d4 - clone
[INFO] [stdout]   25:                0x0 - <unknown>
[INFO] [stdout] 
[INFO] [stdout] ---- client::circle::tests::get_circle_1 stdout ----
[INFO] [stdout] 
[INFO] [stdout] thread 'client::circle::tests::get_circle_1' (3231) panicked at src/client/circle/mod.rs:68:14:
[INFO] [stdout] Failed to search: Reqwest(reqwest::Error { kind: Request, url: "https://www.dlsite.com/maniax/circle/profile/=/show_type/3/hd/1/without_order/1/maker_id/RG24350.html", source: hyper_util::client::legacy::Error(Connect, ConnectError("dns error", Custom { kind: Uncategorized, error: "failed to lookup address information: Temporary failure in name resolution" })) })
[INFO] [stdout] stack backtrace:
[INFO] [stdout]    0:     0x5a8e9d4d9a11 - <<std[617be2ca0a6fd877]::sys::backtrace::BacktraceLock>::print::DisplayBacktrace as core[a373ad73a504971]::fmt::Display>::fmt
[INFO] [stdout]    1:     0x5a8e9d4f1f6a - core[a373ad73a504971]::fmt::write
[INFO] [stdout]    2:     0x5a8e9d4de7fc - <alloc[2e1b2a31b91974c5]::vec::Vec<u8> as core[a373ad73a504971]::io::write::Write>::write_fmt
[INFO] [stdout]    3:     0x5a8e9d4b4606 - std[617be2ca0a6fd877]::panicking::default_hook::{closure#0}
[INFO] [stdout]    4:     0x5a8e9d4d1a09 - std[617be2ca0a6fd877]::panicking::default_hook
[INFO] [stdout]    5:     0x5a8e9d3b3270 - test[aada8e7e76ba119b]::test_main_inner::{closure#0}
[INFO] [stdout]    6:     0x5a8e9d4d1d32 - std[617be2ca0a6fd877]::panicking::panic_with_hook
[INFO] [stdout]    7:     0x5a8e9d4b46b2 - std[617be2ca0a6fd877]::panicking::panic_handler::{closure#0}
[INFO] [stdout]    8:     0x5a8e9d4acd59 - std[617be2ca0a6fd877]::sys::backtrace::__rust_end_short_backtrace::<std[617be2ca0a6fd877]::panicking::panic_handler::{closure#0}, !>
[INFO] [stdout]    9:     0x5a8e9d4b55bd - __rustc[ea4f61d10b84890b]::rust_begin_unwind
[INFO] [stdout]   10:     0x5a8e9d4f274c - core[a373ad73a504971]::panicking::panic_fmt
[INFO] [stdout]   11:     0x5a8e9d4f2522 - core[a373ad73a504971]::result::unwrap_failed
[INFO] [stdout]   12:     0x5a8e9d14bd0c - dlsite_gamebox[d34bbea8d0ee01f9]::client::circle::tests::get_circle_1::{closure#0}
[INFO] [stdout]   13:     0x5a8e9d1b11c3 - <tokio[fc95745ac4ccc578]::runtime::scheduler::current_thread::Context>::enter::<core[a373ad73a504971]::task::poll::Poll<()>, <tokio[fc95745ac4ccc578]::runtime::scheduler::current_thread::CoreGuard>::block_on<core[a373ad73a504971]::pin::Pin<&mut core[a373ad73a504971]::pin::Pin<&mut dyn core[a373ad73a504971]::future::future::Future<Output = ()>>>>::{closure#0}::{closure#0}>
[INFO] [stdout]   14:     0x5a8e9d13d6f2 - <tokio[fc95745ac4ccc578]::runtime::context::scoped::Scoped<tokio[fc95745ac4ccc578]::runtime::scheduler::Context>>::set::<<tokio[fc95745ac4ccc578]::runtime::scheduler::current_thread::CoreGuard>::enter<<tokio[fc95745ac4ccc578]::runtime::scheduler::current_thread::CoreGuard>::block_on<core[a373ad73a504971]::pin::Pin<&mut core[a373ad73a504971]::pin::Pin<&mut dyn core[a373ad73a504971]::future::future::Future<Output = ()>>>>::{closure#0}, core[a373ad73a504971]::option::Option<()>>::{closure#0}, (alloc[2e1b2a31b91974c5]::boxed::Box<tokio[fc95745ac4ccc578]::runtime::scheduler::current_thread::Core>, core[a373ad73a504971]::option::Option<()>)>
[INFO] [stdout]   15:     0x5a8e9d1b0cf4 - <tokio[fc95745ac4ccc578]::runtime::runtime::Runtime>::block_on::<core[a373ad73a504971]::pin::Pin<&mut dyn core[a373ad73a504971]::future::future::Future<Output = ()>>>
[INFO] [stdout]   16:     0x5a8e9d14c75e - <dlsite_gamebox[d34bbea8d0ee01f9]::client::circle::tests::get_circle_1::{closure#0} as core[a373ad73a504971]::ops::function::FnOnce<()>>::call_once
[INFO] [stdout]   17:     0x5a8e9d3a66bb - test[aada8e7e76ba119b]::__rust_begin_short_backtrace::<core[a373ad73a504971]::result::Result<(), alloc[2e1b2a31b91974c5]::string::String>, fn() -> core[a373ad73a504971]::result::Result<(), alloc[2e1b2a31b91974c5]::string::String>>
[INFO] [stdout]   18:     0x5a8e9d3b3895 - test[aada8e7e76ba119b]::run_test::{closure#0}
[INFO] [stdout]   19:     0x5a8e9d3ad184 - std[617be2ca0a6fd877]::sys::backtrace::__rust_begin_short_backtrace::<test[aada8e7e76ba119b]::run_test::{closure#1}, ()>
[INFO] [stdout]   20:     0x5a8e9d3b6922 - <std[617be2ca0a6fd877]::thread::lifecycle::spawn_unchecked<test[aada8e7e76ba119b]::run_test::{closure#1}, ()>::{closure#1} as core[a373ad73a504971]::ops::function::FnOnce<()>>::call_once::{shim:vtable#0}
[INFO] [stdout]   21:     0x5a8e9d4d8ebf - <std[617be2ca0a6fd877]::sys::thread::unix::Thread>::new::thread_start
[INFO] [stdout]   22:     0x7ae20e550dfa - <unknown>
[INFO] [stdout]   23:     0x7ae20e5e43d4 - clone
[INFO] [stdout]   24:                0x0 - <unknown>
[INFO] [stdout] 
[INFO] [stdout] ---- client::product_api::test::get_product_api_success::normal stdout ----
[INFO] [stdout] 
[INFO] [stdout] thread 'client::product_api::test::get_product_api_success::normal' (3240) panicked at src/client/product_api/test.rs:65:40:
[INFO] [stdout] called `Result::unwrap()` on an `Err` value: Reqwest(reqwest::Error { kind: Request, url: "https://www.dlsite.com/maniax/api/=/product.json?workno=RJ01060083", source: hyper_util::client::legacy::Error(Connect, ConnectError("dns error", Custom { kind: Uncategorized, error: "failed to lookup address information: Temporary failure in name resolution" })) })
[INFO] [stdout] stack backtrace:
[INFO] [stdout]    0:     0x5a8e9d4d9a11 - <<std[617be2ca0a6fd877]::sys::backtrace::BacktraceLock>::print::DisplayBacktrace as core[a373ad73a504971]::fmt::Display>::fmt
[INFO] [stdout]    1:     0x5a8e9d4f1f6a - core[a373ad73a504971]::fmt::write
[INFO] [stdout]    2:     0x5a8e9d4de7fc - <alloc[2e1b2a31b91974c5]::vec::Vec<u8> as core[a373ad73a504971]::io::write::Write>::write_fmt
[INFO] [stdout]    3:     0x5a8e9d4b4606 - std[617be2ca0a6fd877]::panicking::default_hook::{closure#0}
[INFO] [stdout]    4:     0x5a8e9d4d1a09 - std[617be2ca0a6fd877]::panicking::default_hook
[INFO] [stdout]    5:     0x5a8e9d3b3270 - test[aada8e7e76ba119b]::test_main_inner::{closure#0}
[INFO] [stdout]    6:     0x5a8e9d4d1d32 - std[617be2ca0a6fd877]::panicking::panic_with_hook
[INFO] [stdout]    7:     0x5a8e9d4b46b2 - std[617be2ca0a6fd877]::panicking::panic_handler::{closure#0}
[INFO] [stdout]    8:     0x5a8e9d4acd59 - std[617be2ca0a6fd877]::sys::backtrace::__rust_end_short_backtrace::<std[617be2ca0a6fd877]::panicking::panic_handler::{closure#0}, !>
[INFO] [stdout]    9:     0x5a8e9d4b55bd - __rustc[ea4f61d10b84890b]::rust_begin_unwind
[INFO] [stdout]   10:     0x5a8e9d4f274c - core[a373ad73a504971]::panicking::panic_fmt
[INFO] [stdout]   11:     0x5a8e9d4f2522 - core[a373ad73a504971]::result::unwrap_failed
[INFO] [stdout]   12:     0x5a8e9d14b6f3 - dlsite_gamebox[d34bbea8d0ee01f9]::client::product_api::test::get_product_api_success::{closure#0}
[INFO] [stdout]   13:     0x5a8e9d14c06f - dlsite_gamebox[d34bbea8d0ee01f9]::client::product_api::test::get_product_api_success::normal::{closure#0}
[INFO] [stdout]   14:     0x5a8e9d1b11c3 - <tokio[fc95745ac4ccc578]::runtime::scheduler::current_thread::Context>::enter::<core[a373ad73a504971]::task::poll::Poll<()>, <tokio[fc95745ac4ccc578]::runtime::scheduler::current_thread::CoreGuard>::block_on<core[a373ad73a504971]::pin::Pin<&mut core[a373ad73a504971]::pin::Pin<&mut dyn core[a373ad73a504971]::future::future::Future<Output = ()>>>>::{closure#0}::{closure#0}>
[INFO] [stdout]   15:     0x5a8e9d13d6f2 - <tokio[fc95745ac4ccc578]::runtime::context::scoped::Scoped<tokio[fc95745ac4ccc578]::runtime::scheduler::Context>>::set::<<tokio[fc95745ac4ccc578]::runtime::scheduler::current_thread::CoreGuard>::enter<<tokio[fc95745ac4ccc578]::runtime::scheduler::current_thread::CoreGuard>::block_on<core[a373ad73a504971]::pin::Pin<&mut core[a373ad73a504971]::pin::Pin<&mut dyn core[a373ad73a504971]::future::future::Future<Output = ()>>>>::{closure#0}, core[a373ad73a504971]::option::Option<()>>::{closure#0}, (alloc[2e1b2a31b91974c5]::boxed::Box<tokio[fc95745ac4ccc578]::runtime::scheduler::current_thread::Core>, core[a373ad73a504971]::option::Option<()>)>
[INFO] [stdout]   16:     0x5a8e9d1b0cf4 - <tokio[fc95745ac4ccc578]::runtime::runtime::Runtime>::block_on::<core[a373ad73a504971]::pin::Pin<&mut dyn core[a373ad73a504971]::future::future::Future<Output = ()>>>
[INFO] [stdout]   17:     0x5a8e9d14cb9e - <dlsite_gamebox[d34bbea8d0ee01f9]::client::product_api::test::get_product_api_success::normal::{closure#0} as core[a373ad73a504971]::ops::function::FnOnce<()>>::call_once
[INFO] [stdout]   18:     0x5a8e9d3a66bb - test[aada8e7e76ba119b]::__rust_begin_short_backtrace::<core[a373ad73a504971]::result::Result<(), alloc[2e1b2a31b91974c5]::string::String>, fn() -> core[a373ad73a504971]::result::Result<(), alloc[2e1b2a31b91974c5]::string::String>>
[INFO] [stdout]   19:     0x5a8e9d3b3895 - test[aada8e7e76ba119b]::run_test::{closure#0}
[INFO] [stdout]   20:     0x5a8e9d3ad184 - std[617be2ca0a6fd877]::sys::backtrace::__rust_begin_short_backtrace::<test[aada8e7e76ba119b]::run_test::{closure#1}, ()>
[INFO] [stdout]   21:     0x5a8e9d3b6922 - <std[617be2ca0a6fd877]::thread::lifecycle::spawn_unchecked<test[aada8e7e76ba119b]::run_test::{closure#1}, ()>::{closure#1} as core[a373ad73a504971]::ops::function::FnOnce<()>>::call_once::{shim:vtable#0}
[INFO] [stdout]   22:     0x5a8e9d4d8ebf - <std[617be2ca0a6fd877]::sys::thread::unix::Thread>::new::thread_start
[INFO] [stdout]   23:     0x7ae20e550dfa - <unknown>
[INFO] [stdout]   24:     0x7ae20e5e43d4 - clone
[INFO] [stdout]   25:                0x0 - <unknown>
[INFO] [stdout] 
[INFO] [stdout] ---- client::search::tests::search_product_2 stdout ----
[INFO] [stdout] 
[INFO] [stdout] thread 'client::search::tests::search_product_2' (3246) panicked at src/client/search/mod.rs:763:14:
[INFO] [stdout] Failed to search page 1: Reqwest(reqwest::Error { kind: Request, url: "https://www.dlsite.com/maniax/fsr/ajax/=/language/jp/sex_category[0]/male/order/trend/per_page/50", source: hyper_util::client::legacy::Error(Connect, ConnectError("dns error", Custom { kind: Uncategorized, error: "failed to lookup address information: Temporary failure in name resolution" })) })
[INFO] [stdout] stack backtrace:
[INFO] [stdout]    0:     0x5a8e9d4d9a11 - <<std[617be2ca0a6fd877]::sys::backtrace::BacktraceLock>::print::DisplayBacktrace as core[a373ad73a504971]::fmt::Display>::fmt
[INFO] [stdout]    1:     0x5a8e9d4f1f6a - core[a373ad73a504971]::fmt::write
[INFO] [stdout]    2:     0x5a8e9d4de7fc - <alloc[2e1b2a31b91974c5]::vec::Vec<u8> as core[a373ad73a504971]::io::write::Write>::write_fmt
[INFO] [stdout]    3:     0x5a8e9d4b4606 - std[617be2ca0a6fd877]::panicking::default_hook::{closure#0}
[INFO] [stdout]    4:     0x5a8e9d4d1a09 - std[617be2ca0a6fd877]::panicking::default_hook
[INFO] [stdout]    5:     0x5a8e9d3b3270 - test[aada8e7e76ba119b]::test_main_inner::{closure#0}
[INFO] [stdout]    6:     0x5a8e9d4d1d32 - std[617be2ca0a6fd877]::panicking::panic_with_hook
[INFO] [stdout]    7:     0x5a8e9d4b46b2 - std[617be2ca0a6fd877]::panicking::panic_handler::{closure#0}
[INFO] [stdout]    8:     0x5a8e9d4acd59 - std[617be2ca0a6fd877]::sys::backtrace::__rust_end_short_backtrace::<std[617be2ca0a6fd877]::panicking::panic_handler::{closure#0}, !>
[INFO] [stdout]    9:     0x5a8e9d4b55bd - __rustc[ea4f61d10b84890b]::rust_begin_unwind
[INFO] [stdout]   10:     0x5a8e9d4f274c - core[a373ad73a504971]::panicking::panic_fmt
[INFO] [stdout]   11:     0x5a8e9d4f2522 - core[a373ad73a504971]::result::unwrap_failed
[INFO] [stdout]   12:     0x5a8e9d1bb417 - dlsite_gamebox[d34bbea8d0ee01f9]::client::search::tests::search_product_2::{closure#0}
[INFO] [stdout]   13:     0x5a8e9d1b11c3 - <tokio[fc95745ac4ccc578]::runtime::scheduler::current_thread::Context>::enter::<core[a373ad73a504971]::task::poll::Poll<()>, <tokio[fc95745ac4ccc578]::runtime::scheduler::current_thread::CoreGuard>::block_on<core[a373ad73a504971]::pin::Pin<&mut core[a373ad73a504971]::pin::Pin<&mut dyn core[a373ad73a504971]::future::future::Future<Output = ()>>>>::{closure#0}::{closure#0}>
[INFO] [stdout]   14:     0x5a8e9d13d6f2 - <tokio[fc95745ac4ccc578]::runtime::context::scoped::Scoped<tokio[fc95745ac4ccc578]::runtime::scheduler::Context>>::set::<<tokio[fc95745ac4ccc578]::runtime::scheduler::current_thread::CoreGuard>::enter<<tokio[fc95745ac4ccc578]::runtime::scheduler::current_thread::CoreGuard>::block_on<core[a373ad73a504971]::pin::Pin<&mut core[a373ad73a504971]::pin::Pin<&mut dyn core[a373ad73a504971]::future::future::Future<Output = ()>>>>::{closure#0}, core[a373ad73a504971]::option::Option<()>>::{closure#0}, (alloc[2e1b2a31b91974c5]::boxed::Box<tokio[fc95745ac4ccc578]::runtime::scheduler::current_thread::Core>, core[a373ad73a504971]::option::Option<()>)>
[INFO] [stdout]   15:     0x5a8e9d1b0cf4 - <tokio[fc95745ac4ccc578]::runtime::runtime::Runtime>::block_on::<core[a373ad73a504971]::pin::Pin<&mut dyn core[a373ad73a504971]::future::future::Future<Output = ()>>>
[INFO] [stdout]   16:     0x5a8e9d1be93e - <dlsite_gamebox[d34bbea8d0ee01f9]::client::search::tests::search_product_2::{closure#0} as core[a373ad73a504971]::ops::function::FnOnce<()>>::call_once
[INFO] [stdout]   17:     0x5a8e9d3a66bb - test[aada8e7e76ba119b]::__rust_begin_short_backtrace::<core[a373ad73a504971]::result::Result<(), alloc[2e1b2a31b91974c5]::string::String>, fn() -> core[a373ad73a504971]::result::Result<(), alloc[2e1b2a31b91974c5]::string::String>>
[INFO] [stdout]   18:     0x5a8e9d3b3895 - test[aada8e7e76ba119b]::run_test::{closure#0}
[INFO] [stdout]   19:     0x5a8e9d3ad184 - std[617be2ca0a6fd877]::sys::backtrace::__rust_begin_short_backtrace::<test[aada8e7e76ba119b]::run_test::{closure#1}, ()>
[INFO] [stdout]   20:     0x5a8e9d3b6922 - <std[617be2ca0a6fd877]::thread::lifecycle::spawn_unchecked<test[aada8e7e76ba119b]::run_test::{closure#1}, ()>::{closure#1} as core[a373ad73a504971]::ops::function::FnOnce<()>>::call_once::{shim:vtable#0}
[INFO] [stdout]   21:     0x5a8e9d4d8ebf - <std[617be2ca0a6fd877]::sys::thread::unix::Thread>::new::thread_start
[INFO] [stdout]   22:     0x7ae20e550dfa - <unknown>
[INFO] [stdout]   23:     0x7ae20e5e43d4 - clone
[INFO] [stdout]   24:                0x0 - <unknown>
[INFO] [stdout] 
[INFO] [stdout] ---- client::search::tests::search_product_1 stdout ----
[INFO] [stdout] 
[INFO] [stdout] thread 'client::search::tests::search_product_1' (3245) panicked at src/client/search/mod.rs:723:14:
[INFO] [stdout] Failed to search: Reqwest(reqwest::Error { kind: Request, url: "https://www.dlsite.com/maniax/fsr/ajax/=/language/jp/sex_category[0]/male/keyword/%E3%81%AD%E3%81%93%E3%81%90%E3%82%89%E3%81%97/order/release", source: hyper_util::client::legacy::Error(Connect, ConnectError("dns error", Custom { kind: Uncategorized, error: "failed to lookup address information: Temporary failure in name resolution" })) })
[INFO] [stdout] stack backtrace:
[INFO] [stdout]    0:     0x5a8e9d4d9a11 - <<std[617be2ca0a6fd877]::sys::backtrace::BacktraceLock>::print::DisplayBacktrace as core[a373ad73a504971]::fmt::Display>::fmt
[INFO] [stdout]    1:     0x5a8e9d4f1f6a - core[a373ad73a504971]::fmt::write
[INFO] [stdout]    2:     0x5a8e9d4de7fc - <alloc[2e1b2a31b91974c5]::vec::Vec<u8> as core[a373ad73a504971]::io::write::Write>::write_fmt
[INFO] [stdout]    3:     0x5a8e9d4b4606 - std[617be2ca0a6fd877]::panicking::default_hook::{closure#0}
[INFO] [stdout]    4:     0x5a8e9d4d1a09 - std[617be2ca0a6fd877]::panicking::default_hook
[INFO] [stdout]    5:     0x5a8e9d3b3270 - test[aada8e7e76ba119b]::test_main_inner::{closure#0}
[INFO] [stdout]    6:     0x5a8e9d4d1d32 - std[617be2ca0a6fd877]::panicking::panic_with_hook
[INFO] [stdout]    7:     0x5a8e9d4b46b2 - std[617be2ca0a6fd877]::panicking::panic_handler::{closure#0}
[INFO] [stdout]    8:     0x5a8e9d4acd59 - std[617be2ca0a6fd877]::sys::backtrace::__rust_end_short_backtrace::<std[617be2ca0a6fd877]::panicking::panic_handler::{closure#0}, !>
[INFO] [stdout]    9:     0x5a8e9d4b55bd - __rustc[ea4f61d10b84890b]::rust_begin_unwind
[INFO] [stdout]   10:     0x5a8e9d4f274c - core[a373ad73a504971]::panicking::panic_fmt
[INFO] [stdout]   11:     0x5a8e9d4f2522 - core[a373ad73a504971]::result::unwrap_failed
[INFO] [stdout]   12:     0x5a8e9d1babfd - dlsite_gamebox[d34bbea8d0ee01f9]::client::search::tests::search_product_1::{closure#0}
[INFO] [stdout]   13:     0x5a8e9d1b11c3 - <tokio[fc95745ac4ccc578]::runtime::scheduler::current_thread::Context>::enter::<core[a373ad73a504971]::task::poll::Poll<()>, <tokio[fc95745ac4ccc578]::runtime::scheduler::current_thread::CoreGuard>::block_on<core[a373ad73a504971]::pin::Pin<&mut core[a373ad73a504971]::pin::Pin<&mut dyn core[a373ad73a504971]::future::future::Future<Output = ()>>>>::{closure#0}::{closure#0}>
[INFO] [stdout]   14:     0x5a8e9d13d6f2 - <tokio[fc95745ac4ccc578]::runtime::context::scoped::Scoped<tokio[fc95745ac4ccc578]::runtime::scheduler::Context>>::set::<<tokio[fc95745ac4ccc578]::runtime::scheduler::current_thread::CoreGuard>::enter<<tokio[fc95745ac4ccc578]::runtime::scheduler::current_thread::CoreGuard>::block_on<core[a373ad73a504971]::pin::Pin<&mut core[a373ad73a504971]::pin::Pin<&mut dyn core[a373ad73a504971]::future::future::Future<Output = ()>>>>::{closure#0}, core[a373ad73a504971]::option::Option<()>>::{closure#0}, (alloc[2e1b2a31b91974c5]::boxed::Box<tokio[fc95745ac4ccc578]::runtime::scheduler::current_thread::Core>, core[a373ad73a504971]::option::Option<()>)>
[INFO] [stdout]   15:     0x5a8e9d1b0cf4 - <tokio[fc95745ac4ccc578]::runtime::runtime::Runtime>::block_on::<core[a373ad73a504971]::pin::Pin<&mut dyn core[a373ad73a504971]::future::future::Future<Output = ()>>>
[INFO] [stdout]   16:     0x5a8e9d1be7de - <dlsite_gamebox[d34bbea8d0ee01f9]::client::search::tests::search_product_1::{closure#0} as core[a373ad73a504971]::ops::function::FnOnce<()>>::call_once
[INFO] [stdout]   17:     0x5a8e9d3a66bb - test[aada8e7e76ba119b]::__rust_begin_short_backtrace::<core[a373ad73a504971]::result::Result<(), alloc[2e1b2a31b91974c5]::string::String>, fn() -> core[a373ad73a504971]::result::Result<(), alloc[2e1b2a31b91974c5]::string::String>>
[INFO] [stdout]   18:     0x5a8e9d3b3895 - test[aada8e7e76ba119b]::run_test::{closure#0}
[INFO] [stdout]   19:     0x5a8e9d3ad184 - std[617be2ca0a6fd877]::sys::backtrace::__rust_begin_short_backtrace::<test[aada8e7e76ba119b]::run_test::{closure#1}, ()>
[INFO] [stdout]   20:     0x5a8e9d3b6922 - <std[617be2ca0a6fd877]::thread::lifecycle::spawn_unchecked<test[aada8e7e76ba119b]::run_test::{closure#1}, ()>::{closure#1} as core[a373ad73a504971]::ops::function::FnOnce<()>>::call_once::{shim:vtable#0}
[INFO] [stdout]   21:     0x5a8e9d4d8ebf - <std[617be2ca0a6fd877]::sys::thread::unix::Thread>::new::thread_start
[INFO] [stdout]   22:     0x7ae20e550dfa - <unknown>
[INFO] [stdout]   23:     0x7ae20e5e43d4 - clone
[INFO] [stdout]   24:                0x0 - <unknown>
[INFO] [stdout] 
[INFO] [stdout] ---- client::product_api::test::get_product_api_1_content stdout ----
[INFO] [stdout] 
[INFO] [stdout] thread 'client::product_api::test::get_product_api_1_content' (3236) panicked at src/client/product_api/test.rs:14:58:
[INFO] [stdout] called `Result::unwrap()` on an `Err` value: Reqwest(reqwest::Error { kind: Request, url: "https://www.dlsite.com/maniax/api/=/product.json?workno=RJ403038", source: hyper_util::client::legacy::Error(Connect, ConnectError("dns error", Custom { kind: Uncategorized, error: "failed to lookup address information: Temporary failure in name resolution" })) })
[INFO] [stdout] stack backtrace:
[INFO] [stdout]    0:     0x5a8e9d4d9a11 - <<std[617be2ca0a6fd877]::sys::backtrace::BacktraceLock>::print::DisplayBacktrace as core[a373ad73a504971]::fmt::Display>::fmt
[INFO] [stdout]    1:     0x5a8e9d4f1f6a - core[a373ad73a504971]::fmt::write
[INFO] [stdout]    2:     0x5a8e9d4de7fc - <alloc[2e1b2a31b91974c5]::vec::Vec<u8> as core[a373ad73a504971]::io::write::Write>::write_fmt
[INFO] [stdout]    3:     0x5a8e9d4b4606 - std[617be2ca0a6fd877]::panicking::default_hook::{closure#0}
[INFO] [stdout]    4:     0x5a8e9d4d1a09 - std[617be2ca0a6fd877]::panicking::default_hook
[INFO] [stdout]    5:     0x5a8e9d3b3270 - test[aada8e7e76ba119b]::test_main_inner::{closure#0}
[INFO] [stdout]    6:     0x5a8e9d4d1d32 - std[617be2ca0a6fd877]::panicking::panic_with_hook
[INFO] [stdout]    7:     0x5a8e9d4b46b2 - std[617be2ca0a6fd877]::panicking::panic_handler::{closure#0}
[INFO] [stdout]    8:     0x5a8e9d4acd59 - std[617be2ca0a6fd877]::sys::backtrace::__rust_end_short_backtrace::<std[617be2ca0a6fd877]::panicking::panic_handler::{closure#0}, !>
[INFO] [stdout]    9:     0x5a8e9d4b55bd - __rustc[ea4f61d10b84890b]::rust_begin_unwind
[INFO] [stdout]   10:     0x5a8e9d4f274c - core[a373ad73a504971]::panicking::panic_fmt
[INFO] [stdout]   11:     0x5a8e9d4f2522 - core[a373ad73a504971]::result::unwrap_failed
[INFO] [stdout]   12:     0x5a8e9d19849b - dlsite_gamebox[d34bbea8d0ee01f9]::client::product_api::test::get_product_api_1_content::{closure#0}
[INFO] [stdout]   13:     0x5a8e9d1b11c3 - <tokio[fc95745ac4ccc578]::runtime::scheduler::current_thread::Context>::enter::<core[a373ad73a504971]::task::poll::Poll<()>, <tokio[fc95745ac4ccc578]::runtime::scheduler::current_thread::CoreGuard>::block_on<core[a373ad73a504971]::pin::Pin<&mut core[a373ad73a504971]::pin::Pin<&mut dyn core[a373ad73a504971]::future::future::Future<Output = ()>>>>::{closure#0}::{closure#0}>
[INFO] [stdout]   14:     0x5a8e9d13d6f2 - <tokio[fc95745ac4ccc578]::runtime::context::scoped::Scoped<tokio[fc95745ac4ccc578]::runtime::scheduler::Context>>::set::<<tokio[fc95745ac4ccc578]::runtime::scheduler::current_thread::CoreGuard>::enter<<tokio[fc95745ac4ccc578]::runtime::scheduler::current_thread::CoreGuard>::block_on<core[a373ad73a504971]::pin::Pin<&mut core[a373ad73a504971]::pin::Pin<&mut dyn core[a373ad73a504971]::future::future::Future<Output = ()>>>>::{closure#0}, core[a373ad73a504971]::option::Option<()>>::{closure#0}, (alloc[2e1b2a31b91974c5]::boxed::Box<tokio[fc95745ac4ccc578]::runtime::scheduler::current_thread::Core>, core[a373ad73a504971]::option::Option<()>)>
[INFO] [stdout]   15:     0x5a8e9d1b0cf4 - <tokio[fc95745ac4ccc578]::runtime::runtime::Runtime>::block_on::<core[a373ad73a504971]::pin::Pin<&mut dyn core[a373ad73a504971]::future::future::Future<Output = ()>>>
[INFO] [stdout]   16:     0x5a8e9d19b62e - <dlsite_gamebox[d34bbea8d0ee01f9]::client::product_api::test::get_product_api_1_content::{closure#0} as core[a373ad73a504971]::ops::function::FnOnce<()>>::call_once
[INFO] [stdout]   17:     0x5a8e9d3a66bb - test[aada8e7e76ba119b]::__rust_begin_short_backtrace::<core[a373ad73a504971]::result::Result<(), alloc[2e1b2a31b91974c5]::string::String>, fn() -> core[a373ad73a504971]::result::Result<(), alloc[2e1b2a31b91974c5]::string::String>>
[INFO] [stdout]   18:     0x5a8e9d3b3895 - test[aada8e7e76ba119b]::run_test::{closure#0}
[INFO] [stdout]   19:     0x5a8e9d3ad184 - std[617be2ca0a6fd877]::sys::backtrace::__rust_begin_short_backtrace::<test[aada8e7e76ba119b]::run_test::{closure#1}, ()>
[INFO] [stdout]   20:     0x5a8e9d3b6922 - <std[617be2ca0a6fd877]::thread::lifecycle::spawn_unchecked<test[aada8e7e76ba119b]::run_test::{closure#1}, ()>::{closure#1} as core[a373ad73a504971]::ops::function::FnOnce<()>>::call_once::{shim:vtable#0}
[INFO] [stdout]   21:     0x5a8e9d4d8ebf - <std[617be2ca0a6fd877]::sys::thread::unix::Thread>::new::thread_start
[INFO] [stdout]   22:     0x7ae20e550dfa - <unknown>
[INFO] [stdout]   23:     0x7ae20e5e43d4 - clone
[INFO] [stdout]   24:                0x0 - <unknown>
[INFO] [stdout] 
[INFO] [stdout] ---- client::product_api::test::get_product_api_success::otome stdout ----
[INFO] [stdout] 
[INFO] [stdout] thread 'client::product_api::test::get_product_api_success::otome' (3241) panicked at src/client/product_api/test.rs:65:40:
[INFO] [stdout] called `Result::unwrap()` on an `Err` value: Reqwest(reqwest::Error { kind: Request, url: "https://www.dlsite.com/maniax/api/=/product.json?workno=RJ01084246", source: hyper_util::client::legacy::Error(Connect, ConnectError("dns error", Custom { kind: Uncategorized, error: "failed to lookup address information: Temporary failure in name resolution" })) })
[INFO] [stdout] stack backtrace:
[INFO] [stdout]    0:     0x5a8e9d4d9a11 - <<std[617be2ca0a6fd877]::sys::backtrace::BacktraceLock>::print::DisplayBacktrace as core[a373ad73a504971]::fmt::Display>::fmt
[INFO] [stdout]    1:     0x5a8e9d4f1f6a - core[a373ad73a504971]::fmt::write
[INFO] [stdout]    2:     0x5a8e9d4de7fc - <alloc[2e1b2a31b91974c5]::vec::Vec<u8> as core[a373ad73a504971]::io::write::Write>::write_fmt
[INFO] [stdout]    3:     0x5a8e9d4b4606 - std[617be2ca0a6fd877]::panicking::default_hook::{closure#0}
[INFO] [stdout]    4:     0x5a8e9d4d1a09 - std[617be2ca0a6fd877]::panicking::default_hook
[INFO] [stdout]    5:     0x5a8e9d3b3270 - test[aada8e7e76ba119b]::test_main_inner::{closure#0}
[INFO] [stdout]    6:     0x5a8e9d4d1d32 - std[617be2ca0a6fd877]::panicking::panic_with_hook
[INFO] [stdout]    7:     0x5a8e9d4b46b2 - std[617be2ca0a6fd877]::panicking::panic_handler::{closure#0}
[INFO] [stdout]    8:     0x5a8e9d4acd59 - std[617be2ca0a6fd877]::sys::backtrace::__rust_end_short_backtrace::<std[617be2ca0a6fd877]::panicking::panic_handler::{closure#0}, !>
[INFO] [stdout]    9:     0x5a8e9d4b55bd - __rustc[ea4f61d10b84890b]::rust_begin_unwind
[INFO] [stdout]   10:     0x5a8e9d4f274c - core[a373ad73a504971]::panicking::panic_fmt
[INFO] [stdout]   11:     0x5a8e9d4f2522 - core[a373ad73a504971]::result::unwrap_failed
[INFO] [stdout]   12:     0x5a8e9d14b6f3 - dlsite_gamebox[d34bbea8d0ee01f9]::client::product_api::test::get_product_api_success::{closure#0}
[INFO] [stdout]   13:     0x5a8e9d14bfbf - dlsite_gamebox[d34bbea8d0ee01f9]::client::product_api::test::get_product_api_success::otome::{closure#0}
[INFO] [stdout]   14:     0x5a8e9d1b11c3 - <tokio[fc95745ac4ccc578]::runtime::scheduler::current_thread::Context>::enter::<core[a373ad73a504971]::task::poll::Poll<()>, <tokio[fc95745ac4ccc578]::runtime::scheduler::current_thread::CoreGuard>::block_on<core[a373ad73a504971]::pin::Pin<&mut core[a373ad73a504971]::pin::Pin<&mut dyn core[a373ad73a504971]::future::future::Future<Output = ()>>>>::{closure#0}::{closure#0}>
[INFO] [stdout]   15:     0x5a8e9d13d6f2 - <tokio[fc95745ac4ccc578]::runtime::context::scoped::Scoped<tokio[fc95745ac4ccc578]::runtime::scheduler::Context>>::set::<<tokio[fc95745ac4ccc578]::runtime::scheduler::current_thread::CoreGuard>::enter<<tokio[fc95745ac4ccc578]::runtime::scheduler::current_thread::CoreGuard>::block_on<core[a373ad73a504971]::pin::Pin<&mut core[a373ad73a504971]::pin::Pin<&mut dyn core[a373ad73a504971]::future::future::Future<Output = ()>>>>::{closure#0}, core[a373ad73a504971]::option::Option<()>>::{closure#0}, (alloc[2e1b2a31b91974c5]::boxed::Box<tokio[fc95745ac4ccc578]::runtime::scheduler::current_thread::Core>, core[a373ad73a504971]::option::Option<()>)>
[INFO] [stdout]   16:     0x5a8e9d1b0cf4 - <tokio[fc95745ac4ccc578]::runtime::runtime::Runtime>::block_on::<core[a373ad73a504971]::pin::Pin<&mut dyn core[a373ad73a504971]::future::future::Future<Output = ()>>>
[INFO] [stdout]   17:     0x5a8e9d14ca2e - <dlsite_gamebox[d34bbea8d0ee01f9]::client::product_api::test::get_product_api_success::otome::{closure#0} as core[a373ad73a504971]::ops::function::FnOnce<()>>::call_once
[INFO] [stdout]   18:     0x5a8e9d3a66bb - test[aada8e7e76ba119b]::__rust_begin_short_backtrace::<core[a373ad73a504971]::result::Result<(), alloc[2e1b2a31b91974c5]::string::String>, fn() -> core[a373ad73a504971]::result::Result<(), alloc[2e1b2a31b91974c5]::string::String>>
[INFO] [stdout]   19:     0x5a8e9d3b3895 - test[aada8e7e76ba119b]::run_test::{closure#0}
[INFO] [stdout]   20:     0x5a8e9d3ad184 - std[617be2ca0a6fd877]::sys::backtrace::__rust_begin_short_backtrace::<test[aada8e7e76ba119b]::run_test::{closure#1}, ()>
[INFO] [stdout]   21:     0x5a8e9d3b6922 - <std[617be2ca0a6fd877]::thread::lifecycle::spawn_unchecked<test[aada8e7e76ba119b]::run_test::{closure#1}, ()>::{closure#1} as core[a373ad73a504971]::ops::function::FnOnce<()>>::call_once::{shim:vtable#0}
[INFO] [stdout]   22:     0x5a8e9d4d8ebf - <std[617be2ca0a6fd877]::sys::thread::unix::Thread>::new::thread_start
[INFO] [stdout]   23:     0x7ae20e550dfa - <unknown>
[INFO] [stdout]   24:     0x7ae20e5e43d4 - clone
[INFO] [stdout]   25:                0x0 - <unknown>
[INFO] [stdout] 
[INFO] [stdout] 
[INFO] [stdout] failures:
[INFO] [stdout]     client::circle::tests::get_circle_1
[INFO] [stdout]     client::product::test::get_product_1_content
[INFO] [stdout]     client::product::test::get_product_2
[INFO] [stdout]     client::product::test::get_product_success::otome
[INFO] [stdout]     client::product::test::get_product_success::soft
[INFO] [stdout]     client::product_api::test::get_product_api_1_content
[INFO] [stdout]     client::product_api::test::get_product_api_2
[INFO] [stdout]     client::product_api::test::get_product_api_rand::rj
[INFO] [stdout]     client::product_api::test::get_product_api_success::normal
[INFO] [stdout]     client::product_api::test::get_product_api_success::otome
[INFO] [stdout]     client::product_api::test::get_product_api_success::soft
[INFO] [stdout]     client::search::tests::search_product_1
[INFO] [stdout]     client::search::tests::search_product_2
[INFO] [stdout] 
[INFO] [stdout] test result: FAILED. 14 passed; 13 failed; 0 ignored; 0 measured; 0 filtered out; finished in 0.23s
[INFO] [stdout] 
[INFO] [stderr] error: test failed, to rerun pass `--lib`
[INFO] running `Command { std: "docker" "inspect" "1a4d8697bf412905debf0d5785179f062d89ca99d42aae1e3ee708d5438a1733", kill_on_drop: false }`
[INFO] running `Command { std: "docker" "rm" "-f" "1a4d8697bf412905debf0d5785179f062d89ca99d42aae1e3ee708d5438a1733", kill_on_drop: false }`
[INFO] [stdout] 1a4d8697bf412905debf0d5785179f062d89ca99d42aae1e3ee708d5438a1733
