[INFO] fetching crate dlna-dmr 0.1.3...
[INFO] testing dlna-dmr-0.1.3 against 1.100.0-beta.1+cargoflags=--release for beta-release-1.100-2
[INFO] extracting crate dlna-dmr 0.1.3 into /workspace/builds/worker-7-tc2/source
[INFO] started tweaking crates.io crate dlna-dmr 0.1.3
[INFO] finished tweaking crates.io crate dlna-dmr 0.1.3
[INFO] tweaked toml for crates.io crate dlna-dmr 0.1.3 written to /workspace/builds/worker-7-tc2/source/Cargo.toml
[INFO] validating manifest of crates.io crate dlna-dmr 0.1.3 on toolchain 1.100.0-beta.1
[INFO] running `Command { std: CARGO_HOME="/workspace/cargo-home" RUSTUP_HOME="/workspace/rustup-home" "/workspace/cargo-home/bin/cargo" "+1.100.0-beta.1" "metadata" "--manifest-path" "Cargo.toml" "--no-deps", kill_on_drop: false }`
[INFO] crate crates.io crate dlna-dmr 0.1.3 already has a lockfile, it will not be regenerated
[INFO] running `Command { std: CARGO_HOME="/workspace/cargo-home" RUSTUP_HOME="/workspace/rustup-home" "/workspace/cargo-home/bin/cargo" "+1.100.0-beta.1" "fetch" "--manifest-path" "Cargo.toml", kill_on_drop: false }`
[INFO] running `Command { std: "docker" "create" "-v" "/var/lib/crater-agent-workspace/builds/worker-7-tc2/source:/opt/rustwide/workdir:ro,Z" "-v" "/var/lib/crater-agent-workspace/builds/worker-7-tc2/target:/opt/rustwide/target:rw,Z" "-v" "/var/lib/crater-agent-workspace/cargo-home:/opt/rustwide/cargo-home:ro,Z" "-v" "/var/lib/crater-agent-workspace/rustup-home:/opt/rustwide/rustup-home:ro,Z" "-m" "1610612736" "--network" "none" "ghcr.io/rust-lang/crates-build-env/linux@sha256:77db811e55d90add9212f6832c23229e3de5f1c1f9905e8cb07319ea15df73ac" "sleep" "infinity", kill_on_drop: false }`
[INFO] [stdout] 674a0b2fa5c0ae31ff6607ebcf6189646af56f1d756e4318bda6a1953c4ad165
[INFO] running `Command { std: "docker" "start" "674a0b2fa5c0ae31ff6607ebcf6189646af56f1d756e4318bda6a1953c4ad165", kill_on_drop: false }`
[INFO] running `Command { std: "docker" "inspect" "674a0b2fa5c0ae31ff6607ebcf6189646af56f1d756e4318bda6a1953c4ad165", kill_on_drop: false }`
[INFO] running `Command { std: "docker" "exec" "-e" "SOURCE_DIR=/opt/rustwide/workdir" "-e" "CARGO_HOME=/opt/rustwide/cargo-home" "-e" "RUSTUP_HOME=/opt/rustwide/rustup-home" "-e" "CARGO_TARGET_DIR=/opt/rustwide/target" "-w" "/opt/rustwide/workdir" "--user" "0:0" "674a0b2fa5c0ae31ff6607ebcf6189646af56f1d756e4318bda6a1953c4ad165" "/opt/rustwide/cargo-home/bin/cargo" "+1.100.0-beta.1" "metadata" "--no-deps" "--format-version=1", kill_on_drop: false }`
[INFO] running `Command { std: "docker" "inspect" "674a0b2fa5c0ae31ff6607ebcf6189646af56f1d756e4318bda6a1953c4ad165", kill_on_drop: false }`
[INFO] running `Command { std: "docker" "exec" "-e" "SOURCE_DIR=/opt/rustwide/workdir" "-e" "CARGO_HOME=/opt/rustwide/cargo-home" "-e" "RUSTUP_HOME=/opt/rustwide/rustup-home" "-e" "CARGO_TARGET_DIR=/opt/rustwide/target" "-e" "CARGO_INCREMENTAL=0" "-e" "RUST_BACKTRACE=full" "-e" "RUSTFLAGS=--cap-lints=warn" "-e" "RUSTDOCFLAGS=--cap-lints=warn" "-w" "/opt/rustwide/workdir" "--user" "0:0" "674a0b2fa5c0ae31ff6607ebcf6189646af56f1d756e4318bda6a1953c4ad165" "/opt/rustwide/cargo-home/bin/cargo" "+1.100.0-beta.1" "build" "--frozen" "--message-format=json" "--release", kill_on_drop: false }`
[INFO] [stderr]    Compiling proc-macro2 v1.0.95
[INFO] [stderr]    Compiling unicode-ident v1.0.18
[INFO] [stderr]    Compiling libc v0.2.172
[INFO] [stderr]    Compiling pin-project-lite v0.2.16
[INFO] [stderr]    Compiling serde v1.0.219
[INFO] [stderr]    Compiling futures-core v0.3.31
[INFO] [stderr]    Compiling fnv v1.0.7
[INFO] [stderr]    Compiling bytes v1.10.1
[INFO] [stderr]    Compiling itoa v1.0.15
[INFO] [stderr]    Compiling log v0.4.27
[INFO] [stderr]    Compiling futures-task v0.3.31
[INFO] [stderr]    Compiling httparse v1.10.1
[INFO] [stderr]    Compiling once_cell v1.21.3
[INFO] [stderr]    Compiling pin-utils v0.1.0
[INFO] [stderr]    Compiling syn v1.0.109
[INFO] [stderr]    Compiling tower-service v0.3.3
[INFO] [stderr]    Compiling rustversion v1.0.21
[INFO] [stderr]    Compiling autocfg v1.4.0
[INFO] [stderr]    Compiling smallvec v1.15.1
[INFO] [stderr]    Compiling httpdate v1.0.3
[INFO] [stderr]    Compiling tower-layer v0.3.3
[INFO] [stderr]    Compiling futures-channel v0.3.31
[INFO] [stderr]    Compiling thiserror v2.0.12
[INFO] [stderr]    Compiling futures-util v0.3.31
[INFO] [stderr]    Compiling either v1.15.0
[INFO] [stderr]    Compiling getrandom v0.3.3
[INFO] [stderr]    Compiling sync_wrapper v1.0.2
[INFO] [stderr]    Compiling tracing-core v0.1.34
[INFO] [stderr]    Compiling memchr v2.7.4
[INFO] [stderr]    Compiling mime v0.3.17
[INFO] [stderr]    Compiling byteorder v1.5.0
[INFO] [stderr]    Compiling cfg-if v1.0.0
[INFO] [stderr]    Compiling percent-encoding v2.3.1
[INFO] [stderr]    Compiling matchit v0.8.4
[INFO] [stderr]    Compiling num-traits v0.2.19
[INFO] [stderr]    Compiling iana-time-zone v0.1.63
[INFO] [stderr]    Compiling quote v1.0.40
[INFO] [stderr]    Compiling tracing v0.1.41
[INFO] [stderr]    Compiling syn v2.0.101
[INFO] [stderr]    Compiling http v1.3.1
[INFO] [stderr]    Compiling mio v1.0.4
[INFO] [stderr]    Compiling socket2 v0.5.10
[INFO] [stderr]    Compiling signal-hook-registry v1.4.5
[INFO] [stderr]    Compiling uuid v1.17.0
[INFO] [stderr]    Compiling chrono v0.4.41
[INFO] [stderr]    Compiling http-body v1.0.1
[INFO] [stderr]    Compiling http-body-util v0.1.3
[INFO] [stderr]    Compiling axum-core v0.5.2
[INFO] [stderr]    Compiling serde_derive v1.0.219
[INFO] [stderr]    Compiling tokio-macros v2.5.0
[INFO] [stderr]    Compiling thiserror-impl v2.0.12
[INFO] [stderr]    Compiling tokio v1.45.1
[INFO] [stderr]    Compiling neli-proc-macros v0.1.4
[INFO] [stderr]    Compiling hyper v1.6.0
[INFO] [stderr]    Compiling tower v0.5.2
[INFO] [stderr]    Compiling neli v0.6.5
[INFO] [stderr]    Compiling quick-xml v0.37.5
[INFO] [stderr]    Compiling hyper-util v0.1.14
[INFO] [stderr]    Compiling axum v0.8.4
[INFO] [stderr]    Compiling local-ip-address v0.6.5
[INFO] [stderr]    Compiling dlna-dmr v0.1.3 (/opt/rustwide/workdir)
[INFO] [stderr]     Finished `release` profile [optimized] target(s) in 44.67s
[INFO] running `Command { std: "docker" "inspect" "674a0b2fa5c0ae31ff6607ebcf6189646af56f1d756e4318bda6a1953c4ad165", kill_on_drop: false }`
[INFO] running `Command { std: "docker" "exec" "-e" "SOURCE_DIR=/opt/rustwide/workdir" "-e" "CARGO_HOME=/opt/rustwide/cargo-home" "-e" "RUSTUP_HOME=/opt/rustwide/rustup-home" "-e" "CARGO_TARGET_DIR=/opt/rustwide/target" "-e" "CARGO_INCREMENTAL=0" "-e" "RUST_BACKTRACE=full" "-e" "RUSTFLAGS=--cap-lints=warn" "-e" "RUSTDOCFLAGS=--cap-lints=warn" "-w" "/opt/rustwide/workdir" "--user" "0:0" "674a0b2fa5c0ae31ff6607ebcf6189646af56f1d756e4318bda6a1953c4ad165" "/opt/rustwide/cargo-home/bin/cargo" "+1.100.0-beta.1" "test" "--frozen" "--no-run" "--message-format=json" "--release", kill_on_drop: false }`
[INFO] [stderr]    Compiling dlna-dmr v0.1.3 (/opt/rustwide/workdir)
[INFO] [stderr]     Finished `release` profile [optimized] target(s) in 16.25s
[INFO] running `Command { std: "docker" "inspect" "674a0b2fa5c0ae31ff6607ebcf6189646af56f1d756e4318bda6a1953c4ad165", kill_on_drop: false }`
[INFO] running `Command { std: "docker" "exec" "-e" "SOURCE_DIR=/opt/rustwide/workdir" "-e" "CARGO_HOME=/opt/rustwide/cargo-home" "-e" "RUSTUP_HOME=/opt/rustwide/rustup-home" "-e" "CARGO_TARGET_DIR=/opt/rustwide/target" "-e" "CARGO_INCREMENTAL=0" "-e" "RUST_BACKTRACE=full" "-e" "RUSTFLAGS=--cap-lints=warn" "-e" "RUSTDOCFLAGS=--cap-lints=warn" "-w" "/opt/rustwide/workdir" "--user" "0:0" "674a0b2fa5c0ae31ff6607ebcf6189646af56f1d756e4318bda6a1953c4ad165" "/opt/rustwide/cargo-home/bin/cargo" "+1.100.0-beta.1" "test" "--frozen" "--release", kill_on_drop: false }`
[INFO] [stderr]     Finished `release` profile [optimized] target(s) in 0.11s
[INFO] [stderr]      Running unittests src/lib.rs (/opt/rustwide/target/release/build/dlna-dmr/fb602ed4039fa50e/out/dlna_dmr-fb602ed4039fa50e)
[INFO] [stdout] 
[INFO] [stdout] running 12 tests
[INFO] [stdout] test xml::av_transport::tests::test_get_media_info ... FAILED
[INFO] [stdout] test xml::av_transport::tests::test_set_av_transport_uri ... FAILED
[INFO] [stdout] test xml::av_transport::tests::test_set_next_av_transport_uri ... FAILED
[INFO] [stdout] test xml::rendering_control::tests::test_get_mute ... FAILED
[INFO] [stdout] test xml::rendering_control::tests::test_get_volume ... FAILED
[INFO] [stdout] test xml::av_transport::tests::test_seek ... FAILED
[INFO] [stdout] test xml::rendering_control::tests::test_select_preset ... FAILED
[INFO] [stdout] test xml::rendering_control::tests::test_set_mute ... FAILED
[INFO] [stdout] test xml::rendering_control::tests::test_set_volume ... FAILED
[INFO] [stdout] test xml::av_transport::tests::test_get_transport_info ... FAILED
[INFO] [stdout] test xml::av_transport::tests::test_play ... FAILED
[INFO] [stdout] test xml::rendering_control::tests::test_list_presets ... FAILED
[INFO] [stdout] 
[INFO] [stdout] failures:
[INFO] [stdout] 
[INFO] [stdout] ---- xml::av_transport::tests::test_get_media_info stdout ----
[INFO] [stdout] 
[INFO] [stdout] thread 'xml::av_transport::tests::test_get_media_info' (1028) panicked at src/xml/av_transport.rs:267:65:
[INFO] [stdout] Failed to read XML file: Os { code: 2, kind: NotFound, message: "No such file or directory" }
[INFO] [stdout] stack backtrace:
[INFO] [stdout]    0:     0x615b5c981f07 - <unknown>
[INFO] [stdout]    1:     0x615b5c963b8a - <unknown>
[INFO] [stdout]    2:     0x615b5c9814bb - <unknown>
[INFO] [stdout]    3:     0x615b5c980f9f - <unknown>
[INFO] [stdout]    4:     0x615b5c980bca - <unknown>
[INFO] [stdout]    5:     0x615b5c980705 - <unknown>
[INFO] [stdout]    6:     0x615b5c9a7561 - <unknown>
[INFO] [stdout]    7:     0x615b5c9a7519 - <unknown>
[INFO] [stdout]    8:     0x615b5c9a7a1c - <unknown>
[INFO] [stdout]    9:     0x615b5c963a1b - <unknown>
[INFO] [stdout]   10:     0x615b5c966ed1 - <unknown>
[INFO] [stdout]   11:     0x615b5c95b503 - <unknown>
[INFO] [stdout]   12:     0x615b5c961901 - <unknown>
[INFO] [stdout]   13:     0x615b5c9c085b - <unknown>
[INFO] [stdout]   14:     0x615b5c9bbc9f - <unknown>
[INFO] [stdout]   15:     0x615b5c9bb71c - <unknown>
[INFO] [stdout]   16:     0x615b5c9dbcac - <unknown>
[INFO] [stdout]   17:     0x615b5c9a9084 - <unknown>
[INFO] [stdout]   18:     0x74308bd9edfa - <unknown>
[INFO] [stdout]   19:     0x74308be323d4 - clone
[INFO] [stdout]   20:                0x0 - <unknown>
[INFO] [stdout] 
[INFO] [stdout] ---- xml::av_transport::tests::test_set_av_transport_uri stdout ----
[INFO] [stdout] 
[INFO] [stdout] thread 'xml::av_transport::tests::test_set_av_transport_uri' (1032) panicked at src/xml/av_transport.rs:267:65:
[INFO] [stdout] Failed to read XML file: Os { code: 2, kind: NotFound, message: "No such file or directory" }
[INFO] [stdout] stack backtrace:
[INFO] [stdout]    0:     0x615b5c981f07 - <unknown>
[INFO] [stdout]    1:     0x615b5c963b8a - <unknown>
[INFO] [stdout]    2:     0x615b5c9814bb - <unknown>
[INFO] [stdout]    3:     0x615b5c980f9f - <unknown>
[INFO] [stdout]    4:     0x615b5c980bca - <unknown>
[INFO] [stdout]    5:     0x615b5c980705 - <unknown>
[INFO] [stdout]    6:     0x615b5c9a7561 - <unknown>
[INFO] [stdout]    7:     0x615b5c9a7519 - <unknown>
[INFO] [stdout]    8:     0x615b5c9a7a1c - <unknown>
[INFO] [stdout]    9:     0x615b5c963a1b - <unknown>
[INFO] [stdout]   10:     0x615b5c966ed1 - <unknown>
[INFO] [stdout]   11:     0x615b5c95b503 - <unknown>
[INFO] [stdout]   12:     0x615b5c961aa9 - <unknown>
[INFO] [stdout]   13:     0x615b5c9c085b - <unknown>
[INFO] [stdout]   14:     0x615b5c9bbc9f - <unknown>
[INFO] [stdout]   15:     0x615b5c9bb71c - <unknown>
[INFO] [stdout]   16:     0x615b5c9dbcac - <unknown>
[INFO] [stdout]   17:     0x615b5c9a9084 - <unknown>
[INFO] [stdout]   18:     0x74308bd9edfa - <unknown>
[INFO] [stdout]   19:     0x74308be323d4 - clone
[INFO] [stdout]   20:                0x0 - <unknown>
[INFO] [stdout] 
[INFO] [stdout] ---- xml::av_transport::tests::test_set_next_av_transport_uri stdout ----
[INFO] [stdout] 
[INFO] [stdout] thread 'xml::av_transport::tests::test_set_next_av_transport_uri' (1033) panicked at src/xml/av_transport.rs:267:65:
[INFO] [stdout] Failed to read XML file: Os { code: 2, kind: NotFound, message: "No such file or directory" }
[INFO] [stdout] stack backtrace:
[INFO] [stdout]    0:     0x615b5c981f07 - <unknown>
[INFO] [stdout]    1:     0x615b5c963b8a - <unknown>
[INFO] [stdout]    2:     0x615b5c9814bb - <unknown>
[INFO] [stdout]    3:     0x615b5c980f9f - <unknown>
[INFO] [stdout]    4:     0x615b5c980bca - <unknown>
[INFO] [stdout]    5:     0x615b5c980705 - <unknown>
[INFO] [stdout]    6:     0x615b5c9a7561 - <unknown>
[INFO] [stdout]    7:     0x615b5c9a7519 - <unknown>
[INFO] [stdout]    8:     0x615b5c9a7a1c - <unknown>
[INFO] [stdout]    9:     0x615b5c963a1b - <unknown>
[INFO] [stdout]   10:     0x615b5c966ed1 - <unknown>
[INFO] [stdout]   11:     0x615b5c95b503 - <unknown>
[INFO] [stdout]   12:     0x615b5c961c49 - <unknown>
[INFO] [stdout]   13:     0x615b5c9c085b - <unknown>
[INFO] [stdout]   14:     0x615b5c9bbc9f - <unknown>
[INFO] [stdout]   15:     0x615b5c9bb71c - <unknown>
[INFO] [stdout]   16:     0x615b5c9dbcac - <unknown>
[INFO] [stdout]   17:     0x615b5c9a9084 - <unknown>
[INFO] [stdout]   18:     0x74308bd9edfa - <unknown>
[INFO] [stdout]   19:     0x74308be323d4 - clone
[INFO] [stdout]   20:                0x0 - <unknown>
[INFO] [stdout] 
[INFO] [stdout] ---- xml::rendering_control::tests::test_get_mute stdout ----
[INFO] [stdout] 
[INFO] [stdout] thread 'xml::rendering_control::tests::test_get_mute' (1034) panicked at src/xml/rendering_control.rs:242:14:
[INFO] [stdout] Failed to read XML file: Os { code: 2, kind: NotFound, message: "No such file or directory" }
[INFO] [stdout] stack backtrace:
[INFO] [stdout]    0:     0x615b5c981f07 - <unknown>
[INFO] [stdout]    1:     0x615b5c963b8a - <unknown>
[INFO] [stdout]    2:     0x615b5c9814bb - <unknown>
[INFO] [stdout]    3:     0x615b5c980f9f - <unknown>
[INFO] [stdout]    4:     0x615b5c980bca - <unknown>
[INFO] [stdout]    5:     0x615b5c980705 - <unknown>
[INFO] [stdout]    6:     0x615b5c9a7561 - <unknown>
[INFO] [stdout]    7:     0x615b5c9a7519 - <unknown>
[INFO] [stdout]    8:     0x615b5c9a7a1c - <unknown>
[INFO] [stdout]    9:     0x615b5c963a1b - <unknown>
[INFO] [stdout]   10:     0x615b5c966ed1 - <unknown>
[INFO] [stdout]   11:     0x615b5c95decf - <unknown>
[INFO] [stdout]   12:     0x615b5c961fee - <unknown>
[INFO] [stdout]   13:     0x615b5c9c085b - <unknown>
[INFO] [stdout]   14:     0x615b5c9bbc9f - <unknown>
[INFO] [stdout]   15:     0x615b5c9bb71c - <unknown>
[INFO] [stdout]   16:     0x615b5c9dbcac - <unknown>
[INFO] [stdout]   17:     0x615b5c9a9084 - <unknown>
[INFO] [stdout]   18:     0x74308bd9edfa - <unknown>
[INFO] [stdout]   19:     0x74308be323d4 - clone
[INFO] [stdout]   20:                0x0 - <unknown>
[INFO] [stdout] 
[INFO] [stdout] ---- xml::rendering_control::tests::test_get_volume stdout ----
[INFO] [stdout] 
[INFO] [stdout] thread 'xml::rendering_control::tests::test_get_volume' (1035) panicked at src/xml/rendering_control.rs:242:14:
[INFO] [stdout] Failed to read XML file: Os { code: 2, kind: NotFound, message: "No such file or directory" }
[INFO] [stdout] stack backtrace:
[INFO] [stdout]    0:     0x615b5c981f07 - <unknown>
[INFO] [stdout]    1:     0x615b5c963b8a - <unknown>
[INFO] [stdout]    2:     0x615b5c9814bb - <unknown>
[INFO] [stdout]    3:     0x615b5c980f9f - <unknown>
[INFO] [stdout]    4:     0x615b5c980bca - <unknown>
[INFO] [stdout]    5:     0x615b5c980705 - <unknown>
[INFO] [stdout]    6:     0x615b5c9a7561 - <unknown>
[INFO] [stdout]    7:     0x615b5c9a7519 - <unknown>
[INFO] [stdout]    8:     0x615b5c9a7a1c - <unknown>
[INFO] [stdout]    9:     0x615b5c963a1b - <unknown>
[INFO] [stdout]   10:     0x615b5c966ed1 - <unknown>
[INFO] [stdout]   11:     0x615b5c95decf - <unknown>
[INFO] [stdout]   12:     0x615b5c9621ae - <unknown>
[INFO] [stdout]   13:     0x615b5c9c085b - <unknown>
[INFO] [stdout]   14:     0x615b5c9bbc9f - <unknown>
[INFO] [stdout]   15:     0x615b5c9bb71c - <unknown>
[INFO] [stdout]   16:     0x615b5c9dbcac - <unknown>
[INFO] [stdout]   17:     0x615b5c9a9084 - <unknown>
[INFO] [stdout]   18:     0x74308bd9edfa - <unknown>
[INFO] [stdout]   19:     0x74308be323d4 - clone
[INFO] [stdout]   20:                0x0 - <unknown>
[INFO] [stdout] 
[INFO] [stdout] ---- xml::av_transport::tests::test_seek stdout ----
[INFO] [stdout] 
[INFO] [stdout] thread 'xml::av_transport::tests::test_seek' (1031) panicked at src/xml/av_transport.rs:267:65:
[INFO] [stdout] Failed to read XML file: Os { code: 2, kind: NotFound, message: "No such file or directory" }
[INFO] [stdout] stack backtrace:
[INFO] [stdout]    0:     0x615b5c981f07 - <unknown>
[INFO] [stdout]    1:     0x615b5c963b8a - <unknown>
[INFO] [stdout]    2:     0x615b5c9814bb - <unknown>
[INFO] [stdout]    3:     0x615b5c980f9f - <unknown>
[INFO] [stdout]    4:     0x615b5c980bca - <unknown>
[INFO] [stdout]    5:     0x615b5c980705 - <unknown>
[INFO] [stdout]    6:     0x615b5c9a7561 - <unknown>
[INFO] [stdout]    7:     0x615b5c9a7519 - <unknown>
[INFO] [stdout]    8:     0x615b5c9a7a1c - <unknown>
[INFO] [stdout]    9:     0x615b5c963a1b - <unknown>
[INFO] [stdout]   10:     0x615b5c966ed1 - <unknown>
[INFO] [stdout]   11:     0x615b5c95b503 - <unknown>
[INFO] [stdout]   12:     0x615b5c961eb3 - <unknown>
[INFO] [stdout]   13:     0x615b5c9c085b - <unknown>
[INFO] [stdout]   14:     0x615b5c9bbc9f - <unknown>
[INFO] [stdout]   15:     0x615b5c9bb71c - <unknown>
[INFO] [stdout]   16:     0x615b5c9dbcac - <unknown>
[INFO] [stdout]   17:     0x615b5c9a9084 - <unknown>
[INFO] [stdout]   18:     0x74308bd9edfa - <unknown>
[INFO] [stdout]   19:     0x74308be323d4 - clone
[INFO] [stdout]   20:                0x0 - <unknown>
[INFO] [stdout] 
[INFO] [stdout] ---- xml::rendering_control::tests::test_select_preset stdout ----
[INFO] [stdout] 
[INFO] [stdout] thread 'xml::rendering_control::tests::test_select_preset' (1037) panicked at src/xml/rendering_control.rs:242:14:
[INFO] [stdout] Failed to read XML file: Os { code: 2, kind: NotFound, message: "No such file or directory" }
[INFO] [stdout] stack backtrace:
[INFO] [stdout]    0:     0x615b5c981f07 - <unknown>
[INFO] [stdout]    1:     0x615b5c963b8a - <unknown>
[INFO] [stdout]    2:     0x615b5c9814bb - <unknown>
[INFO] [stdout]    3:     0x615b5c980f9f - <unknown>
[INFO] [stdout]    4:     0x615b5c980bca - <unknown>
[INFO] [stdout]    5:     0x615b5c980705 - <unknown>
[INFO] [stdout]    6:     0x615b5c9a7561 - <unknown>
[INFO] [stdout]    7:     0x615b5c9a7519 - <unknown>
[INFO] [stdout]    8:     0x615b5c9a7a1c - <unknown>
[INFO] [stdout]    9:     0x615b5c963a1b - <unknown>
[INFO] [stdout]   10:     0x615b5c966ed1 - <unknown>
[INFO] [stdout]   11:     0x615b5c95decf - <unknown>
[INFO] [stdout]   12:     0x615b5c96242e - <unknown>
[INFO] [stdout]   13:     0x615b5c9c085b - <unknown>
[INFO] [stdout]   14:     0x615b5c9bbc9f - <unknown>
[INFO] [stdout]   15:     0x615b5c9bb71c - <unknown>
[INFO] [stdout]   16:     0x615b5c9dbcac - <unknown>
[INFO] [stdout]   17:     0x615b5c9a9084 - <unknown>
[INFO] [stdout]   18:     0x74308bd9edfa - <unknown>
[INFO] [stdout]   19:     0x74308be323d4 - clone
[INFO] [stdout]   20:                0x0 - <unknown>
[INFO] [stdout] 
[INFO] [stdout] ---- xml::rendering_control::tests::test_set_mute stdout ----
[INFO] [stdout] 
[INFO] [stdout] thread 'xml::rendering_control::tests::test_set_mute' (1038) panicked at src/xml/rendering_control.rs:242:14:
[INFO] [stdout] Failed to read XML file: Os { code: 2, kind: NotFound, message: "No such file or directory" }
[INFO] [stdout] stack backtrace:
[INFO] [stdout]    0:     0x615b5c981f07 - <unknown>
[INFO] [stdout]    1:     0x615b5c963b8a - <unknown>
[INFO] [stdout]    2:     0x615b5c9814bb - <unknown>
[INFO] [stdout]    3:     0x615b5c980f9f - <unknown>
[INFO] [stdout]    4:     0x615b5c980bca - <unknown>
[INFO] [stdout]    5:     0x615b5c980705 - <unknown>
[INFO] [stdout]    6:     0x615b5c9a7561 - <unknown>
[INFO] [stdout]    7:     0x615b5c9a7519 - <unknown>
[INFO] [stdout]    8:     0x615b5c9a7a1c - <unknown>
[INFO] [stdout]    9:     0x615b5c963a1b - <unknown>
[INFO] [stdout]   10:     0x615b5c966ed1 - <unknown>
[INFO] [stdout]   11:     0x615b5c95decf - <unknown>
[INFO] [stdout]   12:     0x615b5c9620be - <unknown>
[INFO] [stdout]   13:     0x615b5c9c085b - <unknown>
[INFO] [stdout]   14:     0x615b5c9bbc9f - <unknown>
[INFO] [stdout]   15:     0x615b5c9bb71c - <unknown>
[INFO] [stdout]   16:     0x615b5c9dbcac - <unknown>
[INFO] [stdout]   17:     0x615b5c9a9084 - <unknown>
[INFO] [stdout]   18:     0x74308bd9edfa - <unknown>
[INFO] [stdout]   19:     0x74308be323d4 - clone
[INFO] [stdout]   20:                0x0 - <unknown>
[INFO] [stdout] 
[INFO] [stdout] ---- xml::rendering_control::tests::test_set_volume stdout ----
[INFO] [stdout] 
[INFO] [stdout] thread 'xml::rendering_control::tests::test_set_volume' (1039) panicked at src/xml/rendering_control.rs:242:14:
[INFO] [stdout] Failed to read XML file: Os { code: 2, kind: NotFound, message: "No such file or directory" }
[INFO] [stdout] stack backtrace:
[INFO] [stdout]    0:     0x615b5c981f07 - <unknown>
[INFO] [stdout]    1:     0x615b5c963b8a - <unknown>
[INFO] [stdout]    2:     0x615b5c9814bb - <unknown>
[INFO] [stdout]    3:     0x615b5c980f9f - <unknown>
[INFO] [stdout]    4:     0x615b5c980bca - <unknown>
[INFO] [stdout]    5:     0x615b5c980705 - <unknown>
[INFO] [stdout]    6:     0x615b5c9a7561 - <unknown>
[INFO] [stdout]    7:     0x615b5c9a7519 - <unknown>
[INFO] [stdout]    8:     0x615b5c9a7a1c - <unknown>
[INFO] [stdout]    9:     0x615b5c963a1b - <unknown>
[INFO] [stdout]   10:     0x615b5c966ed1 - <unknown>
[INFO] [stdout]   11:     0x615b5c95decf - <unknown>
[INFO] [stdout]   12:     0x615b5c96227e - <unknown>
[INFO] [stdout]   13:     0x615b5c9c085b - <unknown>
[INFO] [stdout]   14:     0x615b5c9bbc9f - <unknown>
[INFO] [stdout]   15:     0x615b5c9bb71c - <unknown>
[INFO] [stdout]   16:     0x615b5c9dbcac - <unknown>
[INFO] [stdout]   17:     0x615b5c9a9084 - <unknown>
[INFO] [stdout]   18:     0x74308bd9edfa - <unknown>
[INFO] [stdout]   19:     0x74308be323d4 - clone
[INFO] [stdout]   20:                0x0 - <unknown>
[INFO] [stdout] 
[INFO] [stdout] ---- xml::av_transport::tests::test_get_transport_info stdout ----
[INFO] [stdout] 
[INFO] [stdout] thread 'xml::av_transport::tests::test_get_transport_info' (1029) panicked at src/xml/av_transport.rs:267:65:
[INFO] [stdout] Failed to read XML file: Os { code: 2, kind: NotFound, message: "No such file or directory" }
[INFO] [stdout] stack backtrace:
[INFO] [stdout]    0:     0x615b5c981f07 - <unknown>
[INFO] [stdout]    1:     0x615b5c963b8a - <unknown>
[INFO] [stdout]    2:     0x615b5c9814bb - <unknown>
[INFO] [stdout]    3:     0x615b5c980f9f - <unknown>
[INFO] [stdout]    4:     0x615b5c980bca - <unknown>
[INFO] [stdout]    5:     0x615b5c980705 - <unknown>
[INFO] [stdout]    6:     0x615b5c9a7561 - <unknown>
[INFO] [stdout]    7:     0x615b5c9a7519 - <unknown>
[INFO] [stdout]    8:     0x615b5c9a7a1c - <unknown>
[INFO] [stdout]    9:     0x615b5c963a1b - <unknown>
[INFO] [stdout]   10:     0x615b5c966ed1 - <unknown>
[INFO] [stdout]   11:     0x615b5c95b503 - <unknown>
[INFO] [stdout]   12:     0x615b5c9619d1 - <unknown>
[INFO] [stdout]   13:     0x615b5c9c085b - <unknown>
[INFO] [stdout]   14:     0x615b5c9bbc9f - <unknown>
[INFO] [stdout]   15:     0x615b5c9bb71c - <unknown>
[INFO] [stdout]   16:     0x615b5c9dbcac - <unknown>
[INFO] [stdout]   17:     0x615b5c9a9084 - <unknown>
[INFO] [stdout]   18:     0x74308bd9edfa - <unknown>
[INFO] [stdout]   19:     0x74308be323d4 - clone
[INFO] [stdout]   20:                0x0 - <unknown>
[INFO] [stdout] 
[INFO] [stdout] ---- xml::av_transport::tests::test_play stdout ----
[INFO] [stdout] 
[INFO] [stdout] thread 'xml::av_transport::tests::test_play' (1030) panicked at src/xml/av_transport.rs:267:65:
[INFO] [stdout] Failed to read XML file: Os { code: 2, kind: NotFound, message: "No such file or directory" }
[INFO] [stdout] stack backtrace:
[INFO] [stdout]    0:     0x615b5c981f07 - <unknown>
[INFO] [stdout]    1:     0x615b5c963b8a - <unknown>
[INFO] [stdout]    2:     0x615b5c9814bb - <unknown>
[INFO] [stdout]    3:     0x615b5c980f9f - <unknown>
[INFO] [stdout]    4:     0x615b5c980bca - <unknown>
[INFO] [stdout]    5:     0x615b5c980705 - <unknown>
[INFO] [stdout]    6:     0x615b5c9a7561 - <unknown>
[INFO] [stdout]    7:     0x615b5c9a7519 - <unknown>
[INFO] [stdout]    8:     0x615b5c9a7a1c - <unknown>
[INFO] [stdout]    9:     0x615b5c963a1b - <unknown>
[INFO] [stdout]   10:     0x615b5c966ed1 - <unknown>
[INFO] [stdout]   11:     0x615b5c95b503 - <unknown>
[INFO] [stdout]   12:     0x615b5c961de1 - <unknown>
[INFO] [stdout]   13:     0x615b5c9c085b - <unknown>
[INFO] [stdout]   14:     0x615b5c9bbc9f - <unknown>
[INFO] [stdout]   15:     0x615b5c9bb71c - <unknown>
[INFO] [stdout]   16:     0x615b5c9dbcac - <unknown>
[INFO] [stdout]   17:     0x615b5c9a9084 - <unknown>
[INFO] [stdout]   18:     0x74308bd9edfa - <unknown>
[INFO] [stdout]   19:     0x74308be323d4 - clone
[INFO] [stdout]   20:                0x0 - <unknown>
[INFO] [stdout] 
[INFO] [stdout] ---- xml::rendering_control::tests::test_list_presets stdout ----
[INFO] [stdout] 
[INFO] [stdout] thread 'xml::rendering_control::tests::test_list_presets' (1036) panicked at src/xml/rendering_control.rs:242:14:
[INFO] [stdout] Failed to read XML file: Os { code: 2, kind: NotFound, message: "No such file or directory" }
[INFO] [stdout] stack backtrace:
[INFO] [stdout]    0:     0x615b5c981f07 - <unknown>
[INFO] [stdout]    1:     0x615b5c963b8a - <unknown>
[INFO] [stdout]    2:     0x615b5c9814bb - <unknown>
[INFO] [stdout]    3:     0x615b5c980f9f - <unknown>
[INFO] [stdout]    4:     0x615b5c980bca - <unknown>
[INFO] [stdout]    5:     0x615b5c980705 - <unknown>
[INFO] [stdout]    6:     0x615b5c9a7561 - <unknown>
[INFO] [stdout]    7:     0x615b5c9a7519 - <unknown>
[INFO] [stdout]    8:     0x615b5c9a7a1c - <unknown>
[INFO] [stdout]    9:     0x615b5c963a1b - <unknown>
[INFO] [stdout]   10:     0x615b5c966ed1 - <unknown>
[INFO] [stdout]   11:     0x615b5c95decf - <unknown>
[INFO] [stdout]   12:     0x615b5c96235e - <unknown>
[INFO] [stdout]   13:     0x615b5c9c085b - <unknown>
[INFO] [stdout]   14:     0x615b5c9bbc9f - <unknown>
[INFO] [stdout]   15:     0x615b5c9bb71c - <unknown>
[INFO] [stdout]   16:     0x615b5c9dbcac - <unknown>
[INFO] [stdout]   17:     0x615b5c9a9084 - <unknown>
[INFO] [stdout]   18:     0x74308bd9edfa - <unknown>
[INFO] [stdout]   19:     0x74308be323d4 - clone
[INFO] [stdout]   20:                0x0 - <unknown>
[INFO] [stdout] 
[INFO] [stdout] 
[INFO] [stdout] failures:
[INFO] [stdout]     xml::av_transport::tests::test_get_media_info
[INFO] [stdout]     xml::av_transport::tests::test_get_transport_info
[INFO] [stdout]     xml::av_transport::tests::test_play
[INFO] [stdout]     xml::av_transport::tests::test_seek
[INFO] [stdout]     xml::av_transport::tests::test_set_av_transport_uri
[INFO] [stdout]     xml::av_transport::tests::test_set_next_av_transport_uri
[INFO] [stdout]     xml::rendering_control::tests::test_get_mute
[INFO] [stdout]     xml::rendering_control::tests::test_get_volume
[INFO] [stdout]     xml::rendering_control::tests::test_list_presets
[INFO] [stdout]     xml::rendering_control::tests::test_select_preset
[INFO] [stdout]     xml::rendering_control::tests::test_set_mute
[INFO] [stdout]     xml::rendering_control::tests::test_set_volume
[INFO] [stdout] 
[INFO] [stdout] test result: FAILED. 0 passed; 12 failed; 0 ignored; 0 measured; 0 filtered out; finished in 0.01s
[INFO] [stdout] 
[INFO] [stderr] error: test failed, to rerun pass `--lib`
[INFO] running `Command { std: "docker" "inspect" "674a0b2fa5c0ae31ff6607ebcf6189646af56f1d756e4318bda6a1953c4ad165", kill_on_drop: false }`
[INFO] running `Command { std: "docker" "rm" "-f" "674a0b2fa5c0ae31ff6607ebcf6189646af56f1d756e4318bda6a1953c4ad165", kill_on_drop: false }`
[INFO] [stdout] 674a0b2fa5c0ae31ff6607ebcf6189646af56f1d756e4318bda6a1953c4ad165
