[INFO] fetching crate dlep-net 0.2.0...
[INFO] testing dlep-net-0.2.0 against 1.100.0-beta.1+cargoflags=--release for beta-release-1.100-2
[INFO] extracting crate dlep-net 0.2.0 into /workspace/builds/worker-6-tc2/source
[INFO] started tweaking crates.io crate dlep-net 0.2.0
[INFO] finished tweaking crates.io crate dlep-net 0.2.0
[INFO] tweaked toml for crates.io crate dlep-net 0.2.0 written to /workspace/builds/worker-6-tc2/source/Cargo.toml
[INFO] validating manifest of crates.io crate dlep-net 0.2.0 on toolchain 1.100.0-beta.1
[INFO] running `Command { std: CARGO_HOME="/workspace/cargo-home" RUSTUP_HOME="/workspace/rustup-home" "/workspace/cargo-home/bin/cargo" "+1.100.0-beta.1" "metadata" "--manifest-path" "Cargo.toml" "--no-deps", kill_on_drop: false }`
[INFO] crate crates.io crate dlep-net 0.2.0 already has a lockfile, it will not be regenerated
[INFO] running `Command { std: CARGO_HOME="/workspace/cargo-home" RUSTUP_HOME="/workspace/rustup-home" "/workspace/cargo-home/bin/cargo" "+1.100.0-beta.1" "fetch" "--manifest-path" "Cargo.toml", kill_on_drop: false }`
[INFO] running `Command { std: "docker" "create" "-v" "/var/lib/crater-agent-workspace/builds/worker-6-tc2/source:/opt/rustwide/workdir:ro,Z" "-v" "/var/lib/crater-agent-workspace/builds/worker-6-tc2/target:/opt/rustwide/target:rw,Z" "-v" "/var/lib/crater-agent-workspace/cargo-home:/opt/rustwide/cargo-home:ro,Z" "-v" "/var/lib/crater-agent-workspace/rustup-home:/opt/rustwide/rustup-home:ro,Z" "-m" "1610612736" "--network" "none" "ghcr.io/rust-lang/crates-build-env/linux@sha256:77db811e55d90add9212f6832c23229e3de5f1c1f9905e8cb07319ea15df73ac" "sleep" "infinity", kill_on_drop: false }`
[INFO] [stdout] 6985d9cef7a5845ceb4bcc553c5e155d4d9a62f832884e5c221b812ba278b0de
[INFO] running `Command { std: "docker" "start" "6985d9cef7a5845ceb4bcc553c5e155d4d9a62f832884e5c221b812ba278b0de", kill_on_drop: false }`
[INFO] running `Command { std: "docker" "inspect" "6985d9cef7a5845ceb4bcc553c5e155d4d9a62f832884e5c221b812ba278b0de", kill_on_drop: false }`
[INFO] running `Command { std: "docker" "exec" "-e" "SOURCE_DIR=/opt/rustwide/workdir" "-e" "CARGO_HOME=/opt/rustwide/cargo-home" "-e" "RUSTUP_HOME=/opt/rustwide/rustup-home" "-e" "CARGO_TARGET_DIR=/opt/rustwide/target" "-w" "/opt/rustwide/workdir" "--user" "0:0" "6985d9cef7a5845ceb4bcc553c5e155d4d9a62f832884e5c221b812ba278b0de" "/opt/rustwide/cargo-home/bin/cargo" "+1.100.0-beta.1" "metadata" "--no-deps" "--format-version=1", kill_on_drop: false }`
[INFO] running `Command { std: "docker" "inspect" "6985d9cef7a5845ceb4bcc553c5e155d4d9a62f832884e5c221b812ba278b0de", kill_on_drop: false }`
[INFO] running `Command { std: "docker" "exec" "-e" "SOURCE_DIR=/opt/rustwide/workdir" "-e" "CARGO_HOME=/opt/rustwide/cargo-home" "-e" "RUSTUP_HOME=/opt/rustwide/rustup-home" "-e" "CARGO_TARGET_DIR=/opt/rustwide/target" "-e" "CARGO_INCREMENTAL=0" "-e" "RUST_BACKTRACE=full" "-e" "RUSTFLAGS=--cap-lints=warn" "-e" "RUSTDOCFLAGS=--cap-lints=warn" "-w" "/opt/rustwide/workdir" "--user" "0:0" "6985d9cef7a5845ceb4bcc553c5e155d4d9a62f832884e5c221b812ba278b0de" "/opt/rustwide/cargo-home/bin/cargo" "+1.100.0-beta.1" "build" "--frozen" "--message-format=json" "--release", kill_on_drop: false }`
[INFO] [stderr]    Compiling libc v0.2.186
[INFO] [stderr]    Compiling fs_extra v1.3.0
[INFO] [stderr]    Compiling dunce v1.0.5
[INFO] [stderr]    Compiling pkg-config v0.3.34
[INFO] [stderr]    Compiling aws-lc-rs v1.18.1
[INFO] [stderr]    Compiling zeroize v1.8.2
[INFO] [stderr]    Compiling memoffset v0.9.1
[INFO] [stderr]    Compiling thiserror v2.0.18
[INFO] [stderr]    Compiling cfg_aliases v0.2.1
[INFO] [stderr]    Compiling rustls v0.23.45
[INFO] [stderr]    Compiling bitflags v2.11.1
[INFO] [stderr]    Compiling futures-sink v0.3.32
[INFO] [stderr]    Compiling syn v2.0.117
[INFO] [stderr]    Compiling nix v0.31.3
[INFO] [stderr]    Compiling rustls-pki-types v1.14.0
[INFO] [stderr]    Compiling jobserver v0.1.34
[INFO] [stderr]    Compiling cc v1.2.61
[INFO] [stderr]    Compiling errno v0.3.14
[INFO] [stderr]    Compiling mio v1.2.0
[INFO] [stderr]    Compiling socket2 v0.6.3
[INFO] [stderr]    Compiling socket2 v0.5.10
[INFO] [stderr]    Compiling signal-hook-registry v1.4.8
[INFO] [stderr]    Compiling cmake v0.1.58
[INFO] [stderr]    Compiling aws-lc-sys v0.45.0
[INFO] [stderr]    Compiling tokio-macros v2.7.0
[INFO] [stderr]    Compiling thiserror-impl v2.0.18
[INFO] [stderr]    Compiling tracing-attributes v0.1.31
[INFO] [stderr]    Compiling tokio v1.52.1
[INFO] [stderr]    Compiling dlep-core v0.2.0
[INFO] [stderr]    Compiling tracing v0.1.44
[INFO] [stderr]    Compiling tokio-util v0.7.18
[INFO] [stderr]    Compiling rustls-webpki v0.103.15
[INFO] [stderr]    Compiling tokio-rustls v0.26.4
[INFO] [stderr]    Compiling dlep-net v0.2.0 (/opt/rustwide/workdir)
[INFO] [stderr]     Finished `release` profile [optimized] target(s) in 1m 28s
[INFO] [stderr] warning: the following packages contain code that will be rejected by a future version of Rust: nix v0.31.3
[INFO] [stderr] note: to see what the problems were, use the option `--future-incompat-report`, or run `cargo report future-incompatibilities --id 1`
[INFO] running `Command { std: "docker" "inspect" "6985d9cef7a5845ceb4bcc553c5e155d4d9a62f832884e5c221b812ba278b0de", kill_on_drop: false }`
[INFO] running `Command { std: "docker" "exec" "-e" "SOURCE_DIR=/opt/rustwide/workdir" "-e" "CARGO_HOME=/opt/rustwide/cargo-home" "-e" "RUSTUP_HOME=/opt/rustwide/rustup-home" "-e" "CARGO_TARGET_DIR=/opt/rustwide/target" "-e" "CARGO_INCREMENTAL=0" "-e" "RUST_BACKTRACE=full" "-e" "RUSTFLAGS=--cap-lints=warn" "-e" "RUSTDOCFLAGS=--cap-lints=warn" "-w" "/opt/rustwide/workdir" "--user" "0:0" "6985d9cef7a5845ceb4bcc553c5e155d4d9a62f832884e5c221b812ba278b0de" "/opt/rustwide/cargo-home/bin/cargo" "+1.100.0-beta.1" "test" "--frozen" "--no-run" "--message-format=json" "--release", kill_on_drop: false }`
[INFO] [stderr]    Compiling num-conv v0.1.0
[INFO] [stderr]    Compiling time-core v0.1.7
[INFO] [stderr]    Compiling ring v0.17.14
[INFO] [stderr]    Compiling base64 v0.22.1
[INFO] [stderr]    Compiling getrandom v0.2.17
[INFO] [stderr]    Compiling time v0.3.45
[INFO] [stderr]    Compiling pem v3.0.6
[INFO] [stderr]    Compiling yasna v0.5.2
[INFO] [stderr]    Compiling rcgen v0.13.2
[INFO] [stderr]    Compiling dlep-net v0.2.0 (/opt/rustwide/workdir)
[INFO] [stderr]     Finished `release` profile [optimized] target(s) in 25.37s
[INFO] [stderr] warning: the following packages contain code that will be rejected by a future version of Rust: nix v0.31.3
[INFO] [stderr] note: to see what the problems were, use the option `--future-incompat-report`, or run `cargo report future-incompatibilities --id 1`
[INFO] running `Command { std: "docker" "inspect" "6985d9cef7a5845ceb4bcc553c5e155d4d9a62f832884e5c221b812ba278b0de", kill_on_drop: false }`
[INFO] running `Command { std: "docker" "exec" "-e" "SOURCE_DIR=/opt/rustwide/workdir" "-e" "CARGO_HOME=/opt/rustwide/cargo-home" "-e" "RUSTUP_HOME=/opt/rustwide/rustup-home" "-e" "CARGO_TARGET_DIR=/opt/rustwide/target" "-e" "CARGO_INCREMENTAL=0" "-e" "RUST_BACKTRACE=full" "-e" "RUSTFLAGS=--cap-lints=warn" "-e" "RUSTDOCFLAGS=--cap-lints=warn" "-w" "/opt/rustwide/workdir" "--user" "0:0" "6985d9cef7a5845ceb4bcc553c5e155d4d9a62f832884e5c221b812ba278b0de" "/opt/rustwide/cargo-home/bin/cargo" "+1.100.0-beta.1" "test" "--frozen" "--release", kill_on_drop: false }`
[INFO] [stderr]     Finished `release` profile [optimized] target(s) in 0.11s
[INFO] [stderr] warning: the following packages contain code that will be rejected by a future version of Rust: nix v0.31.3
[INFO] [stderr] note: to see what the problems were, use the option `--future-incompat-report`, or run `cargo report future-incompatibilities --id 1`
[INFO] [stderr]      Running unittests src/lib.rs (/opt/rustwide/target/release/build/dlep-net/ec64824e3e34f0a5/out/dlep_net-ec64824e3e34f0a5)
[INFO] [stdout] 
[INFO] [stdout] running 43 tests
[INFO] [stdout] test discovery::tests::ipv6_filters_hop_limit_before_decode_and_rejects_truncation ... ok
[INFO] [stdout] test discovery::tests::ipv4_any_interface_missing_packet_info_returns_error_and_receive_recovers ... ok
[INFO] [stdout] test discovery::tests::ipv6_missing_hop_limit_returns_error_and_receive_recovers ... ok
[INFO] [stdout] test addr::tests::ipv6_interface_resolution_validates_scope_and_ownership ... ok
[INFO] [stdout] test discovery::tests::ipv4_filters_ttl_before_decode_and_rejects_truncation ... ok
[INFO] [stdout] test discovery::tests::ipv4_selected_interface_missing_packet_info_returns_error_and_receive_recovers ... ok
[INFO] [stdout] test discovery::tests::selected_interface_controls_multicast_and_unicast_source ... ok
[INFO] [stdout] test tcp_monitor::platform::tests::disconnect_resets_peer_and_wakes_local_reader ... ok
[INFO] [stdout] test discovery::tests::multicast_membership_is_isolated_between_interfaces ... FAILED
[INFO] [stdout] test discovery::tests::loopback_send_recv_with_ttl_255 ... FAILED
[INFO] [stdout] test addr::tests::invalid_interface_and_nonlocal_address_are_rejected ... ok
[INFO] [stdout] test discovery::tests::ipv4_missing_ttl_returns_error_and_receive_recovers ... ok
[INFO] [stdout] test discovery::tests::ipv6_missing_packet_info_returns_error_and_receive_recovers ... ok
[INFO] [stdout] test addr::tests::interface_name_and_index_resolve_same_loopback_address ... ok
[INFO] [stdout] test tcp_monitor::platform::tests::failed_reset_shuts_down_both_directions_and_wakes_pending_reader ... ok
[INFO] [stdout] test discovery::tests::two_sockets_can_share_group ... ok
[INFO] [stdout] test addr::tests::unspecified_interface_preserves_route_selection ... ok
[INFO] [stdout] test tcp_monitor::platform::tests::ipv6_extension_chain_respects_declared_and_captured_lengths ... ok
[INFO] [stdout] test gtsm::tests::set_send_ttl_v6_round_trips ... ok
[INFO] [stdout] test discovery::tests::ipv6_multicast_and_unicast_keep_scope_source_and_hop_limit ... FAILED
[INFO] [stdout] test tcp_monitor::platform::tests::ipv6_authentication_header_requires_fixed_fields_and_alignment ... ok
[INFO] [stdout] test tcp_monitor::platform::tests::ipv6_extension_header_and_scope_are_checked ... ok
[INFO] [stdout] test gtsm::tests::enable_recv_ttl_v4 ... ok
[INFO] [stdout] test gtsm::tests::is_gtsm_valid_only_at_255 ... ok
[INFO] [stdout] test gtsm::tests::set_send_ttl_v4_round_trips ... ok
[INFO] [stdout] test tcp_monitor::platform::tests::ipv6_non_tcp_and_opaque_headers_do_not_supply_tcp_ports ... ok
[INFO] [stdout] test tcp_monitor::platform::tests::ipv6_mixed_extension_chain_preserves_tcp_tuple_and_scope ... ok
[INFO] [stdout] test tls::tests::mtls_helper_configs_build ... ok
[INFO] [stdout] test tcp_monitor::platform::tests::packet_parser_rejects_truncation_fragments_and_valid_ttl ... ok
[INFO] [stdout] test tls::tests::self_signed_for_ip_round_trips_through_client_and_server_configs ... ok
[INFO] [stdout] test tls::tests::test_pki_exposes_loadable_pem ... ok
[INFO] [stdout] test tcp_monitor::platform::tests::receive_failure_resets_all_registered_connections_and_rejects_new_ones ... ok
[INFO] [stdout] test tcp_monitor::platform::tests::ipv6_fragments_require_zero_offset_and_a_tcp_header ... ok
[INFO] [stdout] test discovery::tests::bind_succeeds_on_loopback ... ok
[INFO] [stdout] test transport::tests::connector_monitors_incoming_packets ... ok
[INFO] [stdout] test transport::tests::tcp_gtsm_ipv6_including_handshake ... ok
[INFO] [stdout] test transport::tests::tcp_gtsm_ipv4_including_handshake ... ok
[INFO] [stdout] test transport::tests::invalid_ttl_resets_ipv4_session ... ok
[INFO] [stdout] test transport::tests::tcp_rejects_low_ttl_syn ... ok
[INFO] [stdout] test transport::tests::invalid_ttl_resets_ipv4_mapped_session ... ok
[INFO] [stdout] test transport::tests::invalid_hop_limit_resets_ipv6_session ... ok
[INFO] [stdout] test transport::tests::stalled_tls_accept_ipv4_times_out_and_releases_registration ... ok
[INFO] [stderr] error: test failed, to rerun pass `--lib`
[INFO] [stdout] test transport::tests::stalled_tls_accept_ipv6_times_out_and_releases_registration ... ok
[INFO] [stdout] 
[INFO] [stdout] failures:
[INFO] [stdout] 
[INFO] [stdout] ---- discovery::tests::multicast_membership_is_isolated_between_interfaces stdout ----
[INFO] [stdout] 
[INFO] [stdout] thread 'discovery::tests::multicast_membership_is_isolated_between_interfaces' (2409) panicked at src/discovery.rs:881:14:
[INFO] [stdout] network test harness needs a non-loopback IPv4 multicast interface
[INFO] [stdout] stack backtrace:
[INFO] [stdout]    0:     0x59b5cee1cb31 - <<std[617be2ca0a6fd877]::sys::backtrace::BacktraceLock>::print::DisplayBacktrace as core[a373ad73a504971]::fmt::Display>::fmt
[INFO] [stdout]    1:     0x59b5cee3245a - core[a373ad73a504971]::fmt::write
[INFO] [stdout]    2:     0x59b5cee2132c - <alloc[2e1b2a31b91974c5]::vec::Vec<u8> as core[a373ad73a504971]::io::write::Write>::write_fmt
[INFO] [stdout]    3:     0x59b5cedf7bd6 - std[617be2ca0a6fd877]::panicking::default_hook::{closure#0}
[INFO] [stdout]    4:     0x59b5cee149d9 - std[617be2ca0a6fd877]::panicking::default_hook
[INFO] [stdout]    5:     0x59b5cea87230 - test[aada8e7e76ba119b]::test_main_inner::{closure#0}
[INFO] [stdout]    6:     0x59b5cee14d02 - std[617be2ca0a6fd877]::panicking::panic_with_hook
[INFO] [stdout]    7:     0x59b5cedf7c82 - std[617be2ca0a6fd877]::panicking::panic_handler::{closure#0}
[INFO] [stdout]    8:     0x59b5cedf08e9 - std[617be2ca0a6fd877]::sys::backtrace::__rust_end_short_backtrace::<std[617be2ca0a6fd877]::panicking::panic_handler::{closure#0}, !>
[INFO] [stdout]    9:     0x59b5cedf8a7d - __rustc[ea4f61d10b84890b]::rust_begin_unwind
[INFO] [stdout]   10:     0x59b5cee32bbc - core[a373ad73a504971]::panicking::panic_fmt
[INFO] [stdout]   11:     0x59b5cee32914 - core[a373ad73a504971]::option::expect_failed
[INFO] [stdout]   12:     0x59b5cea1deca - dlep_net[9388ac3692a3300c]::discovery::tests::multicast_membership_is_isolated_between_interfaces::{closure#0}
[INFO] [stdout]   13:     0x59b5cea431d3 - <tokio[facc2372eafe8263]::runtime::scheduler::current_thread::Context>::enter::<core[a373ad73a504971]::task::poll::Poll<()>, <tokio[facc2372eafe8263]::runtime::scheduler::current_thread::CoreGuard>::block_on<core[a373ad73a504971]::pin::Pin<&mut core[a373ad73a504971]::pin::Pin<&mut dyn core[a373ad73a504971]::future::future::Future<Output = ()>>>>::{closure#0}::{closure#0}>
[INFO] [stdout]   14:     0x59b5cea74e3c - <tokio[facc2372eafe8263]::runtime::context::scoped::Scoped<tokio[facc2372eafe8263]::runtime::scheduler::Context>>::set::<<tokio[facc2372eafe8263]::runtime::scheduler::current_thread::CoreGuard>::enter<<tokio[facc2372eafe8263]::runtime::scheduler::current_thread::CoreGuard>::block_on<core[a373ad73a504971]::pin::Pin<&mut core[a373ad73a504971]::pin::Pin<&mut dyn core[a373ad73a504971]::future::future::Future<Output = ()>>>>::{closure#0}, core[a373ad73a504971]::option::Option<()>>::{closure#0}, (alloc[2e1b2a31b91974c5]::boxed::Box<tokio[facc2372eafe8263]::runtime::scheduler::current_thread::Core>, core[a373ad73a504971]::option::Option<()>)>
[INFO] [stdout]   15:     0x59b5cea43927 - <tokio[facc2372eafe8263]::runtime::scheduler::current_thread::CoreGuard>::block_on::<core[a373ad73a504971]::pin::Pin<&mut core[a373ad73a504971]::pin::Pin<&mut dyn core[a373ad73a504971]::future::future::Future<Output = ()>>>>
[INFO] [stdout]   16:     0x59b5cea4f850 - tokio[facc2372eafe8263]::runtime::context::runtime::enter_runtime::<<tokio[facc2372eafe8263]::runtime::scheduler::current_thread::CurrentThread>::block_on<core[a373ad73a504971]::pin::Pin<&mut dyn core[a373ad73a504971]::future::future::Future<Output = ()>>>::{closure#0}, ()>
[INFO] [stdout]   17:     0x59b5cea52de5 - <tokio[facc2372eafe8263]::runtime::runtime::Runtime>::block_on::<core[a373ad73a504971]::pin::Pin<&mut dyn core[a373ad73a504971]::future::future::Future<Output = ()>>>
[INFO] [stdout]   18:     0x59b5cea2271e - <dlep_net[9388ac3692a3300c]::discovery::tests::multicast_membership_is_isolated_between_interfaces::{closure#0} as core[a373ad73a504971]::ops::function::FnOnce<()>>::call_once
[INFO] [stdout]   19:     0x59b5cea7a67b - test[aada8e7e76ba119b]::__rust_begin_short_backtrace::<core[a373ad73a504971]::result::Result<(), alloc[2e1b2a31b91974c5]::string::String>, fn() -> core[a373ad73a504971]::result::Result<(), alloc[2e1b2a31b91974c5]::string::String>>
[INFO] [stdout]   20:     0x59b5cea87855 - test[aada8e7e76ba119b]::run_test::{closure#0}
[INFO] [stdout]   21:     0x59b5cea81144 - std[617be2ca0a6fd877]::sys::backtrace::__rust_begin_short_backtrace::<test[aada8e7e76ba119b]::run_test::{closure#1}, ()>
[INFO] [stdout]   22:     0x59b5cea8a8e2 - <std[617be2ca0a6fd877]::thread::lifecycle::spawn_unchecked<test[aada8e7e76ba119b]::run_test::{closure#1}, ()>::{closure#1} as core[a373ad73a504971]::ops::function::FnOnce<()>>::call_once::{shim:vtable#0}
[INFO] [stdout]   23:     0x59b5cee1be6f - <std[617be2ca0a6fd877]::sys::thread::unix::Thread>::new::thread_start
[INFO] [stdout]   24:     0x7fdbba83cdfa - <unknown>
[INFO] [stdout]   25:     0x7fdbba8d03d4 - clone
[INFO] [stdout]   26:                0x0 - <unknown>
[INFO] [stdout] 
[INFO] [stdout] ---- discovery::tests::loopback_send_recv_with_ttl_255 stdout ----
[INFO] [stdout] 
[INFO] [stdout] thread 'discovery::tests::loopback_send_recv_with_ttl_255' (2408) panicked at src/discovery.rs:810:53:
[INFO] [stdout] called `Result::unwrap()` on an `Err` value: Os { code: 19, kind: Uncategorized, message: "No such device" }
[INFO] [stdout] stack backtrace:
[INFO] [stdout]    0:     0x59b5cee1cb31 - <<std[617be2ca0a6fd877]::sys::backtrace::BacktraceLock>::print::DisplayBacktrace as core[a373ad73a504971]::fmt::Display>::fmt
[INFO] [stdout]    1:     0x59b5cee3245a - core[a373ad73a504971]::fmt::write
[INFO] [stdout]    2:     0x59b5cee2132c - <alloc[2e1b2a31b91974c5]::vec::Vec<u8> as core[a373ad73a504971]::io::write::Write>::write_fmt
[INFO] [stdout]    3:     0x59b5cedf7bd6 - std[617be2ca0a6fd877]::panicking::default_hook::{closure#0}
[INFO] [stdout]    4:     0x59b5cee149d9 - std[617be2ca0a6fd877]::panicking::default_hook
[INFO] [stdout]    5:     0x59b5cea87230 - test[aada8e7e76ba119b]::test_main_inner::{closure#0}
[INFO] [stdout]    6:     0x59b5cee14d02 - std[617be2ca0a6fd877]::panicking::panic_with_hook
[INFO] [stdout]    7:     0x59b5cedf7c82 - std[617be2ca0a6fd877]::panicking::panic_handler::{closure#0}
[INFO] [stdout]    8:     0x59b5cedf08e9 - std[617be2ca0a6fd877]::sys::backtrace::__rust_end_short_backtrace::<std[617be2ca0a6fd877]::panicking::panic_handler::{closure#0}, !>
[INFO] [stdout]    9:     0x59b5cedf8a7d - __rustc[ea4f61d10b84890b]::rust_begin_unwind
[INFO] [stdout]   10:     0x59b5cee32bbc - core[a373ad73a504971]::panicking::panic_fmt
[INFO] [stdout]   11:     0x59b5cee32992 - core[a373ad73a504971]::result::unwrap_failed
[INFO] [stdout]   12:     0x59b5cea1bf00 - dlep_net[9388ac3692a3300c]::discovery::tests::loopback_send_recv_with_ttl_255::{closure#0}
[INFO] [stdout]   13:     0x59b5cea431d3 - <tokio[facc2372eafe8263]::runtime::scheduler::current_thread::Context>::enter::<core[a373ad73a504971]::task::poll::Poll<()>, <tokio[facc2372eafe8263]::runtime::scheduler::current_thread::CoreGuard>::block_on<core[a373ad73a504971]::pin::Pin<&mut core[a373ad73a504971]::pin::Pin<&mut dyn core[a373ad73a504971]::future::future::Future<Output = ()>>>>::{closure#0}::{closure#0}>
[INFO] [stdout]   14:     0x59b5cea74e3c - <tokio[facc2372eafe8263]::runtime::context::scoped::Scoped<tokio[facc2372eafe8263]::runtime::scheduler::Context>>::set::<<tokio[facc2372eafe8263]::runtime::scheduler::current_thread::CoreGuard>::enter<<tokio[facc2372eafe8263]::runtime::scheduler::current_thread::CoreGuard>::block_on<core[a373ad73a504971]::pin::Pin<&mut core[a373ad73a504971]::pin::Pin<&mut dyn core[a373ad73a504971]::future::future::Future<Output = ()>>>>::{closure#0}, core[a373ad73a504971]::option::Option<()>>::{closure#0}, (alloc[2e1b2a31b91974c5]::boxed::Box<tokio[facc2372eafe8263]::runtime::scheduler::current_thread::Core>, core[a373ad73a504971]::option::Option<()>)>
[INFO] [stdout]   15:     0x59b5cea43927 - <tokio[facc2372eafe8263]::runtime::scheduler::current_thread::CoreGuard>::block_on::<core[a373ad73a504971]::pin::Pin<&mut core[a373ad73a504971]::pin::Pin<&mut dyn core[a373ad73a504971]::future::future::Future<Output = ()>>>>
[INFO] [stdout]   16:     0x59b5cea4f850 - tokio[facc2372eafe8263]::runtime::context::runtime::enter_runtime::<<tokio[facc2372eafe8263]::runtime::scheduler::current_thread::CurrentThread>::block_on<core[a373ad73a504971]::pin::Pin<&mut dyn core[a373ad73a504971]::future::future::Future<Output = ()>>>::{closure#0}, ()>
[INFO] [stdout]   17:     0x59b5cea52de5 - <tokio[facc2372eafe8263]::runtime::runtime::Runtime>::block_on::<core[a373ad73a504971]::pin::Pin<&mut dyn core[a373ad73a504971]::future::future::Future<Output = ()>>>
[INFO] [stdout]   18:     0x59b5cea2244e - <dlep_net[9388ac3692a3300c]::discovery::tests::loopback_send_recv_with_ttl_255::{closure#0} as core[a373ad73a504971]::ops::function::FnOnce<()>>::call_once
[INFO] [stdout]   19:     0x59b5cea7a67b - test[aada8e7e76ba119b]::__rust_begin_short_backtrace::<core[a373ad73a504971]::result::Result<(), alloc[2e1b2a31b91974c5]::string::String>, fn() -> core[a373ad73a504971]::result::Result<(), alloc[2e1b2a31b91974c5]::string::String>>
[INFO] [stdout]   20:     0x59b5cea87855 - test[aada8e7e76ba119b]::run_test::{closure#0}
[INFO] [stdout]   21:     0x59b5cea81144 - std[617be2ca0a6fd877]::sys::backtrace::__rust_begin_short_backtrace::<test[aada8e7e76ba119b]::run_test::{closure#1}, ()>
[INFO] [stdout]   22:     0x59b5cea8a8e2 - <std[617be2ca0a6fd877]::thread::lifecycle::spawn_unchecked<test[aada8e7e76ba119b]::run_test::{closure#1}, ()>::{closure#1} as core[a373ad73a504971]::ops::function::FnOnce<()>>::call_once::{shim:vtable#0}
[INFO] [stdout]   23:     0x59b5cee1be6f - <std[617be2ca0a6fd877]::sys::thread::unix::Thread>::new::thread_start
[INFO] [stdout]   24:     0x7fdbba83cdfa - <unknown>
[INFO] [stdout]   25:     0x7fdbba8d03d4 - clone
[INFO] [stdout]   26:                0x0 - <unknown>
[INFO] [stdout] 
[INFO] [stdout] ---- discovery::tests::ipv6_multicast_and_unicast_keep_scope_source_and_hop_limit stdout ----
[INFO] [stdout] 
[INFO] [stdout] thread 'discovery::tests::ipv6_multicast_and_unicast_keep_scope_source_and_hop_limit' (2407) panicked at src/discovery.rs:700:14:
[INFO] [stdout] test harness needs IPv6 on dlep-test: Custom { kind: InvalidInput, error: "invalid discovery interface \"dlep-test\": ENODEV: No such device" }
[INFO] [stdout] stack backtrace:
[INFO] [stdout]    0:     0x59b5cee1cb31 - <<std[617be2ca0a6fd877]::sys::backtrace::BacktraceLock>::print::DisplayBacktrace as core[a373ad73a504971]::fmt::Display>::fmt
[INFO] [stdout]    1:     0x59b5cee3245a - core[a373ad73a504971]::fmt::write
[INFO] [stdout]    2:     0x59b5cee2132c - <alloc[2e1b2a31b91974c5]::vec::Vec<u8> as core[a373ad73a504971]::io::write::Write>::write_fmt
[INFO] [stdout]    3:     0x59b5cedf7bd6 - std[617be2ca0a6fd877]::panicking::default_hook::{closure#0}
[INFO] [stdout]    4:     0x59b5cee149d9 - std[617be2ca0a6fd877]::panicking::default_hook
[INFO] [stdout]    5:     0x59b5cea87230 - test[aada8e7e76ba119b]::test_main_inner::{closure#0}
[INFO] [stdout]    6:     0x59b5cee14d02 - std[617be2ca0a6fd877]::panicking::panic_with_hook
[INFO] [stdout]    7:     0x59b5cedf7c82 - std[617be2ca0a6fd877]::panicking::panic_handler::{closure#0}
[INFO] [stdout]    8:     0x59b5cedf08e9 - std[617be2ca0a6fd877]::sys::backtrace::__rust_end_short_backtrace::<std[617be2ca0a6fd877]::panicking::panic_handler::{closure#0}, !>
[INFO] [stdout]    9:     0x59b5cedf8a7d - __rustc[ea4f61d10b84890b]::rust_begin_unwind
[INFO] [stdout]   10:     0x59b5cee32bbc - core[a373ad73a504971]::panicking::panic_fmt
[INFO] [stdout]   11:     0x59b5cee32992 - core[a373ad73a504971]::result::unwrap_failed
[INFO] [stdout]   12:     0x59b5cea20f95 - dlep_net[9388ac3692a3300c]::discovery::tests::ipv6_multicast_and_unicast_keep_scope_source_and_hop_limit::{closure#0}
[INFO] [stdout]   13:     0x59b5cea431d3 - <tokio[facc2372eafe8263]::runtime::scheduler::current_thread::Context>::enter::<core[a373ad73a504971]::task::poll::Poll<()>, <tokio[facc2372eafe8263]::runtime::scheduler::current_thread::CoreGuard>::block_on<core[a373ad73a504971]::pin::Pin<&mut core[a373ad73a504971]::pin::Pin<&mut dyn core[a373ad73a504971]::future::future::Future<Output = ()>>>>::{closure#0}::{closure#0}>
[INFO] [stdout]   14:     0x59b5cea74e3c - <tokio[facc2372eafe8263]::runtime::context::scoped::Scoped<tokio[facc2372eafe8263]::runtime::scheduler::Context>>::set::<<tokio[facc2372eafe8263]::runtime::scheduler::current_thread::CoreGuard>::enter<<tokio[facc2372eafe8263]::runtime::scheduler::current_thread::CoreGuard>::block_on<core[a373ad73a504971]::pin::Pin<&mut core[a373ad73a504971]::pin::Pin<&mut dyn core[a373ad73a504971]::future::future::Future<Output = ()>>>>::{closure#0}, core[a373ad73a504971]::option::Option<()>>::{closure#0}, (alloc[2e1b2a31b91974c5]::boxed::Box<tokio[facc2372eafe8263]::runtime::scheduler::current_thread::Core>, core[a373ad73a504971]::option::Option<()>)>
[INFO] [stdout]   15:     0x59b5cea43927 - <tokio[facc2372eafe8263]::runtime::scheduler::current_thread::CoreGuard>::block_on::<core[a373ad73a504971]::pin::Pin<&mut core[a373ad73a504971]::pin::Pin<&mut dyn core[a373ad73a504971]::future::future::Future<Output = ()>>>>
[INFO] [stdout]   16:     0x59b5cea4f850 - tokio[facc2372eafe8263]::runtime::context::runtime::enter_runtime::<<tokio[facc2372eafe8263]::runtime::scheduler::current_thread::CurrentThread>::block_on<core[a373ad73a504971]::pin::Pin<&mut dyn core[a373ad73a504971]::future::future::Future<Output = ()>>>::{closure#0}, ()>
[INFO] [stdout]   17:     0x59b5cea52de5 - <tokio[facc2372eafe8263]::runtime::runtime::Runtime>::block_on::<core[a373ad73a504971]::pin::Pin<&mut dyn core[a373ad73a504971]::future::future::Future<Output = ()>>>
[INFO] [stdout]   18:     0x59b5cea22cbe - <dlep_net[9388ac3692a3300c]::discovery::tests::ipv6_multicast_and_unicast_keep_scope_source_and_hop_limit::{closure#0} as core[a373ad73a504971]::ops::function::FnOnce<()>>::call_once
[INFO] [stdout]   19:     0x59b5cea7a67b - test[aada8e7e76ba119b]::__rust_begin_short_backtrace::<core[a373ad73a504971]::result::Result<(), alloc[2e1b2a31b91974c5]::string::String>, fn() -> core[a373ad73a504971]::result::Result<(), alloc[2e1b2a31b91974c5]::string::String>>
[INFO] [stdout]   20:     0x59b5cea87855 - test[aada8e7e76ba119b]::run_test::{closure#0}
[INFO] [stdout]   21:     0x59b5cea81144 - std[617be2ca0a6fd877]::sys::backtrace::__rust_begin_short_backtrace::<test[aada8e7e76ba119b]::run_test::{closure#1}, ()>
[INFO] [stdout]   22:     0x59b5cea8a8e2 - <std[617be2ca0a6fd877]::thread::lifecycle::spawn_unchecked<test[aada8e7e76ba119b]::run_test::{closure#1}, ()>::{closure#1} as core[a373ad73a504971]::ops::function::FnOnce<()>>::call_once::{shim:vtable#0}
[INFO] [stdout]   23:     0x59b5cee1be6f - <std[617be2ca0a6fd877]::sys::thread::unix::Thread>::new::thread_start
[INFO] [stdout]   24:     0x7fdbba83cdfa - <unknown>
[INFO] [stdout]   25:     0x7fdbba8d03d4 - clone
[INFO] [stdout]   26:                0x0 - <unknown>
[INFO] [stdout] 
[INFO] [stdout] 
[INFO] [stdout] failures:
[INFO] [stdout]     discovery::tests::ipv6_multicast_and_unicast_keep_scope_source_and_hop_limit
[INFO] [stdout]     discovery::tests::loopback_send_recv_with_ttl_255
[INFO] [stdout]     discovery::tests::multicast_membership_is_isolated_between_interfaces
[INFO] [stdout] 
[INFO] [stdout] test result: FAILED. 40 passed; 3 failed; 0 ignored; 0 measured; 0 filtered out; finished in 5.06s
[INFO] [stdout] 
[INFO] running `Command { std: "docker" "inspect" "6985d9cef7a5845ceb4bcc553c5e155d4d9a62f832884e5c221b812ba278b0de", kill_on_drop: false }`
[INFO] running `Command { std: "docker" "rm" "-f" "6985d9cef7a5845ceb4bcc553c5e155d4d9a62f832884e5c221b812ba278b0de", kill_on_drop: false }`
[INFO] [stdout] 6985d9cef7a5845ceb4bcc553c5e155d4d9a62f832884e5c221b812ba278b0de
