[INFO] fetching crate diversion 0.3.1...
[INFO] testing diversion-0.3.1 against 1.100.0-beta.1+cargoflags=--release for beta-release-1.100-2
[INFO] extracting crate diversion 0.3.1 into /workspace/builds/worker-7-tc2/source
[INFO] started tweaking crates.io crate diversion 0.3.1
[INFO] removed 0 missing tests
[INFO] finished tweaking crates.io crate diversion 0.3.1
[INFO] tweaked toml for crates.io crate diversion 0.3.1 written to /workspace/builds/worker-7-tc2/source/Cargo.toml
[INFO] validating manifest of crates.io crate diversion 0.3.1 on toolchain 1.100.0-beta.1
[INFO] running `Command { std: CARGO_HOME="/workspace/cargo-home" RUSTUP_HOME="/workspace/rustup-home" "/workspace/cargo-home/bin/cargo" "+1.100.0-beta.1" "metadata" "--manifest-path" "Cargo.toml" "--no-deps", kill_on_drop: false }`
[INFO] crate crates.io crate diversion 0.3.1 already has a lockfile, it will not be regenerated
[INFO] running `Command { std: CARGO_HOME="/workspace/cargo-home" RUSTUP_HOME="/workspace/rustup-home" "/workspace/cargo-home/bin/cargo" "+1.100.0-beta.1" "fetch" "--manifest-path" "Cargo.toml", kill_on_drop: false }`
[INFO] running `Command { std: "docker" "create" "-v" "/var/lib/crater-agent-workspace/builds/worker-7-tc2/source:/opt/rustwide/workdir:ro,Z" "-v" "/var/lib/crater-agent-workspace/builds/worker-7-tc2/target:/opt/rustwide/target:rw,Z" "-v" "/var/lib/crater-agent-workspace/cargo-home:/opt/rustwide/cargo-home:ro,Z" "-v" "/var/lib/crater-agent-workspace/rustup-home:/opt/rustwide/rustup-home:ro,Z" "-m" "1610612736" "--network" "none" "ghcr.io/rust-lang/crates-build-env/linux@sha256:77db811e55d90add9212f6832c23229e3de5f1c1f9905e8cb07319ea15df73ac" "sleep" "infinity", kill_on_drop: false }`
[INFO] [stdout] a583d1530defe96a039c978dcb3af468e709d5376077e28eea40bce58515af91
[INFO] running `Command { std: "docker" "start" "a583d1530defe96a039c978dcb3af468e709d5376077e28eea40bce58515af91", kill_on_drop: false }`
[INFO] running `Command { std: "docker" "inspect" "a583d1530defe96a039c978dcb3af468e709d5376077e28eea40bce58515af91", kill_on_drop: false }`
[INFO] running `Command { std: "docker" "exec" "-e" "SOURCE_DIR=/opt/rustwide/workdir" "-e" "CARGO_HOME=/opt/rustwide/cargo-home" "-e" "RUSTUP_HOME=/opt/rustwide/rustup-home" "-e" "CARGO_TARGET_DIR=/opt/rustwide/target" "-w" "/opt/rustwide/workdir" "--user" "0:0" "a583d1530defe96a039c978dcb3af468e709d5376077e28eea40bce58515af91" "/opt/rustwide/cargo-home/bin/cargo" "+1.100.0-beta.1" "metadata" "--no-deps" "--format-version=1", kill_on_drop: false }`
[INFO] running `Command { std: "docker" "inspect" "a583d1530defe96a039c978dcb3af468e709d5376077e28eea40bce58515af91", kill_on_drop: false }`
[INFO] running `Command { std: "docker" "exec" "-e" "SOURCE_DIR=/opt/rustwide/workdir" "-e" "CARGO_HOME=/opt/rustwide/cargo-home" "-e" "RUSTUP_HOME=/opt/rustwide/rustup-home" "-e" "CARGO_TARGET_DIR=/opt/rustwide/target" "-e" "CARGO_INCREMENTAL=0" "-e" "RUST_BACKTRACE=full" "-e" "RUSTFLAGS=--cap-lints=warn" "-e" "RUSTDOCFLAGS=--cap-lints=warn" "-w" "/opt/rustwide/workdir" "--user" "0:0" "a583d1530defe96a039c978dcb3af468e709d5376077e28eea40bce58515af91" "/opt/rustwide/cargo-home/bin/cargo" "+1.100.0-beta.1" "build" "--frozen" "--message-format=json" "--release", kill_on_drop: false }`
[INFO] [stderr]    Compiling quote v1.0.46
[INFO] [stderr]    Compiling rustflags v0.1.7
[INFO] [stderr]    Compiling spin v0.9.9
[INFO] [stderr]    Compiling const-default v1.0.0
[INFO] [stderr]    Compiling slab v0.4.12
[INFO] [stderr]    Compiling bump-into v0.8.3
[INFO] [stderr]    Compiling xxhash-rust v0.8.16
[INFO] [stderr]    Compiling atomic-wait v1.1.0
[INFO] [stderr]    Compiling rlsf v0.2.3
[INFO] [stderr]    Compiling lazy_static v1.5.0
[INFO] [stderr]    Compiling closure-ffi-iced-x86 v1.21.0-commit50066fb
[INFO] [stderr]    Compiling syn v2.0.118
[INFO] [stderr]    Compiling closure-ffi v5.1.2
[INFO] [stderr]    Compiling thiserror-impl v2.0.18
[INFO] [stderr]    Compiling thiserror v2.0.18
[INFO] [stderr]    Compiling diversion-abi v0.2.0
[INFO] [stderr]    Compiling diversion v0.3.1 (/opt/rustwide/workdir)
[INFO] [stderr]     Finished `release` profile [optimized] target(s) in 14.53s
[INFO] running `Command { std: "docker" "inspect" "a583d1530defe96a039c978dcb3af468e709d5376077e28eea40bce58515af91", kill_on_drop: false }`
[INFO] running `Command { std: "docker" "exec" "-e" "SOURCE_DIR=/opt/rustwide/workdir" "-e" "CARGO_HOME=/opt/rustwide/cargo-home" "-e" "RUSTUP_HOME=/opt/rustwide/rustup-home" "-e" "CARGO_TARGET_DIR=/opt/rustwide/target" "-e" "CARGO_INCREMENTAL=0" "-e" "RUST_BACKTRACE=full" "-e" "RUSTFLAGS=--cap-lints=warn" "-e" "RUSTDOCFLAGS=--cap-lints=warn" "-w" "/opt/rustwide/workdir" "--user" "0:0" "a583d1530defe96a039c978dcb3af468e709d5376077e28eea40bce58515af91" "/opt/rustwide/cargo-home/bin/cargo" "+1.100.0-beta.1" "test" "--frozen" "--no-run" "--message-format=json" "--release", kill_on_drop: false }`
[INFO] [stderr]    Compiling crossbeam-utils v0.8.22
[INFO] [stderr]    Compiling zerocopy v0.8.56
[INFO] [stderr]    Compiling crossbeam-epoch v0.9.20
[INFO] [stderr]    Compiling crossbeam-deque v0.8.7
[INFO] [stderr]    Compiling cc v1.2.67
[INFO] [stderr]    Compiling syn v2.0.118
[INFO] [stderr]    Compiling syn v3.0.3
[INFO] [stderr]    Compiling regex-automata v0.4.18
[INFO] [stderr]    Compiling clap_builder v4.6.6
[INFO] [stderr]    Compiling serde_json v1.0.151
[INFO] [stderr]    Compiling itertools v0.13.0
[INFO] [stderr]    Compiling plotters v0.3.7
[INFO] [stderr]    Compiling page_size v0.6.0
[INFO] [stderr]    Compiling pastey v0.2.3
[INFO] [stderr]    Compiling rayon-core v1.13.0
[INFO] [stderr]    Compiling alloca v0.4.0
[INFO] [stderr]    Compiling rayon v1.12.0
[INFO] [stderr]    Compiling serde_derive v1.0.229
[INFO] [stderr]    Compiling criterion-plot v0.8.2
[INFO] [stderr]    Compiling clap v4.6.6
[INFO] [stderr]    Compiling regex v1.13.1
[INFO] [stderr]    Compiling zerocopy-derive v0.8.56
[INFO] [stderr]    Compiling thiserror-impl v2.0.18
[INFO] [stderr]    Compiling serde v1.0.229
[INFO] [stderr]    Compiling tinytemplate v1.2.1
[INFO] [stderr]    Compiling thiserror v2.0.18
[INFO] [stderr]    Compiling diversion v0.3.1 (/opt/rustwide/workdir)
[INFO] [stderr]    Compiling half v2.7.1
[INFO] [stderr]    Compiling ciborium-ll v0.2.2
[INFO] [stderr]    Compiling ciborium v0.2.2
[INFO] [stderr]    Compiling criterion v0.8.2
[INFO] [stderr]     Finished `release` profile [optimized] target(s) in 1m 25s
[INFO] running `Command { std: "docker" "inspect" "a583d1530defe96a039c978dcb3af468e709d5376077e28eea40bce58515af91", kill_on_drop: false }`
[INFO] running `Command { std: "docker" "exec" "-e" "SOURCE_DIR=/opt/rustwide/workdir" "-e" "CARGO_HOME=/opt/rustwide/cargo-home" "-e" "RUSTUP_HOME=/opt/rustwide/rustup-home" "-e" "CARGO_TARGET_DIR=/opt/rustwide/target" "-e" "CARGO_INCREMENTAL=0" "-e" "RUST_BACKTRACE=full" "-e" "RUSTFLAGS=--cap-lints=warn" "-e" "RUSTDOCFLAGS=--cap-lints=warn" "-w" "/opt/rustwide/workdir" "--user" "0:0" "a583d1530defe96a039c978dcb3af468e709d5376077e28eea40bce58515af91" "/opt/rustwide/cargo-home/bin/cargo" "+1.100.0-beta.1" "test" "--frozen" "--release", kill_on_drop: false }`
[INFO] [stderr]     Finished `release` profile [optimized] target(s) in 0.14s
[INFO] [stdout] 
[INFO] [stderr]      Running unittests src/lib.rs (/opt/rustwide/target/release/build/diversion/14d0b3e337ce21a4/out/diversion-14d0b3e337ce21a4)
[INFO] [stdout] running 25 tests
[INFO] [stdout] test hook::leak::tests::static_hook_chained ... ok
[INFO] [stdout] test installer::arch::os::memory::tests::alloc_and_free ... ok
[INFO] [stdout] test hook::leak::tests::static_hook ... ok
[INFO] [stdout] test installer::arch::os::memory::tests::alloc_near ... ok
[INFO] [stdout] test hook::temp::tests::hook_mut ... ok
[INFO] [stdout] test hook::leak::tests::static_hook_captures ... ok
[INFO] [stdout] test installer::arch::os::memory::tests::get_prot ... ok
[INFO] [stdout] test installer::arch::os::memory::tests::make_rwx ... ok
[INFO] [stdout] test hook::temp::tests::hook_once ... ok
[INFO] [stdout] test hook::leak::tests::static_hook_once ... ok
[INFO] [stdout] test hook::leak::tests::static_hook_mut ... ok
[INFO] [stdout] test installer::arch::os::memory::tests::rx_to_rwx_prot ... ok
[INFO] [stdout] test installer::arch::os::memory::tests::iter ... ok
[INFO] [stdout] test hook::temp::tests::hook ... ok
[INFO] [stdout] test hook::temp::tests::hook_captures ... ok
[INFO] [stdout] test installer::arch::x86_64::hook_site::tests::no_prologue_ret_no_padding ... ok
[INFO] [stdout] test installer::tests::mock_installer_concat_str ... ok
[INFO] [stdout] test installer::arch::os::memory::tests::set_prot ... ok
[INFO] [stdout] test installer::arch::os::memory::tests::sys_info ... ok
[INFO] [stdout] test installer::arch::x86_64::hook_site::tests::simple_prologue ... ok
[INFO] [stdout] test installer::arch::x86_64::hook_site::tests::no_prologue ... ok
[INFO] [stdout] test installer::arch::x86_64::hook_site::tests::no_prologue_ret ... ok
[INFO] [stdout] test installer::arch::x86_64::hook_site::tests::prologue ... ok
[INFO] [stdout] test installer::arch::x86_64::hook_site::tests::no_prologue_jmp ... ok
[INFO] [stdout] test hook::temp::tests::static_hook_chained ... ok
[INFO] [stdout] 
[INFO] [stdout] test result: ok. 25 passed; 0 failed; 0 ignored; 0 measured; 0 filtered out; finished in 0.32s
[INFO] [stdout] 
[INFO] [stderr]      Running tests/c_leak.rs (/opt/rustwide/target/release/build/diversion/a3fb0b991e60330c/out/c_leak-a3fb0b991e60330c)
[INFO] [stdout] 
[INFO] [stdout] running 117 tests
[INFO] [stdout] test static_hook_gpreg_10 ... ok
[INFO] [stdout] test static_hook_gpreg_11 ... ok
[INFO] [stdout] test static_hook_fpreg_3 ... ok
[INFO] [stdout] test static_hook_fpreg_5 ... ok
[INFO] [stdout] test static_hook_gpreg_2 ... ok
[INFO] [stdout] test static_hook_gpreg_4 ... ok
[INFO] [stdout] test static_hook_gpreg_5 ... ok
[INFO] [stdout] test static_hook_fpreg_11 ... ok
[INFO] [stdout] test static_hook_gpreg_6 ... ok
[INFO] [stdout] test static_hook_gpreg_3 ... ok
[INFO] [stdout] test static_hook_gpreg_8 ... ok
[INFO] [stdout] test static_hook_fpreg_1 ... ok
[INFO] [stdout] test static_hook_fpreg_10 ... ok
[INFO] [stdout] test static_hook_fpreg_8 ... ok
[INFO] [stdout] test static_hook_mut_fpreg_11 ... ok
[INFO] [stdout] test static_hook_fpreg_4 ... ok
[INFO] [stdout] test static_hook_mut_fpreg_12 ... ok
[INFO] [stdout] test static_hook_mut_fpreg_2 ... ok
[INFO] [stdout] test static_hook_mut_fpreg_3 ... ok
[INFO] [stdout] test static_hook_fpreg_12 ... ok
[INFO] [stdout] test static_hook_mut_fpreg_1 ... ok
[INFO] [stdout] test static_hook_fpreg_9 ... ok
[INFO] [stdout] test static_hook_mut_fpreg_4 ... ok
[INFO] [stdout] test static_hook_fpreg_6 ... FAILED
[INFO] [stdout] test static_hook_gpreg_0 ... ok
[INFO] [stdout] test static_hook_mut_fpreg_6 ... ok
[INFO] [stdout] test static_hook_mut_gpreg_10 ... ok
[INFO] [stdout] test static_hook_mut_fpreg_9 ... ok
[INFO] [stdout] test static_hook_mut_fpreg_7 ... ok
[INFO] [stdout] test static_hook_mut_gpreg_0 ... ok
[INFO] [stdout] test static_hook_mut_gpreg_11 ... ok
[INFO] [stdout] test static_hook_gpreg_7 ... ok
[INFO] [stdout] test static_hook_gpreg_1 ... FAILED
[INFO] [stdout] test static_hook_mut_gpreg_3 ... ok
[INFO] [stdout] test static_hook_mut_gpreg_2 ... ok
[INFO] [stdout] test static_hook_mut_fpreg_5 ... ok
[INFO] [stdout] test static_hook_fpreg_0 ... FAILED
[INFO] [stdout] test static_hook_mut_fpreg_0 ... ok
[INFO] [stdout] test static_hook_mut_gpreg_12 ... ok
[INFO] [stdout] test static_hook_mut_fpreg_10 ... ok
[INFO] [stdout] test static_hook_fpreg_2 ... FAILED
[INFO] [stdout] test static_hook_gpreg_12 ... FAILED
[INFO] [stdout] test static_hook_mut_gpreg_5 ... ok
[INFO] [stdout] test static_hook_mut_gpreg_9 ... ok
[INFO] [stdout] test static_hook_mut_stack_0 ... ok
[INFO] [stdout] test static_hook_mut_stack_12 ... ok
[INFO] [stdout] test static_hook_mut_stack_3 ... ok
[INFO] [stdout] test static_hook_fpreg_7 ... FAILED
[INFO] [stdout] test static_hook_mut_stack_1 ... ok
[INFO] [stdout] test static_hook_mut_stack_4 ... ok
[INFO] [stdout] test static_hook_mut_gpreg_1 ... ok
[INFO] [stdout] test static_hook_mut_fpreg_8 ... ok
[INFO] [stdout] test static_hook_gpreg_9 ... ok
[INFO] [stdout] test static_hook_mut_gpreg_4 ... ok
[INFO] [stdout] test static_hook_once_fpreg_12 ... ok
[INFO] [stdout] test static_hook_once_fpreg_2 ... ok
[INFO] [stdout] test static_hook_once_fpreg_11 ... ok
[INFO] [stdout] test static_hook_once_fpreg_3 ... ok
[INFO] [stdout] test static_hook_once_fpreg_4 ... ok
[INFO] [stdout] test static_hook_once_fpreg_5 ... ok
[INFO] [stdout] test static_hook_once_fpreg_6 ... ok
[INFO] [stdout] test static_hook_once_fpreg_7 ... ok
[INFO] [stdout] test static_hook_once_fpreg_9 ... ok
[INFO] [stdout] test static_hook_once_fpreg_8 ... ok
[INFO] [stdout] test static_hook_once_gpreg_1 ... ok
[INFO] [stdout] test static_hook_once_gpreg_0 ... ok
[INFO] [stdout] test static_hook_once_gpreg_11 ... ok
[INFO] [stdout] test static_hook_once_gpreg_10 ... ok
[INFO] [stdout] test static_hook_once_gpreg_12 ... ok
[INFO] [stdout] test static_hook_once_gpreg_3 ... ok
[INFO] [stdout] test static_hook_once_gpreg_4 ... ok
[INFO] [stdout] test static_hook_once_gpreg_5 ... ok
[INFO] [stdout] test static_hook_mut_stack_2 ... ok
[INFO] [stdout] test static_hook_once_gpreg_2 ... ok
[INFO] [stdout] test static_hook_mut_stack_8 ... ok
[INFO] [stdout] test static_hook_once_gpreg_7 ... ok
[INFO] [stdout] test static_hook_once_gpreg_8 ... ok
[INFO] [stdout] test static_hook_once_gpreg_6 ... ok
[INFO] [stdout] test static_hook_mut_stack_6 ... ok
[INFO] [stdout] test static_hook_once_stack_11 ... ok
[INFO] [stdout] test static_hook_once_stack_0 ... ok
[INFO] [stdout] test static_hook_once_stack_12 ... ok
[INFO] [stdout] test static_hook_once_stack_1 ... ok
[INFO] [stdout] test static_hook_once_stack_2 ... ok
[INFO] [stdout] test static_hook_once_stack_4 ... ok
[INFO] [stdout] test static_hook_once_stack_6 ... ok
[INFO] [stdout] test static_hook_once_stack_7 ... ok
[INFO] [stdout] test static_hook_once_stack_8 ... ok
[INFO] [stdout] test static_hook_once_stack_9 ... ok
[INFO] [stdout] test static_hook_once_gpreg_9 ... ok
[INFO] [stdout] test static_hook_once_stack_3 ... ok
[INFO] [stdout] test static_hook_once_stack_5 ... ok
[INFO] [stdout] test static_hook_mut_stack_7 ... ok
[INFO] [stdout] test static_hook_stack_0 ... ok
[INFO] [stdout] test static_hook_mut_stack_5 ... ok
[INFO] [stdout] test static_hook_once_fpreg_0 ... ok
[INFO] [stdout] test static_hook_once_fpreg_1 ... ok
[INFO] [stdout] test static_hook_once_fpreg_10 ... ok
[INFO] [stdout] test static_hook_mut_stack_10 ... ok
[INFO] [stdout] test static_hook_mut_gpreg_6 ... ok
[INFO] [stdout] test static_hook_mut_stack_9 ... ok
[INFO] [stdout] test static_hook_mut_stack_11 ... ok
[INFO] [stdout] test static_hook_stack_10 ... ok
[INFO] [stdout] test static_hook_stack_12 ... ok
[INFO] [stdout] test static_hook_mut_gpreg_7 ... ok
[INFO] [stdout] test static_hook_stack_3 ... ok
[INFO] [stdout] test static_hook_stack_8 ... ok
[INFO] [stdout] test static_hook_stack_11 ... ok
[INFO] [stdout] test static_hook_mut_gpreg_8 ... ok
[INFO] [stdout] test static_hook_stack_1 ... ok
[INFO] [stdout] test static_hook_stack_4 ... ok
[INFO] [stdout] test static_hook_stack_6 ... ok
[INFO] [stdout] test static_hook_stack_9 ... ok
[INFO] [stdout] test static_hook_stack_7 ... ok
[INFO] [stdout] test static_hook_stack_5 ... ok
[INFO] [stdout] test static_hook_once_stack_10 ... ok
[INFO] [stdout] test static_hook_stack_2 ... ok
[INFO] [stdout] 
[INFO] [stdout] failures:
[INFO] [stdout] 
[INFO] [stdout] ---- static_hook_fpreg_6 stdout ----
[INFO] [stdout] 
[INFO] [stdout] thread '<unnamed>' (1531) panicked at tests/common/mod.rs:31:25:
[INFO] [stdout] assertion `left == right` failed
[INFO] [stdout]   left: 1455624185
[INFO] [stdout]  right: 106690149
[INFO] [stdout] stack backtrace:
[INFO] [stdout]    0:     0x5a280db37e21 - <<std[617be2ca0a6fd877]::sys::backtrace::BacktraceLock>::print::DisplayBacktrace as core[a373ad73a504971]::fmt::Display>::fmt
[INFO] [stdout]    1:     0x5a280db4c2aa - core[a373ad73a504971]::fmt::write
[INFO] [stdout]    2:     0x5a280db3c35c - <alloc[2e1b2a31b91974c5]::vec::Vec<u8> as core[a373ad73a504971]::io::write::Write>::write_fmt
[INFO] [stdout]    3:     0x5a280db135c6 - std[617be2ca0a6fd877]::panicking::default_hook::{closure#0}
[INFO] [stdout]    4:     0x5a280db2fc59 - std[617be2ca0a6fd877]::panicking::default_hook
[INFO] [stdout]    5:     0x5a280dacb7e0 - test[aada8e7e76ba119b]::test_main_inner::{closure#0}
[INFO] [stdout]    6:     0x5a280db2ff82 - std[617be2ca0a6fd877]::panicking::panic_with_hook
[INFO] [stdout]    7:     0x5a280db13672 - std[617be2ca0a6fd877]::panicking::panic_handler::{closure#0}
[INFO] [stdout]    8:     0x5a280db0c159 - std[617be2ca0a6fd877]::sys::backtrace::__rust_end_short_backtrace::<std[617be2ca0a6fd877]::panicking::panic_handler::{closure#0}, !>
[INFO] [stdout]    9:     0x5a280db1427d - __rustc[ea4f61d10b84890b]::rust_begin_unwind
[INFO] [stdout]   10:     0x5a280db4ca0c - core[a373ad73a504971]::panicking::panic_fmt
[INFO] [stdout]   11:     0x5a280db4c923 - core[a373ad73a504971]::panicking::assert_failed_inner
[INFO] [stdout]   12:     0x5a280da81e39 - core[a373ad73a504971]::panicking::assert_failed::<c_leak[c72e7216b0069249]::common::param::FpReg, c_leak[c72e7216b0069249]::common::param::FpReg>
[INFO] [stdout]   13:     0x5a280da7ec24 - std[617be2ca0a6fd877]::sys::backtrace::__rust_begin_short_backtrace::<c_leak[c72e7216b0069249]::common::hook_contended<c_leak[c72e7216b0069249]::common::param::FpReg, c_leak[c72e7216b0069249]::static_hook_fpreg_6::{closure#0}, c_leak[c72e7216b0069249]::static_hook_fpreg_6::{closure#1}>::{closure#0}::{closure#0}::{closure#0}, ()>
[INFO] [stdout]   14:     0x5a280da48d3c - <std[617be2ca0a6fd877]::thread::lifecycle::spawn_unchecked<c_leak[c72e7216b0069249]::common::hook_contended<c_leak[c72e7216b0069249]::common::param::FpReg, c_leak[c72e7216b0069249]::static_hook_fpreg_6::{closure#0}, c_leak[c72e7216b0069249]::static_hook_fpreg_6::{closure#1}>::{closure#0}::{closure#0}::{closure#0}, ()>::{closure#1} as core[a373ad73a504971]::ops::function::FnOnce<()>>::call_once::{shim:vtable#0}
[INFO] [stdout]   15:     0x5a280db3730f - <std[617be2ca0a6fd877]::sys::thread::unix::Thread>::new::thread_start
[INFO] [stdout]   16:     0x73ed31f84dfa - <unknown>
[INFO] [stdout]   17:     0x73ed320183d4 - clone
[INFO] [stdout]   18:                0x0 - <unknown>
[INFO] [stdout] 
[INFO] [stdout] thread '<unnamed>' (1528) panicked at tests/common/mod.rs:31:25:
[INFO] [stdout] assertion `left == right` failed
[INFO] [stdout]   left: 1455624185
[INFO] [stdout]  right: 106690149
[INFO] [stdout] stack backtrace:
[INFO] [stdout]    0:     0x5a280db37e21 - <<std[617be2ca0a6fd877]::sys::backtrace::BacktraceLock>::print::DisplayBacktrace as core[a373ad73a504971]::fmt::Display>::fmt
[INFO] [stdout]    1:     0x5a280db4c2aa - core[a373ad73a504971]::fmt::write
[INFO] [stdout]    2:     0x5a280db3c35c - <alloc[2e1b2a31b91974c5]::vec::Vec<u8> as core[a373ad73a504971]::io::write::Write>::write_fmt
[INFO] [stdout]    3:     0x5a280db135c6 - std[617be2ca0a6fd877]::panicking::default_hook::{closure#0}
[INFO] [stdout]    4:     0x5a280db2fc59 - std[617be2ca0a6fd877]::panicking::default_hook
[INFO] [stdout]    5:     0x5a280dacb7e0 - test[aada8e7e76ba119b]::test_main_inner::{closure#0}
[INFO] [stdout]    6:     0x5a280db2ff82 - std[617be2ca0a6fd877]::panicking::panic_with_hook
[INFO] [stdout]    7:     0x5a280db13672 - std[617be2ca0a6fd877]::panicking::panic_handler::{closure#0}
[INFO] [stdout]    8:     0x5a280db0c159 - std[617be2ca0a6fd877]::sys::backtrace::__rust_end_short_backtrace::<std[617be2ca0a6fd877]::panicking::panic_handler::{closure#0}, !>
[INFO] [stdout]    9:     0x5a280db1427d - __rustc[ea4f61d10b84890b]::rust_begin_unwind
[INFO] [stdout]   10:     0x5a280db4ca0c - core[a373ad73a504971]::panicking::panic_fmt
[INFO] [stdout]   11:     0x5a280db4c923 - core[a373ad73a504971]::panicking::assert_failed_inner
[INFO] [stdout]   12:     0x5a280da81e39 - core[a373ad73a504971]::panicking::assert_failed::<c_leak[c72e7216b0069249]::common::param::FpReg, c_leak[c72e7216b0069249]::common::param::FpReg>
[INFO] [stdout]   13:     0x5a280da7ec24 - std[617be2ca0a6fd877]::sys::backtrace::__rust_begin_short_backtrace::<c_leak[c72e7216b0069249]::common::hook_contended<c_leak[c72e7216b0069249]::common::param::FpReg, c_leak[c72e7216b0069249]::static_hook_fpreg_6::{closure#0}, c_leak[c72e7216b0069249]::static_hook_fpreg_6::{closure#1}>::{closure#0}::{closure#0}::{closure#0}, ()>
[INFO] [stdout]   14:     0x5a280da48d3c - <std[617be2ca0a6fd877]::thread::lifecycle::spawn_unchecked<c_leak[c72e7216b0069249]::common::hook_contended<c_leak[c72e7216b0069249]::common::param::FpReg, c_leak[c72e7216b0069249]::static_hook_fpreg_6::{closure#0}, c_leak[c72e7216b0069249]::static_hook_fpreg_6::{closure#1}>::{closure#0}::{closure#0}::{closure#0}, ()>::{closure#1} as core[a373ad73a504971]::ops::function::FnOnce<()>>::call_once::{shim:vtable#0}
[INFO] [stdout]   15:     0x5a280db3730f - <std[617be2ca0a6fd877]::sys::thread::unix::Thread>::new::thread_start
[INFO] [stdout]   16:     0x73ed31f84dfa - <unknown>
[INFO] [stdout]   17:     0x73ed320183d4 - clone
[INFO] [stdout]   18:                0x0 - <unknown>
[INFO] [stdout] 
[INFO] [stdout] thread 'static_hook_fpreg_6' (1492) panicked at tests/c_leak.rs:5:1:
[INFO] [stdout] assertion `left == right` failed: at depth 1
[INFO] [stdout]   left: 1455624185
[INFO] [stdout]  right: 106690149
[INFO] [stdout] stack backtrace:
[INFO] [stdout]    0:     0x5a280db37e21 - <<std[617be2ca0a6fd877]::sys::backtrace::BacktraceLock>::print::DisplayBacktrace as core[a373ad73a504971]::fmt::Display>::fmt
[INFO] [stdout]    1:     0x5a280db4c2aa - core[a373ad73a504971]::fmt::write
[INFO] [stdout]    2:     0x5a280db3c35c - <alloc[2e1b2a31b91974c5]::vec::Vec<u8> as core[a373ad73a504971]::io::write::Write>::write_fmt
[INFO] [stdout]    3:     0x5a280db135c6 - std[617be2ca0a6fd877]::panicking::default_hook::{closure#0}
[INFO] [stdout]    4:     0x5a280db2fc59 - std[617be2ca0a6fd877]::panicking::default_hook
[INFO] [stdout]    5:     0x5a280dacb7e0 - test[aada8e7e76ba119b]::test_main_inner::{closure#0}
[INFO] [stdout]    6:     0x5a280db2ff82 - std[617be2ca0a6fd877]::panicking::panic_with_hook
[INFO] [stdout]    7:     0x5a280db13672 - std[617be2ca0a6fd877]::panicking::panic_handler::{closure#0}
[INFO] [stdout]    8:     0x5a280db0c159 - std[617be2ca0a6fd877]::sys::backtrace::__rust_end_short_backtrace::<std[617be2ca0a6fd877]::panicking::panic_handler::{closure#0}, !>
[INFO] [stdout]    9:     0x5a280db1427d - __rustc[ea4f61d10b84890b]::rust_begin_unwind
[INFO] [stdout]   10:     0x5a280db4ca0c - core[a373ad73a504971]::panicking::panic_fmt
[INFO] [stdout]   11:     0x5a280db4c983 - core[a373ad73a504971]::panicking::assert_failed_inner
[INFO] [stdout]   12:     0x5a280da81e39 - core[a373ad73a504971]::panicking::assert_failed::<c_leak[c72e7216b0069249]::common::param::FpReg, c_leak[c72e7216b0069249]::common::param::FpReg>
[INFO] [stdout]   13:     0x5a280d9f9528 - std[617be2ca0a6fd877]::thread::scoped::scope::<c_leak[c72e7216b0069249]::common::hook_contended<c_leak[c72e7216b0069249]::common::param::FpReg, c_leak[c72e7216b0069249]::static_hook_fpreg_6::{closure#0}, c_leak[c72e7216b0069249]::static_hook_fpreg_6::{closure#1}>::{closure#0}, ()>
[INFO] [stdout]   14:     0x5a280da5bf99 - <c_leak[c72e7216b0069249]::static_hook_fpreg_6::{closure#0} as core[a373ad73a504971]::ops::function::FnOnce<()>>::call_once
[INFO] [stdout]   15:     0x5a280dabec2b - test[aada8e7e76ba119b]::__rust_begin_short_backtrace::<core[a373ad73a504971]::result::Result<(), alloc[2e1b2a31b91974c5]::string::String>, fn() -> core[a373ad73a504971]::result::Result<(), alloc[2e1b2a31b91974c5]::string::String>>
[INFO] [stdout]   16:     0x5a280dacbe05 - test[aada8e7e76ba119b]::run_test::{closure#0}
[INFO] [stdout]   17:     0x5a280dac56f4 - std[617be2ca0a6fd877]::sys::backtrace::__rust_begin_short_backtrace::<test[aada8e7e76ba119b]::run_test::{closure#1}, ()>
[INFO] [stdout]   18:     0x5a280dacee92 - <std[617be2ca0a6fd877]::thread::lifecycle::spawn_unchecked<test[aada8e7e76ba119b]::run_test::{closure#1}, ()>::{closure#1} as core[a373ad73a504971]::ops::function::FnOnce<()>>::call_once::{shim:vtable#0}
[INFO] [stdout]   19:     0x5a280db3730f - <std[617be2ca0a6fd877]::sys::thread::unix::Thread>::new::thread_start
[INFO] [stdout]   20:     0x73ed31f84dfa - <unknown>
[INFO] [stdout]   21:     0x73ed320183d4 - clone
[INFO] [stdout]   22:                0x0 - <unknown>
[INFO] [stdout] 
[INFO] [stdout] ---- static_hook_gpreg_1 stdout ----
[INFO] [stdout] 
[INFO] [stdout] thread '<unnamed>' (1553) panicked at tests/common/mod.rs:31:25:
[INFO] [stdout] assertion `left == right` failed
[INFO] [stdout]   left: 2107436222
[INFO] [stdout]  right: 231364474
[INFO] [stdout] stack backtrace:
[INFO] [stdout]    0:     0x5a280db37e21 - <<std[617be2ca0a6fd877]::sys::backtrace::BacktraceLock>::print::DisplayBacktrace as core[a373ad73a504971]::fmt::Display>::fmt
[INFO] [stdout]    1:     0x5a280db4c2aa - core[a373ad73a504971]::fmt::write
[INFO] [stdout]    2:     0x5a280db3c35c - <alloc[2e1b2a31b91974c5]::vec::Vec<u8> as core[a373ad73a504971]::io::write::Write>::write_fmt
[INFO] [stdout]    3:     0x5a280db135c6 - std[617be2ca0a6fd877]::panicking::default_hook::{closure#0}
[INFO] [stdout]    4:     0x5a280db2fc59 - std[617be2ca0a6fd877]::panicking::default_hook
[INFO] [stdout]    5:     0x5a280dacb7e0 - test[aada8e7e76ba119b]::test_main_inner::{closure#0}
[INFO] [stdout]    6:     0x5a280db2ff82 - std[617be2ca0a6fd877]::panicking::panic_with_hook
[INFO] [stdout]    7:     0x5a280db13672 - std[617be2ca0a6fd877]::panicking::panic_handler::{closure#0}
[INFO] [stdout]    8:     0x5a280db0c159 - std[617be2ca0a6fd877]::sys::backtrace::__rust_end_short_backtrace::<std[617be2ca0a6fd877]::panicking::panic_handler::{closure#0}, !>
[INFO] [stdout]    9:     0x5a280db1427d - __rustc[ea4f61d10b84890b]::rust_begin_unwind
[INFO] [stdout]   10:     0x5a280db4ca0c - core[a373ad73a504971]::panicking::panic_fmt
[INFO] [stdout]   11:     0x5a280db4c923 - core[a373ad73a504971]::panicking::assert_failed_inner
[INFO] [stdout]   12:     0x5a280da81e6c - core[a373ad73a504971]::panicking::assert_failed::<c_leak[c72e7216b0069249]::common::param::GpReg, c_leak[c72e7216b0069249]::common::param::GpReg>
[INFO] [stdout]   13:     0x5a280da7f6e2 - std[617be2ca0a6fd877]::sys::backtrace::__rust_begin_short_backtrace::<c_leak[c72e7216b0069249]::common::hook_contended<c_leak[c72e7216b0069249]::common::param::GpReg, c_leak[c72e7216b0069249]::static_hook_gpreg_1::{closure#0}, c_leak[c72e7216b0069249]::static_hook_gpreg_1::{closure#1}>::{closure#0}::{closure#0}::{closure#0}, ()>
[INFO] [stdout]   14:     0x5a280da4ab6c - <std[617be2ca0a6fd877]::thread::lifecycle::spawn_unchecked<c_leak[c72e7216b0069249]::common::hook_contended<c_leak[c72e7216b0069249]::common::param::GpReg, c_leak[c72e7216b0069249]::static_hook_gpreg_1::{closure#0}, c_leak[c72e7216b0069249]::static_hook_gpreg_1::{closure#1}>::{closure#0}::{closure#0}::{closure#0}, ()>::{closure#1} as core[a373ad73a504971]::ops::function::FnOnce<()>>::call_once::{shim:vtable#0}
[INFO] [stdout]   15:     0x5a280db3730f - <std[617be2ca0a6fd877]::sys::thread::unix::Thread>::new::thread_start
[INFO] [stdout]   16:     0x73ed31f84dfa - <unknown>
[INFO] [stdout]   17:     0x73ed320183d4 - clone
[INFO] [stdout]   18:                0x0 - <unknown>
[INFO] [stdout] 
[INFO] [stdout] thread '<unnamed>' (1552) panicked at tests/common/mod.rs:31:25:
[INFO] [stdout] assertion `left == right` failed
[INFO] [stdout]   left: 2107436222
[INFO] [stdout]  right: 231364474
[INFO] [stdout] stack backtrace:
[INFO] [stdout]    0:     0x5a280db37e21 - <<std[617be2ca0a6fd877]::sys::backtrace::BacktraceLock>::print::DisplayBacktrace as core[a373ad73a504971]::fmt::Display>::fmt
[INFO] [stdout]    1:     0x5a280db4c2aa - core[a373ad73a504971]::fmt::write
[INFO] [stdout]    2:     0x5a280db3c35c - <alloc[2e1b2a31b91974c5]::vec::Vec<u8> as core[a373ad73a504971]::io::write::Write>::write_fmt
[INFO] [stdout]    3:     0x5a280db135c6 - std[617be2ca0a6fd877]::panicking::default_hook::{closure#0}
[INFO] [stdout]    4:     0x5a280db2fc59 - std[617be2ca0a6fd877]::panicking::default_hook
[INFO] [stdout]    5:     0x5a280dacb7e0 - test[aada8e7e76ba119b]::test_main_inner::{closure#0}
[INFO] [stdout]    6:     0x5a280db2ff82 - std[617be2ca0a6fd877]::panicking::panic_with_hook
[INFO] [stdout]    7:     0x5a280db13672 - std[617be2ca0a6fd877]::panicking::panic_handler::{closure#0}
[INFO] [stdout]    8:     0x5a280db0c159 - std[617be2ca0a6fd877]::sys::backtrace::__rust_end_short_backtrace::<std[617be2ca0a6fd877]::panicking::panic_handler::{closure#0}, !>
[INFO] [stdout]    9:     0x5a280db1427d - __rustc[ea4f61d10b84890b]::rust_begin_unwind
[INFO] [stdout]   10:     0x5a280db4ca0c - core[a373ad73a504971]::panicking::panic_fmt
[INFO] [stdout]   11:     0x5a280db4c923 - core[a373ad73a504971]::panicking::assert_failed_inner
[INFO] [stdout]   12:     0x5a280da81e6c - core[a373ad73a504971]::panicking::assert_failed::<c_leak[c72e7216b0069249]::common::param::GpReg, c_leak[c72e7216b0069249]::common::param::GpReg>
[INFO] [stdout]   13:     0x5a280da7f6e2 - std[617be2ca0a6fd877]::sys::backtrace::__rust_begin_short_backtrace::<c_leak[c72e7216b0069249]::common::hook_contended<c_leak[c72e7216b0069249]::common::param::GpReg, c_leak[c72e7216b0069249]::static_hook_gpreg_1::{closure#0}, c_leak[c72e7216b0069249]::static_hook_gpreg_1::{closure#1}>::{closure#0}::{closure#0}::{closure#0}, ()>
[INFO] [stdout]   14:     0x5a280da4ab6c - <std[617be2ca0a6fd877]::thread::lifecycle::spawn_unchecked<c_leak[c72e7216b0069249]::common::hook_contended<c_leak[c72e7216b0069249]::common::param::GpReg, c_leak[c72e7216b0069249]::static_hook_gpreg_1::{closure#0}, c_leak[c72e7216b0069249]::static_hook_gpreg_1::{closure#1}>::{closure#0}::{closure#0}::{closure#0}, ()>::{closure#1} as core[a373ad73a504971]::ops::function::FnOnce<()>>::call_once::{shim:vtable#0}
[INFO] [stdout]   15:     0x5a280db3730f - <std[617be2ca0a6fd877]::sys::thread::unix::Thread>::new::thread_start
[INFO] [stdout]   16:     0x73ed31f84dfa - <unknown>
[INFO] [stdout]   17:     0x73ed320183d4 - clone
[INFO] [stdout]   18:                0x0 - <unknown>
[INFO] [stdout] 
[INFO] [stdout] thread 'static_hook_gpreg_1' (1532) panicked at tests/c_leak.rs:5:1:
[INFO] [stdout] assertion `left == right` failed: at depth 1
[INFO] [stdout]   left: 2107436222
[INFO] [stdout]  right: 231364474
[INFO] [stdout] stack backtrace:
[INFO] [stdout]    0:     0x5a280db37e21 - <<std[617be2ca0a6fd877]::sys::backtrace::BacktraceLock>::print::DisplayBacktrace as core[a373ad73a504971]::fmt::Display>::fmt
[INFO] [stdout]    1:     0x5a280db4c2aa - core[a373ad73a504971]::fmt::write
[INFO] [stdout]    2:     0x5a280db3c35c - <alloc[2e1b2a31b91974c5]::vec::Vec<u8> as core[a373ad73a504971]::io::write::Write>::write_fmt
[INFO] [stdout]    3:     0x5a280db135c6 - std[617be2ca0a6fd877]::panicking::default_hook::{closure#0}
[INFO] [stdout]    4:     0x5a280db2fc59 - std[617be2ca0a6fd877]::panicking::default_hook
[INFO] [stdout]    5:     0x5a280dacb7e0 - test[aada8e7e76ba119b]::test_main_inner::{closure#0}
[INFO] [stdout]    6:     0x5a280db2ff82 - std[617be2ca0a6fd877]::panicking::panic_with_hook
[INFO] [stdout]    7:     0x5a280db13672 - std[617be2ca0a6fd877]::panicking::panic_handler::{closure#0}
[INFO] [stdout]    8:     0x5a280db0c159 - std[617be2ca0a6fd877]::sys::backtrace::__rust_end_short_backtrace::<std[617be2ca0a6fd877]::panicking::panic_handler::{closure#0}, !>
[INFO] [stdout]    9:     0x5a280db1427d - __rustc[ea4f61d10b84890b]::rust_begin_unwind
[INFO] [stdout]   10:     0x5a280db4ca0c - core[a373ad73a504971]::panicking::panic_fmt
[INFO] [stdout]   11:     0x5a280db4c983 - core[a373ad73a504971]::panicking::assert_failed_inner
[INFO] [stdout]   12:     0x5a280da81e6c - core[a373ad73a504971]::panicking::assert_failed::<c_leak[c72e7216b0069249]::common::param::GpReg, c_leak[c72e7216b0069249]::common::param::GpReg>
[INFO] [stdout]   13:     0x5a280da08ca4 - std[617be2ca0a6fd877]::thread::scoped::scope::<c_leak[c72e7216b0069249]::common::hook_contended<c_leak[c72e7216b0069249]::common::param::GpReg, c_leak[c72e7216b0069249]::static_hook_gpreg_1::{closure#0}, c_leak[c72e7216b0069249]::static_hook_gpreg_1::{closure#1}>::{closure#0}, ()>
[INFO] [stdout]   14:     0x5a280da5c633 - <c_leak[c72e7216b0069249]::static_hook_gpreg_1::{closure#0} as core[a373ad73a504971]::ops::function::FnOnce<()>>::call_once
[INFO] [stdout]   15:     0x5a280dabec2b - test[aada8e7e76ba119b]::__rust_begin_short_backtrace::<core[a373ad73a504971]::result::Result<(), alloc[2e1b2a31b91974c5]::string::String>, fn() -> core[a373ad73a504971]::result::Result<(), alloc[2e1b2a31b91974c5]::string::String>>
[INFO] [stdout]   16:     0x5a280dacbe05 - test[aada8e7e76ba119b]::run_test::{closure#0}
[INFO] [stdout]   17:     0x5a280dac56f4 - std[617be2ca0a6fd877]::sys::backtrace::__rust_begin_short_backtrace::<test[aada8e7e76ba119b]::run_test::{closure#1}, ()>
[INFO] [stdout]   18:     0x5a280dacee92 - <std[617be2ca0a6fd877]::thread::lifecycle::spawn_unchecked<test[aada8e7e76ba119b]::run_test::{closure#1}, ()>::{closure#1} as core[a373ad73a504971]::ops::function::FnOnce<()>>::call_once::{shim:vtable#0}
[INFO] [stdout]   19:     0x5a280db3730f - <std[617be2ca0a6fd877]::sys::thread::unix::Thread>::new::thread_start
[INFO] [stdout]   20:     0x73ed31f84dfa - <unknown>
[INFO] [stdout]   21:     0x73ed320183d4 - clone
[INFO] [stdout]   22:                0x0 - <unknown>
[INFO] [stdout] 
[INFO] [stdout] ---- static_hook_fpreg_0 stdout ----
[INFO] [stdout] 
[INFO] [stdout] thread '<unnamed>' (1555) panicked at tests/common/mod.rs:31:25:
[INFO] [stdout] assertion `left == right` failed
[INFO] [stdout]   left: 2045430243
[INFO] [stdout]  right: 3735928559
[INFO] [stdout] stack backtrace:
[INFO] [stdout]    0:     0x5a280db37e21 - <<std[617be2ca0a6fd877]::sys::backtrace::BacktraceLock>::print::DisplayBacktrace as core[a373ad73a504971]::fmt::Display>::fmt
[INFO] [stdout]    1:     0x5a280db4c2aa - core[a373ad73a504971]::fmt::write
[INFO] [stdout]    2:     0x5a280db3c35c - <alloc[2e1b2a31b91974c5]::vec::Vec<u8> as core[a373ad73a504971]::io::write::Write>::write_fmt
[INFO] [stdout]    3:     0x5a280db135c6 - std[617be2ca0a6fd877]::panicking::default_hook::{closure#0}
[INFO] [stdout]    4:     0x5a280db2fc59 - std[617be2ca0a6fd877]::panicking::default_hook
[INFO] [stdout]    5:     0x5a280dacb7e0 - test[aada8e7e76ba119b]::test_main_inner::{closure#0}
[INFO] [stdout]    6:     0x5a280db2ff82 - std[617be2ca0a6fd877]::panicking::panic_with_hook
[INFO] [stdout]    7:     0x5a280db13672 - std[617be2ca0a6fd877]::panicking::panic_handler::{closure#0}
[INFO] [stdout]    8:     0x5a280db0c159 - std[617be2ca0a6fd877]::sys::backtrace::__rust_end_short_backtrace::<std[617be2ca0a6fd877]::panicking::panic_handler::{closure#0}, !>
[INFO] [stdout]    9:     0x5a280db1427d - __rustc[ea4f61d10b84890b]::rust_begin_unwind
[INFO] [stdout]   10:     0x5a280db4ca0c - core[a373ad73a504971]::panicking::panic_fmt
[INFO] [stdout]   11:     0x5a280db4c923 - core[a373ad73a504971]::panicking::assert_failed_inner
[INFO] [stdout]   12:     0x5a280da81e39 - core[a373ad73a504971]::panicking::assert_failed::<c_leak[c72e7216b0069249]::common::param::FpReg, c_leak[c72e7216b0069249]::common::param::FpReg>
[INFO] [stdout]   13:     0x5a280da7e532 - std[617be2ca0a6fd877]::sys::backtrace::__rust_begin_short_backtrace::<c_leak[c72e7216b0069249]::common::hook_contended<c_leak[c72e7216b0069249]::common::param::FpReg, c_leak[c72e7216b0069249]::static_hook_fpreg_0::{closure#0}, c_leak[c72e7216b0069249]::static_hook_fpreg_0::{closure#1}>::{closure#0}::{closure#0}::{closure#0}, ()>
[INFO] [stdout]   14:     0x5a280da4849c - <std[617be2ca0a6fd877]::thread::lifecycle::spawn_unchecked<c_leak[c72e7216b0069249]::common::hook_contended<c_leak[c72e7216b0069249]::common::param::FpReg, c_leak[c72e7216b0069249]::static_hook_fpreg_0::{closure#0}, c_leak[c72e7216b0069249]::static_hook_fpreg_0::{closure#1}>::{closure#0}::{closure#0}::{closure#0}, ()>::{closure#1} as core[a373ad73a504971]::ops::function::FnOnce<()>>::call_once::{shim:vtable#0}
[INFO] [stdout]   15:     0x5a280db3730f - <std[617be2ca0a6fd877]::sys::thread::unix::Thread>::new::thread_start
[INFO] [stdout]   16:     0x73ed31f84dfa - <unknown>
[INFO] [stdout]   17:     0x73ed320183d4 - clone
[INFO] [stdout]   18:                0x0 - <unknown>
[INFO] [stdout] 
[INFO] [stdout] thread 'static_hook_fpreg_0' (1483) panicked at tests/c_leak.rs:5:1:
[INFO] [stdout] assertion `left == right` failed: at depth 1
[INFO] [stdout]   left: 2045430243
[INFO] [stdout]  right: 3735928559
[INFO] [stdout] stack backtrace:
[INFO] [stdout]    0:     0x5a280db37e21 - <<std[617be2ca0a6fd877]::sys::backtrace::BacktraceLock>::print::DisplayBacktrace as core[a373ad73a504971]::fmt::Display>::fmt
[INFO] [stdout]    1:     0x5a280db4c2aa - core[a373ad73a504971]::fmt::write
[INFO] [stdout]    2:     0x5a280db3c35c - <alloc[2e1b2a31b91974c5]::vec::Vec<u8> as core[a373ad73a504971]::io::write::Write>::write_fmt
[INFO] [stdout]    3:     0x5a280db135c6 - std[617be2ca0a6fd877]::panicking::default_hook::{closure#0}
[INFO] [stdout]    4:     0x5a280db2fc59 - std[617be2ca0a6fd877]::panicking::default_hook
[INFO] [stdout]    5:     0x5a280dacb7e0 - test[aada8e7e76ba119b]::test_main_inner::{closure#0}
[INFO] [stdout]    6:     0x5a280db2ff82 - std[617be2ca0a6fd877]::panicking::panic_with_hook
[INFO] [stdout]    7:     0x5a280db13672 - std[617be2ca0a6fd877]::panicking::panic_handler::{closure#0}
[INFO] [stdout]    8:     0x5a280db0c159 - std[617be2ca0a6fd877]::sys::backtrace::__rust_end_short_backtrace::<std[617be2ca0a6fd877]::panicking::panic_handler::{closure#0}, !>
[INFO] [stdout]    9:     0x5a280db1427d - __rustc[ea4f61d10b84890b]::rust_begin_unwind
[INFO] [stdout]   10:     0x5a280db4ca0c - core[a373ad73a504971]::panicking::panic_fmt
[INFO] [stdout]   11:     0x5a280db4c983 - core[a373ad73a504971]::panicking::assert_failed_inner
[INFO] [stdout]   12:     0x5a280da81e39 - core[a373ad73a504971]::panicking::assert_failed::<c_leak[c72e7216b0069249]::common::param::FpReg, c_leak[c72e7216b0069249]::common::param::FpReg>
[INFO] [stdout]   13:     0x5a280d9f5341 - std[617be2ca0a6fd877]::thread::scoped::scope::<c_leak[c72e7216b0069249]::common::hook_contended<c_leak[c72e7216b0069249]::common::param::FpReg, c_leak[c72e7216b0069249]::static_hook_fpreg_0::{closure#0}, c_leak[c72e7216b0069249]::static_hook_fpreg_0::{closure#1}>::{closure#0}, ()>
[INFO] [stdout]   14:     0x5a280da5b88b - <c_leak[c72e7216b0069249]::static_hook_fpreg_0::{closure#0} as core[a373ad73a504971]::ops::function::FnOnce<()>>::call_once
[INFO] [stdout]   15:     0x5a280dabec2b - test[aada8e7e76ba119b]::__rust_begin_short_backtrace::<core[a373ad73a504971]::result::Result<(), alloc[2e1b2a31b91974c5]::string::String>, fn() -> core[a373ad73a504971]::result::Result<(), alloc[2e1b2a31b91974c5]::string::String>>
[INFO] [stdout]   16:     0x5a280dacbe05 - test[aada8e7e76ba119b]::run_test::{closure#0}
[INFO] [stdout]   17:     0x5a280dac56f4 - std[617be2ca0a6fd877]::sys::backtrace::__rust_begin_short_backtrace::<test[aada8e7e76ba119b]::run_test::{closure#1}, ()>
[INFO] [stdout]   18:     0x5a280dacee92 - <std[617be2ca0a6fd877]::thread::lifecycle::spawn_unchecked<test[aada8e7e76ba119b]::run_test::{closure#1}, ()>::{closure#1} as core[a373ad73a504971]::ops::function::FnOnce<()>>::call_once::{shim:vtable#0}
[INFO] [stdout]   19:     0x5a280db3730f - <std[617be2ca0a6fd877]::sys::thread::unix::Thread>::new::thread_start
[INFO] [stdout]   20:     0x73ed31f84dfa - <unknown>
[INFO] [stdout]   21:     0x73ed320183d4 - clone
[INFO] [stdout]   22:                0x0 - <unknown>
[INFO] [stdout] 
[INFO] [stdout] ---- static_hook_fpreg_2 stdout ----
[INFO] [stdout] 
[INFO] [stdout] thread '<unnamed>' (1498) panicked at tests/common/mod.rs:31:25:
[INFO] [stdout] assertion `left == right` failed
[INFO] [stdout]   left: 106690149
[INFO] [stdout]  right: 3706479505
[INFO] [stdout] stack backtrace:
[INFO] [stdout]    0:     0x5a280db37e21 - <<std[617be2ca0a6fd877]::sys::backtrace::BacktraceLock>::print::DisplayBacktrace as core[a373ad73a504971]::fmt::Display>::fmt
[INFO] [stdout]    1:     0x5a280db4c2aa - core[a373ad73a504971]::fmt::write
[INFO] [stdout]    2:     0x5a280db3c35c - <alloc[2e1b2a31b91974c5]::vec::Vec<u8> as core[a373ad73a504971]::io::write::Write>::write_fmt
[INFO] [stdout]    3:     0x5a280db135c6 - std[617be2ca0a6fd877]::panicking::default_hook::{closure#0}
[INFO] [stdout]    4:     0x5a280db2fc59 - std[617be2ca0a6fd877]::panicking::default_hook
[INFO] [stdout]    5:     0x5a280dacb7e0 - test[aada8e7e76ba119b]::test_main_inner::{closure#0}
[INFO] [stdout]    6:     0x5a280db2ff82 - std[617be2ca0a6fd877]::panicking::panic_with_hook
[INFO] [stdout]    7:     0x5a280db13672 - std[617be2ca0a6fd877]::panicking::panic_handler::{closure#0}
[INFO] [stdout]    8:     0x5a280db0c159 - std[617be2ca0a6fd877]::sys::backtrace::__rust_end_short_backtrace::<std[617be2ca0a6fd877]::panicking::panic_handler::{closure#0}, !>
[INFO] [stdout]    9:     0x5a280db1427d - __rustc[ea4f61d10b84890b]::rust_begin_unwind
[INFO] [stdout]   10:     0x5a280db4ca0c - core[a373ad73a504971]::panicking::panic_fmt
[INFO] [stdout]   11:     0x5a280db4c923 - core[a373ad73a504971]::panicking::assert_failed_inner
[INFO] [stdout]   12:     0x5a280da81e39 - core[a373ad73a504971]::panicking::assert_failed::<c_leak[c72e7216b0069249]::common::param::FpReg, c_leak[c72e7216b0069249]::common::param::FpReg>
[INFO] [stdout]   13:     0x5a280da7e75d - std[617be2ca0a6fd877]::sys::backtrace::__rust_begin_short_backtrace::<c_leak[c72e7216b0069249]::common::hook_contended<c_leak[c72e7216b0069249]::common::param::FpReg, c_leak[c72e7216b0069249]::static_hook_fpreg_2::{closure#0}, c_leak[c72e7216b0069249]::static_hook_fpreg_2::{closure#1}>::{closure#0}::{closure#0}::{closure#0}, ()>
[INFO] [stdout]   14:     0x5a280da4877c - <std[617be2ca0a6fd877]::thread::lifecycle::spawn_unchecked<c_leak[c72e7216b0069249]::common::hook_contended<c_leak[c72e7216b0069249]::common::param::FpReg, c_leak[c72e7216b0069249]::static_hook_fpreg_2::{closure#0}, c_leak[c72e7216b0069249]::static_hook_fpreg_2::{closure#1}>::{closure#0}::{closure#0}::{closure#0}, ()>::{closure#1} as core[a373ad73a504971]::ops::function::FnOnce<()>>::call_once::{shim:vtable#0}
[INFO] [stdout]   15:     0x5a280db3730f - <std[617be2ca0a6fd877]::sys::thread::unix::Thread>::new::thread_start
[INFO] [stdout]   16:     0x73ed31f84dfa - <unknown>
[INFO] [stdout]   17:     0x73ed320183d4 - clone
[INFO] [stdout]   18:                0x0 - <unknown>
[INFO] [stdout] 
[INFO] [stdout] thread '<unnamed>' (1548) panicked at tests/common/mod.rs:31:25:
[INFO] [stdout] assertion `left == right` failed
[INFO] [stdout]   left: 106690149
[INFO] [stdout]  right: 3706479505
[INFO] [stdout] stack backtrace:
[INFO] [stdout]    0:     0x5a280db37e21 - <<std[617be2ca0a6fd877]::sys::backtrace::BacktraceLock>::print::DisplayBacktrace as core[a373ad73a504971]::fmt::Display>::fmt
[INFO] [stdout]    1:     0x5a280db4c2aa - core[a373ad73a504971]::fmt::write
[INFO] [stdout]    2:     0x5a280db3c35c - <alloc[2e1b2a31b91974c5]::vec::Vec<u8> as core[a373ad73a504971]::io::write::Write>::write_fmt
[INFO] [stdout]    3:     0x5a280db135c6 - std[617be2ca0a6fd877]::panicking::default_hook::{closure#0}
[INFO] [stdout]    4:     0x5a280db2fc59 - std[617be2ca0a6fd877]::panicking::default_hook
[INFO] [stdout]    5:     0x5a280dacb7e0 - test[aada8e7e76ba119b]::test_main_inner::{closure#0}
[INFO] [stdout]    6:     0x5a280db2ff82 - std[617be2ca0a6fd877]::panicking::panic_with_hook
[INFO] [stdout]    7:     0x5a280db13672 - std[617be2ca0a6fd877]::panicking::panic_handler::{closure#0}
[INFO] [stdout]    8:     0x5a280db0c159 - std[617be2ca0a6fd877]::sys::backtrace::__rust_end_short_backtrace::<std[617be2ca0a6fd877]::panicking::panic_handler::{closure#0}, !>
[INFO] [stdout]    9:     0x5a280db1427d - __rustc[ea4f61d10b84890b]::rust_begin_unwind
[INFO] [stdout]   10:     0x5a280db4ca0c - core[a373ad73a504971]::panicking::panic_fmt
[INFO] [stdout]   11:     0x5a280db4c923 - core[a373ad73a504971]::panicking::assert_failed_inner
[INFO] [stdout]   12:     0x5a280da81e39 - core[a373ad73a504971]::panicking::assert_failed::<c_leak[c72e7216b0069249]::common::param::FpReg, c_leak[c72e7216b0069249]::common::param::FpReg>
[INFO] [stdout]   13:     0x5a280da7e75d - std[617be2ca0a6fd877]::sys::backtrace::__rust_begin_short_backtrace::<c_leak[c72e7216b0069249]::common::hook_contended<c_leak[c72e7216b0069249]::common::param::FpReg, c_leak[c72e7216b0069249]::static_hook_fpreg_2::{closure#0}, c_leak[c72e7216b0069249]::static_hook_fpreg_2::{closure#1}>::{closure#0}::{closure#0}::{closure#0}, ()>
[INFO] [stdout]   14:     0x5a280da4877c - <std[617be2ca0a6fd877]::thread::lifecycle::spawn_unchecked<c_leak[c72e7216b0069249]::common::hook_contended<c_leak[c72e7216b0069249]::common::param::FpReg, c_leak[c72e7216b0069249]::static_hook_fpreg_2::{closure#0}, c_leak[c72e7216b0069249]::static_hook_fpreg_2::{closure#1}>::{closure#0}::{closure#0}::{closure#0}, ()>::{closure#1} as core[a373ad73a504971]::ops::function::FnOnce<()>>::call_once::{shim:vtable#0}
[INFO] [stdout]   15:     0x5a280db3730f - <std[617be2ca0a6fd877]::sys::thread::unix::Thread>::new::thread_start
[INFO] [stdout]   16:     0x73ed31f84dfa - <unknown>
[INFO] [stdout]   17:     0x73ed320183d4 - clone
[INFO] [stdout]   18:                0x0 - <unknown>
[INFO] [stdout] 
[INFO] [stdout] thread '<unnamed>' (1549) panicked at tests/common/mod.rs:31:25:
[INFO] [stdout] assertion `left == right` failed
[INFO] [stdout]   left: 106690149
[INFO] [stdout]  right: 3706479505
[INFO] [stdout] stack backtrace:
[INFO] [stdout]    0:     0x5a280db37e21 - <<std[617be2ca0a6fd877]::sys::backtrace::BacktraceLock>::print::DisplayBacktrace as core[a373ad73a504971]::fmt::Display>::fmt
[INFO] [stdout]    1:     0x5a280db4c2aa - core[a373ad73a504971]::fmt::write
[INFO] [stdout]    2:     0x5a280db3c35c - <alloc[2e1b2a31b91974c5]::vec::Vec<u8> as core[a373ad73a504971]::io::write::Write>::write_fmt
[INFO] [stdout]    3:     0x5a280db135c6 - std[617be2ca0a6fd877]::panicking::default_hook::{closure#0}
[INFO] [stdout]    4:     0x5a280db2fc59 - std[617be2ca0a6fd877]::panicking::default_hook
[INFO] [stdout]    5:     0x5a280dacb7e0 - test[aada8e7e76ba119b]::test_main_inner::{closure#0}
[INFO] [stdout]    6:     0x5a280db2ff82 - std[617be2ca0a6fd877]::panicking::panic_with_hook
[INFO] [stdout]    7:     0x5a280db13672 - std[617be2ca0a6fd877]::panicking::panic_handler::{closure#0}
[INFO] [stdout]    8:     0x5a280db0c159 - std[617be2ca0a6fd877]::sys::backtrace::__rust_end_short_backtrace::<std[617be2ca0a6fd877]::panicking::panic_handler::{closure#0}, !>
[INFO] [stdout]    9:     0x5a280db1427d - __rustc[ea4f61d10b84890b]::rust_begin_unwind
[INFO] [stdout]   10:     0x5a280db4ca0c - core[a373ad73a504971]::panicking::panic_fmt
[INFO] [stdout]   11:     0x5a280db4c923 - core[a373ad73a504971]::panicking::assert_failed_inner
[INFO] [stdout]   12:     0x5a280da81e39 - core[a373ad73a504971]::panicking::assert_failed::<c_leak[c72e7216b0069249]::common::param::FpReg, c_leak[c72e7216b0069249]::common::param::FpReg>
[INFO] [stdout]   13:     0x5a280da7e75d - std[617be2ca0a6fd877]::sys::backtrace::__rust_begin_short_backtrace::<c_leak[c72e7216b0069249]::common::hook_contended<c_leak[c72e7216b0069249]::common::param::FpReg, c_leak[c72e7216b0069249]::static_hook_fpreg_2::{closure#0}, c_leak[c72e7216b0069249]::static_hook_fpreg_2::{closure#1}>::{closure#0}::{closure#0}::{closure#0}, ()>
[INFO] [stdout]   14:     0x5a280da4877c - <std[617be2ca0a6fd877]::thread::lifecycle::spawn_unchecked<c_leak[c72e7216b0069249]::common::hook_contended<c_leak[c72e7216b0069249]::common::param::FpReg, c_leak[c72e7216b0069249]::static_hook_fpreg_2::{closure#0}, c_leak[c72e7216b0069249]::static_hook_fpreg_2::{closure#1}>::{closure#0}::{closure#0}::{closure#0}, ()>::{closure#1} as core[a373ad73a504971]::ops::function::FnOnce<()>>::call_once::{shim:vtable#0}
[INFO] [stdout]   15:     0x5a280db3730f - <std[617be2ca0a6fd877]::sys::thread::unix::Thread>::new::thread_start
[INFO] [stdout]   16:     0x73ed31f84dfa - <unknown>
[INFO] [stdout]   17:     0x73ed320183d4 - clone
[INFO] [stdout]   18:                0x0 - <unknown>
[INFO] [stdout] 
[INFO] [stdout] thread 'static_hook_fpreg_2' (1488) panicked at tests/c_leak.rs:5:1:
[INFO] [stdout] assertion `left == right` failed: at depth 1
[INFO] [stdout]   left: 106690149
[INFO] [stdout]  right: 3706479505
[INFO] [stdout] stack backtrace:
[INFO] [stdout]    0:     0x5a280db37e21 - <<std[617be2ca0a6fd877]::sys::backtrace::BacktraceLock>::print::DisplayBacktrace as core[a373ad73a504971]::fmt::Display>::fmt
[INFO] [stdout]    1:     0x5a280db4c2aa - core[a373ad73a504971]::fmt::write
[INFO] [stdout]    2:     0x5a280db3c35c - <alloc[2e1b2a31b91974c5]::vec::Vec<u8> as core[a373ad73a504971]::io::write::Write>::write_fmt
[INFO] [stdout]    3:     0x5a280db135c6 - std[617be2ca0a6fd877]::panicking::default_hook::{closure#0}
[INFO] [stdout]    4:     0x5a280db2fc59 - std[617be2ca0a6fd877]::panicking::default_hook
[INFO] [stdout]    5:     0x5a280dacb7e0 - test[aada8e7e76ba119b]::test_main_inner::{closure#0}
[INFO] [stdout]    6:     0x5a280db2ff82 - std[617be2ca0a6fd877]::panicking::panic_with_hook
[INFO] [stdout]    7:     0x5a280db13672 - std[617be2ca0a6fd877]::panicking::panic_handler::{closure#0}
[INFO] [stdout]    8:     0x5a280db0c159 - std[617be2ca0a6fd877]::sys::backtrace::__rust_end_short_backtrace::<std[617be2ca0a6fd877]::panicking::panic_handler::{closure#0}, !>
[INFO] [stdout]    9:     0x5a280db1427d - __rustc[ea4f61d10b84890b]::rust_begin_unwind
[INFO] [stdout]   10:     0x5a280db4ca0c - core[a373ad73a504971]::panicking::panic_fmt
[INFO] [stdout]   11:     0x5a280db4c983 - core[a373ad73a504971]::panicking::assert_failed_inner
[INFO] [stdout]   12:     0x5a280da81e39 - core[a373ad73a504971]::panicking::assert_failed::<c_leak[c72e7216b0069249]::common::param::FpReg, c_leak[c72e7216b0069249]::common::param::FpReg>
[INFO] [stdout]   13:     0x5a280d9f6988 - std[617be2ca0a6fd877]::thread::scoped::scope::<c_leak[c72e7216b0069249]::common::hook_contended<c_leak[c72e7216b0069249]::common::param::FpReg, c_leak[c72e7216b0069249]::static_hook_fpreg_2::{closure#0}, c_leak[c72e7216b0069249]::static_hook_fpreg_2::{closure#1}>::{closure#0}, ()>
[INFO] [stdout]   14:     0x5a280da5ba4f - <c_leak[c72e7216b0069249]::static_hook_fpreg_2::{closure#0} as core[a373ad73a504971]::ops::function::FnOnce<()>>::call_once
[INFO] [stdout]   15:     0x5a280dabec2b - test[aada8e7e76ba119b]::__rust_begin_short_backtrace::<core[a373ad73a504971]::result::Result<(), alloc[2e1b2a31b91974c5]::string::String>, fn() -> core[a373ad73a504971]::result::Result<(), alloc[2e1b2a31b91974c5]::string::String>>
[INFO] [stdout]   16:     0x5a280dacbe05 - test[aada8e7e76ba119b]::run_test::{closure#0}
[INFO] [stdout]   17:     0x5a280dac56f4 - std[617be2ca0a6fd877]::sys::backtrace::__rust_begin_short_backtrace::<test[aada8e7e76ba119b]::run_test::{closure#1}, ()>
[INFO] [stdout]   18:     0x5a280dacee92 - <std[617be2ca0a6fd877]::thread::lifecycle::spawn_unchecked<test[aada8e7e76ba119b]::run_test::{closure#1}, ()>::{closure#1} as core[a373ad73a504971]::ops::function::FnOnce<()>>::call_once::{shim:vtable#0}
[INFO] [stdout]   19:     0x5a280db3730f - <std[617be2ca0a6fd877]::sys::thread::unix::Thread>::new::thread_start
[INFO] [stdout]   20:     0x73ed31f84dfa - <unknown>
[INFO] [stdout]   21:     0x73ed320183d4 - clone
[INFO] [stdout]   22:                0x0 - <unknown>
[INFO] [stdout] 
[INFO] [stdout] ---- static_hook_gpreg_12 stdout ----
[INFO] [stdout] 
[INFO] [stdout] thread '<unnamed>' (1607) panicked at tests/common/mod.rs:31:25:
[INFO] [stdout] assertion `left == right` failed
[INFO] [stdout]   left: 3963836223
[INFO] [stdout]  right: 116048395
[INFO] [stdout] stack backtrace:
[INFO] [stdout]    0:     0x5a280db37e21 - <<std[617be2ca0a6fd877]::sys::backtrace::BacktraceLock>::print::DisplayBacktrace as core[a373ad73a504971]::fmt::Display>::fmt
[INFO] [stdout]    1:     0x5a280db4c2aa - core[a373ad73a504971]::fmt::write
[INFO] [stdout]    2:     0x5a280db3c35c - <alloc[2e1b2a31b91974c5]::vec::Vec<u8> as core[a373ad73a504971]::io::write::Write>::write_fmt
[INFO] [stdout]    3:     0x5a280db135c6 - std[617be2ca0a6fd877]::panicking::default_hook::{closure#0}
[INFO] [stdout]    4:     0x5a280db2fc59 - std[617be2ca0a6fd877]::panicking::default_hook
[INFO] [stdout]    5:     0x5a280dacb7e0 - test[aada8e7e76ba119b]::test_main_inner::{closure#0}
[INFO] [stdout]    6:     0x5a280db2ff82 - std[617be2ca0a6fd877]::panicking::panic_with_hook
[INFO] [stdout]    7:     0x5a280db13672 - std[617be2ca0a6fd877]::panicking::panic_handler::{closure#0}
[INFO] [stdout]    8:     0x5a280db0c159 - std[617be2ca0a6fd877]::sys::backtrace::__rust_end_short_backtrace::<std[617be2ca0a6fd877]::panicking::panic_handler::{closure#0}, !>
[INFO] [stdout]    9:     0x5a280db1427d - __rustc[ea4f61d10b84890b]::rust_begin_unwind
[INFO] [stdout]   10:     0x5a280db4ca0c - core[a373ad73a504971]::panicking::panic_fmt
[INFO] [stdout]   11:     0x5a280db4c923 - core[a373ad73a504971]::panicking::assert_failed_inner
[INFO] [stdout]   12:     0x5a280da81e6c - core[a373ad73a504971]::panicking::assert_failed::<c_leak[c72e7216b0069249]::common::param::GpReg, c_leak[c72e7216b0069249]::common::param::GpReg>
[INFO] [stdout]   13:     0x5a280da8050d - std[617be2ca0a6fd877]::sys::backtrace::__rust_begin_short_backtrace::<c_leak[c72e7216b0069249]::common::hook_contended<c_leak[c72e7216b0069249]::common::param::GpReg, c_leak[c72e7216b0069249]::static_hook_mut_gpreg_12::{closure#0}, c_leak[c72e7216b0069249]::static_hook_mut_gpreg_12::{closure#1}>::{closure#0}::{closure#0}::{closure#0}, ()>
[INFO] [stdout]   14:     0x5a280da4bb3c - <std[617be2ca0a6fd877]::thread::lifecycle::spawn_unchecked<c_leak[c72e7216b0069249]::common::hook_contended<c_leak[c72e7216b0069249]::common::param::GpReg, c_leak[c72e7216b0069249]::static_hook_gpreg_12::{closure#0}, c_leak[c72e7216b0069249]::static_hook_gpreg_12::{closure#1}>::{closure#0}::{closure#0}::{closure#0}, ()>::{closure#1} as core[a373ad73a504971]::ops::function::FnOnce<()>>::call_once::{shim:vtable#0}
[INFO] [stdout]   15:     0x5a280db3730f - <std[617be2ca0a6fd877]::sys::thread::unix::Thread>::new::thread_start
[INFO] [stdout]   16:     0x73ed31f84dfa - <unknown>
[INFO] [stdout]   17:     0x73ed320183d4 - clone
[INFO] [stdout]   18:                0x0 - <unknown>
[INFO] [stdout] 
[INFO] [stdout] thread 'static_hook_gpreg_12' (1568) panicked at tests/c_leak.rs:5:1:
[INFO] [stdout] assertion `left == right` failed: at depth 1
[INFO] [stdout]   left: 3963836223
[INFO] [stdout]  right: 116048395
[INFO] [stdout] stack backtrace:
[INFO] [stdout]    0:     0x5a280db37e21 - <<std[617be2ca0a6fd877]::sys::backtrace::BacktraceLock>::print::DisplayBacktrace as core[a373ad73a504971]::fmt::Display>::fmt
[INFO] [stdout]    1:     0x5a280db4c2aa - core[a373ad73a504971]::fmt::write
[INFO] [stdout]    2:     0x5a280db3c35c - <alloc[2e1b2a31b91974c5]::vec::Vec<u8> as core[a373ad73a504971]::io::write::Write>::write_fmt
[INFO] [stdout]    3:     0x5a280db135c6 - std[617be2ca0a6fd877]::panicking::default_hook::{closure#0}
[INFO] [stdout]    4:     0x5a280db2fc59 - std[617be2ca0a6fd877]::panicking::default_hook
[INFO] [stdout]    5:     0x5a280dacb7e0 - test[aada8e7e76ba119b]::test_main_inner::{closure#0}
[INFO] [stdout]    6:     0x5a280db2ff82 - std[617be2ca0a6fd877]::panicking::panic_with_hook
[INFO] [stdout]    7:     0x5a280db13672 - std[617be2ca0a6fd877]::panicking::panic_handler::{closure#0}
[INFO] [stdout]    8:     0x5a280db0c159 - std[617be2ca0a6fd877]::sys::backtrace::__rust_end_short_backtrace::<std[617be2ca0a6fd877]::panicking::panic_handler::{closure#0}, !>
[INFO] [stdout]    9:     0x5a280db1427d - __rustc[ea4f61d10b84890b]::rust_begin_unwind
[INFO] [stdout]   10:     0x5a280db4ca0c - core[a373ad73a504971]::panicking::panic_fmt
[INFO] [stdout]   11:     0x5a280db4c983 - core[a373ad73a504971]::panicking::assert_failed_inner
[INFO] [stdout]   12:     0x5a280da81e6c - core[a373ad73a504971]::panicking::assert_failed::<c_leak[c72e7216b0069249]::common::param::GpReg, c_leak[c72e7216b0069249]::common::param::GpReg>
[INFO] [stdout]   13:     0x5a280da109b0 - std[617be2ca0a6fd877]::thread::scoped::scope::<c_leak[c72e7216b0069249]::common::hook_contended<c_leak[c72e7216b0069249]::common::param::GpReg, c_leak[c72e7216b0069249]::static_hook_gpreg_12::{closure#0}, c_leak[c72e7216b0069249]::static_hook_gpreg_12::{closure#1}>::{closure#0}, ()>
[INFO] [stdout]   14:     0x5a280da60064 - <c_leak[c72e7216b0069249]::static_hook_gpreg_12::{closure#0} as core[a373ad73a504971]::ops::function::FnOnce<()>>::call_once
[INFO] [stdout]   15:     0x5a280dabec2b - test[aada8e7e76ba119b]::__rust_begin_short_backtrace::<core[a373ad73a504971]::result::Result<(), alloc[2e1b2a31b91974c5]::string::String>, fn() -> core[a373ad73a504971]::result::Result<(), alloc[2e1b2a31b91974c5]::string::String>>
[INFO] [stdout]   16:     0x5a280dacbe05 - test[aada8e7e76ba119b]::run_test::{closure#0}
[INFO] [stdout]   17:     0x5a280dac56f4 - std[617be2ca0a6fd877]::sys::backtrace::__rust_begin_short_backtrace::<test[aada8e7e76ba119b]::run_test::{closure#1}, ()>
[INFO] [stdout]   18:     0x5a280dacee92 - <std[617be2ca0a6fd877]::thread::lifecycle::spawn_unchecked<test[aada8e7e76ba119b]::run_test::{closure#1}, ()>::{closure#1} as core[a373ad73a504971]::ops::function::FnOnce<()>>::call_once::{shim:vtable#0}
[INFO] [stdout]   19:     0x5a280db3730f - <std[617be2ca0a6fd877]::sys::thread::unix::Thread>::new::thread_start
[INFO] [stdout]   20:     0x73ed31f84dfa - <unknown>
[INFO] [stdout]   21:     0x73ed320183d4 - clone
[INFO] [stdout]   22:                0x0 - <unknown>
[INFO] [stdout] 
[INFO] [stdout] ---- static_hook_fpreg_7 stdout ----
[INFO] [stdout] 
[INFO] [stdout] thread 'static_hook_fpreg_7' (1493) panicked at tests/c_leak.rs:5:1:
[INFO] [stdout] assertion `left == right` failed: at depth 1
[INFO] [stdout]   left: 1759448556
[INFO] [stdout]  right: 3388496776
[INFO] [stdout] stack backtrace:
[INFO] [stdout]    0:     0x5a280db37e21 - <<std[617be2ca0a6fd877]::sys::backtrace::BacktraceLock>::print::DisplayBacktrace as core[a373ad73a504971]::fmt::Display>::fmt
[INFO] [stdout]    1:     0x5a280db4c2aa - core[a373ad73a504971]::fmt::write
[INFO] [stdout]    2:     0x5a280db3c35c - <alloc[2e1b2a31b91974c5]::vec::Vec<u8> as core[a373ad73a504971]::io::write::Write>::write_fmt
[INFO] [stdout]    3:     0x5a280db135c6 - std[617be2ca0a6fd877]::panicking::default_hook::{closure#0}
[INFO] [stdout]    4:     0x5a280db2fc59 - std[617be2ca0a6fd877]::panicking::default_hook
[INFO] [stdout]    5:     0x5a280dacb7e0 - test[aada8e7e76ba119b]::test_main_inner::{closure#0}
[INFO] [stdout]    6:     0x5a280db2ff82 - std[617be2ca0a6fd877]::panicking::panic_with_hook
[INFO] [stdout]    7:     0x5a280db13672 - std[617be2ca0a6fd877]::panicking::panic_handler::{closure#0}
[INFO] [stdout]    8:     0x5a280db0c159 - std[617be2ca0a6fd877]::sys::backtrace::__rust_end_short_backtrace::<std[617be2ca0a6fd877]::panicking::panic_handler::{closure#0}, !>
[INFO] [stdout]    9:     0x5a280db1427d - __rustc[ea4f61d10b84890b]::rust_begin_unwind
[INFO] [stdout]   10:     0x5a280db4ca0c - core[a373ad73a504971]::panicking::panic_fmt
[INFO] [stdout]   11:     0x5a280db4c983 - core[a373ad73a504971]::panicking::assert_failed_inner
[INFO] [stdout]   12:     0x5a280da81e39 - core[a373ad73a504971]::panicking::assert_failed::<c_leak[c72e7216b0069249]::common::param::FpReg, c_leak[c72e7216b0069249]::common::param::FpReg>
[INFO] [stdout]   13:     0x5a280d9fa088 - std[617be2ca0a6fd877]::thread::scoped::scope::<c_leak[c72e7216b0069249]::common::hook_contended<c_leak[c72e7216b0069249]::common::param::FpReg, c_leak[c72e7216b0069249]::static_hook_fpreg_7::{closure#0}, c_leak[c72e7216b0069249]::static_hook_fpreg_7::{closure#1}>::{closure#0}, ()>
[INFO] [stdout]   14:     0x5a280da5c144 - <c_leak[c72e7216b0069249]::static_hook_fpreg_7::{closure#0} as core[a373ad73a504971]::ops::function::FnOnce<()>>::call_once
[INFO] [stdout]   15:     0x5a280dabec2b - test[aada8e7e76ba119b]::__rust_begin_short_backtrace::<core[a373ad73a504971]::result::Result<(), alloc[2e1b2a31b91974c5]::string::String>, fn() -> core[a373ad73a504971]::result::Result<(), alloc[2e1b2a31b91974c5]::string::String>>
[INFO] [stdout]   16:     0x5a280dacbe05 - test[aada8e7e76ba119b]::run_test::{closure#0}
[INFO] [stdout]   17:     0x5a280dac56f4 - std[617be2ca0a6fd877]::sys::backtrace::__rust_begin_short_backtrace::<test[aada8e7e76ba119b]::run_test::{closure#1}, ()>
[INFO] [stdout]   18:     0x5a280dacee92 - <std[617be2ca0a6fd877]::thread::lifecycle::spawn_unchecked<test[aada8e7e76ba119b]::run_test::{closure#1}, ()>::{closure#1} as core[a373ad73a504971]::ops::function::FnOnce<()>>::call_once::{shim:vtable#0}
[INFO] [stdout]   19:     0x5a280db3730f - <std[617be2ca0a6fd877]::sys::thread::unix::Thread>::new::thread_start
[INFO] [stdout]   20:     0x73ed31f84dfa - <unknown>
[INFO] [stdout]   21:     0x73ed320183d4 - clone
[INFO] [stdout]   22:                0x0 - <unknown>
[INFO] [stdout] 
[INFO] [stdout] 
[INFO] [stdout] failures:
[INFO] [stdout]     static_hook_fpreg_0
[INFO] [stdout]     static_hook_fpreg_2
[INFO] [stdout]     static_hook_fpreg_6
[INFO] [stdout]     static_hook_fpreg_7
[INFO] [stdout]     static_hook_gpreg_1
[INFO] [stdout]     static_hook_gpreg_12
[INFO] [stdout] 
[INFO] [stdout] test result: FAILED. 111 passed; 6 failed; 0 ignored; 0 measured; 0 filtered out; finished in 1.39s
[INFO] [stdout] 
[INFO] [stderr] error: test failed, to rerun pass `--test c_leak`
[INFO] running `Command { std: "docker" "inspect" "a583d1530defe96a039c978dcb3af468e709d5376077e28eea40bce58515af91", kill_on_drop: false }`
[INFO] running `Command { std: "docker" "rm" "-f" "a583d1530defe96a039c978dcb3af468e709d5376077e28eea40bce58515af91", kill_on_drop: false }`
[INFO] [stdout] a583d1530defe96a039c978dcb3af468e709d5376077e28eea40bce58515af91
