[INFO] fetching crate dithers 0.1.0...
[INFO] testing dithers-0.1.0 against 1.100.0-beta.1+cargoflags=--release for beta-release-1.100-2
[INFO] extracting crate dithers 0.1.0 into /workspace/builds/worker-5-tc2/source
[INFO] started tweaking crates.io crate dithers 0.1.0
[INFO] removed 0 missing tests
[INFO] finished tweaking crates.io crate dithers 0.1.0
[INFO] tweaked toml for crates.io crate dithers 0.1.0 written to /workspace/builds/worker-5-tc2/source/Cargo.toml
[INFO] validating manifest of crates.io crate dithers 0.1.0 on toolchain 1.100.0-beta.1
[INFO] running `Command { std: CARGO_HOME="/workspace/cargo-home" RUSTUP_HOME="/workspace/rustup-home" "/workspace/cargo-home/bin/cargo" "+1.100.0-beta.1" "metadata" "--manifest-path" "Cargo.toml" "--no-deps", kill_on_drop: false }`
[INFO] crate crates.io crate dithers 0.1.0 already has a lockfile, it will not be regenerated
[INFO] running `Command { std: CARGO_HOME="/workspace/cargo-home" RUSTUP_HOME="/workspace/rustup-home" "/workspace/cargo-home/bin/cargo" "+1.100.0-beta.1" "fetch" "--manifest-path" "Cargo.toml", kill_on_drop: false }`
[INFO] running `Command { std: "docker" "create" "-v" "/var/lib/crater-agent-workspace/builds/worker-5-tc2/source:/opt/rustwide/workdir:ro,Z" "-v" "/var/lib/crater-agent-workspace/builds/worker-5-tc2/target:/opt/rustwide/target:rw,Z" "-v" "/var/lib/crater-agent-workspace/cargo-home:/opt/rustwide/cargo-home:ro,Z" "-v" "/var/lib/crater-agent-workspace/rustup-home:/opt/rustwide/rustup-home:ro,Z" "-m" "1610612736" "--network" "none" "ghcr.io/rust-lang/crates-build-env/linux@sha256:77db811e55d90add9212f6832c23229e3de5f1c1f9905e8cb07319ea15df73ac" "sleep" "infinity", kill_on_drop: false }`
[INFO] [stdout] 162d6353e730adff8c5b9706712cfaf3d82dab83fec6824e8aee0f6a9c566fe8
[INFO] running `Command { std: "docker" "start" "162d6353e730adff8c5b9706712cfaf3d82dab83fec6824e8aee0f6a9c566fe8", kill_on_drop: false }`
[INFO] running `Command { std: "docker" "inspect" "162d6353e730adff8c5b9706712cfaf3d82dab83fec6824e8aee0f6a9c566fe8", kill_on_drop: false }`
[INFO] running `Command { std: "docker" "exec" "-e" "SOURCE_DIR=/opt/rustwide/workdir" "-e" "CARGO_HOME=/opt/rustwide/cargo-home" "-e" "RUSTUP_HOME=/opt/rustwide/rustup-home" "-e" "CARGO_TARGET_DIR=/opt/rustwide/target" "-w" "/opt/rustwide/workdir" "--user" "0:0" "162d6353e730adff8c5b9706712cfaf3d82dab83fec6824e8aee0f6a9c566fe8" "/opt/rustwide/cargo-home/bin/cargo" "+1.100.0-beta.1" "metadata" "--no-deps" "--format-version=1", kill_on_drop: false }`
[INFO] running `Command { std: "docker" "inspect" "162d6353e730adff8c5b9706712cfaf3d82dab83fec6824e8aee0f6a9c566fe8", kill_on_drop: false }`
[INFO] running `Command { std: "docker" "exec" "-e" "SOURCE_DIR=/opt/rustwide/workdir" "-e" "CARGO_HOME=/opt/rustwide/cargo-home" "-e" "RUSTUP_HOME=/opt/rustwide/rustup-home" "-e" "CARGO_TARGET_DIR=/opt/rustwide/target" "-e" "CARGO_INCREMENTAL=0" "-e" "RUST_BACKTRACE=full" "-e" "RUSTFLAGS=--cap-lints=warn" "-e" "RUSTDOCFLAGS=--cap-lints=warn" "-w" "/opt/rustwide/workdir" "--user" "0:0" "162d6353e730adff8c5b9706712cfaf3d82dab83fec6824e8aee0f6a9c566fe8" "/opt/rustwide/cargo-home/bin/cargo" "+1.100.0-beta.1" "build" "--frozen" "--message-format=json" "--release", kill_on_drop: false }`
[INFO] [stderr]    Compiling proc-macro2 v1.0.106
[INFO] [stderr]    Compiling rayon-core v1.13.0
[INFO] [stderr]    Compiling simd-adler32 v0.3.8
[INFO] [stderr]    Compiling anyhow v1.0.101
[INFO] [stderr]    Compiling zerocopy v0.8.39
[INFO] [stderr]    Compiling arrayvec v0.7.6
[INFO] [stderr]    Compiling log v0.4.29
[INFO] [stderr]    Compiling as-slice v0.2.1
[INFO] [stderr]    Compiling av-scenechange v0.14.1
[INFO] [stderr]    Compiling built v0.8.0
[INFO] [stderr]    Compiling libc v0.2.180
[INFO] [stderr]    Compiling core2 v0.4.0
[INFO] [stderr]    Compiling crossbeam-epoch v0.9.18
[INFO] [stderr]    Compiling num-integer v0.1.46
[INFO] [stderr]    Compiling nom v8.0.0
[INFO] [stderr]    Compiling pastey v0.1.1
[INFO] [stderr]    Compiling quick-error v2.0.1
[INFO] [stderr]    Compiling aligned v0.4.3
[INFO] [stderr]    Compiling y4m v0.8.0
[INFO] [stderr]    Compiling bitstream-io v4.9.0
[INFO] [stderr]    Compiling imgref v1.12.0
[INFO] [stderr]    Compiling noop_proc_macro v0.3.0
[INFO] [stderr]    Compiling miniz_oxide v0.8.9
[INFO] [stderr]    Compiling new_debug_unreachable v1.0.6
[INFO] [stderr]    Compiling weezl v0.1.12
[INFO] [stderr]    Compiling zune-core v0.4.12
[INFO] [stderr]    Compiling avif-serialize v0.8.6
[INFO] [stderr]    Compiling fdeflate v0.3.7
[INFO] [stderr]    Compiling crossbeam-deque v0.8.6
[INFO] [stderr]    Compiling num-bigint v0.4.6
[INFO] [stderr]    Compiling quote v1.0.44
[INFO] [stderr]    Compiling syn v2.0.114
[INFO] [stderr]    Compiling rav1e v0.8.1
[INFO] [stderr]    Compiling zune-jpeg v0.4.21
[INFO] [stderr]    Compiling loop9 v0.1.5
[INFO] [stderr]    Compiling zune-inflate v0.2.54
[INFO] [stderr]    Compiling simd_helpers v0.1.0
[INFO] [stderr]    Compiling pxfm v0.1.27
[INFO] [stderr]    Compiling zune-core v0.5.1
[INFO] [stderr]    Compiling rgb v0.8.52
[INFO] [stderr]    Compiling flate2 v1.1.9
[INFO] [stderr]    Compiling rayon v1.11.0
[INFO] [stderr]    Compiling byteorder-lite v0.1.0
[INFO] [stderr]    Compiling smallvec v1.15.1
[INFO] [stderr]    Compiling bytemuck v1.25.0
[INFO] [stderr]    Compiling bit_field v0.10.3
[INFO] [stderr]    Compiling clap_lex v0.7.7
[INFO] [stderr]    Compiling lebe v0.5.3
[INFO] [stderr]    Compiling bitflags v2.10.0
[INFO] [stderr]    Compiling clap_builder v4.5.57
[INFO] [stderr]    Compiling qoi v0.4.1
[INFO] [stderr]    Compiling image-webp v0.2.4
[INFO] [stderr]    Compiling png v0.18.0
[INFO] [stderr]    Compiling zune-jpeg v0.5.12
[INFO] [stderr]    Compiling gif v0.14.1
[INFO] [stderr]    Compiling num-rational v0.4.2
[INFO] [stderr]    Compiling maybe-rayon v0.1.1
[INFO] [stderr]    Compiling moxcms v0.7.11
[INFO] [stderr]    Compiling equator-macro v0.4.2
[INFO] [stderr]    Compiling zerocopy-derive v0.8.39
[INFO] [stderr]    Compiling thiserror-impl v2.0.18
[INFO] [stderr]    Compiling profiling-procmacros v1.0.17
[INFO] [stderr]    Compiling arg_enum_proc_macro v0.3.4
[INFO] [stderr]    Compiling fax_derive v0.2.0
[INFO] [stderr]    Compiling num-derive v0.4.2
[INFO] [stderr]    Compiling clap_derive v4.5.55
[INFO] [stderr]    Compiling profiling v1.0.17
[INFO] [stderr]    Compiling fax v0.2.6
[INFO] [stderr]    Compiling equator v0.4.2
[INFO] [stderr]    Compiling aligned-vec v0.6.4
[INFO] [stderr]    Compiling v_frame v0.3.9
[INFO] [stderr]    Compiling thiserror v2.0.18
[INFO] [stderr]    Compiling av1-grain v0.2.5
[INFO] [stderr]    Compiling clap v4.5.57
[INFO] [stderr]    Compiling half v2.7.1
[INFO] [stderr]    Compiling exr v1.74.0
[INFO] [stderr]    Compiling tiff v0.10.3
[INFO] [stderr]    Compiling ravif v0.12.0
[INFO] [stderr]    Compiling image v0.25.9
[INFO] [stderr]    Compiling dithers v0.1.0 (/opt/rustwide/workdir)
[INFO] [stderr]     Finished `release` profile [optimized] target(s) in 2m 28s
[INFO] running `Command { std: "docker" "inspect" "162d6353e730adff8c5b9706712cfaf3d82dab83fec6824e8aee0f6a9c566fe8", kill_on_drop: false }`
[INFO] running `Command { std: "docker" "exec" "-e" "SOURCE_DIR=/opt/rustwide/workdir" "-e" "CARGO_HOME=/opt/rustwide/cargo-home" "-e" "RUSTUP_HOME=/opt/rustwide/rustup-home" "-e" "CARGO_TARGET_DIR=/opt/rustwide/target" "-e" "CARGO_INCREMENTAL=0" "-e" "RUST_BACKTRACE=full" "-e" "RUSTFLAGS=--cap-lints=warn" "-e" "RUSTDOCFLAGS=--cap-lints=warn" "-w" "/opt/rustwide/workdir" "--user" "0:0" "162d6353e730adff8c5b9706712cfaf3d82dab83fec6824e8aee0f6a9c566fe8" "/opt/rustwide/cargo-home/bin/cargo" "+1.100.0-beta.1" "test" "--frozen" "--no-run" "--message-format=json" "--release", kill_on_drop: false }`
[INFO] [stderr]    Compiling dithers v0.1.0 (/opt/rustwide/workdir)
[INFO] [stderr]     Finished `release` profile [optimized] target(s) in 1.91s
[INFO] running `Command { std: "docker" "inspect" "162d6353e730adff8c5b9706712cfaf3d82dab83fec6824e8aee0f6a9c566fe8", kill_on_drop: false }`
[INFO] running `Command { std: "docker" "exec" "-e" "SOURCE_DIR=/opt/rustwide/workdir" "-e" "CARGO_HOME=/opt/rustwide/cargo-home" "-e" "RUSTUP_HOME=/opt/rustwide/rustup-home" "-e" "CARGO_TARGET_DIR=/opt/rustwide/target" "-e" "CARGO_INCREMENTAL=0" "-e" "RUST_BACKTRACE=full" "-e" "RUSTFLAGS=--cap-lints=warn" "-e" "RUSTDOCFLAGS=--cap-lints=warn" "-w" "/opt/rustwide/workdir" "--user" "0:0" "162d6353e730adff8c5b9706712cfaf3d82dab83fec6824e8aee0f6a9c566fe8" "/opt/rustwide/cargo-home/bin/cargo" "+1.100.0-beta.1" "test" "--frozen" "--release", kill_on_drop: false }`
[INFO] [stderr]     Finished `release` profile [optimized] target(s) in 0.14s
[INFO] [stderr]      Running unittests src/lib.rs (/opt/rustwide/target/release/build/dithers/5b48c766bc123263/out/dithers-5b48c766bc123263)
[INFO] [stdout] 
[INFO] [stdout] running 28 tests
[INFO] [stdout] test args::tests::test_all_color_palettes_parseable ... ok
[INFO] [stdout] test dither::tests::test_buffer_bounds_safety ... ok
[INFO] [stdout] test dither::tests::test_dither_method_default ... ok
[INFO] [stdout] test dither::tests::test_dither_modifies_buffer ... ok
[INFO] [stdout] test args::tests::test_all_dither_methods_parseable ... ok
[INFO] [stdout] test dither::tests::test_error_diffusion_kernels_have_correct_size ... ok
[INFO] [stdout] test dither::tests::test_kernel_weights_sum_to_one ... ok
[INFO] [stdout] test args::tests::test_args_help_works ... ok
[INFO] [stdout] test dither::tests::test_quantization_error_creation ... ok
[INFO] [stdout] test palette::tests::test_8color_palette_has_black_and_white ... ok
[INFO] [stdout] test palette::tests::test_color_from_u32 ... ok
[INFO] [stdout] test palette::tests::test_map_to_palette_exact_match ... ok
[INFO] [stdout] test palette::tests::test_map_to_palette_gray_to_monochrome ... ok
[INFO] [stdout] test dither::tests::test_apply_error_diffusion_handles_edges ... ok
[INFO] [stdout] test args::tests::test_args_missing_input_fails ... ok
[INFO] [stdout] test dither::tests::test_dither_none_only_quantizes ... ok
[INFO] [stdout] test dither::tests::test_apply_bayer_dithering ... ok
[INFO] [stdout] test args::tests::test_args_default_values ... ok
[INFO] [stdout] test dither::tests::test_all_algorithms_dont_panic ... ok
[INFO] [stdout] test palette::tests::test_color_from_slice ... ok
[INFO] [stdout] test palette::tests::test_16color_palette_has_black_and_white ... ok
[INFO] [stdout] test palette::tests::test_color_palette_default ... ok
[INFO] [stdout] test palette::tests::test_map_to_palette_finds_closest ... ok
[INFO] [stdout] test dither::tests::test_bayer_matrices_have_correct_size ... ok
[INFO] [stdout] test palette::tests::test_map_to_palette_quantization_error ... ok
[INFO] [stdout] test palette::tests::test_monochrome_palette_colors ... ok
[INFO] [stdout] test palette::tests::test_palette_sizes ... ok
[INFO] [stdout] test args::tests::test_args_full_specification ... ok
[INFO] [stdout] 
[INFO] [stdout] test result: ok. 28 passed; 0 failed; 0 ignored; 0 measured; 0 filtered out; finished in 0.01s
[INFO] [stdout] 
[INFO] [stderr]      Running unittests src/main.rs (/opt/rustwide/target/release/build/dithers/013933e59999c3f4/out/dithers-013933e59999c3f4)
[INFO] [stdout] 
[INFO] [stdout] running 0 tests
[INFO] [stdout] 
[INFO] [stdout] test result: ok. 0 passed; 0 failed; 0 ignored; 0 measured; 0 filtered out; finished in 0.00s
[INFO] [stdout] 
[INFO] [stderr]      Running tests/dither_integration_tests.rs (/opt/rustwide/target/release/build/dithers/8f61b3d12d2272ff/out/dither_integration_tests-8f61b3d12d2272ff)
[INFO] [stdout] 
[INFO] [stdout] running 11 tests
[INFO] [stdout] test test_error_diffusion_algorithms ... FAILED
[INFO] [stdout] test test_floyd_steinberg_all_palettes ... FAILED
[INFO] [stdout] test test_image_exists ... FAILED
[INFO] [stdout] test test_monochrome_palette_output ... FAILED
[INFO] [stdout] test test_open_image ... FAILED
[INFO] [stdout] test test_different_algorithms_produce_different_results ... FAILED
[INFO] [stdout] test test_buffer_bounds ... FAILED
[INFO] [stdout] test test_no_dithering ... FAILED
[INFO] [stdout] test test_all_algorithms_with_all_palettes ... FAILED
[INFO] [stdout] test test_save_and_cleanup ... FAILED
[INFO] [stdout] test test_bayer_algorithms ... FAILED
[INFO] [stdout] 
[INFO] [stdout] failures:
[INFO] [stdout] 
[INFO] [stdout] ---- test_error_diffusion_algorithms stdout ----
[INFO] [stdout] 
[INFO] [stdout] thread 'test_error_diffusion_algorithms' (1762) panicked at src/dither.rs:220:39:
[INFO] [stdout] called `Result::unwrap()` on an `Err` value: Os { code: 2, kind: NotFound, message: "No such file or directory" }
[INFO] [stdout] stack backtrace:
[INFO] [stdout]    0:     0x619883ec55b1 - <<std[617be2ca0a6fd877]::sys::backtrace::BacktraceLock>::print::DisplayBacktrace as core[a373ad73a504971]::fmt::Display>::fmt
[INFO] [stdout]    1:     0x619883edb7ba - core[a373ad73a504971]::fmt::write
[INFO] [stdout]    2:     0x619883ec9a3c - <alloc[2e1b2a31b91974c5]::vec::Vec<u8> as core[a373ad73a504971]::io::write::Write>::write_fmt
[INFO] [stdout]    3:     0x619883ea15d6 - std[617be2ca0a6fd877]::panicking::default_hook::{closure#0}
[INFO] [stdout]    4:     0x619883ebd9e9 - std[617be2ca0a6fd877]::panicking::default_hook
[INFO] [stdout]    5:     0x619883a15700 - test[aada8e7e76ba119b]::test_main_inner::{closure#0}
[INFO] [stdout]    6:     0x619883ebdd12 - std[617be2ca0a6fd877]::panicking::panic_with_hook
[INFO] [stdout]    7:     0x619883ea1682 - std[617be2ca0a6fd877]::panicking::panic_handler::{closure#0}
[INFO] [stdout]    8:     0x619883e9a2b9 - std[617be2ca0a6fd877]::sys::backtrace::__rust_end_short_backtrace::<std[617be2ca0a6fd877]::panicking::panic_handler::{closure#0}, !>
[INFO] [stdout]    9:     0x619883ea228d - __rustc[ea4f61d10b84890b]::rust_begin_unwind
[INFO] [stdout]   10:     0x619883edbeec - core[a373ad73a504971]::panicking::panic_fmt
[INFO] [stdout]   11:     0x619883edbcc2 - core[a373ad73a504971]::result::unwrap_failed
[INFO] [stdout]   12:     0x619883a65a08 - dithers[c253dee978636f3e]::dither::open_image
[INFO] [stdout]   13:     0x619883a0772f - <dither_integration_tests[c087032bac636305]::test_error_diffusion_algorithms::{closure#0} as core[a373ad73a504971]::ops::function::FnOnce<()>>::call_once
[INFO] [stdout]   14:     0x619883a08b4b - test[aada8e7e76ba119b]::__rust_begin_short_backtrace::<core[a373ad73a504971]::result::Result<(), alloc[2e1b2a31b91974c5]::string::String>, fn() -> core[a373ad73a504971]::result::Result<(), alloc[2e1b2a31b91974c5]::string::String>>
[INFO] [stdout]   15:     0x619883a15d25 - test[aada8e7e76ba119b]::run_test::{closure#0}
[INFO] [stdout]   16:     0x619883a0f614 - std[617be2ca0a6fd877]::sys::backtrace::__rust_begin_short_backtrace::<test[aada8e7e76ba119b]::run_test::{closure#1}, ()>
[INFO] [stdout]   17:     0x619883a18db2 - <std[617be2ca0a6fd877]::thread::lifecycle::spawn_unchecked<test[aada8e7e76ba119b]::run_test::{closure#1}, ()>::{closure#1} as core[a373ad73a504971]::ops::function::FnOnce<()>>::call_once::{shim:vtable#0}
[INFO] [stdout]   18:     0x619883ec4dff - <std[617be2ca0a6fd877]::sys::thread::unix::Thread>::new::thread_start
[INFO] [stdout]   19:     0x74602d917dfa - <unknown>
[INFO] [stdout]   20:     0x74602d9ab3d4 - clone
[INFO] [stdout]   21:                0x0 - <unknown>
[INFO] [stdout] 
[INFO] [stdout] ---- test_floyd_steinberg_all_palettes stdout ----
[INFO] [stdout] 
[INFO] [stdout] thread 'test_floyd_steinberg_all_palettes' (1763) panicked at src/dither.rs:220:39:
[INFO] [stdout] called `Result::unwrap()` on an `Err` value: Os { code: 2, kind: NotFound, message: "No such file or directory" }
[INFO] [stdout] stack backtrace:
[INFO] [stdout]    0:     0x619883ec55b1 - <<std[617be2ca0a6fd877]::sys::backtrace::BacktraceLock>::print::DisplayBacktrace as core[a373ad73a504971]::fmt::Display>::fmt
[INFO] [stdout]    1:     0x619883edb7ba - core[a373ad73a504971]::fmt::write
[INFO] [stdout]    2:     0x619883ec9a3c - <alloc[2e1b2a31b91974c5]::vec::Vec<u8> as core[a373ad73a504971]::io::write::Write>::write_fmt
[INFO] [stdout]    3:     0x619883ea15d6 - std[617be2ca0a6fd877]::panicking::default_hook::{closure#0}
[INFO] [stdout]    4:     0x619883ebd9e9 - std[617be2ca0a6fd877]::panicking::default_hook
[INFO] [stdout]    5:     0x619883a15700 - test[aada8e7e76ba119b]::test_main_inner::{closure#0}
[INFO] [stdout]    6:     0x619883ebdd12 - std[617be2ca0a6fd877]::panicking::panic_with_hook
[INFO] [stdout]    7:     0x619883ea1682 - std[617be2ca0a6fd877]::panicking::panic_handler::{closure#0}
[INFO] [stdout]    8:     0x619883e9a2b9 - std[617be2ca0a6fd877]::sys::backtrace::__rust_end_short_backtrace::<std[617be2ca0a6fd877]::panicking::panic_handler::{closure#0}, !>
[INFO] [stdout]    9:     0x619883ea228d - __rustc[ea4f61d10b84890b]::rust_begin_unwind
[INFO] [stdout]   10:     0x619883edbeec - core[a373ad73a504971]::panicking::panic_fmt
[INFO] [stdout]   11:     0x619883edbcc2 - core[a373ad73a504971]::result::unwrap_failed
[INFO] [stdout]   12:     0x619883a65a08 - dithers[c253dee978636f3e]::dither::open_image
[INFO] [stdout]   13:     0x619883a07e67 - <dither_integration_tests[c087032bac636305]::test_floyd_steinberg_all_palettes::{closure#0} as core[a373ad73a504971]::ops::function::FnOnce<()>>::call_once
[INFO] [stdout]   14:     0x619883a08b4b - test[aada8e7e76ba119b]::__rust_begin_short_backtrace::<core[a373ad73a504971]::result::Result<(), alloc[2e1b2a31b91974c5]::string::String>, fn() -> core[a373ad73a504971]::result::Result<(), alloc[2e1b2a31b91974c5]::string::String>>
[INFO] [stdout]   15:     0x619883a15d25 - test[aada8e7e76ba119b]::run_test::{closure#0}
[INFO] [stdout]   16:     0x619883a0f614 - std[617be2ca0a6fd877]::sys::backtrace::__rust_begin_short_backtrace::<test[aada8e7e76ba119b]::run_test::{closure#1}, ()>
[INFO] [stdout]   17:     0x619883a18db2 - <std[617be2ca0a6fd877]::thread::lifecycle::spawn_unchecked<test[aada8e7e76ba119b]::run_test::{closure#1}, ()>::{closure#1} as core[a373ad73a504971]::ops::function::FnOnce<()>>::call_once::{shim:vtable#0}
[INFO] [stdout]   18:     0x619883ec4dff - <std[617be2ca0a6fd877]::sys::thread::unix::Thread>::new::thread_start
[INFO] [stdout]   19:     0x74602d917dfa - <unknown>
[INFO] [stdout]   20:     0x74602d9ab3d4 - clone
[INFO] [stdout]   21:                0x0 - <unknown>
[INFO] [stdout] 
[INFO] [stdout] ---- test_image_exists stdout ----
[INFO] [stdout] 
[INFO] [stdout] thread 'test_image_exists' (1764) panicked at tests/dither_integration_tests.rs:10:3:
[INFO] [stdout] Test image test/in/glace-1280_853.jpg not found
[INFO] [stdout] stack backtrace:
[INFO] [stdout]    0:     0x619883ec55b1 - <<std[617be2ca0a6fd877]::sys::backtrace::BacktraceLock>::print::DisplayBacktrace as core[a373ad73a504971]::fmt::Display>::fmt
[INFO] [stdout]    1:     0x619883edb7ba - core[a373ad73a504971]::fmt::write
[INFO] [stdout]    2:     0x619883ec9a3c - <alloc[2e1b2a31b91974c5]::vec::Vec<u8> as core[a373ad73a504971]::io::write::Write>::write_fmt
[INFO] [stdout]    3:     0x619883ea15d6 - std[617be2ca0a6fd877]::panicking::default_hook::{closure#0}
[INFO] [stdout]    4:     0x619883ebd9e9 - std[617be2ca0a6fd877]::panicking::default_hook
[INFO] [stdout]    5:     0x619883a15700 - test[aada8e7e76ba119b]::test_main_inner::{closure#0}
[INFO] [stdout]    6:     0x619883ebdd12 - std[617be2ca0a6fd877]::panicking::panic_with_hook
[INFO] [stdout]    7:     0x619883ea1682 - std[617be2ca0a6fd877]::panicking::panic_handler::{closure#0}
[INFO] [stdout]    8:     0x619883e9a2b9 - std[617be2ca0a6fd877]::sys::backtrace::__rust_end_short_backtrace::<std[617be2ca0a6fd877]::panicking::panic_handler::{closure#0}, !>
[INFO] [stdout]    9:     0x619883ea228d - __rustc[ea4f61d10b84890b]::rust_begin_unwind
[INFO] [stdout]   10:     0x619883edbeec - core[a373ad73a504971]::panicking::panic_fmt
[INFO] [stdout]   11:     0x619883a0697a - <dither_integration_tests[c087032bac636305]::test_image_exists::{closure#0} as core[a373ad73a504971]::ops::function::FnOnce<()>>::call_once
[INFO] [stdout]   12:     0x619883a08b4b - test[aada8e7e76ba119b]::__rust_begin_short_backtrace::<core[a373ad73a504971]::result::Result<(), alloc[2e1b2a31b91974c5]::string::String>, fn() -> core[a373ad73a504971]::result::Result<(), alloc[2e1b2a31b91974c5]::string::String>>
[INFO] [stdout]   13:     0x619883a15d25 - test[aada8e7e76ba119b]::run_test::{closure#0}
[INFO] [stdout]   14:     0x619883a0f614 - std[617be2ca0a6fd877]::sys::backtrace::__rust_begin_short_backtrace::<test[aada8e7e76ba119b]::run_test::{closure#1}, ()>
[INFO] [stdout]   15:     0x619883a18db2 - <std[617be2ca0a6fd877]::thread::lifecycle::spawn_unchecked<test[aada8e7e76ba119b]::run_test::{closure#1}, ()>::{closure#1} as core[a373ad73a504971]::ops::function::FnOnce<()>>::call_once::{shim:vtable#0}
[INFO] [stdout]   16:     0x619883ec4dff - <std[617be2ca0a6fd877]::sys::thread::unix::Thread>::new::thread_start
[INFO] [stdout]   17:     0x74602d917dfa - <unknown>
[INFO] [stdout]   18:     0x74602d9ab3d4 - clone
[INFO] [stdout]   19:                0x0 - <unknown>
[INFO] [stdout] 
[INFO] [stdout] ---- test_monochrome_palette_output stdout ----
[INFO] [stdout] 
[INFO] [stdout] thread 'test_monochrome_palette_output' (1765) panicked at src/dither.rs:220:39:
[INFO] [stdout] called `Result::unwrap()` on an `Err` value: Os { code: 2, kind: NotFound, message: "No such file or directory" }
[INFO] [stdout] stack backtrace:
[INFO] [stdout]    0:     0x619883ec55b1 - <<std[617be2ca0a6fd877]::sys::backtrace::BacktraceLock>::print::DisplayBacktrace as core[a373ad73a504971]::fmt::Display>::fmt
[INFO] [stdout]    1:     0x619883edb7ba - core[a373ad73a504971]::fmt::write
[INFO] [stdout]    2:     0x619883ec9a3c - <alloc[2e1b2a31b91974c5]::vec::Vec<u8> as core[a373ad73a504971]::io::write::Write>::write_fmt
[INFO] [stdout]    3:     0x619883ea15d6 - std[617be2ca0a6fd877]::panicking::default_hook::{closure#0}
[INFO] [stdout]    4:     0x619883ebd9e9 - std[617be2ca0a6fd877]::panicking::default_hook
[INFO] [stdout]    5:     0x619883a15700 - test[aada8e7e76ba119b]::test_main_inner::{closure#0}
[INFO] [stdout]    6:     0x619883ebdd12 - std[617be2ca0a6fd877]::panicking::panic_with_hook
[INFO] [stdout]    7:     0x619883ea1682 - std[617be2ca0a6fd877]::panicking::panic_handler::{closure#0}
[INFO] [stdout]    8:     0x619883e9a2b9 - std[617be2ca0a6fd877]::sys::backtrace::__rust_end_short_backtrace::<std[617be2ca0a6fd877]::panicking::panic_handler::{closure#0}, !>
[INFO] [stdout]    9:     0x619883ea228d - __rustc[ea4f61d10b84890b]::rust_begin_unwind
[INFO] [stdout]   10:     0x619883edbeec - core[a373ad73a504971]::panicking::panic_fmt
[INFO] [stdout]   11:     0x619883edbcc2 - core[a373ad73a504971]::result::unwrap_failed
[INFO] [stdout]   12:     0x619883a65a08 - dithers[c253dee978636f3e]::dither::open_image
[INFO] [stdout]   13:     0x619883a0753f - <dither_integration_tests[c087032bac636305]::test_monochrome_palette_output::{closure#0} as core[a373ad73a504971]::ops::function::FnOnce<()>>::call_once
[INFO] [stdout]   14:     0x619883a08b4b - test[aada8e7e76ba119b]::__rust_begin_short_backtrace::<core[a373ad73a504971]::result::Result<(), alloc[2e1b2a31b91974c5]::string::String>, fn() -> core[a373ad73a504971]::result::Result<(), alloc[2e1b2a31b91974c5]::string::String>>
[INFO] [stdout]   15:     0x619883a15d25 - test[aada8e7e76ba119b]::run_test::{closure#0}
[INFO] [stdout]   16:     0x619883a0f614 - std[617be2ca0a6fd877]::sys::backtrace::__rust_begin_short_backtrace::<test[aada8e7e76ba119b]::run_test::{closure#1}, ()>
[INFO] [stdout]   17:     0x619883a18db2 - <std[617be2ca0a6fd877]::thread::lifecycle::spawn_unchecked<test[aada8e7e76ba119b]::run_test::{closure#1}, ()>::{closure#1} as core[a373ad73a504971]::ops::function::FnOnce<()>>::call_once::{shim:vtable#0}
[INFO] [stdout]   18:     0x619883ec4dff - <std[617be2ca0a6fd877]::sys::thread::unix::Thread>::new::thread_start
[INFO] [stdout]   19:     0x74602d917dfa - <unknown>
[INFO] [stdout]   20:     0x74602d9ab3d4 - clone
[INFO] [stdout]   21:                0x0 - <unknown>
[INFO] [stdout] 
[INFO] [stdout] ---- test_open_image stdout ----
[INFO] [stdout] 
[INFO] [stdout] thread 'test_open_image' (1767) panicked at src/dither.rs:220:39:
[INFO] [stdout] called `Result::unwrap()` on an `Err` value: Os { code: 2, kind: NotFound, message: "No such file or directory" }
[INFO] [stdout] stack backtrace:
[INFO] [stdout]    0:     0x619883ec55b1 - <<std[617be2ca0a6fd877]::sys::backtrace::BacktraceLock>::print::DisplayBacktrace as core[a373ad73a504971]::fmt::Display>::fmt
[INFO] [stdout]    1:     0x619883edb7ba - core[a373ad73a504971]::fmt::write
[INFO] [stdout]    2:     0x619883ec9a3c - <alloc[2e1b2a31b91974c5]::vec::Vec<u8> as core[a373ad73a504971]::io::write::Write>::write_fmt
[INFO] [stdout]    3:     0x619883ea15d6 - std[617be2ca0a6fd877]::panicking::default_hook::{closure#0}
[INFO] [stdout]    4:     0x619883ebd9e9 - std[617be2ca0a6fd877]::panicking::default_hook
[INFO] [stdout]    5:     0x619883a15700 - test[aada8e7e76ba119b]::test_main_inner::{closure#0}
[INFO] [stdout]    6:     0x619883ebdd12 - std[617be2ca0a6fd877]::panicking::panic_with_hook
[INFO] [stdout]    7:     0x619883ea1682 - std[617be2ca0a6fd877]::panicking::panic_handler::{closure#0}
[INFO] [stdout]    8:     0x619883e9a2b9 - std[617be2ca0a6fd877]::sys::backtrace::__rust_end_short_backtrace::<std[617be2ca0a6fd877]::panicking::panic_handler::{closure#0}, !>
[INFO] [stdout]    9:     0x619883ea228d - __rustc[ea4f61d10b84890b]::rust_begin_unwind
[INFO] [stdout]   10:     0x619883edbeec - core[a373ad73a504971]::panicking::panic_fmt
[INFO] [stdout]   11:     0x619883edbcc2 - core[a373ad73a504971]::result::unwrap_failed
[INFO] [stdout]   12:     0x619883a65a08 - dithers[c253dee978636f3e]::dither::open_image
[INFO] [stdout]   13:     0x619883a0675f - <dither_integration_tests[c087032bac636305]::test_open_image::{closure#0} as core[a373ad73a504971]::ops::function::FnOnce<()>>::call_once
[INFO] [stdout]   14:     0x619883a08b4b - test[aada8e7e76ba119b]::__rust_begin_short_backtrace::<core[a373ad73a504971]::result::Result<(), alloc[2e1b2a31b91974c5]::string::String>, fn() -> core[a373ad73a504971]::result::Result<(), alloc[2e1b2a31b91974c5]::string::String>>
[INFO] [stdout]   15:     0x619883a15d25 - test[aada8e7e76ba119b]::run_test::{closure#0}
[INFO] [stdout]   16:     0x619883a0f614 - std[617be2ca0a6fd877]::sys::backtrace::__rust_begin_short_backtrace::<test[aada8e7e76ba119b]::run_test::{closure#1}, ()>
[INFO] [stdout]   17:     0x619883a18db2 - <std[617be2ca0a6fd877]::thread::lifecycle::spawn_unchecked<test[aada8e7e76ba119b]::run_test::{closure#1}, ()>::{closure#1} as core[a373ad73a504971]::ops::function::FnOnce<()>>::call_once::{shim:vtable#0}
[INFO] [stdout]   18:     0x619883ec4dff - <std[617be2ca0a6fd877]::sys::thread::unix::Thread>::new::thread_start
[INFO] [stdout]   19:     0x74602d917dfa - <unknown>
[INFO] [stdout]   20:     0x74602d9ab3d4 - clone
[INFO] [stdout]   21:                0x0 - <unknown>
[INFO] [stdout] 
[INFO] [stdout] ---- test_different_algorithms_produce_different_results stdout ----
[INFO] [stdout] 
[INFO] [stdout] thread 'test_different_algorithms_produce_different_results' (1761) panicked at src/dither.rs:220:39:
[INFO] [stdout] called `Result::unwrap()` on an `Err` value: Os { code: 2, kind: NotFound, message: "No such file or directory" }
[INFO] [stdout] stack backtrace:
[INFO] [stdout]    0:     0x619883ec55b1 - <<std[617be2ca0a6fd877]::sys::backtrace::BacktraceLock>::print::DisplayBacktrace as core[a373ad73a504971]::fmt::Display>::fmt
[INFO] [stdout]    1:     0x619883edb7ba - core[a373ad73a504971]::fmt::write
[INFO] [stdout]    2:     0x619883ec9a3c - <alloc[2e1b2a31b91974c5]::vec::Vec<u8> as core[a373ad73a504971]::io::write::Write>::write_fmt
[INFO] [stdout]    3:     0x619883ea15d6 - std[617be2ca0a6fd877]::panicking::default_hook::{closure#0}
[INFO] [stdout]    4:     0x619883ebd9e9 - std[617be2ca0a6fd877]::panicking::default_hook
[INFO] [stdout]    5:     0x619883a15700 - test[aada8e7e76ba119b]::test_main_inner::{closure#0}
[INFO] [stdout]    6:     0x619883ebdd12 - std[617be2ca0a6fd877]::panicking::panic_with_hook
[INFO] [stdout]    7:     0x619883ea1682 - std[617be2ca0a6fd877]::panicking::panic_handler::{closure#0}
[INFO] [stdout]    8:     0x619883e9a2b9 - std[617be2ca0a6fd877]::sys::backtrace::__rust_end_short_backtrace::<std[617be2ca0a6fd877]::panicking::panic_handler::{closure#0}, !>
[INFO] [stdout]    9:     0x619883ea228d - __rustc[ea4f61d10b84890b]::rust_begin_unwind
[INFO] [stdout]   10:     0x619883edbeec - core[a373ad73a504971]::panicking::panic_fmt
[INFO] [stdout]   11:     0x619883edbcc2 - core[a373ad73a504971]::result::unwrap_failed
[INFO] [stdout]   12:     0x619883a65a08 - dithers[c253dee978636f3e]::dither::open_image
[INFO] [stdout]   13:     0x619883a087b4 - <dither_integration_tests[c087032bac636305]::test_different_algorithms_produce_different_results::{closure#0} as core[a373ad73a504971]::ops::function::FnOnce<()>>::call_once
[INFO] [stdout]   14:     0x619883a08b4b - test[aada8e7e76ba119b]::__rust_begin_short_backtrace::<core[a373ad73a504971]::result::Result<(), alloc[2e1b2a31b91974c5]::string::String>, fn() -> core[a373ad73a504971]::result::Result<(), alloc[2e1b2a31b91974c5]::string::String>>
[INFO] [stdout]   15:     0x619883a15d25 - test[aada8e7e76ba119b]::run_test::{closure#0}
[INFO] [stdout]   16:     0x619883a0f614 - std[617be2ca0a6fd877]::sys::backtrace::__rust_begin_short_backtrace::<test[aada8e7e76ba119b]::run_test::{closure#1}, ()>
[INFO] [stdout]   17:     0x619883a18db2 - <std[617be2ca0a6fd877]::thread::lifecycle::spawn_unchecked<test[aada8e7e76ba119b]::run_test::{closure#1}, ()>::{closure#1} as core[a373ad73a504971]::ops::function::FnOnce<()>>::call_once::{shim:vtable#0}
[INFO] [stdout]   18:     0x619883ec4dff - <std[617be2ca0a6fd877]::sys::thread::unix::Thread>::new::thread_start
[INFO] [stdout]   19:     0x74602d917dfa - <unknown>
[INFO] [stdout]   20:     0x74602d9ab3d4 - clone
[INFO] [stdout]   21:                0x0 - <unknown>
[INFO] [stdout] 
[INFO] [stdout] ---- test_buffer_bounds stdout ----
[INFO] [stdout] 
[INFO] [stdout] thread 'test_buffer_bounds' (1760) panicked at src/dither.rs:220:39:
[INFO] [stdout] called `Result::unwrap()` on an `Err` value: Os { code: 2, kind: NotFound, message: "No such file or directory" }
[INFO] [stdout] stack backtrace:
[INFO] [stdout]    0:     0x619883ec55b1 - <<std[617be2ca0a6fd877]::sys::backtrace::BacktraceLock>::print::DisplayBacktrace as core[a373ad73a504971]::fmt::Display>::fmt
[INFO] [stdout]    1:     0x619883edb7ba - core[a373ad73a504971]::fmt::write
[INFO] [stdout]    2:     0x619883ec9a3c - <alloc[2e1b2a31b91974c5]::vec::Vec<u8> as core[a373ad73a504971]::io::write::Write>::write_fmt
[INFO] [stdout]    3:     0x619883ea15d6 - std[617be2ca0a6fd877]::panicking::default_hook::{closure#0}
[INFO] [stdout]    4:     0x619883ebd9e9 - std[617be2ca0a6fd877]::panicking::default_hook
[INFO] [stdout]    5:     0x619883a15700 - test[aada8e7e76ba119b]::test_main_inner::{closure#0}
[INFO] [stdout]    6:     0x619883ebdd12 - std[617be2ca0a6fd877]::panicking::panic_with_hook
[INFO] [stdout]    7:     0x619883ea1682 - std[617be2ca0a6fd877]::panicking::panic_handler::{closure#0}
[INFO] [stdout]    8:     0x619883e9a2b9 - std[617be2ca0a6fd877]::sys::backtrace::__rust_end_short_backtrace::<std[617be2ca0a6fd877]::panicking::panic_handler::{closure#0}, !>
[INFO] [stdout]    9:     0x619883ea228d - __rustc[ea4f61d10b84890b]::rust_begin_unwind
[INFO] [stdout]   10:     0x619883edbeec - core[a373ad73a504971]::panicking::panic_fmt
[INFO] [stdout]   11:     0x619883edbcc2 - core[a373ad73a504971]::result::unwrap_failed
[INFO] [stdout]   12:     0x619883a65a08 - dithers[c253dee978636f3e]::dither::open_image
[INFO] [stdout]   13:     0x619883a06cbf - <dither_integration_tests[c087032bac636305]::test_buffer_bounds::{closure#0} as core[a373ad73a504971]::ops::function::FnOnce<()>>::call_once
[INFO] [stdout]   14:     0x619883a08b4b - test[aada8e7e76ba119b]::__rust_begin_short_backtrace::<core[a373ad73a504971]::result::Result<(), alloc[2e1b2a31b91974c5]::string::String>, fn() -> core[a373ad73a504971]::result::Result<(), alloc[2e1b2a31b91974c5]::string::String>>
[INFO] [stdout]   15:     0x619883a15d25 - test[aada8e7e76ba119b]::run_test::{closure#0}
[INFO] [stdout]   16:     0x619883a0f614 - std[617be2ca0a6fd877]::sys::backtrace::__rust_begin_short_backtrace::<test[aada8e7e76ba119b]::run_test::{closure#1}, ()>
[INFO] [stdout]   17:     0x619883a18db2 - <std[617be2ca0a6fd877]::thread::lifecycle::spawn_unchecked<test[aada8e7e76ba119b]::run_test::{closure#1}, ()>::{closure#1} as core[a373ad73a504971]::ops::function::FnOnce<()>>::call_once::{shim:vtable#0}
[INFO] [stdout]   18:     0x619883ec4dff - <std[617be2ca0a6fd877]::sys::thread::unix::Thread>::new::thread_start
[INFO] [stdout]   19:     0x74602d917dfa - <unknown>
[INFO] [stdout]   20:     0x74602d9ab3d4 - clone
[INFO] [stdout]   21:                0x0 - <unknown>
[INFO] [stdout] 
[INFO] [stdout] ---- test_no_dithering stdout ----
[INFO] [stdout] 
[INFO] [stdout] thread 'test_no_dithering' (1766) panicked at src/dither.rs:220:39:
[INFO] [stdout] called `Result::unwrap()` on an `Err` value: Os { code: 2, kind: NotFound, message: "No such file or directory" }
[INFO] [stdout] stack backtrace:
[INFO] [stdout]    0:     0x619883ec55b1 - <<std[617be2ca0a6fd877]::sys::backtrace::BacktraceLock>::print::DisplayBacktrace as core[a373ad73a504971]::fmt::Display>::fmt
[INFO] [stdout]    1:     0x619883edb7ba - core[a373ad73a504971]::fmt::write
[INFO] [stdout]    2:     0x619883ec9a3c - <alloc[2e1b2a31b91974c5]::vec::Vec<u8> as core[a373ad73a504971]::io::write::Write>::write_fmt
[INFO] [stdout]    3:     0x619883ea15d6 - std[617be2ca0a6fd877]::panicking::default_hook::{closure#0}
[INFO] [stdout]    4:     0x619883ebd9e9 - std[617be2ca0a6fd877]::panicking::default_hook
[INFO] [stdout]    5:     0x619883a15700 - test[aada8e7e76ba119b]::test_main_inner::{closure#0}
[INFO] [stdout]    6:     0x619883ebdd12 - std[617be2ca0a6fd877]::panicking::panic_with_hook
[INFO] [stdout]    7:     0x619883ea1682 - std[617be2ca0a6fd877]::panicking::panic_handler::{closure#0}
[INFO] [stdout]    8:     0x619883e9a2b9 - std[617be2ca0a6fd877]::sys::backtrace::__rust_end_short_backtrace::<std[617be2ca0a6fd877]::panicking::panic_handler::{closure#0}, !>
[INFO] [stdout]    9:     0x619883ea228d - __rustc[ea4f61d10b84890b]::rust_begin_unwind
[INFO] [stdout]   10:     0x619883edbeec - core[a373ad73a504971]::panicking::panic_fmt
[INFO] [stdout]   11:     0x619883edbcc2 - core[a373ad73a504971]::result::unwrap_failed
[INFO] [stdout]   12:     0x619883a65a08 - dithers[c253dee978636f3e]::dither::open_image
[INFO] [stdout]   13:     0x619883a06a0f - <dither_integration_tests[c087032bac636305]::test_no_dithering::{closure#0} as core[a373ad73a504971]::ops::function::FnOnce<()>>::call_once
[INFO] [stdout]   14:     0x619883a08b4b - test[aada8e7e76ba119b]::__rust_begin_short_backtrace::<core[a373ad73a504971]::result::Result<(), alloc[2e1b2a31b91974c5]::string::String>, fn() -> core[a373ad73a504971]::result::Result<(), alloc[2e1b2a31b91974c5]::string::String>>
[INFO] [stdout]   15:     0x619883a15d25 - test[aada8e7e76ba119b]::run_test::{closure#0}
[INFO] [stdout]   16:     0x619883a0f614 - std[617be2ca0a6fd877]::sys::backtrace::__rust_begin_short_backtrace::<test[aada8e7e76ba119b]::run_test::{closure#1}, ()>
[INFO] [stdout]   17:     0x619883a18db2 - <std[617be2ca0a6fd877]::thread::lifecycle::spawn_unchecked<test[aada8e7e76ba119b]::run_test::{closure#1}, ()>::{closure#1} as core[a373ad73a504971]::ops::function::FnOnce<()>>::call_once::{shim:vtable#0}
[INFO] [stdout]   18:     0x619883ec4dff - <std[617be2ca0a6fd877]::sys::thread::unix::Thread>::new::thread_start
[INFO] [stdout]   19:     0x74602d917dfa - <unknown>
[INFO] [stdout]   20:     0x74602d9ab3d4 - clone
[INFO] [stdout]   21:                0x0 - <unknown>
[INFO] [stdout] 
[INFO] [stdout] ---- test_all_algorithms_with_all_palettes stdout ----
[INFO] [stdout] 
[INFO] [stdout] thread 'test_all_algorithms_with_all_palettes' (1758) panicked at src/dither.rs:220:39:
[INFO] [stdout] called `Result::unwrap()` on an `Err` value: Os { code: 2, kind: NotFound, message: "No such file or directory" }
[INFO] [stdout] stack backtrace:
[INFO] [stdout]    0:     0x619883ec55b1 - <<std[617be2ca0a6fd877]::sys::backtrace::BacktraceLock>::print::DisplayBacktrace as core[a373ad73a504971]::fmt::Display>::fmt
[INFO] [stdout]    1:     0x619883edb7ba - core[a373ad73a504971]::fmt::write
[INFO] [stdout]    2:     0x619883ec9a3c - <alloc[2e1b2a31b91974c5]::vec::Vec<u8> as core[a373ad73a504971]::io::write::Write>::write_fmt
[INFO] [stdout]    3:     0x619883ea15d6 - std[617be2ca0a6fd877]::panicking::default_hook::{closure#0}
[INFO] [stdout]    4:     0x619883ebd9e9 - std[617be2ca0a6fd877]::panicking::default_hook
[INFO] [stdout]    5:     0x619883a15700 - test[aada8e7e76ba119b]::test_main_inner::{closure#0}
[INFO] [stdout]    6:     0x619883ebdd12 - std[617be2ca0a6fd877]::panicking::panic_with_hook
[INFO] [stdout]    7:     0x619883ea1682 - std[617be2ca0a6fd877]::panicking::panic_handler::{closure#0}
[INFO] [stdout]    8:     0x619883e9a2b9 - std[617be2ca0a6fd877]::sys::backtrace::__rust_end_short_backtrace::<std[617be2ca0a6fd877]::panicking::panic_handler::{closure#0}, !>
[INFO] [stdout]    9:     0x619883ea228d - __rustc[ea4f61d10b84890b]::rust_begin_unwind
[INFO] [stdout]   10:     0x619883edbeec - core[a373ad73a504971]::panicking::panic_fmt
[INFO] [stdout]   11:     0x619883edbcc2 - core[a373ad73a504971]::result::unwrap_failed
[INFO] [stdout]   12:     0x619883a65a08 - dithers[c253dee978636f3e]::dither::open_image
[INFO] [stdout]   13:     0x619883a0832f - <dither_integration_tests[c087032bac636305]::test_all_algorithms_with_all_palettes::{closure#0} as core[a373ad73a504971]::ops::function::FnOnce<()>>::call_once
[INFO] [stdout]   14:     0x619883a08b4b - test[aada8e7e76ba119b]::__rust_begin_short_backtrace::<core[a373ad73a504971]::result::Result<(), alloc[2e1b2a31b91974c5]::string::String>, fn() -> core[a373ad73a504971]::result::Result<(), alloc[2e1b2a31b91974c5]::string::String>>
[INFO] [stdout]   15:     0x619883a15d25 - test[aada8e7e76ba119b]::run_test::{closure#0}
[INFO] [stdout]   16:     0x619883a0f614 - std[617be2ca0a6fd877]::sys::backtrace::__rust_begin_short_backtrace::<test[aada8e7e76ba119b]::run_test::{closure#1}, ()>
[INFO] [stdout]   17:     0x619883a18db2 - <std[617be2ca0a6fd877]::thread::lifecycle::spawn_unchecked<test[aada8e7e76ba119b]::run_test::{closure#1}, ()>::{closure#1} as core[a373ad73a504971]::ops::function::FnOnce<()>>::call_once::{shim:vtable#0}
[INFO] [stdout]   18:     0x619883ec4dff - <std[617be2ca0a6fd877]::sys::thread::unix::Thread>::new::thread_start
[INFO] [stdout]   19:     0x74602d917dfa - <unknown>
[INFO] [stdout]   20:     0x74602d9ab3d4 - clone
[INFO] [stdout]   21:                0x0 - <unknown>
[INFO] [stdout] 
[INFO] [stdout] ---- test_save_and_cleanup stdout ----
[INFO] [stdout] 
[INFO] [stdout] thread 'test_save_and_cleanup' (1768) panicked at src/dither.rs:220:39:
[INFO] [stdout] called `Result::unwrap()` on an `Err` value: Os { code: 2, kind: NotFound, message: "No such file or directory" }
[INFO] [stdout] stack backtrace:
[INFO] [stdout]    0:     0x619883ec55b1 - <<std[617be2ca0a6fd877]::sys::backtrace::BacktraceLock>::print::DisplayBacktrace as core[a373ad73a504971]::fmt::Display>::fmt
[INFO] [stdout]    1:     0x619883edb7ba - core[a373ad73a504971]::fmt::write
[INFO] [stdout]    2:     0x619883ec9a3c - <alloc[2e1b2a31b91974c5]::vec::Vec<u8> as core[a373ad73a504971]::io::write::Write>::write_fmt
[INFO] [stdout]    3:     0x619883ea15d6 - std[617be2ca0a6fd877]::panicking::default_hook::{closure#0}
[INFO] [stdout]    4:     0x619883ebd9e9 - std[617be2ca0a6fd877]::panicking::default_hook
[INFO] [stdout]    5:     0x619883a15700 - test[aada8e7e76ba119b]::test_main_inner::{closure#0}
[INFO] [stdout]    6:     0x619883ebdd12 - std[617be2ca0a6fd877]::panicking::panic_with_hook
[INFO] [stdout]    7:     0x619883ea1682 - std[617be2ca0a6fd877]::panicking::panic_handler::{closure#0}
[INFO] [stdout]    8:     0x619883e9a2b9 - std[617be2ca0a6fd877]::sys::backtrace::__rust_end_short_backtrace::<std[617be2ca0a6fd877]::panicking::panic_handler::{closure#0}, !>
[INFO] [stdout]    9:     0x619883ea228d - __rustc[ea4f61d10b84890b]::rust_begin_unwind
[INFO] [stdout]   10:     0x619883edbeec - core[a373ad73a504971]::panicking::panic_fmt
[INFO] [stdout]   11:     0x619883edbcc2 - core[a373ad73a504971]::result::unwrap_failed
[INFO] [stdout]   12:     0x619883a65a08 - dithers[c253dee978636f3e]::dither::open_image
[INFO] [stdout]   13:     0x619883a07242 - <dither_integration_tests[c087032bac636305]::test_save_and_cleanup::{closure#0} as core[a373ad73a504971]::ops::function::FnOnce<()>>::call_once
[INFO] [stdout]   14:     0x619883a08b4b - test[aada8e7e76ba119b]::__rust_begin_short_backtrace::<core[a373ad73a504971]::result::Result<(), alloc[2e1b2a31b91974c5]::string::String>, fn() -> core[a373ad73a504971]::result::Result<(), alloc[2e1b2a31b91974c5]::string::String>>
[INFO] [stdout]   15:     0x619883a15d25 - test[aada8e7e76ba119b]::run_test::{closure#0}
[INFO] [stdout]   16:     0x619883a0f614 - std[617be2ca0a6fd877]::sys::backtrace::__rust_begin_short_backtrace::<test[aada8e7e76ba119b]::run_test::{closure#1}, ()>
[INFO] [stdout]   17:     0x619883a18db2 - <std[617be2ca0a6fd877]::thread::lifecycle::spawn_unchecked<test[aada8e7e76ba119b]::run_test::{closure#1}, ()>::{closure#1} as core[a373ad73a504971]::ops::function::FnOnce<()>>::call_once::{shim:vtable#0}
[INFO] [stdout]   18:     0x619883ec4dff - <std[617be2ca0a6fd877]::sys::thread::unix::Thread>::new::thread_start
[INFO] [stdout]   19:     0x74602d917dfa - <unknown>
[INFO] [stdout]   20:     0x74602d9ab3d4 - clone
[INFO] [stdout]   21:                0x0 - <unknown>
[INFO] [stdout] 
[INFO] [stdout] ---- test_bayer_algorithms stdout ----
[INFO] [stdout] 
[INFO] [stdout] thread 'test_bayer_algorithms' (1759) panicked at src/dither.rs:220:39:
[INFO] [stdout] called `Result::unwrap()` on an `Err` value: Os { code: 2, kind: NotFound, message: "No such file or directory" }
[INFO] [stdout] stack backtrace:
[INFO] [stdout]    0:     0x619883ec55b1 - <<std[617be2ca0a6fd877]::sys::backtrace::BacktraceLock>::print::DisplayBacktrace as core[a373ad73a504971]::fmt::Display>::fmt
[INFO] [stdout]    1:     0x619883edb7ba - core[a373ad73a504971]::fmt::write
[INFO] [stdout]    2:     0x619883ec9a3c - <alloc[2e1b2a31b91974c5]::vec::Vec<u8> as core[a373ad73a504971]::io::write::Write>::write_fmt
[INFO] [stdout]    3:     0x619883ea15d6 - std[617be2ca0a6fd877]::panicking::default_hook::{closure#0}
[INFO] [stdout]    4:     0x619883ebd9e9 - std[617be2ca0a6fd877]::panicking::default_hook
[INFO] [stdout]    5:     0x619883a15700 - test[aada8e7e76ba119b]::test_main_inner::{closure#0}
[INFO] [stdout]    6:     0x619883ebdd12 - std[617be2ca0a6fd877]::panicking::panic_with_hook
[INFO] [stdout]    7:     0x619883ea1682 - std[617be2ca0a6fd877]::panicking::panic_handler::{closure#0}
[INFO] [stdout]    8:     0x619883e9a2b9 - std[617be2ca0a6fd877]::sys::backtrace::__rust_end_short_backtrace::<std[617be2ca0a6fd877]::panicking::panic_handler::{closure#0}, !>
[INFO] [stdout]    9:     0x619883ea228d - __rustc[ea4f61d10b84890b]::rust_begin_unwind
[INFO] [stdout]   10:     0x619883edbeec - core[a373ad73a504971]::panicking::panic_fmt
[INFO] [stdout]   11:     0x619883edbcc2 - core[a373ad73a504971]::result::unwrap_failed
[INFO] [stdout]   12:     0x619883a65a08 - dithers[c253dee978636f3e]::dither::open_image
[INFO] [stdout]   13:     0x619883a06e2f - <dither_integration_tests[c087032bac636305]::test_bayer_algorithms::{closure#0} as core[a373ad73a504971]::ops::function::FnOnce<()>>::call_once
[INFO] [stdout]   14:     0x619883a08b4b - test[aada8e7e76ba119b]::__rust_begin_short_backtrace::<core[a373ad73a504971]::result::Result<(), alloc[2e1b2a31b91974c5]::string::String>, fn() -> core[a373ad73a504971]::result::Result<(), alloc[2e1b2a31b91974c5]::string::String>>
[INFO] [stdout]   15:     0x619883a15d25 - test[aada8e7e76ba119b]::run_test::{closure#0}
[INFO] [stdout]   16:     0x619883a0f614 - std[617be2ca0a6fd877]::sys::backtrace::__rust_begin_short_backtrace::<test[aada8e7e76ba119b]::run_test::{closure#1}, ()>
[INFO] [stdout]   17:     0x619883a18db2 - <std[617be2ca0a6fd877]::thread::lifecycle::spawn_unchecked<test[aada8e7e76ba119b]::run_test::{closure#1}, ()>::{closure#1} as core[a373ad73a504971]::ops::function::FnOnce<()>>::call_once::{shim:vtable#0}
[INFO] [stdout]   18:     0x619883ec4dff - <std[617be2ca0a6fd877]::sys::thread::unix::Thread>::new::thread_start
[INFO] [stdout]   19:     0x74602d917dfa - <unknown>
[INFO] [stdout]   20:     0x74602d9ab3d4 - clone
[INFO] [stdout]   21:                0x0 - <unknown>
[INFO] [stdout] 
[INFO] [stdout] 
[INFO] [stdout] failures:
[INFO] [stdout]     test_all_algorithms_with_all_palettes
[INFO] [stdout]     test_bayer_algorithms
[INFO] [stdout]     test_buffer_bounds
[INFO] [stdout]     test_different_algorithms_produce_different_results
[INFO] [stdout]     test_error_diffusion_algorithms
[INFO] [stdout]     test_floyd_steinberg_all_palettes
[INFO] [stdout]     test_image_exists
[INFO] [stdout]     test_monochrome_palette_output
[INFO] [stdout]     test_no_dithering
[INFO] [stdout]     test_open_image
[INFO] [stderr] error: test failed, to rerun pass `--test dither_integration_tests`
[INFO] [stdout]     test_save_and_cleanup
[INFO] [stdout] 
[INFO] [stdout] test result: FAILED. 0 passed; 11 failed; 0 ignored; 0 measured; 0 filtered out; finished in 0.01s
[INFO] [stdout] 
[INFO] running `Command { std: "docker" "inspect" "162d6353e730adff8c5b9706712cfaf3d82dab83fec6824e8aee0f6a9c566fe8", kill_on_drop: false }`
[INFO] running `Command { std: "docker" "rm" "-f" "162d6353e730adff8c5b9706712cfaf3d82dab83fec6824e8aee0f6a9c566fe8", kill_on_drop: false }`
[INFO] [stdout] 162d6353e730adff8c5b9706712cfaf3d82dab83fec6824e8aee0f6a9c566fe8
