[INFO] fetching crate distill-strip-ansi 0.7.1...
[INFO] testing distill-strip-ansi-0.7.1 against 1.99.0-beta.8+cargoflags=--release for beta-release-1.100-2
[INFO] extracting crate distill-strip-ansi 0.7.1 into /workspace/builds/worker-0-tc1/source
[INFO] removed /workspace/builds/worker-0-tc1/source/.cargo/config.toml
[INFO] started tweaking crates.io crate distill-strip-ansi 0.7.1
[INFO] removed 0 missing tests
[INFO] finished tweaking crates.io crate distill-strip-ansi 0.7.1
[INFO] tweaked toml for crates.io crate distill-strip-ansi 0.7.1 written to /workspace/builds/worker-0-tc1/source/Cargo.toml
[INFO] validating manifest of crates.io crate distill-strip-ansi 0.7.1 on toolchain 1.99.0-beta.8
[INFO] running `Command { std: CARGO_HOME="/workspace/cargo-home" RUSTUP_HOME="/workspace/rustup-home" "/workspace/cargo-home/bin/cargo" "+1.99.0-beta.8" "metadata" "--manifest-path" "Cargo.toml" "--no-deps", kill_on_drop: false }`
[INFO] crate crates.io crate distill-strip-ansi 0.7.1 already has a lockfile, it will not be regenerated
[INFO] running `Command { std: CARGO_HOME="/workspace/cargo-home" RUSTUP_HOME="/workspace/rustup-home" "/workspace/cargo-home/bin/cargo" "+1.99.0-beta.8" "fetch" "--manifest-path" "Cargo.toml", kill_on_drop: false }`
[INFO] [stderr]     Updating crates.io index
[INFO] [stderr]  Downloading crates ...
[INFO] [stderr]   Downloaded iai-callgrind-macros v0.6.1
[INFO] [stderr]   Downloaded fast-strip-ansi v0.13.1
[INFO] [stderr]   Downloaded iai-callgrind v0.16.1
[INFO] [stderr]   Downloaded vt-push-parser v0.13.1
[INFO] [stderr]   Downloaded iai-callgrind-runner v0.16.1
[INFO] running `Command { std: "docker" "create" "-v" "/var/lib/crater-agent-workspace/builds/worker-0-tc1/source:/opt/rustwide/workdir:ro,Z" "-v" "/var/lib/crater-agent-workspace/builds/worker-0-tc1/target:/opt/rustwide/target:rw,Z" "-v" "/var/lib/crater-agent-workspace/cargo-home:/opt/rustwide/cargo-home:ro,Z" "-v" "/var/lib/crater-agent-workspace/rustup-home:/opt/rustwide/rustup-home:ro,Z" "-m" "1610612736" "--network" "none" "ghcr.io/rust-lang/crates-build-env/linux@sha256:77db811e55d90add9212f6832c23229e3de5f1c1f9905e8cb07319ea15df73ac" "sleep" "infinity", kill_on_drop: false }`
[INFO] [stdout] e3d6b3f40bf4b03805bdb350f1431db7aa772156ce9c4c4404f1b002ead53952
[INFO] running `Command { std: "docker" "start" "e3d6b3f40bf4b03805bdb350f1431db7aa772156ce9c4c4404f1b002ead53952", kill_on_drop: false }`
[INFO] running `Command { std: "docker" "inspect" "e3d6b3f40bf4b03805bdb350f1431db7aa772156ce9c4c4404f1b002ead53952", kill_on_drop: false }`
[INFO] running `Command { std: "docker" "exec" "-e" "SOURCE_DIR=/opt/rustwide/workdir" "-e" "CARGO_HOME=/opt/rustwide/cargo-home" "-e" "RUSTUP_HOME=/opt/rustwide/rustup-home" "-e" "CARGO_TARGET_DIR=/opt/rustwide/target" "-w" "/opt/rustwide/workdir" "--user" "0:0" "e3d6b3f40bf4b03805bdb350f1431db7aa772156ce9c4c4404f1b002ead53952" "/opt/rustwide/cargo-home/bin/cargo" "+1.99.0-beta.8" "metadata" "--no-deps" "--format-version=1", kill_on_drop: false }`
[INFO] running `Command { std: "docker" "inspect" "e3d6b3f40bf4b03805bdb350f1431db7aa772156ce9c4c4404f1b002ead53952", kill_on_drop: false }`
[INFO] running `Command { std: "docker" "exec" "-e" "SOURCE_DIR=/opt/rustwide/workdir" "-e" "CARGO_HOME=/opt/rustwide/cargo-home" "-e" "RUSTUP_HOME=/opt/rustwide/rustup-home" "-e" "CARGO_TARGET_DIR=/opt/rustwide/target" "-e" "CARGO_INCREMENTAL=0" "-e" "RUST_BACKTRACE=full" "-e" "RUSTFLAGS=--cap-lints=warn" "-e" "RUSTDOCFLAGS=--cap-lints=warn" "-w" "/opt/rustwide/workdir" "--user" "0:0" "e3d6b3f40bf4b03805bdb350f1431db7aa772156ce9c4c4404f1b002ead53952" "/opt/rustwide/cargo-home/bin/cargo" "+1.99.0-beta.8" "build" "--frozen" "--message-format=json" "--release", kill_on_drop: false }`
[INFO] [stderr]    Compiling proc-macro2 v1.0.107
[INFO] [stderr]    Compiling quote v1.0.47
[INFO] [stderr]    Compiling unicode-ident v1.0.24
[INFO] [stderr]    Compiling utf8parse v0.2.2
[INFO] [stderr]    Compiling is_terminal_polyfill v1.70.2
[INFO] [stderr]    Compiling colorchoice v1.0.5
[INFO] [stderr]    Compiling libc v0.2.189
[INFO] [stderr]    Compiling anstyle-query v1.1.5
[INFO] [stderr]    Compiling anstyle v1.0.14
[INFO] [stderr]    Compiling strsim v0.11.1
[INFO] [stderr]    Compiling clap_lex v1.1.0
[INFO] [stderr]    Compiling anstyle-parse v1.0.0
[INFO] [stderr]    Compiling heck v0.5.0
[INFO] [stderr]    Compiling is_ci v1.2.0
[INFO] [stderr]    Compiling supports-color v3.0.2
[INFO] [stderr]    Compiling memchr v2.8.3
[INFO] [stderr]    Compiling supports-hyperlinks v3.2.0
[INFO] [stderr]    Compiling anstream v1.0.0
[INFO] [stderr]    Compiling smallvec v1.16.1
[INFO] [stderr]    Compiling clap_builder v4.6.6
[INFO] [stderr]    Compiling syn v3.0.5
[INFO] [stderr]    Compiling sigpipe v0.1.3
[INFO] [stderr]    Compiling clap_derive v4.6.4
[INFO] [stderr]    Compiling clap v4.6.6
[INFO] [stderr]    Compiling distill-strip-ansi v0.7.1 (/opt/rustwide/workdir)
[INFO] [stderr]     Finished `release` profile [optimized] target(s) in 39.69s
[INFO] running `Command { std: "docker" "inspect" "e3d6b3f40bf4b03805bdb350f1431db7aa772156ce9c4c4404f1b002ead53952", kill_on_drop: false }`
[INFO] running `Command { std: "docker" "exec" "-e" "SOURCE_DIR=/opt/rustwide/workdir" "-e" "CARGO_HOME=/opt/rustwide/cargo-home" "-e" "RUSTUP_HOME=/opt/rustwide/rustup-home" "-e" "CARGO_TARGET_DIR=/opt/rustwide/target" "-e" "CARGO_INCREMENTAL=0" "-e" "RUST_BACKTRACE=full" "-e" "RUSTFLAGS=--cap-lints=warn" "-e" "RUSTDOCFLAGS=--cap-lints=warn" "-w" "/opt/rustwide/workdir" "--user" "0:0" "e3d6b3f40bf4b03805bdb350f1431db7aa772156ce9c4c4404f1b002ead53952" "/opt/rustwide/cargo-home/bin/cargo" "+1.99.0-beta.8" "test" "--frozen" "--no-run" "--message-format=json" "--release", kill_on_drop: false }`
[INFO] [stderr]    Compiling cfg-if v1.0.4
[INFO] [stderr]    Compiling serde_core v1.0.229
[INFO] [stderr]    Compiling zmij v1.0.23
[INFO] [stderr]    Compiling zerocopy v0.8.57
[INFO] [stderr]    Compiling serde_json v1.0.151
[INFO] [stderr]    Compiling serde v1.0.229
[INFO] [stderr]    Compiling libc v0.2.189
[INFO] [stderr]    Compiling syn v2.0.119
[INFO] [stderr]    Compiling serde_derive v1.0.229
[INFO] [stderr]    Compiling getrandom v0.3.4
[INFO] [stderr]    Compiling crossbeam-utils v0.8.23
[INFO] [stderr]    Compiling anstyle v1.0.14
[INFO] [stderr]    Compiling memchr v2.8.3
[INFO] [stderr]    Compiling getrandom v0.4.3
[INFO] [stderr]    Compiling autocfg v1.5.1
[INFO] [stderr]    Compiling crossbeam-epoch v0.9.21
[INFO] [stderr]    Compiling regex-syntax v0.8.11
[INFO] [stderr]    Compiling utf8parse v0.2.2
[INFO] [stderr]    Compiling rustix v1.1.4
[INFO] [stderr]    Compiling num-traits v0.2.19
[INFO] [stderr]    Compiling anstyle-parse v1.0.0
[INFO] [stderr]    Compiling crossbeam-deque v0.8.8
[INFO] [stderr]    Compiling linux-raw-sys v0.12.1
[INFO] [stderr]    Compiling colorchoice v1.0.5
[INFO] [stderr]    Compiling bitflags v2.13.2
[INFO] [stderr]    Compiling is_terminal_polyfill v1.70.2
[INFO] [stderr]    Compiling anstyle-query v1.1.5
[INFO] [stderr]    Compiling anstream v1.0.0
[INFO] [stderr]    Compiling rand_core v0.9.5
[INFO] [stderr]    Compiling fastrand v2.5.0
[INFO] [stderr]    Compiling clap_lex v1.1.0
[INFO] [stderr]    Compiling rayon-core v1.13.0
[INFO] [stderr]    Compiling either v1.18.0
[INFO] [stderr]    Compiling once_cell v1.21.4
[INFO] [stderr]    Compiling strsim v0.11.1
[INFO] [stderr]    Compiling clap_builder v4.6.6
[INFO] [stderr]    Compiling regex-automata v0.4.18
[INFO] [stderr]    Compiling tempfile v3.27.0
[INFO] [stderr]    Compiling wait-timeout v0.2.1
[INFO] [stderr]    Compiling proc-macro-error-attr2 v2.0.0
[INFO] [stderr]    Compiling predicates-core v1.0.10
[INFO] [stderr]    Compiling itoa v1.0.18
[INFO] [stderr]    Compiling ciborium-io v0.2.2
[INFO] [stderr]    Compiling iai-callgrind-runner v0.16.1
[INFO] [stderr]    Compiling plotters-backend v0.3.7
[INFO] [stderr]    Compiling proc-macro-error2 v2.0.1
[INFO] [stderr]    Compiling plotters-svg v0.3.7
[INFO] [stderr]    Compiling zerocopy-derive v0.8.57
[INFO] [stderr]    Compiling derive_more-impl v2.1.1
[INFO] [stderr]    Compiling clap v4.6.6
[INFO] [stderr]    Compiling itertools v0.13.0
[INFO] [stderr]    Compiling same-file v1.0.6
[INFO] [stderr]    Compiling termtree v0.5.1
[INFO] [stderr]    Compiling cast v0.3.0
[INFO] [stderr]    Compiling quick-error v1.2.3
[INFO] [stderr]    Compiling derive_more v2.1.1
[INFO] [stderr]    Compiling fnv v1.0.7
[INFO] [stderr]    Compiling difflib v0.4.0
[INFO] [stderr]    Compiling is_ci v1.2.0
[INFO] [stderr]    Compiling bit-vec v0.8.0
[INFO] [stderr]    Compiling assert_cmd v2.2.2
[INFO] [stderr]    Compiling iai-callgrind v0.16.1
[INFO] [stderr]    Compiling supports-color v3.0.2
[INFO] [stderr]    Compiling bit-set v0.8.0
[INFO] [stderr]    Compiling predicates v3.1.4
[INFO] [stderr]    Compiling rusty-fork v0.3.1
[INFO] [stderr]    Compiling iai-callgrind-macros v0.6.1
[INFO] [stderr]    Compiling predicates-tree v1.0.13
[INFO] [stderr]    Compiling walkdir v2.5.0
[INFO] [stderr]    Compiling tinytemplate v1.2.1
[INFO] [stderr]    Compiling regex v1.13.1
[INFO] [stderr]    Compiling bstr v1.13.1
[INFO] [stderr]    Compiling criterion-plot v0.6.0
[INFO] [stderr]    Compiling rayon v1.12.0
[INFO] [stderr]    Compiling plotters v0.3.7
[INFO] [stderr]    Compiling bincode v1.3.3
[INFO] [stderr]    Compiling rand v0.9.5
[INFO] [stderr]    Compiling rand_xorshift v0.4.0
[INFO] [stderr]    Compiling sigpipe v0.1.3
[INFO] [stderr]    Compiling console v0.16.6
[INFO] [stderr]    Compiling oorandom v11.1.5
[INFO] [stderr]    Compiling similar v2.7.0
[INFO] [stderr]    Compiling supports-hyperlinks v3.2.0
[INFO] [stderr]    Compiling smallvec v1.16.1
[INFO] [stderr]    Compiling anes v0.1.6
[INFO] [stderr]    Compiling unarray v0.1.4
[INFO] [stderr]    Compiling distill-strip-ansi v0.7.1 (/opt/rustwide/workdir)
[INFO] [stderr]    Compiling insta v1.48.0
[INFO] [stderr]    Compiling half v2.7.1
[INFO] [stderr]    Compiling ppv-lite86 v0.2.21
[INFO] [stderr]    Compiling ciborium-ll v0.2.2
[INFO] [stderr]    Compiling rand_chacha v0.9.0
[INFO] [stderr]    Compiling ciborium v0.2.2
[INFO] [stderr]    Compiling proptest v1.11.0
[INFO] [stderr]    Compiling criterion v0.7.0
[INFO] [stderr]     Finished `release` profile [optimized] target(s) in 8m 09s
[INFO] [stderr] warning: the following packages contain code that will be rejected by a future version of Rust: proc-macro-error2 v2.0.1
[INFO] [stderr] note: to see what the problems were, use the option `--future-incompat-report`, or run `cargo report future-incompatibilities --id 7`
[INFO] running `Command { std: "docker" "inspect" "e3d6b3f40bf4b03805bdb350f1431db7aa772156ce9c4c4404f1b002ead53952", kill_on_drop: false }`
[INFO] running `Command { std: "docker" "exec" "-e" "SOURCE_DIR=/opt/rustwide/workdir" "-e" "CARGO_HOME=/opt/rustwide/cargo-home" "-e" "RUSTUP_HOME=/opt/rustwide/rustup-home" "-e" "CARGO_TARGET_DIR=/opt/rustwide/target" "-e" "CARGO_INCREMENTAL=0" "-e" "RUST_BACKTRACE=full" "-e" "RUSTFLAGS=--cap-lints=warn" "-e" "RUSTDOCFLAGS=--cap-lints=warn" "-w" "/opt/rustwide/workdir" "--user" "0:0" "e3d6b3f40bf4b03805bdb350f1431db7aa772156ce9c4c4404f1b002ead53952" "/opt/rustwide/cargo-home/bin/cargo" "+1.99.0-beta.8" "test" "--frozen" "--release", kill_on_drop: false }`
[INFO] [stderr]     Finished `release` profile [optimized] target(s) in 0.28s
[INFO] [stderr] warning: the following packages contain code that will be rejected by a future version of Rust: proc-macro-error2 v2.0.1
[INFO] [stderr] note: to see what the problems were, use the option `--future-incompat-report`, or run `cargo report future-incompatibilities --id 7`
[INFO] [stderr]      Running unittests src/lib.rs (/opt/rustwide/target/release/deps/strip_ansi-7ead6398daeaa3db)
[INFO] [stdout] 
[INFO] [stdout] running 71 tests
[INFO] [stdout] test classifier::tests::can_abort_resets_accumulator ... ok
[INFO] [stdout] test classifier::tests::csi_5n_classifies_as_csi_device_status ... ok
[INFO] [stdout] test classifier::tests::csi_6n_classifies_as_csi_query ... ok
[INFO] [stdout] test classifier::tests::csi_8_40_132t_classifies_as_csi_window ... ok
[INFO] [stdout] test classifier::tests::csi_21t_classifies_as_csi_query ... ok
[INFO] [stdout] test classifier::tests::csi_0t_classifies_as_csi_window ... ok
[INFO] [stdout] test classifier::tests::classifying_parser_size_le_12_bytes ... ok
[INFO] [stdout] test classifier::tests::after_can_abort_next_sequence_starts_clean ... ok
[INFO] [stdout] test classifier::tests::csi_query_group_is_csi ... ok
[INFO] [stdout] test classifier::tests::dcs_dollar_q_sets_dcs_is_query ... ok
[INFO] [stdout] test classifier::tests::dcs_dollar_q_detail_has_dcs_is_query ... ok
[INFO] [stdout] test classifier::tests::dcs_is_query_resets_on_sub_abort ... ok
[INFO] [stdout] test classifier::tests::dcs_other_body_not_query ... ok
[INFO] [stdout] test classifier::tests::dcs_dollar_x_not_query ... ok
[INFO] [stdout] test classifier::tests::dcs_empty_body_not_query ... ok
[INFO] [stdout] test classifier::tests::dcs_is_query_resets_on_can_abort ... ok
[INFO] [stdout] test classifier::tests::dcs_is_query_resets_on_new_sequence ... ok
[INFO] [stdout] test classifier::tests::osc_0_maps_to_title ... ok
[INFO] [stdout] test classifier::tests::multi_param_second_semicolon_does_not_overwrite_first_param ... ok
[INFO] [stdout] test classifier::tests::multi_param_first_param_zero ... ok
[INFO] [stdout] test classifier::tests::dcs_q_without_dollar_not_query ... ok
[INFO] [stdout] test classifier::tests::fe_sequence_param_state_stays_inactive ... ok
[INFO] [stdout] test classifier::tests::osc_1337_maps_to_iterm2 ... ok
[INFO] [stdout] test classifier::tests::osc_133_maps_to_shell_integ ... ok
[INFO] [stdout] test classifier::tests::osc_1_maps_to_title ... ok
[INFO] [stdout] test classifier::tests::osc_2_maps_to_title ... ok
[INFO] [stdout] test classifier::tests::multi_digit_param_accumulates_correctly ... ok
[INFO] [stdout] test classifier::tests::multi_param_first_param_captured_at_semicolon ... ok
[INFO] [stdout] test classifier::tests::osc_7_maps_to_working_dir ... ok
[INFO] [stdout] test classifier::tests::osc_999_maps_to_other ... ok
[INFO] [stdout] test classifier::tests::osc_can_abort_resets_osc_fields ... ok
[INFO] [stdout] test classifier::tests::osc_50_maps_to_other ... ok
[INFO] [stdout] test classifier::tests::osc_8_maps_to_hyperlink ... ok
[INFO] [stdout] test classifier::tests::osc_52_maps_to_clipboard ... ok
[INFO] [stdout] test classifier::tests::osc_no_semicolon_finalized_at_terminator ... ok
[INFO] [stdout] test classifier::tests::osc_9_maps_to_notify ... ok
[INFO] [stdout] test classifier::tests::osc_sequence_param_state_stays_inactive ... ok
[INFO] [stdout] test classifier::tests::osc_777_maps_to_notify ... ok
[INFO] [stdout] test classifier::tests::osc_type_resets_on_new_sequence ... ok
[INFO] [stdout] test classifier::tests::sgr_38_alone_sets_no_bit ... ok
[INFO] [stdout] test classifier::tests::param_value_does_not_wrap ... ok
[INFO] [stdout] test classifier::tests::param_value_saturates_at_u16_max ... ok
[INFO] [stdout] test classifier::tests::osc_other_raw_number_preserved_50 ... ok
[INFO] [stdout] test classifier::tests::osc_other_raw_number_preserved_st_terminator ... ok
[INFO] [stdout] test classifier::tests::sgr_basic_bright_bg ... ok
[INFO] [stdout] test classifier::tests::sgr_content_resets_on_new_sequence ... ok
[INFO] [stdout] test classifier::tests::sgr_extended_bg ... ok
[INFO] [stdout] test classifier::tests::sgr_extended_fg ... ok
[INFO] [stdout] test classifier::tests::sgr_malformed_38_5_no_index ... ok
[INFO] [stdout] test classifier::tests::sgr_malformed_38_no_mode ... ok
[INFO] [stdout] test classifier::tests::sgr_malformed_48_2_no_rgb ... ok
[INFO] [stdout] test classifier::tests::sgr_basic_fg_default ... ok
[INFO] [stdout] test classifier::tests::sgr_basic_reset ... ok
[INFO] [stdout] test classifier::tests::sgr_basic_multiple_params ... ok
[INFO] [stdout] test classifier::tests::sgr_basic_bg_default ... ok
[INFO] [stdout] test classifier::tests::sgr_mixed_basic_and_truecolor ... ok
[INFO] [stdout] test classifier::tests::sgr_non_sgr_csi_has_empty_content ... ok
[INFO] [stdout] test classifier::tests::sgr_basic_bold ... ok
[INFO] [stdout] test classifier::tests::sgr_basic_bright_fg ... ok
[INFO] [stdout] test classifier::tests::sgr_trailing_semicolon ... ok
[INFO] [stdout] test classifier::tests::sgr_can_abort_resets_sgr_content ... ok
[INFO] [stdout] test classifier::tests::sgr_truecolor_bg ... ok
[INFO] [stdout] test classifier::tests::sgr_truecolor_fg ... ok
[INFO] [stdout] test classifier::tests::single_param_first_param_equals_param_value ... ok
[INFO] [stdout] test classifier::tests::start_seq_resets_accumulator_from_previous_sequence ... ok
[INFO] [stdout] test classifier::tests::three_digit_param ... ok
[INFO] [stdout] test classifier::tests::sgr_mixed_all_three ... ok
[INFO] [stdout] test classifier::tests::sgr_mixed_basic_and_extended ... ok
[INFO] [stdout] test classifier::tests::single_param_no_digits ... ok
[INFO] [stdout] test classifier::tests::single_param_zero ... ok
[INFO] [stdout] test classifier::tests::sub_abort_resets_accumulator ... ok
[INFO] [stderr]      Running unittests src/main.rs (/opt/rustwide/target/release/deps/strip_ansi-cbde20c6e13280ef)
[INFO] [stdout] 
[INFO] [stdout] test result: ok. 71 passed; 0 failed; 0 ignored; 0 measured; 0 filtered out; finished in 0.03s
[INFO] [stdout] 
[INFO] [stdout] 
[INFO] [stdout] running 2 tests
[INFO] [stdout] test data
[INFO] [stdout] test io::tests::output_buffer_new_selects_strategy ... ok
[INFO] [stdout] test io::tests::output_buffer_write_and_flush ... ok
[INFO] [stdout] 
[INFO] [stdout] test result: ok. 2 passed; 0 failed; 0 ignored; 0 measured; 0 filtered out; finished in 0.00s
[INFO] [stdout] 
[INFO] [stderr]      Running tests/color_palette_tests.rs (/opt/rustwide/target/release/deps/color_palette_tests-89b31787b5d18557)
[INFO] [stdout] 
[INFO] [stdout] running 24 tests
[INFO] [stdout] test cvd_matrices_preserve_black ... ok
[INFO] [stdout] test identity_matrix_preserves_color ... ok
[INFO] [stdout] test identity_matrix_preserves_white ... ok
[INFO] [stdout] test cvd_matrices_preserve_white_luminance ... ok
[INFO] [stdout] test deuteranopia_preserves_blue ... ok
[INFO] [stdout] test deuteranopia_collapses_red_green ... ok
[INFO] [stdout] test identity_matrix_preserves_black ... ok
[INFO] [stdout] test cvd_matrix_output_non_negative_for_primaries ... ok
[INFO] [stdout] test palette_transform_round_trip_extremes ... ok
[INFO] [stdout] test srgb_linear_midpoint_below_half ... ok
[INFO] [stdout] test palette_transform_clamps_output ... ok
[INFO] [stdout] test palette_transform_clamps_negative ... ok
[INFO] [stdout] test palette_transform_default_is_identity ... ok
[INFO] [stdout] test protanopia_collapses_red_green ... ok
[INFO] [stdout] test protanopia_preserves_blue ... ok
[INFO] [stdout] test srgb_linear_monotonic ... ok
[INFO] [stdout] test tritanopia_palette_transform_modifies_blue ... ok
[INFO] [stdout] test tritanopia_palette_transform_preserves_grey ... ok
[INFO] [stdout] test srgb_linear_round_trip_white ... ok
[INFO] [stdout] test tritanopia_collapses_blue_yellow ... ok
[INFO] [stdout] test tritanopia_preserves_green ... ok
[INFO] [stdout] test srgb_linear_round_trip_all_values ... ok
[INFO] [stdout] test srgb_linear_round_trip_black ... ok
[INFO] [stderr]      Running tests/cross_validate_console.rs (/opt/rustwide/target/release/deps/cross_validate_console-4572d3063d1d4315)
[INFO] [stdout] test tritanopia_preserves_red ... ok
[INFO] [stderr]      Running tests/cross_validate_fast_strip.rs (/opt/rustwide/target/release/deps/cross_validate_fast_strip-aafca166ac7bdfb6)
[INFO] [stdout] 
[INFO] [stdout] test result: ok. 24 passed; 0 failed; 0 ignored; 0 measured; 0 filtered out; finished in 0.01s
[INFO] [stdout] 
[INFO] [stdout] 
[INFO] [stdout] running 0 tests
[INFO] [stdout] 
[INFO] [stdout] test result: ok. 0 passed; 0 failed; 0 ignored; 0 measured; 0 filtered out; finished in 0.00s
[INFO] [stdout] 
[INFO] [stdout] 
[INFO] [stdout] running 0 tests
[INFO] [stdout] 
[INFO] [stdout] test result: ok. 0 passed; 0 failed; 0 ignored; 0 measured; 0 filtered out; finished in 0.00s
[INFO] [stdout] 
[INFO] [stderr]      Running tests/cross_validate_strip_ansi_escapes.rs (/opt/rustwide/target/release/deps/cross_validate_strip_ansi_escapes-d76117f2df4d070a)
[INFO] [stdout] 
[INFO] [stdout] running 0 tests
[INFO] [stdout] 
[INFO] [stdout] test result: ok. 0 passed; 0 failed; 0 ignored; 0 measured; 0 filtered out; finished in 0.00s
[INFO] [stdout] 
[INFO] [stderr]      Running tests/distill_ansi_integration_tests.rs (/opt/rustwide/target/release/deps/distill_ansi_integration_tests-ac2b550ce296f577)
[INFO] [stdout] 
[INFO] [stdout] running 0 tests
[INFO] [stdout] 
[INFO] [stdout] test result: ok. 0 passed; 0 failed; 0 ignored; 0 measured; 0 filtered out; finished in 0.00s
[INFO] [stdout] 
[INFO] [stderr]      Running tests/downgrade_color_tests.rs (/opt/rustwide/target/release/deps/downgrade_color_tests-96100fa8f18bf300)
[INFO] [stdout] 
[INFO] [stdout] running 44 tests
[INFO] [stdout] test color_depth_ordering ... ok
[INFO] [stdout] test cube_to_rgb_corners ... ok
[INFO] [stdout] test cube_to_rgb_mid_value ... ok
[INFO] [stdout] test cube_green_maps_to_basic_green ... ok
[INFO] [stdout] test cube_red_maps_to_basic_red ... ok
[INFO] [stdout] test grey_index_to_value_endpoints ... ok
[INFO] [stdout] test grey_index_to_value_formula ... ok
[INFO] [stdout] test greyscale_green_has_highest_luminance_weight ... ok
[INFO] [stdout] test greyscale_result_in_range ... ok
[INFO] [stdout] test greyscale_pure_white ... ok
[INFO] [stdout] test greyscale_pure_black ... ok
[INFO] [stdout] test greyscale_light_maps_to_white ... ok
[INFO] [stdout] test greyscale_mid_grey ... ok
[INFO] [stdout] test cube_blue_maps_to_basic_blue ... ok
[INFO] [stdout] test nearest_16_result_in_range ... ok
[INFO] [stdout] test nearest_axis_boundary_3_4 ... ok
[INFO] [stdout] test nearest_axis_boundary_low ... ok
[INFO] [stdout] test nearest_axis_exact_values ... ok
[INFO] [stdout] test greyscale_blue_has_lowest_luminance_weight ... ok
[INFO] [stdout] test nearest_axis_boundary_4_5 ... ok
[INFO] [stdout] test greyscale_dark_maps_to_black ... ok
[INFO] [stdout] test index_0_15_identity ... ok
[INFO] [stdout] test nearest_axis_extremes ... ok
[INFO] [stdout] test nearest_axis_boundary_1_2 ... ok
[INFO] [stdout] test nearest_axis_boundary_2_3 ... ok
[INFO] [stdout] test rewrite_basic_colors_unchanged_at_256 ... ok
[INFO] [stdout] test rewrite_256_fg_to_16 ... ok
[INFO] [stdout] test rewrite_basic_colors_unchanged_at_16 ... ok
[INFO] [stdout] test rewrite_empty_sgr_preserved ... ok
[INFO] [stdout] test rewrite_preserves_style_params ... ok
[INFO] [stdout] test rewrite_reset_preserved ... ok
[INFO] [stdout] test rewrite_to_greyscale_converts_color ... ok
[INFO] [stdout] test rewrite_to_mono_preserves_style_suppresses_trailing_color_only ... ok
[INFO] [stdout] test rewrite_to_mono_strips_all_color ... ok
[INFO] [stdout] test rewrite_truecolor_fg_to_256 ... ok
[INFO] [stdout] test rewrite_to_mono_suppresses_color_only_sequence_entirely ... ok
[INFO] [stdout] test rewrite_to_mono_strips_basic_fg_bg ... ok
[INFO] [stdout] test rewrite_truecolor_bg_to_256 ... ok
[INFO] [stdout] test truecolor_to_256_result_in_range ... ok
[INFO] [stdout] test truecolor_to_256_exact_cube_colors ... ok
[INFO] [stderr]      Running tests/integration_tests.rs (/opt/rustwide/target/release/deps/integration_tests-4e5cb6b96fabc701)
[INFO] [stdout] test truecolor_to_256_exact_grey_values ... ok
[INFO] [stdout] test truecolor_to_256_saturated_prefers_cube ... ok
[INFO] [stdout] test truecolor_to_256_pure_black ... ok
[INFO] [stdout] test truecolor_to_256_pure_white ... ok
[INFO] [stdout] 
[INFO] [stdout] test result: ok. 44 passed; 0 failed; 0 ignored; 0 measured; 0 filtered out; finished in 0.02s
[INFO] [stdout] 
[INFO] [stdout] 
[INFO] [stdout] running 56 tests
[INFO] [stdout] test check_threats_conflicts_with_check ... ok
[INFO] [stdout] test check_threats_multiple_threats_reports_all ... ok
[INFO] [stdout] test check_threats_strip_mode_clean_input ... ok
[INFO] [stdout] test check_threats_clean_input_exit_0 ... ok
[INFO] [stdout] test check_threats_detects_osc_52_clipboard_exit_77 ... ok
[INFO] [stdout] test check_threats_strip_mode_filters_and_reports ... ok
[INFO] [stdout] test check_threats_detects_csi_21t_exit_77 ... ok
[INFO] [stdout] test check_threats_detects_csi_6n_exit_77 ... ok
[INFO] [stdout] test check_threats_detects_osc_50_exit_77 ... ok
[INFO] [stdout] test fixture_ansi_sgr ... FAILED
[INFO] [stdout] test fixture_ansi_mixed ... FAILED
[INFO] [stdout] test check_with_ansi ... ok
[INFO] [stdout] test head_and_count_combined ... ok
[INFO] [stdout] test fixture_plain_text ... FAILED
[INFO] [stdout] test check_with_clean ... ok
[INFO] [stdout] test head_limits_output_lines ... ok
[INFO] [stdout] test head_more_than_input ... ok
[INFO] [stdout] test count_zero_on_clean_input ... ok
[INFO] [stdout] test check_threats_detects_dcs_decrqss_exit_77 ... ok
[INFO] [stdout] test head_short_flag ... ok
[INFO] [stdout] test count_reports_stripped_bytes ... ok
[INFO] [stdout] test max_size_with_check ... ok
[INFO] [stdout] test max_size_caps_input ... ok
[INFO] [stdout] test no_threat_report_clean_input_still_exit_0 ... ok
[INFO] [stdout] test help_flag ... ok
[INFO] [stdout] test head_zero_produces_empty ... ok
[INFO] [stdout] test output_and_head_combined ... ok
[INFO] [stdout] test no_threat_report_requires_check_threats ... ok
[INFO] [stdout] test no_threat_report_suppresses_stderr_fail_mode ... ok
[INFO] [stdout] test on_threat_without_check_threats_is_error ... ok
[INFO] [stdout] test no_threat_report_suppresses_stderr_strip_mode ... ok
[INFO] [stdout] test preset_case_insensitive ... ok
[INFO] [stdout] test preset_color_preserves_sgr ... ok
[INFO] [stdout] test preset_alias_ci_eq_color ... ok
[INFO] [stdout] test output_to_file ... ok
[INFO] [stdout] test preset_alias_pipe_eq_dumb ... ok
[INFO] [stdout] test preset_full_preserves_everything ... ok
[INFO] [stdout] test preset_full_without_unsafe_exits_error ... ok
[INFO] [stdout] test preset_color_strips_cursor ... ok
[INFO] [stdout] test preset_xterm_without_unsafe_exits_error ... ok
[INFO] [stdout] test preset_xterm_with_unsafe_accepts ... ok
[INFO] [stdout] test preset_dumb_matches_default_strip_all ... ok
[INFO] [stdout] test preset_unknown_name_exits_error ... ok
[INFO] [stdout] test preset_with_no_strip_overlay ... ok
[INFO] [stdout] test sigpipe_handling ... FAILED
[INFO] [stdout] test structured_threat_output_dcs_decrqss_format ... ok
[INFO] [stdout] test structured_threat_output_line_pos_tracking ... ok
[INFO] [stdout] test structured_threat_output_osc_50_format ... ok
[INFO] [stdout] test structured_threat_output_csi_21t_format ... ok
[INFO] [stdout] test structured_threat_output_multiple_lines ... ok
[INFO] [stdout] test structured_threat_output_osc_clipboard_no_cve ... ok
[INFO] [stdout] test structured_threat_output_csi_6n_no_cve ... ok
[INFO] [stdout] test unknown_flag ... ok
[INFO] [stdout] test unsafe_with_safe_preset_is_noop ... ok
[INFO] [stdout] test unsafe_without_preset_is_ignored ... ok
[INFO] [stdout] test version_flag ... ok
[INFO] [stderr] error: test failed, to rerun pass `--test integration_tests`
[INFO] [stdout] 
[INFO] [stdout] failures:
[INFO] [stdout] 
[INFO] [stdout] ---- fixture_ansi_sgr stdout ----
[INFO] [stdout] 
[INFO] [stdout] thread 'fixture_ansi_sgr' (3386) panicked at tests/integration_tests.rs:14:54:
[INFO] [stdout] Failed to read fixture: ansi-sgr.raw.txt
[INFO] [stdout] stack backtrace:
[INFO] [stdout]    0:     0x6261c5f79a56 - <unknown>
[INFO] [stdout]    1:     0x6261c5f1cfda - <unknown>
[INFO] [stdout]    2:     0x6261c5f7f46c - <unknown>
[INFO] [stdout]    3:     0x6261c5f50ef2 - <unknown>
[INFO] [stdout]    4:     0x6261c5f717c1 - <unknown>
[INFO] [stdout]    5:     0x6261c5f719a2 - <unknown>
[INFO] [stdout]    6:     0x6261c5f50fa2 - <unknown>
[INFO] [stdout]    7:     0x6261c5f49c19 - <unknown>
[INFO] [stdout]    8:     0x6261c5f55e9d - <unknown>
[INFO] [stdout]    9:     0x6261c5f1d6cc - <unknown>
[INFO] [stdout]   10:     0x6261c5f2ac74 - <unknown>
[INFO] [stdout]   11:     0x6261c5f2b097 - <unknown>
[INFO] [stdout]   12:     0x6261c5f2daeb - <unknown>
[INFO] [stdout]   13:     0x6261c5f819bb - <unknown>
[INFO] [stdout]   14:     0x6261c5f8fb11 - <unknown>
[INFO] [stdout]   15:     0x6261c5f89224 - <unknown>
[INFO] [stdout]   16:     0x6261c5f93932 - <unknown>
[INFO] [stdout]   17:     0x6261c5f78c2e - <unknown>
[INFO] [stdout]   18:     0x7d6063dbcdfa - <unknown>
[INFO] [stdout]   19:     0x7d6063e503d4 - clone
[INFO] [stdout]   20:                0x0 - <unknown>
[INFO] [stdout] 
[INFO] [stdout] ---- fixture_ansi_mixed stdout ----
[INFO] [stdout] 
[INFO] [stdout] thread 'fixture_ansi_mixed' (3385) panicked at tests/integration_tests.rs:14:54:
[INFO] [stdout] Failed to read fixture: ansi-mixed.raw.txt
[INFO] [stdout] stack backtrace:
[INFO] [stdout]    0:     0x6261c5f79a56 - <unknown>
[INFO] [stdout]    1:     0x6261c5f1cfda - <unknown>
[INFO] [stdout]    2:     0x6261c5f7f46c - <unknown>
[INFO] [stdout]    3:     0x6261c5f50ef2 - <unknown>
[INFO] [stdout]    4:     0x6261c5f717c1 - <unknown>
[INFO] [stdout]    5:     0x6261c5f719a2 - <unknown>
[INFO] [stdout]    6:     0x6261c5f50fa2 - <unknown>
[INFO] [stdout]    7:     0x6261c5f49c19 - <unknown>
[INFO] [stdout]    8:     0x6261c5f55e9d - <unknown>
[INFO] [stdout]    9:     0x6261c5f1d6cc - <unknown>
[INFO] [stdout]   10:     0x6261c5f2ac74 - <unknown>
[INFO] [stdout]   11:     0x6261c5f2b097 - <unknown>
[INFO] [stdout]   12:     0x6261c5f2e21b - <unknown>
[INFO] [stdout]   13:     0x6261c5f819bb - <unknown>
[INFO] [stdout]   14:     0x6261c5f8fb11 - <unknown>
[INFO] [stdout]   15:     0x6261c5f89224 - <unknown>
[INFO] [stdout]   16:     0x6261c5f93932 - <unknown>
[INFO] [stdout]   17:     0x6261c5f78c2e - <unknown>
[INFO] [stdout]   18:     0x7d6063dbcdfa - <unknown>
[INFO] [stdout]   19:     0x7d6063e503d4 - clone
[INFO] [stdout]   20:                0x0 - <unknown>
[INFO] [stdout] 
[INFO] [stdout] ---- fixture_plain_text stdout ----
[INFO] [stdout] 
[INFO] [stdout] thread 'fixture_plain_text' (3389) panicked at tests/integration_tests.rs:14:54:
[INFO] [stdout] Failed to read fixture: plain-text.raw.txt
[INFO] [stdout] stack backtrace:
[INFO] [stdout]    0:     0x6261c5f79a56 - <unknown>
[INFO] [stdout]    1:     0x6261c5f1cfda - <unknown>
[INFO] [stdout]    2:     0x6261c5f7f46c - <unknown>
[INFO] [stdout]    3:     0x6261c5f50ef2 - <unknown>
[INFO] [stdout]    4:     0x6261c5f717c1 - <unknown>
[INFO] [stdout]    5:     0x6261c5f719a2 - <unknown>
[INFO] [stdout]    6:     0x6261c5f50fa2 - <unknown>
[INFO] [stdout]    7:     0x6261c5f49c19 - <unknown>
[INFO] [stdout]    8:     0x6261c5f55e9d - <unknown>
[INFO] [stdout]    9:     0x6261c5f1d6cc - <unknown>
[INFO] [stdout]   10:     0x6261c5f2ac74 - <unknown>
[INFO] [stdout]   11:     0x6261c5f2b097 - <unknown>
[INFO] [stdout]   12:     0x6261c5f2e51b - <unknown>
[INFO] [stdout]   13:     0x6261c5f819bb - <unknown>
[INFO] [stdout]   14:     0x6261c5f8fb11 - <unknown>
[INFO] [stdout]   15:     0x6261c5f89224 - <unknown>
[INFO] [stdout]   16:     0x6261c5f93932 - <unknown>
[INFO] [stdout]   17:     0x6261c5f78c2e - <unknown>
[INFO] [stdout]   18:     0x7d6063dbcdfa - <unknown>
[INFO] [stdout]   19:     0x7d6063e503d4 - clone
[INFO] [stdout]   20:                0x0 - <unknown>
[INFO] [stdout] 
[INFO] [stdout] ---- sigpipe_handling stdout ----
[INFO] [stdout] 
[INFO] [stdout] thread 'sigpipe_handling' (3558) panicked at tests/integration_tests.rs:14:54:
[INFO] [stdout] Failed to read fixture: ansi-sgr.raw.txt
[INFO] [stdout] stack backtrace:
[INFO] [stdout]    0:     0x6261c5f79a56 - <unknown>
[INFO] [stdout]    1:     0x6261c5f1cfda - <unknown>
[INFO] [stdout]    2:     0x6261c5f7f46c - <unknown>
[INFO] [stdout]    3:     0x6261c5f50ef2 - <unknown>
[INFO] [stdout]    4:     0x6261c5f717c1 - <unknown>
[INFO] [stdout]    5:     0x6261c5f719a2 - <unknown>
[INFO] [stdout]    6:     0x6261c5f50fa2 - <unknown>
[INFO] [stdout]    7:     0x6261c5f49c19 - <unknown>
[INFO] [stdout]    8:     0x6261c5f55e9d - <unknown>
[INFO] [stdout]    9:     0x6261c5f1d6cc - <unknown>
[INFO] [stdout]   10:     0x6261c5f2ac74 - <unknown>
[INFO] [stdout]   11:     0x6261c5f2b097 - <unknown>
[INFO] [stdout]   12:     0x6261c5f2ddb9 - <unknown>
[INFO] [stdout]   13:     0x6261c5f819bb - <unknown>
[INFO] [stdout]   14:     0x6261c5f8fb11 - <unknown>
[INFO] [stdout]   15:     0x6261c5f89224 - <unknown>
[INFO] [stdout]   16:     0x6261c5f93932 - <unknown>
[INFO] [stdout]   17:     0x6261c5f78c2e - <unknown>
[INFO] [stdout]   18:     0x7d6063dbcdfa - <unknown>
[INFO] [stdout]   19:     0x7d6063e503d4 - clone
[INFO] [stdout]   20:                0x0 - <unknown>
[INFO] [stdout] 
[INFO] [stdout] 
[INFO] [stdout] failures:
[INFO] [stdout]     fixture_ansi_mixed
[INFO] [stdout]     fixture_ansi_sgr
[INFO] [stdout]     fixture_plain_text
[INFO] [stdout]     sigpipe_handling
[INFO] [stdout] 
[INFO] [stdout] test result: FAILED. 52 passed; 4 failed; 0 ignored; 0 measured; 0 filtered out; finished in 0.06s
[INFO] [stdout] 
[INFO] running `Command { std: "docker" "inspect" "e3d6b3f40bf4b03805bdb350f1431db7aa772156ce9c4c4404f1b002ead53952", kill_on_drop: false }`
[INFO] running `Command { std: "docker" "rm" "-f" "e3d6b3f40bf4b03805bdb350f1431db7aa772156ce9c4c4404f1b002ead53952", kill_on_drop: false }`
[INFO] [stdout] e3d6b3f40bf4b03805bdb350f1431db7aa772156ce9c4c4404f1b002ead53952
