[INFO] fetching crate disney_infinity 0.1.1...
[INFO] testing disney_infinity-0.1.1 against 1.99.0-beta.8+cargoflags=--release for beta-release-1.100-2
[INFO] extracting crate disney_infinity 0.1.1 into /workspace/builds/worker-2-tc1/source
[INFO] started tweaking crates.io crate disney_infinity 0.1.1
[INFO] finished tweaking crates.io crate disney_infinity 0.1.1
[INFO] tweaked toml for crates.io crate disney_infinity 0.1.1 written to /workspace/builds/worker-2-tc1/source/Cargo.toml
[INFO] validating manifest of crates.io crate disney_infinity 0.1.1 on toolchain 1.99.0-beta.8
[INFO] running `Command { std: CARGO_HOME="/workspace/cargo-home" RUSTUP_HOME="/workspace/rustup-home" "/workspace/cargo-home/bin/cargo" "+1.99.0-beta.8" "metadata" "--manifest-path" "Cargo.toml" "--no-deps", kill_on_drop: false }`
[INFO] crate crates.io crate disney_infinity 0.1.1 already has a lockfile, it will not be regenerated
[INFO] running `Command { std: CARGO_HOME="/workspace/cargo-home" RUSTUP_HOME="/workspace/rustup-home" "/workspace/cargo-home/bin/cargo" "+1.99.0-beta.8" "fetch" "--manifest-path" "Cargo.toml", kill_on_drop: false }`
[INFO] [stderr]  Downloading crates ...
[INFO] [stderr]   Downloaded cc v1.2.20
[INFO] [stderr]   Downloaded hidapi v2.6.3
[INFO] [stderr]   Downloaded tokio v1.44.2
[INFO] running `Command { std: "docker" "create" "-v" "/var/lib/crater-agent-workspace/builds/worker-2-tc1/source:/opt/rustwide/workdir:ro,Z" "-v" "/var/lib/crater-agent-workspace/builds/worker-2-tc1/target:/opt/rustwide/target:rw,Z" "-v" "/var/lib/crater-agent-workspace/cargo-home:/opt/rustwide/cargo-home:ro,Z" "-v" "/var/lib/crater-agent-workspace/rustup-home:/opt/rustwide/rustup-home:ro,Z" "-m" "1610612736" "--network" "none" "ghcr.io/rust-lang/crates-build-env/linux@sha256:77db811e55d90add9212f6832c23229e3de5f1c1f9905e8cb07319ea15df73ac" "sleep" "infinity", kill_on_drop: false }`
[INFO] [stdout] e7795fd3945ec49f3836e456b7ec19e7657003c4f7714a1e002066efc892b448
[INFO] running `Command { std: "docker" "start" "e7795fd3945ec49f3836e456b7ec19e7657003c4f7714a1e002066efc892b448", kill_on_drop: false }`
[INFO] running `Command { std: "docker" "inspect" "e7795fd3945ec49f3836e456b7ec19e7657003c4f7714a1e002066efc892b448", kill_on_drop: false }`
[INFO] running `Command { std: "docker" "exec" "-e" "SOURCE_DIR=/opt/rustwide/workdir" "-e" "CARGO_HOME=/opt/rustwide/cargo-home" "-e" "RUSTUP_HOME=/opt/rustwide/rustup-home" "-e" "CARGO_TARGET_DIR=/opt/rustwide/target" "-w" "/opt/rustwide/workdir" "--user" "0:0" "e7795fd3945ec49f3836e456b7ec19e7657003c4f7714a1e002066efc892b448" "/opt/rustwide/cargo-home/bin/cargo" "+1.99.0-beta.8" "metadata" "--no-deps" "--format-version=1", kill_on_drop: false }`
[INFO] running `Command { std: "docker" "inspect" "e7795fd3945ec49f3836e456b7ec19e7657003c4f7714a1e002066efc892b448", kill_on_drop: false }`
[INFO] running `Command { std: "docker" "exec" "-e" "SOURCE_DIR=/opt/rustwide/workdir" "-e" "CARGO_HOME=/opt/rustwide/cargo-home" "-e" "RUSTUP_HOME=/opt/rustwide/rustup-home" "-e" "CARGO_TARGET_DIR=/opt/rustwide/target" "-e" "CARGO_INCREMENTAL=0" "-e" "RUST_BACKTRACE=full" "-e" "RUSTFLAGS=--cap-lints=warn" "-e" "RUSTDOCFLAGS=--cap-lints=warn" "-w" "/opt/rustwide/workdir" "--user" "0:0" "e7795fd3945ec49f3836e456b7ec19e7657003c4f7714a1e002066efc892b448" "/opt/rustwide/cargo-home/bin/cargo" "+1.99.0-beta.8" "build" "--frozen" "--message-format=json" "--release", kill_on_drop: false }`
[INFO] [stderr]    Compiling cc v1.2.20
[INFO] [stderr]    Compiling libc v0.2.172
[INFO] [stderr]    Compiling hidapi v2.6.3
[INFO] [stderr]    Compiling disney_infinity v0.1.1 (/opt/rustwide/workdir)
[INFO] [stderr]     Finished `release` profile [optimized] target(s) in 3.24s
[INFO] running `Command { std: "docker" "inspect" "e7795fd3945ec49f3836e456b7ec19e7657003c4f7714a1e002066efc892b448", kill_on_drop: false }`
[INFO] running `Command { std: "docker" "exec" "-e" "SOURCE_DIR=/opt/rustwide/workdir" "-e" "CARGO_HOME=/opt/rustwide/cargo-home" "-e" "RUSTUP_HOME=/opt/rustwide/rustup-home" "-e" "CARGO_TARGET_DIR=/opt/rustwide/target" "-e" "CARGO_INCREMENTAL=0" "-e" "RUST_BACKTRACE=full" "-e" "RUSTFLAGS=--cap-lints=warn" "-e" "RUSTDOCFLAGS=--cap-lints=warn" "-w" "/opt/rustwide/workdir" "--user" "0:0" "e7795fd3945ec49f3836e456b7ec19e7657003c4f7714a1e002066efc892b448" "/opt/rustwide/cargo-home/bin/cargo" "+1.99.0-beta.8" "test" "--frozen" "--no-run" "--message-format=json" "--release", kill_on_drop: false }`
[INFO] [stderr]    Compiling disney_infinity v0.1.1 (/opt/rustwide/workdir)
[INFO] [stderr]     Finished `release` profile [optimized] target(s) in 0.33s
[INFO] running `Command { std: "docker" "inspect" "e7795fd3945ec49f3836e456b7ec19e7657003c4f7714a1e002066efc892b448", kill_on_drop: false }`
[INFO] running `Command { std: "docker" "exec" "-e" "SOURCE_DIR=/opt/rustwide/workdir" "-e" "CARGO_HOME=/opt/rustwide/cargo-home" "-e" "RUSTUP_HOME=/opt/rustwide/rustup-home" "-e" "CARGO_TARGET_DIR=/opt/rustwide/target" "-e" "CARGO_INCREMENTAL=0" "-e" "RUST_BACKTRACE=full" "-e" "RUSTFLAGS=--cap-lints=warn" "-e" "RUSTDOCFLAGS=--cap-lints=warn" "-w" "/opt/rustwide/workdir" "--user" "0:0" "e7795fd3945ec49f3836e456b7ec19e7657003c4f7714a1e002066efc892b448" "/opt/rustwide/cargo-home/bin/cargo" "+1.99.0-beta.8" "test" "--frozen" "--release", kill_on_drop: false }`
[INFO] [stderr]     Finished `release` profile [optimized] target(s) in 0.03s
[INFO] [stderr]      Running unittests src/lib.rs (/opt/rustwide/target/release/deps/disney_infinity-94e22028c1a7747a)
[INFO] [stdout] 
[INFO] [stdout] running 0 tests
[INFO] [stdout] 
[INFO] [stdout] test result: ok. 0 passed; 0 failed; 0 ignored; 0 measured; 0 filtered out; finished in 0.00s
[INFO] [stdout] 
[INFO] [stderr]    Doc-tests disney_infinity
[INFO] [stdout] 
[INFO] [stdout] running 1 test
[INFO] [stdout] test src/infinity_base.rs - infinity_base::InfinityBase::add_observer (line 71) ... FAILED
[INFO] [stdout] 
[INFO] [stdout] failures:
[INFO] [stdout] 
[INFO] [stdout] ---- src/infinity_base.rs - infinity_base::InfinityBase::add_observer (line 71) stdout ----
[INFO] [stdout] error[E0433]: cannot find type `Arc` in this scope
[INFO] [stdout]   --> src/infinity_base.rs:73:15
[INFO] [stdout]    |
[INFO] [stdout] 73 | let trigger = Arc::new(AtomicBool::new(false)); // trigger to be set on tags changed
[INFO] [stdout]    |               ^^^ use of undeclared type `Arc`
[INFO] [stdout]    |
[INFO] [stdout] help: consider importing this struct
[INFO] [stdout]    |
[INFO] [stdout] 71 + use std::sync::Arc;
[INFO] [stdout]    |
[INFO] [stdout] 
[INFO] [stdout] error[E0433]: cannot find type `AtomicBool` in this scope
[INFO] [stdout]   --> src/infinity_base.rs:73:24
[INFO] [stdout]    |
[INFO] [stdout] 73 | let trigger = Arc::new(AtomicBool::new(false)); // trigger to be set on tags changed
[INFO] [stdout]    |                        ^^^^^^^^^^ use of undeclared type `AtomicBool`
[INFO] [stdout]    |
[INFO] [stdout] help: consider importing this type alias
[INFO] [stdout]    |
[INFO] [stdout] 71 + use std::sync::atomic::AtomicBool;
[INFO] [stdout]    |
[INFO] [stdout] 
[INFO] [stdout] error[E0433]: cannot find type `InfinityBase` in this scope
[INFO] [stdout]   --> src/infinity_base.rs:72:16
[INFO] [stdout]    |
[INFO] [stdout] 72 | let mut base = InfinityBase::new().unwrap(); 
[INFO] [stdout]    |                ^^^^^^^^^^^^ use of undeclared type `InfinityBase`
[INFO] [stdout] 
[INFO] [stdout] error: aborting due to 3 previous errors
[INFO] [stdout] 
[INFO] [stdout] For more information about this error, try `rustc --explain E0433`.
[INFO] [stdout] Couldn't compile the test.
[INFO] [stdout] 
[INFO] [stdout] failures:
[INFO] [stdout]     src/infinity_base.rs - infinity_base::InfinityBase::add_observer (line 71)
[INFO] [stdout] 
[INFO] [stdout] test result: FAILED. 0 passed; 1 failed; 0 ignored; 0 measured; 0 filtered out; finished in 0.13s
[INFO] [stdout] 
[INFO] [stdout] all doctests ran in 0.27s; merged doctests compilation took 0.14s
[INFO] [stderr] error: doctest failed, to rerun pass `--doc`
[INFO] running `Command { std: "docker" "inspect" "e7795fd3945ec49f3836e456b7ec19e7657003c4f7714a1e002066efc892b448", kill_on_drop: false }`
[INFO] running `Command { std: "docker" "rm" "-f" "e7795fd3945ec49f3836e456b7ec19e7657003c4f7714a1e002066efc892b448", kill_on_drop: false }`
[INFO] [stdout] e7795fd3945ec49f3836e456b7ec19e7657003c4f7714a1e002066efc892b448
