[INFO] fetching crate diskspace_insight 0.1.94...
[INFO] testing diskspace_insight-0.1.94 against 1.100.0-beta.1+cargoflags=--release for beta-release-1.100-2
[INFO] extracting crate diskspace_insight 0.1.94 into /workspace/builds/worker-0-tc2/source
[INFO] started tweaking crates.io crate diskspace_insight 0.1.94
[INFO] finished tweaking crates.io crate diskspace_insight 0.1.94
[INFO] tweaked toml for crates.io crate diskspace_insight 0.1.94 written to /workspace/builds/worker-0-tc2/source/Cargo.toml
[INFO] validating manifest of crates.io crate diskspace_insight 0.1.94 on toolchain 1.100.0-beta.1
[INFO] running `Command { std: CARGO_HOME="/workspace/cargo-home" RUSTUP_HOME="/workspace/rustup-home" "/workspace/cargo-home/bin/cargo" "+1.100.0-beta.1" "metadata" "--manifest-path" "Cargo.toml" "--no-deps", kill_on_drop: false }`
[INFO] running `Command { std: CARGO_HOME="/workspace/cargo-home" RUSTUP_HOME="/workspace/rustup-home" "/workspace/cargo-home/bin/cargo" "+1.100.0-beta.1" "generate-lockfile" "--manifest-path" "Cargo.toml", kill_on_drop: false }`
[INFO] [stderr]     Updating crates.io index
[INFO] [stderr]      Locking 287 packages to highest compatible versions
[INFO] [stderr]       Adding bytesize v1.3.3 (available: v2.7.0)
[INFO] [stderr]       Adding criterion v0.3.6 (available: v0.8.2)
[INFO] [stderr]       Adding dirs v3.0.2 (available: v7.0.0)
[INFO] [stderr]       Adding env_logger v0.9.3 (available: v0.11.11)
[INFO] [stderr]       Adding generic-array v0.14.7 (available: v0.14.9)
[INFO] [stderr]       Adding reqwest v0.11.27 (available: v0.13.5)
[INFO] [stderr]       Adding twox-hash v1.6.3 (available: v2.1.5)
[INFO] [stderr]       Adding wasi v0.10.0+wasi-snapshot-preview1 (available: v0.10.2+wasi-snapshot-preview1)
[INFO] [stderr]       Adding zip v0.6.6 (available: v9.0.5)
[INFO] running `Command { std: CARGO_HOME="/workspace/cargo-home" RUSTUP_HOME="/workspace/rustup-home" "/workspace/cargo-home/bin/cargo" "+1.100.0-beta.1" "fetch" "--manifest-path" "Cargo.toml", kill_on_drop: false }`
[INFO] running `Command { std: "docker" "create" "-v" "/var/lib/crater-agent-workspace/builds/worker-0-tc2/source:/opt/rustwide/workdir:ro,Z" "-v" "/var/lib/crater-agent-workspace/builds/worker-0-tc2/target:/opt/rustwide/target:rw,Z" "-v" "/var/lib/crater-agent-workspace/cargo-home:/opt/rustwide/cargo-home:ro,Z" "-v" "/var/lib/crater-agent-workspace/rustup-home:/opt/rustwide/rustup-home:ro,Z" "-m" "1610612736" "--network" "none" "ghcr.io/rust-lang/crates-build-env/linux@sha256:77db811e55d90add9212f6832c23229e3de5f1c1f9905e8cb07319ea15df73ac" "sleep" "infinity", kill_on_drop: false }`
[INFO] [stdout] ef1a0d2b4940b890ea3334e0d093d3133b5b2d0800775f9d72331c0ae5b4ef3f
[INFO] running `Command { std: "docker" "start" "ef1a0d2b4940b890ea3334e0d093d3133b5b2d0800775f9d72331c0ae5b4ef3f", kill_on_drop: false }`
[INFO] running `Command { std: "docker" "inspect" "ef1a0d2b4940b890ea3334e0d093d3133b5b2d0800775f9d72331c0ae5b4ef3f", kill_on_drop: false }`
[INFO] running `Command { std: "docker" "exec" "-e" "SOURCE_DIR=/opt/rustwide/workdir" "-e" "CARGO_HOME=/opt/rustwide/cargo-home" "-e" "RUSTUP_HOME=/opt/rustwide/rustup-home" "-e" "CARGO_TARGET_DIR=/opt/rustwide/target" "-w" "/opt/rustwide/workdir" "--user" "0:0" "ef1a0d2b4940b890ea3334e0d093d3133b5b2d0800775f9d72331c0ae5b4ef3f" "/opt/rustwide/cargo-home/bin/cargo" "+1.100.0-beta.1" "metadata" "--no-deps" "--format-version=1", kill_on_drop: false }`
[INFO] running `Command { std: "docker" "inspect" "ef1a0d2b4940b890ea3334e0d093d3133b5b2d0800775f9d72331c0ae5b4ef3f", kill_on_drop: false }`
[INFO] running `Command { std: "docker" "exec" "-e" "SOURCE_DIR=/opt/rustwide/workdir" "-e" "CARGO_HOME=/opt/rustwide/cargo-home" "-e" "RUSTUP_HOME=/opt/rustwide/rustup-home" "-e" "CARGO_TARGET_DIR=/opt/rustwide/target" "-e" "CARGO_INCREMENTAL=0" "-e" "RUST_BACKTRACE=full" "-e" "RUSTFLAGS=--cap-lints=warn" "-e" "RUSTDOCFLAGS=--cap-lints=warn" "-w" "/opt/rustwide/workdir" "--user" "0:0" "ef1a0d2b4940b890ea3334e0d093d3133b5b2d0800775f9d72331c0ae5b4ef3f" "/opt/rustwide/cargo-home/bin/cargo" "+1.100.0-beta.1" "build" "--frozen" "--message-format=json" "--release", kill_on_drop: false }`
[INFO] [stderr]    Compiling libc v0.2.191
[INFO] [stderr]    Compiling typenum v1.20.1
[INFO] [stderr]    Compiling zerocopy v0.8.63
[INFO] [stderr]    Compiling regex-syntax v0.8.11
[INFO] [stderr]    Compiling num-conv v0.2.2
[INFO] [stderr]    Compiling powerfmt v0.2.1
[INFO] [stderr]    Compiling deranged v0.5.9
[INFO] [stderr]    Compiling time-core v0.1.9
[INFO] [stderr]    Compiling log v0.4.34
[INFO] [stderr]    Compiling anyhow v1.0.104
[INFO] [stderr]    Compiling flate2 v1.1.10
[INFO] [stderr]    Compiling humantime v2.4.0
[INFO] [stderr]    Compiling termcolor v1.4.1
[INFO] [stderr]    Compiling constant_time_eq v0.1.5
[INFO] [stderr]    Compiling rayon v1.12.0
[INFO] [stderr]    Compiling bytesize v1.3.3
[INFO] [stderr]    Compiling generic-array v0.14.7
[INFO] [stderr]    Compiling time v0.3.55
[INFO] [stderr]    Compiling jobserver v0.1.35
[INFO] [stderr]    Compiling getrandom v0.2.17
[INFO] [stderr]    Compiling atty v0.2.14
[INFO] [stderr]    Compiling rand_core v0.6.4
[INFO] [stderr]    Compiling crypto-common v0.1.7
[INFO] [stderr]    Compiling block-buffer v0.10.4
[INFO] [stderr]    Compiling inout v0.1.4
[INFO] [stderr]    Compiling cc v1.8.0
[INFO] [stderr]    Compiling cipher v0.4.4
[INFO] [stderr]    Compiling password-hash v0.4.2
[INFO] [stderr]    Compiling digest v0.10.7
[INFO] [stderr]    Compiling hmac v0.12.1
[INFO] [stderr]    Compiling sha2 v0.10.9
[INFO] [stderr]    Compiling sha1 v0.10.7
[INFO] [stderr]    Compiling aes v0.8.4
[INFO] [stderr]    Compiling pbkdf2 v0.11.0
[INFO] [stderr]    Compiling regex-automata v0.4.18
[INFO] [stderr]    Compiling zstd-sys v2.1.2+zstd.1.5.7
[INFO] [stderr]    Compiling bzip2-sys v0.1.13+1.0.8
[INFO] [stderr]    Compiling bzip2 v0.4.4
[INFO] [stderr]    Compiling ppv-lite86 v0.2.21
[INFO] [stderr]    Compiling rand_chacha v0.3.1
[INFO] [stderr]    Compiling regex v1.13.1
[INFO] [stderr]    Compiling rand v0.8.8
[INFO] [stderr]    Compiling env_logger v0.9.3
[INFO] [stderr]    Compiling twox-hash v1.6.3
[INFO] [stderr]    Compiling zstd-safe v5.0.2+zstd.1.5.2
[INFO] [stderr]    Compiling zstd v0.11.2+zstd.1.5.2
[INFO] [stderr]    Compiling zip v0.6.6
[INFO] [stderr]    Compiling diskspace_insight v0.1.94 (/opt/rustwide/workdir)
[INFO] [stdout] warning: unused import: `info`
[INFO] [stdout]  --> src/lib.rs:5:11
[INFO] [stdout]   |
[INFO] [stdout] 5 | use log::{info, error, debug};
[INFO] [stdout]   |           ^^^^
[INFO] [stdout]   |
[INFO] [stdout]   = note: `#[warn(unused_imports)]` (part of `#[warn(unused)]`) on by default
[INFO] [stdout] 
[INFO] [stdout] 
[INFO] [stdout] warning: use of deprecated constant `std::u128::MAX`: replaced by the `MAX` associated constant on this type
[INFO] [stdout]    --> src/lib.rs:334:46
[INFO] [stdout]     |
[INFO] [stdout] 334 |     scan_callback(source, |_| {}, std::u128::MAX)
[INFO] [stdout]     |                                              ^^^
[INFO] [stdout]     |
[INFO] [stdout]     = note: `#[warn(deprecated)]` on by default
[INFO] [stdout] 
[INFO] [stdout] 
[INFO] [stdout] warning: method `build_duplicates_mut` is never used
[INFO] [stdout]    --> src/lib.rs:212:8
[INFO] [stdout]     |
[INFO] [stdout] 152 | impl DirInfo {
[INFO] [stdout]     | ------------ method in this implementation
[INFO] [stdout] ...
[INFO] [stdout] 212 |     fn build_duplicates_mut(&mut self) {
[INFO] [stdout]     |        ^^^^^^^^^^^^^^^^^^^^
[INFO] [stdout]     |
[INFO] [stdout]     = note: `#[warn(dead_code)]` (part of `#[warn(unused)]`) on by default
[INFO] [stdout] 
[INFO] [stdout] 
[INFO] [stderr] warning: unused dependency `env_logger`
[INFO] [stderr]   --> Cargo.toml:11:15
[INFO] [stderr]    |
[INFO] [stderr] 11 | [dependencies.env_logger]
[INFO] [stderr]    |               ^^^^^^^^^^^
[INFO] [stderr]    |
[INFO] [stderr]    = note: `cargo::unused_dependencies` is set to `warn` by default
[INFO] [stderr] help: consider removing the dependency on `env_logger`
[INFO] [stderr] warning: `diskspace_insight` (manifest) generated 1 warning
[INFO] [stderr]     Finished `release` profile [optimized] target(s) in 1m 01s
[INFO] running `Command { std: "docker" "inspect" "ef1a0d2b4940b890ea3334e0d093d3133b5b2d0800775f9d72331c0ae5b4ef3f", kill_on_drop: false }`
[INFO] running `Command { std: "docker" "exec" "-e" "SOURCE_DIR=/opt/rustwide/workdir" "-e" "CARGO_HOME=/opt/rustwide/cargo-home" "-e" "RUSTUP_HOME=/opt/rustwide/rustup-home" "-e" "CARGO_TARGET_DIR=/opt/rustwide/target" "-e" "CARGO_INCREMENTAL=0" "-e" "RUST_BACKTRACE=full" "-e" "RUSTFLAGS=--cap-lints=warn" "-e" "RUSTDOCFLAGS=--cap-lints=warn" "-w" "/opt/rustwide/workdir" "--user" "0:0" "ef1a0d2b4940b890ea3334e0d093d3133b5b2d0800775f9d72331c0ae5b4ef3f" "/opt/rustwide/cargo-home/bin/cargo" "+1.100.0-beta.1" "test" "--frozen" "--no-run" "--message-format=json" "--release", kill_on_drop: false }`
[INFO] [stderr]    Compiling futures-core v0.3.34
[INFO] [stderr]    Compiling slab v0.4.12
[INFO] [stderr]    Compiling http v0.2.12
[INFO] [stderr]    Compiling futures-sink v0.3.34
[INFO] [stderr]    Compiling futures-io v0.3.34
[INFO] [stderr]    Compiling openssl v0.10.81
[INFO] [stderr]    Compiling tracing-core v0.1.36
[INFO] [stderr]    Compiling futures-task v0.3.34
[INFO] [stderr]    Compiling litemap v0.8.3
[INFO] [stderr]    Compiling writeable v0.6.4
[INFO] [stderr]    Compiling cfg-if v0.1.10
[INFO] [stderr]    Compiling syn v3.0.9
[INFO] [stderr]    Compiling syn v2.0.119
[INFO] [stderr]    Compiling openssl-sys v0.9.117
[INFO] [stderr]    Compiling iovec v0.1.4
[INFO] [stderr]    Compiling icu_properties_data v2.3.0
[INFO] [stderr]    Compiling net2 v0.2.39
[INFO] [stderr]    Compiling serde v1.0.229
[INFO] [stderr]    Compiling bytes v0.5.6
[INFO] [stderr]    Compiling futures-util v0.3.34
[INFO] [stderr]    Compiling icu_normalizer_data v2.3.0
[INFO] [stderr]    Compiling native-tls v0.2.18
[INFO] [stderr]    Compiling num_cpus v1.17.0
[INFO] [stderr]    Compiling pin-project-lite v0.1.12
[INFO] [stderr]    Compiling openssl-probe v0.2.1
[INFO] [stderr]    Compiling want v0.3.2
[INFO] [stderr]    Compiling futures-channel v0.3.34
[INFO] [stderr]    Compiling indexmap v1.9.3
[INFO] [stderr]    Compiling mio v0.6.23
[INFO] [stderr]    Compiling mio v1.2.4
[INFO] [stderr]    Compiling socket2 v0.6.5
[INFO] [stderr]    Compiling smallvec v1.16.3
[INFO] [stderr]    Compiling hashbrown v0.12.3
[INFO] [stderr]    Compiling encoding_rs v0.8.42
[INFO] [stderr]    Compiling unicase v2.10.0
[INFO] [stderr]    Compiling indexmap v2.14.2
[INFO] [stderr]    Compiling num-traits v0.2.19
[INFO] [stderr]    Compiling tracing v0.1.44
[INFO] [stderr]    Compiling mime_guess v2.0.5
[INFO] [stderr]    Compiling tokio v1.53.3
[INFO] [stderr]    Compiling tokio v0.2.25
[INFO] [stderr]    Compiling socket2 v0.3.19
[INFO] [stderr]    Compiling time v0.1.45
[INFO] [stderr]    Compiling httpdate v0.3.2
[INFO] [stderr]    Compiling itoa v0.4.8
[INFO] [stderr]    Compiling http-body v0.3.1
[INFO] [stderr]    Compiling simdutf8 v0.1.5
[INFO] [stderr]    Compiling core_detect v1.0.0
[INFO] [stderr]    Compiling multiversion_no_op v1.0.0
[INFO] [stderr]    Compiling http-body v0.4.6
[INFO] [stderr]    Compiling msdos_time v0.1.6
[INFO] [stderr]    Compiling serde_urlencoded v0.7.1
[INFO] [stderr]    Compiling bzip2 v0.3.3
[INFO] [stderr]    Compiling socket2 v0.5.10
[INFO] [stderr]    Compiling ipnet v2.12.2
[INFO] [stderr]    Compiling unicode-width v0.1.14
[INFO] [stderr]    Compiling podio v0.1.7
[INFO] [stderr]    Compiling zip v0.2.9
[INFO] [stderr]    Compiling textwrap v0.11.0
[INFO] [stderr]    Compiling itertools v0.10.5
[INFO] [stderr]    Compiling transformation-pipeline v0.1.0
[INFO] [stderr]    Compiling base64 v0.13.1
[INFO] [stderr]    Compiling half v1.8.3
[INFO] [stderr]    Compiling base64 v0.21.7
[INFO] [stderr]    Compiling serde_cbor v0.11.2
[INFO] [stderr]    Compiling clap v2.34.0
[INFO] [stderr]    Compiling unzip v0.1.0
[INFO] [stderr]    Compiling tinytemplate v1.2.1
[INFO] [stderr]    Compiling env_logger v0.8.4
[INFO] [stderr]    Compiling rustls-pemfile v1.0.4
[INFO] [stderr]    Compiling dirs-sys v0.3.7
[INFO] [stderr]    Compiling sync_wrapper v0.1.2
[INFO] [stdout] warning: unused import: `info`
[INFO] [stdout]  --> src/lib.rs:5:11
[INFO] [stdout]   |
[INFO] [stdout] 5 | use log::{info, error, debug};
[INFO] [stdout]   |           ^^^^
[INFO] [stdout]   |
[INFO] [stdout]   = note: `#[warn(unused_imports)]` (part of `#[warn(unused)]`) on by default
[INFO] [stdout] 
[INFO] [stdout] 
[INFO] [stdout] warning: use of deprecated constant `std::u128::MAX`: replaced by the `MAX` associated constant on this type
[INFO] [stdout]    --> src/lib.rs:334:46
[INFO] [stdout]     |
[INFO] [stdout] 334 |     scan_callback(source, |_| {}, std::u128::MAX)
[INFO] [stdout]     |                                              ^^^
[INFO] [stdout]     |
[INFO] [stdout]     = note: `#[warn(deprecated)]` on by default
[INFO] [stdout] 
[INFO] [stdout] 
[INFO] [stdout] warning: method `build_duplicates_mut` is never used
[INFO] [stdout]    --> src/lib.rs:212:8
[INFO] [stdout]     |
[INFO] [stdout] 152 | impl DirInfo {
[INFO] [stdout]     | ------------ method in this implementation
[INFO] [stdout] ...
[INFO] [stdout] 212 |     fn build_duplicates_mut(&mut self) {
[INFO] [stdout]     |        ^^^^^^^^^^^^^^^^^^^^
[INFO] [stdout]     |
[INFO] [stdout]     = note: `#[warn(dead_code)]` (part of `#[warn(unused)]`) on by default
[INFO] [stdout] 
[INFO] [stdout] 
[INFO] [stderr]    Compiling plotters v0.3.7
[INFO] [stderr]    Compiling dirs v3.0.2
[INFO] [stderr]    Compiling criterion-plot v0.4.5
[INFO] [stderr]    Compiling openssl-macros v0.1.1
[INFO] [stderr]    Compiling pin-project-internal v1.1.13
[INFO] [stderr]    Compiling tokio-util v0.3.1
[INFO] [stderr]    Compiling pin-project v1.1.13
[INFO] [stderr]    Compiling tracing-futures v0.2.5
[INFO] [stderr]    Compiling h2 v0.2.7
[INFO] [stderr]    Compiling synstructure v0.14.0
[INFO] [stderr]    Compiling zerovec-derive v0.11.6
[INFO] [stderr]    Compiling displaydoc v0.2.7
[INFO] [stderr]    Compiling serde_derive v1.0.229
[INFO] [stderr]    Compiling zerofrom-derive v0.1.8
[INFO] [stderr]    Compiling yoke-derive v0.8.4
[INFO] [stderr]    Compiling zerofrom v0.1.8
[INFO] [stderr]    Compiling yoke v0.8.3
[INFO] [stderr]    Compiling zerotrie v0.2.5
[INFO] [stderr]    Compiling tokio-util v0.7.20
[INFO] [stderr]    Compiling zerovec v0.11.8
[INFO] [stderr]    Compiling h2 v0.3.27
[INFO] [stderr]    Compiling tinystr v0.8.4
[INFO] [stderr]    Compiling potential_utf v0.1.6
[INFO] [stderr]    Compiling icu_locale_core v2.3.0
[INFO] [stderr]    Compiling icu_collections v2.3.0
[INFO] [stderr]    Compiling criterion v0.3.6
[INFO] [stderr]    Compiling icu_provider v2.3.1
[INFO] [stderr]    Compiling icu_normalizer v2.3.0
[INFO] [stderr]    Compiling icu_properties v2.3.0
[INFO] [stderr]    Compiling hyper v0.13.10
[INFO] [stderr]    Compiling tokio-tls v0.3.1
[INFO] [stderr]    Compiling tokio-native-tls v0.3.1
[INFO] [stderr]    Compiling idna_adapter v1.2.2
[INFO] [stderr]    Compiling idna v1.1.0
[INFO] [stderr]    Compiling url v2.5.8
[INFO] [stderr]    Compiling hyper v0.14.32
[INFO] [stderr]    Compiling hyper-tls v0.4.3
[INFO] [stderr]    Compiling reqwest v0.10.10
[INFO] [stderr]    Compiling hyper-tls v0.5.0
[INFO] [stderr]    Compiling reqwest v0.11.27
[INFO] [stderr]    Compiling benchmark_sampledata v0.1.5
[INFO] [stderr]    Compiling diskspace_insight v0.1.94 (/opt/rustwide/workdir)
[INFO] [stdout] warning: unused import: `info`
[INFO] [stdout]  --> src/lib.rs:5:11
[INFO] [stdout]   |
[INFO] [stdout] 5 | use log::{info, error, debug};
[INFO] [stdout]   |           ^^^^
[INFO] [stdout]   |
[INFO] [stdout]   = note: `#[warn(unused_imports)]` (part of `#[warn(unused)]`) on by default
[INFO] [stdout] 
[INFO] [stdout] 
[INFO] [stdout] warning: use of deprecated constant `std::u128::MAX`: replaced by the `MAX` associated constant on this type
[INFO] [stdout]    --> src/lib.rs:334:46
[INFO] [stdout]     |
[INFO] [stdout] 334 |     scan_callback(source, |_| {}, std::u128::MAX)
[INFO] [stdout]     |                                              ^^^
[INFO] [stdout]     |
[INFO] [stdout]     = note: `#[warn(deprecated)]` on by default
[INFO] [stdout] 
[INFO] [stdout] 
[INFO] [stdout] warning: method `build_duplicates_mut` is never used
[INFO] [stdout]    --> src/lib.rs:212:8
[INFO] [stdout]     |
[INFO] [stdout] 152 | impl DirInfo {
[INFO] [stdout]     | ------------ method in this implementation
[INFO] [stdout] ...
[INFO] [stdout] 212 |     fn build_duplicates_mut(&mut self) {
[INFO] [stdout]     |        ^^^^^^^^^^^^^^^^^^^^
[INFO] [stdout]     |
[INFO] [stdout]     = note: `#[warn(dead_code)]` (part of `#[warn(unused)]`) on by default
[INFO] [stdout] 
[INFO] [stdout] 
[INFO] [stderr] warning: unused dependency `env_logger`
[INFO] [stderr]   --> Cargo.toml:11:15
[INFO] [stderr]    |
[INFO] [stderr] 11 | [dependencies.env_logger]
[INFO] [stderr]    |               ^^^^^^^^^^^
[INFO] [stderr]    |
[INFO] [stderr]    = note: `cargo::unused_dependencies` is set to `warn` by default
[INFO] [stderr] help: consider removing the dependency on `env_logger`
[INFO] [stderr] help: to still use for development builds, move to `dev-dependencies`
[INFO] [stderr] warning: `diskspace_insight` (manifest) generated 1 warning
[INFO] [stderr]     Finished `release` profile [optimized] target(s) in 1m 53s
[INFO] running `Command { std: "docker" "inspect" "ef1a0d2b4940b890ea3334e0d093d3133b5b2d0800775f9d72331c0ae5b4ef3f", kill_on_drop: false }`
[INFO] running `Command { std: "docker" "exec" "-e" "SOURCE_DIR=/opt/rustwide/workdir" "-e" "CARGO_HOME=/opt/rustwide/cargo-home" "-e" "RUSTUP_HOME=/opt/rustwide/rustup-home" "-e" "CARGO_TARGET_DIR=/opt/rustwide/target" "-e" "CARGO_INCREMENTAL=0" "-e" "RUST_BACKTRACE=full" "-e" "RUSTFLAGS=--cap-lints=warn" "-e" "RUSTDOCFLAGS=--cap-lints=warn" "-w" "/opt/rustwide/workdir" "--user" "0:0" "ef1a0d2b4940b890ea3334e0d093d3133b5b2d0800775f9d72331c0ae5b4ef3f" "/opt/rustwide/cargo-home/bin/cargo" "+1.100.0-beta.1" "test" "--frozen" "--release", kill_on_drop: false }`
[INFO] [stderr] warning: unused import: `info`
[INFO] [stderr]  --> src/lib.rs:5:11
[INFO] [stderr]   |
[INFO] [stderr] 5 | use log::{info, error, debug};
[INFO] [stderr]   |           ^^^^
[INFO] [stderr]   |
[INFO] [stderr]   = note: `#[warn(unused_imports)]` (part of `#[warn(unused)]`) on by default
[INFO] [stderr] 
[INFO] [stderr] warning: use of deprecated constant `std::u128::MAX`: replaced by the `MAX` associated constant on this type
[INFO] [stderr]    --> src/lib.rs:334:46
[INFO] [stderr]     |
[INFO] [stderr] 334 |     scan_callback(source, |_| {}, std::u128::MAX)
[INFO] [stderr]     |                                              ^^^
[INFO] [stderr]     |
[INFO] [stderr]     = note: `#[warn(deprecated)]` on by default
[INFO] [stderr] 
[INFO] [stderr] warning: method `build_duplicates_mut` is never used
[INFO] [stderr]    --> src/lib.rs:212:8
[INFO] [stderr]     |
[INFO] [stderr] 152 | impl DirInfo {
[INFO] [stderr]     | ------------ method in this implementation
[INFO] [stderr] ...
[INFO] [stderr] 212 |     fn build_duplicates_mut(&mut self) {
[INFO] [stderr]     |        ^^^^^^^^^^^^^^^^^^^^
[INFO] [stderr]     |
[INFO] [stderr]     = note: `#[warn(dead_code)]` (part of `#[warn(unused)]`) on by default
[INFO] [stderr] 
[INFO] [stderr] warning: `diskspace_insight` (lib) generated 3 warnings (run `cargo fix --lib -p diskspace_insight` to apply 1 suggestion)
[INFO] [stderr] warning: `diskspace_insight` (lib test) generated 3 warnings (3 duplicates)
[INFO] [stderr] warning: unused dependency `env_logger`
[INFO] [stderr]   --> Cargo.toml:11:15
[INFO] [stderr]    |
[INFO] [stderr] 11 | [dependencies.env_logger]
[INFO] [stderr]    |               ^^^^^^^^^^^
[INFO] [stderr]    |
[INFO] [stderr]    = note: `cargo::unused_dependencies` is set to `warn` by default
[INFO] [stderr] help: consider removing the dependency on `env_logger`
[INFO] [stderr] help: to still use for development builds, move to `dev-dependencies`
[INFO] [stderr] warning: `diskspace_insight` (manifest) generated 1 warning
[INFO] [stderr]     Finished `release` profile [optimized] target(s) in 0.26s
[INFO] [stderr]      Running unittests src/lib.rs (/opt/rustwide/target/release/build/diskspace_insight/572dab7ec9225199/out/diskspace_insight-572dab7ec9225199)
[INFO] [stdout] 
[INFO] [stdout] running 3 tests
[INFO] [stderr] [2026-10-18T07:55:32Z INFO  diskspace_insight::tests] Running archive test
[INFO] [stderr] [2026-10-18T07:55:32Z INFO  diskspace_insight::tests] ""
[INFO] [stderr] [2026-10-18T07:55:32Z INFO  diskspace_insight::tests] Err(Error { depth: 0, inner: Io { path: Some("test"), err: Os { code: 2, kind: NotFound, message: "No such file or directory" } } })
[INFO] [stdout] test tests::walk ... ok
[INFO] [stderr] [2026-10-18T07:55:32Z INFO  diskspace_insight::tests] === Files By Size
[INFO] [stderr] [2026-10-18T07:55:32Z INFO  diskspace_insight::tests] === Dirs By Size
[INFO] [stderr] [2026-10-18T07:55:32Z INFO  diskspace_insight::tests] === Dirs By Combined Size
[INFO] [stderr] [2026-10-18T07:55:32Z INFO  diskspace_insight::tests] === Duplicates
[INFO] [stderr] [2026-10-18T07:55:32Z INFO  diskspace_insight::tests] {}
[INFO] [stdout] test tests::tree ... ok
[INFO] [stderr] [2026-10-18T07:55:32Z INFO  diskspace_insight::tests] ""
[INFO] [stdout] test tests::zip ... FAILED
[INFO] [stdout] 
[INFO] [stdout] failures:
[INFO] [stdout] 
[INFO] [stdout] ---- tests::zip stdout ----
[INFO] [stdout] 
[INFO] [stdout] thread 'tests::zip' (3042) panicked at src/lib.rs:340:52:
[INFO] [stdout] called `Result::unwrap()` on an `Err` value: Os { code: 2, kind: NotFound, message: "No such file or directory" }
[INFO] [stdout] stack backtrace:
[INFO] [stdout]    0:     0x632539319091 - <<std[617be2ca0a6fd877]::sys::backtrace::BacktraceLock>::print::DisplayBacktrace as core[a373ad73a504971]::fmt::Display>::fmt
[INFO] [stdout]    1:     0x63253933015a - core[a373ad73a504971]::fmt::write
[INFO] [stdout]    2:     0x63253931e00c - <alloc[2e1b2a31b91974c5]::vec::Vec<u8> as core[a373ad73a504971]::io::write::Write>::write_fmt
[INFO] [stdout]    3:     0x6325392f3e96 - std[617be2ca0a6fd877]::panicking::default_hook::{closure#0}
[INFO] [stdout]    4:     0x6325393110e9 - std[617be2ca0a6fd877]::panicking::default_hook
[INFO] [stdout]    5:     0x6325391d0330 - test[aada8e7e76ba119b]::test_main_inner::{closure#0}
[INFO] [stdout]    6:     0x632539311412 - std[617be2ca0a6fd877]::panicking::panic_with_hook
[INFO] [stdout]    7:     0x6325392f3f42 - std[617be2ca0a6fd877]::panicking::panic_handler::{closure#0}
[INFO] [stdout]    8:     0x6325392ec3b9 - std[617be2ca0a6fd877]::sys::backtrace::__rust_end_short_backtrace::<std[617be2ca0a6fd877]::panicking::panic_handler::{closure#0}, !>
[INFO] [stdout]    9:     0x6325392f4cfd - __rustc[ea4f61d10b84890b]::rust_begin_unwind
[INFO] [stdout]   10:     0x63253933093c - core[a373ad73a504971]::panicking::panic_fmt
[INFO] [stdout]   11:     0x632539330712 - core[a373ad73a504971]::result::unwrap_failed
[INFO] [stdout]   12:     0x63253913fee9 - diskspace_insight[53747df1234aa8bd]::scan_archive::<&str>
[INFO] [stdout]   13:     0x63253914acc3 - <diskspace_insight[53747df1234aa8bd]::tests::zip::{closure#0} as core[a373ad73a504971]::ops::function::FnOnce<()>>::call_once
[INFO] [stdout]   14:     0x6325391c377b - test[aada8e7e76ba119b]::__rust_begin_short_backtrace::<core[a373ad73a504971]::result::Result<(), alloc[2e1b2a31b91974c5]::string::String>, fn() -> core[a373ad73a504971]::result::Result<(), alloc[2e1b2a31b91974c5]::string::String>>
[INFO] [stdout]   15:     0x6325391d0955 - test[aada8e7e76ba119b]::run_test::{closure#0}
[INFO] [stdout]   16:     0x6325391ca244 - std[617be2ca0a6fd877]::sys::backtrace::__rust_begin_short_backtrace::<test[aada8e7e76ba119b]::run_test::{closure#1}, ()>
[INFO] [stdout]   17:     0x6325391d39e2 - <std[617be2ca0a6fd877]::thread::lifecycle::spawn_unchecked<test[aada8e7e76ba119b]::run_test::{closure#1}, ()>::{closure#1} as core[a373ad73a504971]::ops::function::FnOnce<()>>::call_once::{shim:vtable#0}
[INFO] [stdout]   18:     0x6325393188df - <std[617be2ca0a6fd877]::sys::thread::unix::Thread>::new::thread_start
[INFO] [stdout]   19:     0x7a47b0a96dfa - <unknown>
[INFO] [stdout]   20:     0x7a47b0b2a3d4 - clone
[INFO] [stdout]   21:                0x0 - <unknown>
[INFO] [stdout] 
[INFO] [stdout] 
[INFO] [stdout] failures:
[INFO] [stdout]     tests::zip
[INFO] [stdout] 
[INFO] [stdout] test result: FAILED. 2 passed; 1 failed; 0 ignored; 0 measured; 0 filtered out; finished in 0.14s
[INFO] [stdout] 
[INFO] [stderr] error: test failed, to rerun pass `--lib`
[INFO] running `Command { std: "docker" "inspect" "ef1a0d2b4940b890ea3334e0d093d3133b5b2d0800775f9d72331c0ae5b4ef3f", kill_on_drop: false }`
[INFO] running `Command { std: "docker" "rm" "-f" "ef1a0d2b4940b890ea3334e0d093d3133b5b2d0800775f9d72331c0ae5b4ef3f", kill_on_drop: false }`
[INFO] [stdout] ef1a0d2b4940b890ea3334e0d093d3133b5b2d0800775f9d72331c0ae5b4ef3f
