[INFO] fetching crate diskonaut-x 1.0.1...
[INFO] testing diskonaut-x-1.0.1 against 1.100.0-beta.1+cargoflags=--release for beta-release-1.100-2
[INFO] extracting crate diskonaut-x 1.0.1 into /workspace/builds/worker-2-tc2/source
[INFO] removed /workspace/builds/worker-2-tc2/source/.cargo/config.toml
[INFO] started tweaking crates.io crate diskonaut-x 1.0.1
[INFO] finished tweaking crates.io crate diskonaut-x 1.0.1
[INFO] tweaked toml for crates.io crate diskonaut-x 1.0.1 written to /workspace/builds/worker-2-tc2/source/Cargo.toml
[INFO] validating manifest of crates.io crate diskonaut-x 1.0.1 on toolchain 1.100.0-beta.1
[INFO] running `Command { std: CARGO_HOME="/workspace/cargo-home" RUSTUP_HOME="/workspace/rustup-home" "/workspace/cargo-home/bin/cargo" "+1.100.0-beta.1" "metadata" "--manifest-path" "Cargo.toml" "--no-deps", kill_on_drop: false }`
[INFO] crate crates.io crate diskonaut-x 1.0.1 already has a lockfile, it will not be regenerated
[INFO] running `Command { std: CARGO_HOME="/workspace/cargo-home" RUSTUP_HOME="/workspace/rustup-home" "/workspace/cargo-home/bin/cargo" "+1.100.0-beta.1" "fetch" "--manifest-path" "Cargo.toml", kill_on_drop: false }`
[INFO] [stderr] warning: `package.homepage` is redundant with `package.repository`
[INFO] [stderr]   --> Cargo.toml:60:12
[INFO] [stderr]    |
[INFO] [stderr] 60 | homepage = "https://github.com/kfkonrad/diskonaut"
[INFO] [stderr]    |            ^^^^^^^^^^^^^^^^^^^^^^^^^^^^^^^^^^^^^^^
[INFO] [stderr] ...
[INFO] [stderr] 65 | repository = "https://github.com/kfkonrad/diskonaut"
[INFO] [stderr]    |              ---------------------------------------
[INFO] [stderr]    |
[INFO] [stderr]    = note: `cargo::redundant_homepage` is set to `warn` by default
[INFO] [stderr] help: consider removing `package.homepage`
[INFO] [stderr] warning: `diskonaut-x` (manifest) generated 1 warning
[INFO] running `Command { std: "docker" "create" "-v" "/var/lib/crater-agent-workspace/builds/worker-2-tc2/source:/opt/rustwide/workdir:ro,Z" "-v" "/var/lib/crater-agent-workspace/builds/worker-2-tc2/target:/opt/rustwide/target:rw,Z" "-v" "/var/lib/crater-agent-workspace/cargo-home:/opt/rustwide/cargo-home:ro,Z" "-v" "/var/lib/crater-agent-workspace/rustup-home:/opt/rustwide/rustup-home:ro,Z" "-m" "1610612736" "--network" "none" "ghcr.io/rust-lang/crates-build-env/linux@sha256:77db811e55d90add9212f6832c23229e3de5f1c1f9905e8cb07319ea15df73ac" "sleep" "infinity", kill_on_drop: false }`
[INFO] [stdout] 28ec6e808860957bcd55b693428029694c01cdbb154da1ed8494299c7a324654
[INFO] running `Command { std: "docker" "start" "28ec6e808860957bcd55b693428029694c01cdbb154da1ed8494299c7a324654", kill_on_drop: false }`
[INFO] running `Command { std: "docker" "inspect" "28ec6e808860957bcd55b693428029694c01cdbb154da1ed8494299c7a324654", kill_on_drop: false }`
[INFO] running `Command { std: "docker" "exec" "-e" "SOURCE_DIR=/opt/rustwide/workdir" "-e" "CARGO_HOME=/opt/rustwide/cargo-home" "-e" "RUSTUP_HOME=/opt/rustwide/rustup-home" "-e" "CARGO_TARGET_DIR=/opt/rustwide/target" "-w" "/opt/rustwide/workdir" "--user" "0:0" "28ec6e808860957bcd55b693428029694c01cdbb154da1ed8494299c7a324654" "/opt/rustwide/cargo-home/bin/cargo" "+1.100.0-beta.1" "metadata" "--no-deps" "--format-version=1", kill_on_drop: false }`
[INFO] running `Command { std: "docker" "inspect" "28ec6e808860957bcd55b693428029694c01cdbb154da1ed8494299c7a324654", kill_on_drop: false }`
[INFO] running `Command { std: "docker" "exec" "-e" "SOURCE_DIR=/opt/rustwide/workdir" "-e" "CARGO_HOME=/opt/rustwide/cargo-home" "-e" "RUSTUP_HOME=/opt/rustwide/rustup-home" "-e" "CARGO_TARGET_DIR=/opt/rustwide/target" "-e" "CARGO_INCREMENTAL=0" "-e" "RUST_BACKTRACE=full" "-e" "RUSTFLAGS=--cap-lints=warn" "-e" "RUSTDOCFLAGS=--cap-lints=warn" "-w" "/opt/rustwide/workdir" "--user" "0:0" "28ec6e808860957bcd55b693428029694c01cdbb154da1ed8494299c7a324654" "/opt/rustwide/cargo-home/bin/cargo" "+1.100.0-beta.1" "build" "--frozen" "--message-format=json" "--release", kill_on_drop: false }`
[INFO] [stderr] warning: `package.homepage` is redundant with `package.repository`
[INFO] [stderr]   --> Cargo.toml:60:12
[INFO] [stderr]    |
[INFO] [stderr] 60 | homepage = "https://github.com/kfkonrad/diskonaut"
[INFO] [stderr]    |            ^^^^^^^^^^^^^^^^^^^^^^^^^^^^^^^^^^^^^^^
[INFO] [stderr] ...
[INFO] [stderr] 65 | repository = "https://github.com/kfkonrad/diskonaut"
[INFO] [stderr]    |              ---------------------------------------
[INFO] [stderr]    |
[INFO] [stderr]    = note: `cargo::redundant_homepage` is set to `warn` by default
[INFO] [stderr] help: consider removing `package.homepage`
[INFO] [stderr] warning: `diskonaut-x` (manifest) generated 1 warning
[INFO] [stderr]    Compiling proc-macro2 v1.0.106
[INFO] [stderr]    Compiling unicode-ident v1.0.24
[INFO] [stderr]    Compiling quote v1.0.45
[INFO] [stderr]    Compiling libc v0.2.186
[INFO] [stderr]    Compiling crossbeam-utils v0.8.21
[INFO] [stderr]    Compiling cfg-if v1.0.4
[INFO] [stderr]    Compiling heck v0.5.0
[INFO] [stderr]    Compiling rustversion v1.0.22
[INFO] [stderr]    Compiling bitflags v2.11.1
[INFO] [stderr]    Compiling either v1.15.0
[INFO] [stderr]    Compiling equivalent v1.0.2
[INFO] [stderr]    Compiling thiserror v2.0.18
[INFO] [stderr]    Compiling ident_case v1.0.1
[INFO] [stderr]    Compiling foldhash v0.2.0
[INFO] [stderr]    Compiling allocator-api2 v0.2.21
[INFO] [stderr]    Compiling strsim v0.11.1
[INFO] [stderr]    Compiling signal-hook v0.3.18
[INFO] [stderr]    Compiling unicode-segmentation v1.13.2
[INFO] [stderr]    Compiling parking_lot_core v0.9.12
[INFO] [stderr]    Compiling static_assertions v1.1.0
[INFO] [stderr]    Compiling smallvec v1.15.1
[INFO] [stderr]    Compiling itoa v1.0.18
[INFO] [stderr]    Compiling unicode-width v0.2.2
[INFO] [stderr]    Compiling itertools v0.14.0
[INFO] [stderr]    Compiling rustix v1.1.4
[INFO] [stderr]    Compiling scopeguard v1.2.0
[INFO] [stderr]    Compiling instability v0.3.12
[INFO] [stderr]    Compiling indoc v2.0.7
[INFO] [stderr]    Compiling ryu v1.0.23
[INFO] [stderr]    Compiling convert_case v0.10.0
[INFO] [stderr]    Compiling log v0.4.29
[INFO] [stderr]    Compiling lock_api v0.4.14
[INFO] [stderr]    Compiling litrs v1.0.0
[INFO] [stderr]    Compiling powerfmt v0.2.0
[INFO] [stderr]    Compiling linux-raw-sys v0.12.1
[INFO] [stderr]    Compiling rayon-core v1.13.0
[INFO] [stderr]    Compiling autocfg v1.5.0
[INFO] [stderr]    Compiling utf8parse v0.2.2
[INFO] [stderr]    Compiling anstyle v1.0.14
[INFO] [stderr]    Compiling hashbrown v0.16.1
[INFO] [stderr]    Compiling anstyle-parse v1.0.0
[INFO] [stderr]    Compiling deranged v0.5.8
[INFO] [stderr]    Compiling colorchoice v1.0.5
[INFO] [stderr]    Compiling time-core v0.1.8
[INFO] [stderr]    Compiling num-conv v0.2.1
[INFO] [stderr]    Compiling castaway v0.2.4
[INFO] [stderr]    Compiling anstyle-query v1.1.5
[INFO] [stderr]    Compiling compact_str v0.9.0
[INFO] [stderr]    Compiling num_threads v0.1.7
[INFO] [stderr]    Compiling cfg_aliases v0.2.1
[INFO] [stderr]    Compiling is_terminal_polyfill v1.70.2
[INFO] [stderr]    Compiling line-clipping v0.3.7
[INFO] [stderr]    Compiling nix v0.31.3
[INFO] [stderr]    Compiling num-traits v0.2.19
[INFO] [stderr]    Compiling anstream v1.0.0
[INFO] [stderr]    Compiling document-features v0.2.12
[INFO] [stderr]    Compiling clap_lex v1.1.0
[INFO] [stderr]    Compiling anyhow v1.0.102
[INFO] [stderr]    Compiling filesize v0.2.0
[INFO] [stderr]    Compiling crossbeam-epoch v0.9.18
[INFO] [stderr]    Compiling crossbeam-queue v0.3.12
[INFO] [stderr]    Compiling crossbeam-channel v0.5.15
[INFO] [stderr]    Compiling clap_builder v4.6.0
[INFO] [stderr]    Compiling syn v2.0.117
[INFO] [stderr]    Compiling lru v0.16.4
[INFO] [stderr]    Compiling crossbeam-deque v0.8.6
[INFO] [stderr]    Compiling crossbeam v0.8.4
[INFO] [stderr]    Compiling errno v0.3.14
[INFO] [stderr]    Compiling mio v1.2.0
[INFO] [stderr]    Compiling rayon v1.12.0
[INFO] [stderr]    Compiling signal-hook-registry v1.4.8
[INFO] [stderr]    Compiling float-cmp v0.10.0
[INFO] [stderr]    Compiling time v0.3.47
[INFO] [stderr]    Compiling parking_lot v0.12.5
[INFO] [stderr]    Compiling signal-hook-mio v0.2.5
[INFO] [stderr]    Compiling unicode-truncate v2.0.1
[INFO] [stderr]    Compiling darling_core v0.23.0
[INFO] [stderr]    Compiling jwalk v0.8.1
[INFO] [stderr]    Compiling thiserror-impl v2.0.18
[INFO] [stderr]    Compiling strum_macros v0.27.2
[INFO] [stderr]    Compiling derive_more-impl v2.1.1
[INFO] [stderr]    Compiling clap_derive v4.6.1
[INFO] [stderr]    Compiling derive_more v2.1.1
[INFO] [stderr]    Compiling crossterm v0.29.0
[INFO] [stderr]    Compiling kasuari v0.4.12
[INFO] [stderr]    Compiling darling_macro v0.23.0
[INFO] [stderr]    Compiling darling v0.23.0
[INFO] [stderr]    Compiling clap v4.6.1
[INFO] [stderr]    Compiling strum v0.27.2
[INFO] [stderr]    Compiling ratatui-core v0.1.0
[INFO] [stderr]    Compiling ratatui-crossterm v0.1.0
[INFO] [stderr]    Compiling ratatui-widgets v0.3.0
[INFO] [stderr]    Compiling ratatui v0.30.0
[INFO] [stderr]    Compiling diskonaut-x v1.0.1 (/opt/rustwide/workdir)
[INFO] [stderr]     Finished `release` profile [optimized] target(s) in 53.64s
[INFO] [stderr] warning: the following packages contain code that will be rejected by a future version of Rust: nix v0.31.3
[INFO] [stderr] note: to see what the problems were, use the option `--future-incompat-report`, or run `cargo report future-incompatibilities --id 1`
[INFO] running `Command { std: "docker" "inspect" "28ec6e808860957bcd55b693428029694c01cdbb154da1ed8494299c7a324654", kill_on_drop: false }`
[INFO] running `Command { std: "docker" "exec" "-e" "SOURCE_DIR=/opt/rustwide/workdir" "-e" "CARGO_HOME=/opt/rustwide/cargo-home" "-e" "RUSTUP_HOME=/opt/rustwide/rustup-home" "-e" "CARGO_TARGET_DIR=/opt/rustwide/target" "-e" "CARGO_INCREMENTAL=0" "-e" "RUST_BACKTRACE=full" "-e" "RUSTFLAGS=--cap-lints=warn" "-e" "RUSTDOCFLAGS=--cap-lints=warn" "-w" "/opt/rustwide/workdir" "--user" "0:0" "28ec6e808860957bcd55b693428029694c01cdbb154da1ed8494299c7a324654" "/opt/rustwide/cargo-home/bin/cargo" "+1.100.0-beta.1" "test" "--frozen" "--no-run" "--message-format=json" "--release", kill_on_drop: false }`
[INFO] [stderr] warning: `package.homepage` is redundant with `package.repository`
[INFO] [stderr]   --> Cargo.toml:60:12
[INFO] [stderr]    |
[INFO] [stderr] 60 | homepage = "https://github.com/kfkonrad/diskonaut"
[INFO] [stderr]    |            ^^^^^^^^^^^^^^^^^^^^^^^^^^^^^^^^^^^^^^^
[INFO] [stderr] ...
[INFO] [stderr] 65 | repository = "https://github.com/kfkonrad/diskonaut"
[INFO] [stderr]    |              ---------------------------------------
[INFO] [stderr]    |
[INFO] [stderr]    = note: `cargo::redundant_homepage` is set to `warn` by default
[INFO] [stderr] help: consider removing `package.homepage`
[INFO] [stderr] warning: `diskonaut-x` (manifest) generated 1 warning
[INFO] [stderr]    Compiling cfg-if v1.0.4
[INFO] [stderr]    Compiling bitflags v2.11.1
[INFO] [stderr]    Compiling either v1.15.0
[INFO] [stderr]    Compiling allocator-api2 v0.2.21
[INFO] [stderr]    Compiling foldhash v0.2.0
[INFO] [stderr]    Compiling rustix v1.1.4
[INFO] [stderr]    Compiling equivalent v1.0.2
[INFO] [stderr]    Compiling linux-raw-sys v0.12.1
[INFO] [stderr]    Compiling libc v0.2.186
[INFO] [stderr]    Compiling crossbeam-utils v0.8.21
[INFO] [stderr]    Compiling smallvec v1.15.1
[INFO] [stderr]    Compiling castaway v0.2.4
[INFO] [stderr]    Compiling unicode-width v0.2.2
[INFO] [stderr]    Compiling thiserror v2.0.18
[INFO] [stderr]    Compiling unicode-segmentation v1.13.2
[INFO] [stderr]    Compiling ryu v1.0.23
[INFO] [stderr]    Compiling static_assertions v1.1.0
[INFO] [stderr]    Compiling scopeguard v1.2.0
[INFO] [stderr]    Compiling itoa v1.0.18
[INFO] [stderr]    Compiling log v0.4.29
[INFO] [stderr]    Compiling lock_api v0.4.14
[INFO] [stderr]    Compiling strum v0.27.2
[INFO] [stderr]    Compiling utf8parse v0.2.2
[INFO] [stderr]    Compiling getrandom v0.4.2
[INFO] [stderr]    Compiling powerfmt v0.2.0
[INFO] [stderr]    Compiling anstyle-parse v1.0.0
[INFO] [stderr]    Compiling compact_str v0.9.0
[INFO] [stderr]    Compiling derive_more v2.1.1
[INFO] [stderr]    Compiling is_terminal_polyfill v1.70.2
[INFO] [stderr]    Compiling deranged v0.5.8
[INFO] [stderr]    Compiling itertools v0.14.0
[INFO] [stderr]    Compiling anstyle v1.0.14
[INFO] [stderr]    Compiling colorchoice v1.0.5
[INFO] [stderr]    Compiling anstyle-query v1.1.5
[INFO] [stderr]    Compiling time-core v0.1.8
[INFO] [stderr]    Compiling num-conv v0.2.1
[INFO] [stderr]    Compiling num_threads v0.1.7
[INFO] [stderr]    Compiling line-clipping v0.3.7
[INFO] [stderr]    Compiling fastrand v2.4.1
[INFO] [stderr]    Compiling strsim v0.11.1
[INFO] [stderr]    Compiling clap_lex v1.1.0
[INFO] [stderr]    Compiling once_cell v1.21.4
[INFO] [stderr]    Compiling num-traits v0.2.19
[INFO] [stderr]    Compiling similar v2.7.0
[INFO] [stderr]    Compiling anyhow v1.0.102
[INFO] [stderr]    Compiling filesize v0.2.0
[INFO] [stderr]    Compiling anstream v1.0.0
[INFO] [stderr]    Compiling hashbrown v0.16.1
[INFO] [stderr]    Compiling clap_builder v4.6.0
[INFO] [stderr]    Compiling crossbeam-epoch v0.9.18
[INFO] [stderr]    Compiling crossbeam-channel v0.5.15
[INFO] [stderr]    Compiling crossbeam-queue v0.3.12
[INFO] [stderr]    Compiling kasuari v0.4.12
[INFO] [stderr]    Compiling lru v0.16.4
[INFO] [stderr]    Compiling crossbeam-deque v0.8.6
[INFO] [stderr]    Compiling rayon-core v1.13.0
[INFO] [stderr]    Compiling crossbeam v0.8.4
[INFO] [stderr]    Compiling float-cmp v0.10.0
[INFO] [stderr]    Compiling unicode-truncate v2.0.1
[INFO] [stderr]    Compiling ratatui-core v0.1.0
[INFO] [stderr]    Compiling rayon v1.12.0
[INFO] [stderr]    Compiling errno v0.3.14
[INFO] [stderr]    Compiling mio v1.2.0
[INFO] [stderr]    Compiling parking_lot_core v0.9.12
[INFO] [stderr]    Compiling time v0.3.47
[INFO] [stderr]    Compiling console v0.16.3
[INFO] [stderr]    Compiling nix v0.31.3
[INFO] [stderr]    Compiling signal-hook-registry v1.4.8
[INFO] [stderr]    Compiling signal-hook v0.3.18
[INFO] [stderr]    Compiling parking_lot v0.12.5
[INFO] [stderr]    Compiling signal-hook-mio v0.2.5
[INFO] [stderr]    Compiling crossterm v0.29.0
[INFO] [stderr]    Compiling tempfile v3.27.0
[INFO] [stderr]    Compiling insta v1.47.2
[INFO] [stderr]    Compiling ratatui-widgets v0.3.0
[INFO] [stderr]    Compiling clap v4.6.1
[INFO] [stderr]    Compiling ratatui-crossterm v0.1.0
[INFO] [stderr]    Compiling jwalk v0.8.1
[INFO] [stderr]    Compiling ratatui v0.30.0
[INFO] [stderr]    Compiling diskonaut-x v1.0.1 (/opt/rustwide/workdir)
[INFO] [stderr]     Finished `release` profile [optimized] target(s) in 1m 00s
[INFO] [stderr] warning: the following packages contain code that will be rejected by a future version of Rust: nix v0.31.3
[INFO] [stderr] note: to see what the problems were, use the option `--future-incompat-report`, or run `cargo report future-incompatibilities --id 1`
[INFO] running `Command { std: "docker" "inspect" "28ec6e808860957bcd55b693428029694c01cdbb154da1ed8494299c7a324654", kill_on_drop: false }`
[INFO] running `Command { std: "docker" "exec" "-e" "SOURCE_DIR=/opt/rustwide/workdir" "-e" "CARGO_HOME=/opt/rustwide/cargo-home" "-e" "RUSTUP_HOME=/opt/rustwide/rustup-home" "-e" "CARGO_TARGET_DIR=/opt/rustwide/target" "-e" "CARGO_INCREMENTAL=0" "-e" "RUST_BACKTRACE=full" "-e" "RUSTFLAGS=--cap-lints=warn" "-e" "RUSTDOCFLAGS=--cap-lints=warn" "-w" "/opt/rustwide/workdir" "--user" "0:0" "28ec6e808860957bcd55b693428029694c01cdbb154da1ed8494299c7a324654" "/opt/rustwide/cargo-home/bin/cargo" "+1.100.0-beta.1" "test" "--frozen" "--release", kill_on_drop: false }`
[INFO] [stderr] warning: `package.homepage` is redundant with `package.repository`
[INFO] [stderr]   --> Cargo.toml:60:12
[INFO] [stderr]    |
[INFO] [stderr] 60 | homepage = "https://github.com/kfkonrad/diskonaut"
[INFO] [stderr]    |            ^^^^^^^^^^^^^^^^^^^^^^^^^^^^^^^^^^^^^^^
[INFO] [stderr] ...
[INFO] [stderr] 65 | repository = "https://github.com/kfkonrad/diskonaut"
[INFO] [stderr]    |              ---------------------------------------
[INFO] [stderr]    |
[INFO] [stderr]    = note: `cargo::redundant_homepage` is set to `warn` by default
[INFO] [stderr] help: consider removing `package.homepage`
[INFO] [stderr] warning: `diskonaut-x` (manifest) generated 1 warning
[INFO] [stderr]     Finished `release` profile [optimized] target(s) in 0.23s
[INFO] [stderr] warning: the following packages contain code that will be rejected by a future version of Rust: nix v0.31.3
[INFO] [stderr] note: to see what the problems were, use the option `--future-incompat-report`, or run `cargo report future-incompatibilities --id 1`
[INFO] [stderr]      Running unittests src/main.rs (/opt/rustwide/target/release/build/diskonaut-x/b5b2c7c5a3482708/out/diskonaut-b5b2c7c5a3482708)
[INFO] [stdout] 
[INFO] [stdout] running 45 tests
[INFO] [stdout] test tests::cases::ui::empty_folder ... FAILED
[INFO] [stdout] test tests::cases::ui::cant_delete_file_with_term_too_small ... ok
[INFO] [stdout] test tests::cases::ui::clear_selection_when_moving_off_screen_edges ... FAILED
[INFO] [stdout] test tests::cases::ui::delete_file_press_n ... FAILED
[INFO] [stdout] test tests::cases::ui::enter_folder_medium_width ... FAILED
[INFO] [stdout] test tests::cases::ui::enter_folder ... FAILED
[INFO] [stdout] test tests::cases::ui::delete_file_no_confirmation ... FAILED
[INFO] [stdout] test tests::cases::ui::delete_file ... FAILED
[INFO] [stdout] test tests::cases::ui::delete_folder ... FAILED
[INFO] [stdout] test tests::cases::ui::delete_folder_with_multiple_children_no_confirmation ... FAILED
[INFO] [stdout] test tests::cases::ui::delete_folder_small_window_no_confirmation ... FAILED
[INFO] [stdout] test tests::cases::ui::delete_folder_small_window ... FAILED
[INFO] [stdout] test tests::cases::ui::delete_folder_with_multiple_children ... FAILED
[INFO] [stdout] test tests::cases::ui::delete_folder_no_confirmation ... FAILED
[INFO] [stdout] test tests::cases::ui::files_with_size_zero ... FAILED
[INFO] [stdout] test tests::cases::ui::enter_folder_small_width ... FAILED
[INFO] [stdout] test tests::cases::ui::enter_largest_folder_with_no_selected_tile ... FAILED
[INFO] [stdout] test tests::cases::ui::medium_width ... FAILED
[INFO] [stdout] test tests::cases::ui::permission_denied_when_deleting_no_confirmation ... FAILED
[INFO] [stdout] test tests::cases::ui::esc_to_go_up ... FAILED
[INFO] [stdout] test tests::cases::ui::permission_denied_when_deleting ... FAILED
[INFO] [stdout] test tests::cases::ui::pressing_delete_with_no_selected_tile ... FAILED
[INFO] [stdout] test tests::cases::ui::too_small_height ... ok
[INFO] [stdout] test tests::cases::ui::move_down_and_enter_folder ... FAILED
[INFO] [stdout] test tests::cases::ui::too_small_width_five ... ok
[INFO] [stdout] test tests::cases::ui::too_small_width_four ... ok
[INFO] [stdout] test tests::cases::ui::eleven_files ... FAILED
[INFO] [stdout] test tests::cases::ui::too_small_width_three ... ok
[INFO] [stdout] test tests::cases::ui::move_up_and_enter_folder ... FAILED
[INFO] [stdout] test ui::format::truncate::tests::truncate_middle_char_boundary ... ok
[INFO] [stdout] test tests::cases::ui::too_small_width_two ... ok
[INFO] [stdout] test tests::cases::ui::noop_when_entering_file ... FAILED
[INFO] [stdout] test tests::cases::ui::move_left_and_enter_folder ... FAILED
[INFO] [stdout] test tests::cases::ui::move_right_and_enter_folder ... FAILED
[INFO] [stdout] test tests::cases::ui::too_small_width_one ... ok
[INFO] [stdout] test tests::cases::ui::noop_when_pressing_esc_at_base_folder ... FAILED
[INFO] [stdout] test tests::cases::ui::small_width_long_folder_name ... FAILED
[INFO] [stdout] test tests::cases::ui::small_width ... FAILED
[INFO] [stdout] test tests::cases::ui::two_large_files_one_small_file ... FAILED
[INFO] [stdout] test tests::cases::ui::minimum_tile_sides ... FAILED
[INFO] [stdout] test tests::cases::ui::small_files_with_y_as_zero ... FAILED
[INFO] [stdout] test tests::cases::ui::cannot_move_into_small_files ... FAILED
[INFO] [stdout] test tests::cases::ui::small_files ... FAILED
[INFO] [stdout] test tests::cases::ui::small_files_with_x_as_zero ... FAILED
[INFO] [stdout] test tests::cases::ui::zoom_into_small_files ... FAILED
[INFO] [stdout] 
[INFO] [stdout] failures:
[INFO] [stdout] 
[INFO] [stdout] ---- tests::cases::ui::empty_folder stdout ----
[INFO] [stdout] ━━━━━━━━━━━━━━━━━━━━━━━━━━━━━━━ Snapshot Summary ━━━━━━━━━━━━━━━━━━━━━━━━━━━━━━━
[INFO] [stdout] Snapshot file: src/tests/cases/snapshots/diskonaut__tests__cases__ui__empty_folder.snap
[INFO] [stdout] Snapshot: empty_folder
[INFO] [stdout] Source: src/tests/cases/ui.rs:2783
[INFO] [stdout] ────────────────────────────────────────────────────────────────────────────────
[INFO] [stdout] Expression: &terminal_draw_events_mirror[0]
[INFO] [stdout] ────────────────────────────────────────────────────────────────────────────────
[INFO] [stdout] -old snapshot
[INFO] [stdout] +new results
[INFO] [stdout] ────────────┬───────────────────────────────────────────────────────────────────
[INFO] [stdout]     1       │- Total: 0 (0 files), freed: 0 | /tmp/diskonaut_tests/empty_folder                                                                                                                             
[INFO] [stdout]           1 │+ Total: 0 (0 files), freed: 0 (CAUTION: running as root) | /tmp/diskonaut_tests/empty_folder                                                                                                  
[INFO] [stdout]     2     2 │ ┌────────────────────────────────────────────────────────────────────────────────────────────────────────────────────────────────────────────────────────────────────────────────────────────┐
[INFO] [stdout]     3     3 │ │████████████████████████████████████████████████████████████████████████████████████████████████████████████████████████████████████████████████████████████████████████████████████████████│
[INFO] [stdout]     4     4 │ │████████████████████████████████████████████████████████████████████████████████████████████████████████████████████████████████████████████████████████████████████████████████████████████│
[INFO] [stdout]     5     5 │ │████████████████████████████████████████████████████████████████████████████████████████████████████████████████████████████████████████████████████████████████████████████████████████████│
[INFO] [stdout] ────────────┴───────────────────────────────────────────────────────────────────
[INFO] [stdout] 
[INFO] [stdout] thread 'tests::cases::ui::empty_folder' (2165) panicked at src/tests/cases/ui.rs:2783:5:
[INFO] [stdout] called `Result::unwrap()` on an `Err` value: FileIo(Os { code: 30, kind: ReadOnlyFilesystem, message: "Read-only file system" }, "/opt/rustwide/workdir/src/tests/cases/snapshots/diskonaut__tests__cases__ui__empty_folder.snap.new")
[INFO] [stdout] stack backtrace:
[INFO] [stdout]    0:     0x63e4ecf1d055 - <unknown>
[INFO] [stdout]    1:     0x63e4ecebe974 - <unknown>
[INFO] [stdout]    2:     0x63e4ecf1c6fb - <unknown>
[INFO] [stdout]    3:     0x63e4ecf1c2f9 - <unknown>
[INFO] [stdout]    4:     0x63e4ecf1bf7a - <unknown>
[INFO] [stdout]    5:     0x63e4ecf1baab - <unknown>
[INFO] [stdout]    6:     0x63e4ecf41971 - <unknown>
[INFO] [stdout]    7:     0x63e4ecf41929 - <unknown>
[INFO] [stdout]    8:     0x63e4ecf41e1c - <unknown>
[INFO] [stdout]    9:     0x63e4ecebe80b - <unknown>
[INFO] [stdout]   10:     0x63e4ecec22a1 - <unknown>
[INFO] [stdout]   11:     0x63e4ece96521 - <unknown>
[INFO] [stdout]   12:     0x63e4ecf5e62b - <unknown>
[INFO] [stdout]   13:     0x63e4ecf5a896 - <unknown>
[INFO] [stdout]   14:     0x63e4ecf5a0bc - <unknown>
[INFO] [stdout]   15:     0x63e4ecf7639c - <unknown>
[INFO] [stdout]   16:     0x63e4ecf436b8 - <unknown>
[INFO] [stdout]   17:     0x7eb5018ffdfa - <unknown>
[INFO] [stdout]   18:     0x7eb5019933d4 - clone
[INFO] [stdout]   19:                0x0 - <unknown>
[INFO] [stdout] 
[INFO] [stdout] ---- tests::cases::ui::clear_selection_when_moving_off_screen_edges stdout ----
[INFO] [stdout] ━━━━━━━━━━━━━━━━━━━━━━━━━━━━━━━ Snapshot Summary ━━━━━━━━━━━━━━━━━━━━━━━━━━━━━━━
[INFO] [stdout] Snapshot file: src/tests/cases/snapshots/diskonaut__tests__cases__ui__clear_selection_when_moving_off_screen_edges.snap
[INFO] [stdout] Snapshot: clear_selection_when_moving_off_screen_edges
[INFO] [stdout] Source: src/tests/cases/ui.rs:1458
[INFO] [stdout] ────────────────────────────────────────────────────────────────────────────────
[INFO] [stdout] Expression: &terminal_draw_events_mirror[0]
[INFO] [stdout] ────────────────────────────────────────────────────────────────────────────────
[INFO] [stdout] -old snapshot
[INFO] [stdout] +new results
[INFO] [stdout] ────────────┬───────────────────────────────────────────────────────────────────
[INFO] [stdout]     1       │- Total: 12.0K (3 files), freed: 0 | /tmp/diskonaut_tests/noop_when_moving_off_screen_edges                                                                                                    
[INFO] [stdout]           1 │+ Total: 12.0K (3 files), freed: 0 (CAUTION: running as root) | /tmp/diskonaut_tests/noop_when_moving_off_screen_edges                                                                         
[INFO] [stdout]     2     2 │ ┌─────────────────────────────────────────────────────────────────────────────────────────────────────────────────────────────┬──────────────────────────────────────────────────────────────┐
[INFO] [stdout]     3     3 │ │                                                                                                                             │                                                              │
[INFO] [stdout]     4     4 │ │                                                                                                                             │                                                              │
[INFO] [stdout]     5     5 │ │                                                                                                                             │                                                              │
[INFO] [stdout] ────────────┴───────────────────────────────────────────────────────────────────
[INFO] [stdout] 
[INFO] [stdout] thread 'tests::cases::ui::clear_selection_when_moving_off_screen_edges' (2154) panicked at src/tests/cases/ui.rs:1458:5:
[INFO] [stdout] called `Result::unwrap()` on an `Err` value: FileIo(Os { code: 30, kind: ReadOnlyFilesystem, message: "Read-only file system" }, "/opt/rustwide/workdir/src/tests/cases/snapshots/diskonaut__tests__cases__ui__clear_selection_when_moving_off_screen_edges.snap.new")
[INFO] [stdout] stack backtrace:
[INFO] [stdout]    0:     0x63e4ecf1d055 - <unknown>
[INFO] [stdout]    1:     0x63e4ecebe974 - <unknown>
[INFO] [stdout]    2:     0x63e4ecf1c6fb - <unknown>
[INFO] [stdout]    3:     0x63e4ecf1c2f9 - <unknown>
[INFO] [stdout]    4:     0x63e4ecf1bf7a - <unknown>
[INFO] [stdout]    5:     0x63e4ecf1baab - <unknown>
[INFO] [stdout]    6:     0x63e4ecf41971 - <unknown>
[INFO] [stdout]    7:     0x63e4ecf41929 - <unknown>
[INFO] [stdout]    8:     0x63e4ecf41e1c - <unknown>
[INFO] [stdout]    9:     0x63e4ecebe80b - <unknown>
[INFO] [stdout]   10:     0x63e4ecec22a1 - <unknown>
[INFO] [stdout]   11:     0x63e4eceb7821 - <unknown>
[INFO] [stdout]   12:     0x63e4ecf5e62b - <unknown>
[INFO] [stdout]   13:     0x63e4ecf5a896 - <unknown>
[INFO] [stdout]   14:     0x63e4ecf5a0bc - <unknown>
[INFO] [stdout]   15:     0x63e4ecf7639c - <unknown>
[INFO] [stdout]   16:     0x63e4ecf436b8 - <unknown>
[INFO] [stdout]   17:     0x7eb5018ffdfa - <unknown>
[INFO] [stdout]   18:     0x7eb5019933d4 - clone
[INFO] [stdout]   19:                0x0 - <unknown>
[INFO] [stdout] 
[INFO] [stdout] ---- tests::cases::ui::delete_file_press_n stdout ----
[INFO] [stdout] ━━━━━━━━━━━━━━━━━━━━━━━━━━━━━━━ Snapshot Summary ━━━━━━━━━━━━━━━━━━━━━━━━━━━━━━━
[INFO] [stdout] Snapshot file: src/tests/cases/snapshots/diskonaut__tests__cases__ui__delete_file_press_n.snap
[INFO] [stdout] Snapshot: delete_file_press_n
[INFO] [stdout] Source: src/tests/cases/ui.rs:2711
[INFO] [stdout] ────────────────────────────────────────────────────────────────────────────────
[INFO] [stdout] Expression: &terminal_draw_events_mirror[0]
[INFO] [stdout] ────────────────────────────────────────────────────────────────────────────────
[INFO] [stdout] -old snapshot
[INFO] [stdout] +new results
[INFO] [stdout] ────────────┬───────────────────────────────────────────────────────────────────
[INFO] [stdout]     1       │- Total: 12.0K (4 files), freed: 0 | /tmp/diskonaut_tests/delete_file_press_n                                                                                                                  
[INFO] [stdout]           1 │+ Total: 12.0K (4 files), freed: 0 (CAUTION: running as root) | /tmp/diskonaut_tests/delete_file_press_n                                                                                       
[INFO] [stdout]     2     2 │ ┌─────────────────────────────────────────────────────────────────────────────────────────────────────────────────────────────┬──────────────────────────────────────────────────────────────┐
[INFO] [stdout]     3     3 │ │                                                                                                                             │                                                              │
[INFO] [stdout]     4     4 │ │                                                                                                                             │                                                              │
[INFO] [stdout]     5     5 │ │                                                                                                                             │                                                              │
[INFO] [stdout] ────────────┴───────────────────────────────────────────────────────────────────
[INFO] [stdout] 
[INFO] [stdout] thread 'tests::cases::ui::delete_file_press_n' (2157) panicked at src/tests/cases/ui.rs:2711:5:
[INFO] [stdout] called `Result::unwrap()` on an `Err` value: FileIo(Os { code: 30, kind: ReadOnlyFilesystem, message: "Read-only file system" }, "/opt/rustwide/workdir/src/tests/cases/snapshots/diskonaut__tests__cases__ui__delete_file_press_n.snap.new")
[INFO] [stdout] stack backtrace:
[INFO] [stdout]    0:     0x63e4ecf1d055 - <unknown>
[INFO] [stdout]    1:     0x63e4ecebe974 - <unknown>
[INFO] [stdout]    2:     0x63e4ecf1c6fb - <unknown>
[INFO] [stdout]    3:     0x63e4ecf1c2f9 - <unknown>
[INFO] [stdout]    4:     0x63e4ecf1bf7a - <unknown>
[INFO] [stdout]    5:     0x63e4ecf1baab - <unknown>
[INFO] [stdout]    6:     0x63e4ecf41971 - <unknown>
[INFO] [stdout]    7:     0x63e4ecf41929 - <unknown>
[INFO] [stdout]    8:     0x63e4ecf41e1c - <unknown>
[INFO] [stdout]    9:     0x63e4ecebe80b - <unknown>
[INFO] [stdout]   10:     0x63e4ecec22a1 - <unknown>
[INFO] [stdout]   11:     0x63e4ece9c288 - <unknown>
[INFO] [stdout]   12:     0x63e4ecf5e62b - <unknown>
[INFO] [stdout]   13:     0x63e4ecf5a896 - <unknown>
[INFO] [stdout]   14:     0x63e4ecf5a0bc - <unknown>
[INFO] [stdout]   15:     0x63e4ecf7639c - <unknown>
[INFO] [stdout]   16:     0x63e4ecf436b8 - <unknown>
[INFO] [stdout]   17:     0x7eb5018ffdfa - <unknown>
[INFO] [stdout]   18:     0x7eb5019933d4 - clone
[INFO] [stdout]   19:                0x0 - <unknown>
[INFO] [stdout] 
[INFO] [stdout] ---- tests::cases::ui::enter_folder_medium_width stdout ----
[INFO] [stdout] ━━━━━━━━━━━━━━━━━━━━━━━━━━━━━━━ Snapshot Summary ━━━━━━━━━━━━━━━━━━━━━━━━━━━━━━━
[INFO] [stdout] Snapshot file: src/tests/cases/snapshots/diskonaut__tests__cases__ui__enter_folder_medium_width.snap
[INFO] [stdout] Snapshot: enter_folder_medium_width
[INFO] [stdout] Source: src/tests/cases/ui.rs:629
[INFO] [stdout] ────────────────────────────────────────────────────────────────────────────────
[INFO] [stdout] Expression: &terminal_draw_events_mirror[0]
[INFO] [stdout] ────────────────────────────────────────────────────────────────────────────────
[INFO] [stdout] -old snapshot
[INFO] [stdout] +new results
[INFO] [stdout] ────────────┬───────────────────────────────────────────────────────────────────
[INFO] [stdout]     1       │- Total: 16.0K (4 files), freed: 0 | /tmp/diskonaut_tests/enter_folder_medium_width        
[INFO] [stdout]           1 │+ Total: 16.0K, freed: 0 (running as root) | /tmp/diskonaut_tests/enter_folder_medium_width
[INFO] [stdout]     2     2 │ ┌────────────────────────────────────────────────────────────────────────────────────────┐
[INFO] [stdout]     3     3 │ │                                                                                        │
[INFO] [stdout]     4     4 │ │                                                                                        │
[INFO] [stdout]     5     5 │ │                                                                                        │
[INFO] [stdout] ────────────┴───────────────────────────────────────────────────────────────────
[INFO] [stdout] 
[INFO] [stdout] thread 'tests::cases::ui::enter_folder_medium_width' (2167) panicked at src/tests/cases/ui.rs:629:5:
[INFO] [stdout] called `Result::unwrap()` on an `Err` value: FileIo(Os { code: 30, kind: ReadOnlyFilesystem, message: "Read-only file system" }, "/opt/rustwide/workdir/src/tests/cases/snapshots/diskonaut__tests__cases__ui__enter_folder_medium_width.snap.new")
[INFO] [stdout] stack backtrace:
[INFO] [stdout]    0:     0x63e4ecf1d055 - <unknown>
[INFO] [stdout]    1:     0x63e4ecebe974 - <unknown>
[INFO] [stdout]    2:     0x63e4ecf1c6fb - <unknown>
[INFO] [stdout]    3:     0x63e4ecf1c2f9 - <unknown>
[INFO] [stdout]    4:     0x63e4ecf1bf7a - <unknown>
[INFO] [stdout]    5:     0x63e4ecf1baab - <unknown>
[INFO] [stdout]    6:     0x63e4ecf41971 - <unknown>
[INFO] [stdout]    7:     0x63e4ecf41929 - <unknown>
[INFO] [stdout]    8:     0x63e4ecf41e1c - <unknown>
[INFO] [stdout]    9:     0x63e4ecebe80b - <unknown>
[INFO] [stdout]   10:     0x63e4ecec22a1 - <unknown>
[INFO] [stdout]   11:     0x63e4ecea3610 - <unknown>
[INFO] [stdout]   12:     0x63e4ecf5e62b - <unknown>
[INFO] [stdout]   13:     0x63e4ecf5a896 - <unknown>
[INFO] [stdout]   14:     0x63e4ecf5a0bc - <unknown>
[INFO] [stdout]   15:     0x63e4ecf7639c - <unknown>
[INFO] [stdout]   16:     0x63e4ecf436b8 - <unknown>
[INFO] [stdout]   17:     0x7eb5018ffdfa - <unknown>
[INFO] [stdout]   18:     0x7eb5019933d4 - clone
[INFO] [stdout]   19:                0x0 - <unknown>
[INFO] [stdout] 
[INFO] [stdout] ---- tests::cases::ui::enter_folder stdout ----
[INFO] [stdout] ━━━━━━━━━━━━━━━━━━━━━━━━━━━━━━━ Snapshot Summary ━━━━━━━━━━━━━━━━━━━━━━━━━━━━━━━
[INFO] [stdout] Snapshot file: src/tests/cases/snapshots/diskonaut__tests__cases__ui__enter_folder.snap
[INFO] [stdout] Snapshot: enter_folder
[INFO] [stdout] Source: src/tests/cases/ui.rs:559
[INFO] [stdout] ────────────────────────────────────────────────────────────────────────────────
[INFO] [stdout] Expression: &terminal_draw_events_mirror[0]
[INFO] [stdout] ────────────────────────────────────────────────────────────────────────────────
[INFO] [stdout] -old snapshot
[INFO] [stdout] +new results
[INFO] [stdout] ────────────┬───────────────────────────────────────────────────────────────────
[INFO] [stdout]     1       │- Total: 16.0K (4 files), freed: 0 | /tmp/diskonaut_tests/enter_folder                                                                                                                         
[INFO] [stdout]           1 │+ Total: 16.0K (4 files), freed: 0 (CAUTION: running as root) | /tmp/diskonaut_tests/enter_folder                                                                                              
[INFO] [stdout]     2     2 │ ┌─────────────────────────────────────────────────────────────────────────────────────────────────────────────────────────────────────────────┬──────────────────────────────────────────────┐
[INFO] [stdout]     3     3 │ │                                                                                                                                             │                                              │
[INFO] [stdout]     4     4 │ │                                                                                                                                             │                                              │
[INFO] [stdout]     5     5 │ │                                                                                                                                             │                                              │
[INFO] [stdout] ────────────┴───────────────────────────────────────────────────────────────────
[INFO] [stdout] 
[INFO] [stdout] thread 'tests::cases::ui::enter_folder' (2166) panicked at src/tests/cases/ui.rs:559:5:
[INFO] [stdout] called `Result::unwrap()` on an `Err` value: FileIo(Os { code: 30, kind: ReadOnlyFilesystem, message: "Read-only file system" }, "/opt/rustwide/workdir/src/tests/cases/snapshots/diskonaut__tests__cases__ui__enter_folder.snap.new")
[INFO] [stdout] stack backtrace:
[INFO] [stdout]    0:     0x63e4ecf1d055 - <unknown>
[INFO] [stdout]    1:     0x63e4ecebe974 - <unknown>
[INFO] [stdout]    2:     0x63e4ecf1c6fb - <unknown>
[INFO] [stdout]    3:     0x63e4ecf1c2f9 - <unknown>
[INFO] [stdout]    4:     0x63e4ecf1bf7a - <unknown>
[INFO] [stdout]    5:     0x63e4ecf1baab - <unknown>
[INFO] [stdout]    6:     0x63e4ecf41971 - <unknown>
[INFO] [stdout]    7:     0x63e4ecf41929 - <unknown>
[INFO] [stdout]    8:     0x63e4ecf41e1c - <unknown>
[INFO] [stdout]    9:     0x63e4ecebe80b - <unknown>
[INFO] [stdout]   10:     0x63e4ecec22a1 - <unknown>
[INFO] [stdout]   11:     0x63e4ece970ea - <unknown>
[INFO] [stdout]   12:     0x63e4ecf5e62b - <unknown>
[INFO] [stdout]   13:     0x63e4ecf5a896 - <unknown>
[INFO] [stdout]   14:     0x63e4ecf5a0bc - <unknown>
[INFO] [stdout]   15:     0x63e4ecf7639c - <unknown>
[INFO] [stdout]   16:     0x63e4ecf436b8 - <unknown>
[INFO] [stdout]   17:     0x7eb5018ffdfa - <unknown>
[INFO] [stdout]   18:     0x7eb5019933d4 - clone
[INFO] [stdout]   19:                0x0 - <unknown>
[INFO] [stdout] 
[INFO] [stdout] ---- tests::cases::ui::delete_file_no_confirmation stdout ----
[INFO] [stdout] ━━━━━━━━━━━━━━━━━━━━━━━━━━━━━━━ Snapshot Summary ━━━━━━━━━━━━━━━━━━━━━━━━━━━━━━━
[INFO] [stdout] Snapshot file: src/tests/cases/snapshots/diskonaut__tests__cases__ui__delete_file_no_confirmation.snap
[INFO] [stdout] Snapshot: delete_file_no_confirmation
[INFO] [stdout] Source: src/tests/cases/ui.rs:1799
[INFO] [stdout] ────────────────────────────────────────────────────────────────────────────────
[INFO] [stdout] Expression: &terminal_draw_events_mirror[0]
[INFO] [stdout] ────────────────────────────────────────────────────────────────────────────────
[INFO] [stdout] -old snapshot
[INFO] [stdout] +new results
[INFO] [stdout] ────────────┬───────────────────────────────────────────────────────────────────
[INFO] [stdout]     1       │- Total: 12.0K (4 files), freed: 0 | /tmp/diskonaut_tests/delete_file_no_confirmation                                                                                                          
[INFO] [stdout]           1 │+ Total: 12.0K (4 files), freed: 0 (CAUTION: running as root) | /tmp/diskonaut_tests/delete_file_no_confirmation                                                                               
[INFO] [stdout]     2     2 │ ┌─────────────────────────────────────────────────────────────────────────────────────────────────────────────────────────────┬──────────────────────────────────────────────────────────────┐
[INFO] [stdout]     3     3 │ │                                                                                                                             │                                                              │
[INFO] [stdout]     4     4 │ │                                                                                                                             │                                                              │
[INFO] [stdout]     5     5 │ │                                                                                                                             │                                                              │
[INFO] [stdout] ────────────┴───────────────────────────────────────────────────────────────────
[INFO] [stdout] 
[INFO] [stdout] thread 'tests::cases::ui::delete_file_no_confirmation' (2156) panicked at src/tests/cases/ui.rs:1799:5:
[INFO] [stdout] called `Result::unwrap()` on an `Err` value: FileIo(Os { code: 30, kind: ReadOnlyFilesystem, message: "Read-only file system" }, "/opt/rustwide/workdir/src/tests/cases/snapshots/diskonaut__tests__cases__ui__delete_file_no_confirmation.snap.new")
[INFO] [stdout] stack backtrace:
[INFO] [stdout]    0:     0x63e4ecf1d055 - <unknown>
[INFO] [stdout]    1:     0x63e4ecebe974 - <unknown>
[INFO] [stdout]    2:     0x63e4ecf1c6fb - <unknown>
[INFO] [stdout]    3:     0x63e4ecf1c2f9 - <unknown>
[INFO] [stdout]    4:     0x63e4ecf1bf7a - <unknown>
[INFO] [stdout]    5:     0x63e4ecf1baab - <unknown>
[INFO] [stdout]    6:     0x63e4ecf41971 - <unknown>
[INFO] [stdout]    7:     0x63e4ecf41929 - <unknown>
[INFO] [stdout]    8:     0x63e4ecf41e1c - <unknown>
[INFO] [stdout]    9:     0x63e4ecebe80b - <unknown>
[INFO] [stdout]   10:     0x63e4ecec22a1 - <unknown>
[INFO] [stdout]   11:     0x63e4ecea944e - <unknown>
[INFO] [stdout]   12:     0x63e4ecf5e62b - <unknown>
[INFO] [stdout]   13:     0x63e4ecf5a896 - <unknown>
[INFO] [stdout]   14:     0x63e4ecf5a0bc - <unknown>
[INFO] [stdout]   15:     0x63e4ecf7639c - <unknown>
[INFO] [stdout]   16:     0x63e4ecf436b8 - <unknown>
[INFO] [stdout]   17:     0x7eb5018ffdfa - <unknown>
[INFO] [stdout]   18:     0x7eb5019933d4 - clone
[INFO] [stdout]   19:                0x0 - <unknown>
[INFO] [stdout] 
[INFO] [stdout] ---- tests::cases::ui::delete_file stdout ----
[INFO] [stdout] ━━━━━━━━━━━━━━━━━━━━━━━━━━━━━━━ Snapshot Summary ━━━━━━━━━━━━━━━━━━━━━━━━━━━━━━━
[INFO] [stdout] Snapshot file: src/tests/cases/snapshots/diskonaut__tests__cases__ui__delete_file.snap
[INFO] [stdout] Snapshot: delete_file
[INFO] [stdout] Source: src/tests/cases/ui.rs:1708
[INFO] [stdout] ────────────────────────────────────────────────────────────────────────────────
[INFO] [stdout] Expression: &terminal_draw_events_mirror[0]
[INFO] [stdout] ────────────────────────────────────────────────────────────────────────────────
[INFO] [stdout] -old snapshot
[INFO] [stdout] +new results
[INFO] [stdout] ────────────┬───────────────────────────────────────────────────────────────────
[INFO] [stdout]     1       │- Total: 12.0K (4 files), freed: 0 | /tmp/diskonaut_tests/delete_file                                                                                                                          
[INFO] [stdout]           1 │+ Total: 12.0K (4 files), freed: 0 (CAUTION: running as root) | /tmp/diskonaut_tests/delete_file                                                                                               
[INFO] [stdout]     2     2 │ ┌─────────────────────────────────────────────────────────────────────────────────────────────────────────────────────────────┬──────────────────────────────────────────────────────────────┐
[INFO] [stdout]     3     3 │ │                                                                                                                             │                                                              │
[INFO] [stdout]     4     4 │ │                                                                                                                             │                                                              │
[INFO] [stdout]     5     5 │ │                                                                                                                             │                                                              │
[INFO] [stdout] ────────────┴───────────────────────────────────────────────────────────────────
[INFO] [stdout] 
[INFO] [stdout] thread 'tests::cases::ui::delete_file' (2155) panicked at src/tests/cases/ui.rs:1708:5:
[INFO] [stdout] called `Result::unwrap()` on an `Err` value: FileIo(Os { code: 30, kind: ReadOnlyFilesystem, message: "Read-only file system" }, "/opt/rustwide/workdir/src/tests/cases/snapshots/diskonaut__tests__cases__ui__delete_file.snap.new")
[INFO] [stdout] stack backtrace:
[INFO] [stdout]    0:     0x63e4ecf1d055 - <unknown>
[INFO] [stdout]    1:     0x63e4ecebe974 - <unknown>
[INFO] [stdout]    2:     0x63e4ecf1c6fb - <unknown>
[INFO] [stdout]    3:     0x63e4ecf1c2f9 - <unknown>
[INFO] [stdout]    4:     0x63e4ecf1bf7a - <unknown>
[INFO] [stdout]    5:     0x63e4ecf1baab - <unknown>
[INFO] [stdout]    6:     0x63e4ecf41971 - <unknown>
[INFO] [stdout]    7:     0x63e4ecf41929 - <unknown>
[INFO] [stdout]    8:     0x63e4ecf41e1c - <unknown>
[INFO] [stdout]    9:     0x63e4ecebe80b - <unknown>
[INFO] [stdout]   10:     0x63e4ecec22a1 - <unknown>
[INFO] [stdout]   11:     0x63e4ece93e7b - <unknown>
[INFO] [stdout]   12:     0x63e4ecf5e62b - <unknown>
[INFO] [stdout]   13:     0x63e4ecf5a896 - <unknown>
[INFO] [stdout]   14:     0x63e4ecf5a0bc - <unknown>
[INFO] [stdout]   15:     0x63e4ecf7639c - <unknown>
[INFO] [stdout]   16:     0x63e4ecf436b8 - <unknown>
[INFO] [stdout]   17:     0x7eb5018ffdfa - <unknown>
[INFO] [stdout]   18:     0x7eb5019933d4 - clone
[INFO] [stdout]   19:                0x0 - <unknown>
[INFO] [stdout] 
[INFO] [stdout] ---- tests::cases::ui::delete_folder stdout ----
[INFO] [stdout] ━━━━━━━━━━━━━━━━━━━━━━━━━━━━━━━ Snapshot Summary ━━━━━━━━━━━━━━━━━━━━━━━━━━━━━━━
[INFO] [stdout] Snapshot file: src/tests/cases/snapshots/diskonaut__tests__cases__ui__delete_folder.snap
[INFO] [stdout] Snapshot: delete_folder
[INFO] [stdout] Source: src/tests/cases/ui.rs:1980
[INFO] [stdout] ────────────────────────────────────────────────────────────────────────────────
[INFO] [stdout] Expression: &terminal_draw_events_mirror[0]
[INFO] [stdout] ────────────────────────────────────────────────────────────────────────────────
[INFO] [stdout] -old snapshot
[INFO] [stdout] +new results
[INFO] [stdout] ────────────┬───────────────────────────────────────────────────────────────────
[INFO] [stdout]     1       │- Total: 12.0K (4 files), freed: 0 | /tmp/diskonaut_tests/delete_folder                                                                                                                        
[INFO] [stdout]           1 │+ Total: 12.0K (4 files), freed: 0 (CAUTION: running as root) | /tmp/diskonaut_tests/delete_folder                                                                                             
[INFO] [stdout]     2     2 │ ┌─────────────────────────────────────────────────────────────────────────────────────────────────────────────────────────────┬──────────────────────────────────────────────────────────────┐
[INFO] [stdout]     3     3 │ │                                                                                                                             │                                                              │
[INFO] [stdout]     4     4 │ │                                                                                                                             │                                                              │
[INFO] [stdout]     5     5 │ │                                                                                                                             │                                                              │
[INFO] [stdout] ────────────┴───────────────────────────────────────────────────────────────────
[INFO] [stdout] 
[INFO] [stdout] thread 'tests::cases::ui::delete_folder' (2158) panicked at src/tests/cases/ui.rs:1980:5:
[INFO] [stdout] called `Result::unwrap()` on an `Err` value: FileIo(Os { code: 30, kind: ReadOnlyFilesystem, message: "Read-only file system" }, "/opt/rustwide/workdir/src/tests/cases/snapshots/diskonaut__tests__cases__ui__delete_folder.snap.new")
[INFO] [stdout] stack backtrace:
[INFO] [stdout]    0:     0x63e4ecf1d055 - <unknown>
[INFO] [stdout]    1:     0x63e4ecebe974 - <unknown>
[INFO] [stdout]    2:     0x63e4ecf1c6fb - <unknown>
[INFO] [stdout]    3:     0x63e4ecf1c2f9 - <unknown>
[INFO] [stdout]    4:     0x63e4ecf1bf7a - <unknown>
[INFO] [stdout]    5:     0x63e4ecf1baab - <unknown>
[INFO] [stdout]    6:     0x63e4ecf41971 - <unknown>
[INFO] [stdout]    7:     0x63e4ecf41929 - <unknown>
[INFO] [stdout]    8:     0x63e4ecf41e1c - <unknown>
[INFO] [stdout]    9:     0x63e4ecebe80b - <unknown>
[INFO] [stdout]   10:     0x63e4ecec22a1 - <unknown>
[INFO] [stdout]   11:     0x63e4ece9a036 - <unknown>
[INFO] [stdout]   12:     0x63e4ecf5e62b - <unknown>
[INFO] [stdout]   13:     0x63e4ecf5a896 - <unknown>
[INFO] [stdout]   14:     0x63e4ecf5a0bc - <unknown>
[INFO] [stdout]   15:     0x63e4ecf7639c - <unknown>
[INFO] [stdout]   16:     0x63e4ecf436b8 - <unknown>
[INFO] [stdout]   17:     0x7eb5018ffdfa - <unknown>
[INFO] [stdout]   18:     0x7eb5019933d4 - clone
[INFO] [stdout]   19:                0x0 - <unknown>
[INFO] [stdout] 
[INFO] [stdout] ---- tests::cases::ui::delete_folder_with_multiple_children_no_confirmation stdout ----
[INFO] [stdout] ━━━━━━━━━━━━━━━━━━━━━━━━━━━━━━━ Snapshot Summary ━━━━━━━━━━━━━━━━━━━━━━━━━━━━━━━
[INFO] [stdout] Snapshot file: src/tests/cases/snapshots/diskonaut__tests__cases__ui__delete_folder_with_multiple_children_no_confirmation.snap
[INFO] [stdout] Snapshot: delete_folder_with_multiple_children_no_confirmation
[INFO] [stdout] Source: src/tests/cases/ui.rs:2542
[INFO] [stdout] ────────────────────────────────────────────────────────────────────────────────
[INFO] [stdout] Expression: &terminal_draw_events_mirror[0]
[INFO] [stdout] ────────────────────────────────────────────────────────────────────────────────
[INFO] [stdout] -old snapshot
[INFO] [stdout] +new results
[INFO] [stdout] ────────────┬───────────────────────────────────────────────────────────────────
[INFO] [stdout]     1       │- Total: 44.0K (7 files), freed: 0 | /tmp/diskonaut_tests/delete_folder_with_multiple_children_no_confirmation                                                                                 
[INFO] [stdout]           1 │+ Total: 44.0K (7 files), freed: 0 (CAUTION: running as root) | /tmp/diskonaut_tests/delete_folder_with_multiple_children_no_confirmation                                                      
[INFO] [stdout]     2     2 │ ┌────────────────────────────────────────────────────────────────────────────────────────────────────────────────────────────────────────┬───────────────────────────────────────────────────┐
[INFO] [stdout]     3     3 │ │                                                                                                                                        │                                                   │
[INFO] [stdout]     4     4 │ │                                                                                                                                        │                                                   │
[INFO] [stdout]     5     5 │ │                                                                                                                                        │                                                   │
[INFO] [stdout] ────────────┴───────────────────────────────────────────────────────────────────
[INFO] [stdout] 
[INFO] [stdout] thread 'tests::cases::ui::delete_folder_with_multiple_children_no_confirmation' (2163) panicked at src/tests/cases/ui.rs:2542:5:
[INFO] [stdout] called `Result::unwrap()` on an `Err` value: FileIo(Os { code: 30, kind: ReadOnlyFilesystem, message: "Read-only file system" }, "/opt/rustwide/workdir/src/tests/cases/snapshots/diskonaut__tests__cases__ui__delete_folder_with_multiple_children_no_confirmation.snap.new")
[INFO] [stdout] stack backtrace:
[INFO] [stdout]    0:     0x63e4ecf1d055 - <unknown>
[INFO] [stdout]    1:     0x63e4ecebe974 - <unknown>
[INFO] [stdout]    2:     0x63e4ecf1c6fb - <unknown>
[INFO] [stdout]    3:     0x63e4ecf1c2f9 - <unknown>
[INFO] [stdout]    4:     0x63e4ecf1bf7a - <unknown>
[INFO] [stdout]    5:     0x63e4ecf1baab - <unknown>
[INFO] [stdout]    6:     0x63e4ecf41971 - <unknown>
[INFO] [stdout]    7:     0x63e4ecf41929 - <unknown>
[INFO] [stdout]    8:     0x63e4ecf41e1c - <unknown>
[INFO] [stdout]    9:     0x63e4ecebe80b - <unknown>
[INFO] [stdout]   10:     0x63e4ecec22a1 - <unknown>
[INFO] [stdout]   11:     0x63e4eceba68e - <unknown>
[INFO] [stdout]   12:     0x63e4ecf5e62b - <unknown>
[INFO] [stdout]   13:     0x63e4ecf5a896 - <unknown>
[INFO] [stdout]   14:     0x63e4ecf5a0bc - <unknown>
[INFO] [stdout]   15:     0x63e4ecf7639c - <unknown>
[INFO] [stdout]   16:     0x63e4ecf436b8 - <unknown>
[INFO] [stdout]   17:     0x7eb5018ffdfa - <unknown>
[INFO] [stdout]   18:     0x7eb5019933d4 - clone
[INFO] [stdout]   19:                0x0 - <unknown>
[INFO] [stdout] 
[INFO] [stdout] ---- tests::cases::ui::delete_folder_small_window_no_confirmation stdout ----
[INFO] [stdout] ━━━━━━━━━━━━━━━━━━━━━━━━━━━━━━━ Snapshot Summary ━━━━━━━━━━━━━━━━━━━━━━━━━━━━━━━
[INFO] [stdout] Snapshot file: src/tests/cases/snapshots/diskonaut__tests__cases__ui__delete_folder_small_window_no_confirmation.snap
[INFO] [stdout] Snapshot: delete_folder_small_window_no_confirmation
[INFO] [stdout] Source: src/tests/cases/ui.rs:2280
[INFO] [stdout] ────────────────────────────────────────────────────────────────────────────────
[INFO] [stdout] Expression: &terminal_draw_events_mirror[0]
[INFO] [stdout] ────────────────────────────────────────────────────────────────────────────────
[INFO] [stdout] -old snapshot
[INFO] [stdout] +new results
[INFO] [stdout] ────────────┬───────────────────────────────────────────────────────────────────
[INFO] [stdout]     1       │- 12.0K | /tmp/diskonaut_tests/de[...]_window_no_confirmation
[INFO] [stdout]           1 │+ 12.0K (root) | /tmp/diskonaut_test[..]dow_no_confirmation  
[INFO] [stdout]     2     2 │ ┌──────────────────────────────────────────────────────────┐
[INFO] [stdout]     3     3 │ │                                                          │
[INFO] [stdout]     4     4 │ │                                                          │
[INFO] [stdout]     5     5 │ │                                                          │
[INFO] [stdout] ────────────┴───────────────────────────────────────────────────────────────────
[INFO] [stdout] 
[INFO] [stdout] thread 'tests::cases::ui::delete_folder_small_window_no_confirmation' (2161) panicked at src/tests/cases/ui.rs:2280:5:
[INFO] [stdout] called `Result::unwrap()` on an `Err` value: FileIo(Os { code: 30, kind: ReadOnlyFilesystem, message: "Read-only file system" }, "/opt/rustwide/workdir/src/tests/cases/snapshots/diskonaut__tests__cases__ui__delete_folder_small_window_no_confirmation.snap.new")
[INFO] [stdout] stack backtrace:
[INFO] [stdout]    0:     0x63e4ecf1d055 - <unknown>
[INFO] [stdout]    1:     0x63e4ecebe974 - <unknown>
[INFO] [stdout]    2:     0x63e4ecf1c6fb - <unknown>
[INFO] [stdout]    3:     0x63e4ecf1c2f9 - <unknown>
[INFO] [stdout]    4:     0x63e4ecf1bf7a - <unknown>
[INFO] [stdout]    5:     0x63e4ecf1baab - <unknown>
[INFO] [stdout]    6:     0x63e4ecf41971 - <unknown>
[INFO] [stdout]    7:     0x63e4ecf41929 - <unknown>
[INFO] [stdout]    8:     0x63e4ecf41e1c - <unknown>
[INFO] [stdout]    9:     0x63e4ecebe80b - <unknown>
[INFO] [stdout]   10:     0x63e4ecec22a1 - <unknown>
[INFO] [stdout]   11:     0x63e4eceb5b47 - <unknown>
[INFO] [stdout]   12:     0x63e4ecf5e62b - <unknown>
[INFO] [stdout]   13:     0x63e4ecf5a896 - <unknown>
[INFO] [stdout]   14:     0x63e4ecf5a0bc - <unknown>
[INFO] [stdout]   15:     0x63e4ecf7639c - <unknown>
[INFO] [stdout]   16:     0x63e4ecf436b8 - <unknown>
[INFO] [stdout]   17:     0x7eb5018ffdfa - <unknown>
[INFO] [stdout]   18:     0x7eb5019933d4 - clone
[INFO] [stdout]   19:                0x0 - <unknown>
[INFO] [stdout] 
[INFO] [stdout] ---- tests::cases::ui::delete_folder_small_window stdout ----
[INFO] [stdout] ━━━━━━━━━━━━━━━━━━━━━━━━━━━━━━━ Snapshot Summary ━━━━━━━━━━━━━━━━━━━━━━━━━━━━━━━
[INFO] [stdout] Snapshot file: src/tests/cases/snapshots/diskonaut__tests__cases__ui__delete_folder_small_window.snap
[INFO] [stdout] Snapshot: delete_folder_small_window
[INFO] [stdout] Source: src/tests/cases/ui.rs:2179
[INFO] [stdout] ────────────────────────────────────────────────────────────────────────────────
[INFO] [stdout] Expression: &terminal_draw_events_mirror[0]
[INFO] [stdout] ────────────────────────────────────────────────────────────────────────────────
[INFO] [stdout] -old snapshot
[INFO] [stdout] +new results
[INFO] [stdout] ────────────┬───────────────────────────────────────────────────────────────────
[INFO] [stdout]     1       │- 12.0K | /tmp/diskonaut_tests/delete_folder_small_window    
[INFO] [stdout]           1 │+ 12.0K (root) | /tmp/diskonaut_test[..]folder_small_window  
[INFO] [stdout]     2     2 │ ┌──────────────────────────────────────────────────────────┐
[INFO] [stdout]     3     3 │ │                                                          │
[INFO] [stdout]     4     4 │ │                                                          │
[INFO] [stdout]     5     5 │ │                                                          │
[INFO] [stdout] ────────────┴───────────────────────────────────────────────────────────────────
[INFO] [stdout] 
[INFO] [stdout] thread 'tests::cases::ui::delete_folder_small_window' (2160) panicked at src/tests/cases/ui.rs:2179:5:
[INFO] [stdout] called `Result::unwrap()` on an `Err` value: FileIo(Os { code: 30, kind: ReadOnlyFilesystem, message: "Read-only file system" }, "/opt/rustwide/workdir/src/tests/cases/snapshots/diskonaut__tests__cases__ui__delete_folder_small_window.snap.new")
[INFO] [stdout] stack backtrace:
[INFO] [stdout]    0:     0x63e4ecf1d055 - <unknown>
[INFO] [stdout]    1:     0x63e4ecebe974 - <unknown>
[INFO] [stdout]    2:     0x63e4ecf1c6fb - <unknown>
[INFO] [stdout]    3:     0x63e4ecf1c2f9 - <unknown>
[INFO] [stdout]    4:     0x63e4ecf1bf7a - <unknown>
[INFO] [stdout]    5:     0x63e4ecf1baab - <unknown>
[INFO] [stdout]    6:     0x63e4ecf41971 - <unknown>
[INFO] [stdout]    7:     0x63e4ecf41929 - <unknown>
[INFO] [stdout]    8:     0x63e4ecf41e1c - <unknown>
[INFO] [stdout]    9:     0x63e4ecebe80b - <unknown>
[INFO] [stdout]   10:     0x63e4ecec22a1 - <unknown>
[INFO] [stdout]   11:     0x63e4ecea4d1c - <unknown>
[INFO] [stdout]   12:     0x63e4ecf5e62b - <unknown>
[INFO] [stdout]   13:     0x63e4ecf5a896 - <unknown>
[INFO] [stdout]   14:     0x63e4ecf5a0bc - <unknown>
[INFO] [stdout]   15:     0x63e4ecf7639c - <unknown>
[INFO] [stdout]   16:     0x63e4ecf436b8 - <unknown>
[INFO] [stdout]   17:     0x7eb5018ffdfa - <unknown>
[INFO] [stdout]   18:     0x7eb5019933d4 - clone
[INFO] [stdout]   19:                0x0 - <unknown>
[INFO] [stdout] 
[INFO] [stdout] ---- tests::cases::ui::delete_folder_with_multiple_children stdout ----
[INFO] [stdout] ━━━━━━━━━━━━━━━━━━━━━━━━━━━━━━━ Snapshot Summary ━━━━━━━━━━━━━━━━━━━━━━━━━━━━━━━
[INFO] [stdout] Snapshot file: src/tests/cases/snapshots/diskonaut__tests__cases__ui__delete_folder_with_multiple_children.snap
[INFO] [stdout] Snapshot: delete_folder_with_multiple_children
[INFO] [stdout] Source: src/tests/cases/ui.rs:2412
[INFO] [stdout] ────────────────────────────────────────────────────────────────────────────────
[INFO] [stdout] Expression: &terminal_draw_events_mirror[0]
[INFO] [stdout] ────────────────────────────────────────────────────────────────────────────────
[INFO] [stdout] -old snapshot
[INFO] [stdout] +new results
[INFO] [stdout] ────────────┬───────────────────────────────────────────────────────────────────
[INFO] [stdout]     1       │- Total: 44.0K (7 files), freed: 0 | /tmp/diskonaut_tests/delete_folder_with_multiple_children                                                                                                 
[INFO] [stdout]           1 │+ Total: 44.0K (7 files), freed: 0 (CAUTION: running as root) | /tmp/diskonaut_tests/delete_folder_with_multiple_children                                                                      
[INFO] [stdout]     2     2 │ ┌────────────────────────────────────────────────────────────────────────────────────────────────────────────────────────────────────────┬───────────────────────────────────────────────────┐
[INFO] [stdout]     3     3 │ │                                                                                                                                        │                                                   │
[INFO] [stdout]     4     4 │ │                                                                                                                                        │                                                   │
[INFO] [stdout]     5     5 │ │                                                                                                                                        │                                                   │
[INFO] [stdout] ────────────┴───────────────────────────────────────────────────────────────────
[INFO] [stdout] 
[INFO] [stdout] thread 'tests::cases::ui::delete_folder_with_multiple_children' (2162) panicked at src/tests/cases/ui.rs:2412:5:
[INFO] [stdout] called `Result::unwrap()` on an `Err` value: FileIo(Os { code: 30, kind: ReadOnlyFilesystem, message: "Read-only file system" }, "/opt/rustwide/workdir/src/tests/cases/snapshots/diskonaut__tests__cases__ui__delete_folder_with_multiple_children.snap.new")
[INFO] [stdout] stack backtrace:
[INFO] [stdout]    0:     0x63e4ecf1d055 - <unknown>
[INFO] [stdout]    1:     0x63e4ecebe974 - <unknown>
[INFO] [stdout]    2:     0x63e4ecf1c6fb - <unknown>
[INFO] [stdout]    3:     0x63e4ecf1c2f9 - <unknown>
[INFO] [stdout]    4:     0x63e4ecf1bf7a - <unknown>
[INFO] [stdout]    5:     0x63e4ecf1baab - <unknown>
[INFO] [stdout]    6:     0x63e4ecf41971 - <unknown>
[INFO] [stdout]    7:     0x63e4ecf41929 - <unknown>
[INFO] [stdout]    8:     0x63e4ecf41e1c - <unknown>
[INFO] [stdout]    9:     0x63e4ecebe80b - <unknown>
[INFO] [stdout]   10:     0x63e4ecec22a1 - <unknown>
[INFO] [stdout]   11:     0x63e4eceb1d80 - <unknown>
[INFO] [stdout]   12:     0x63e4ecf5e62b - <unknown>
[INFO] [stdout]   13:     0x63e4ecf5a896 - <unknown>
[INFO] [stdout]   14:     0x63e4ecf5a0bc - <unknown>
[INFO] [stdout]   15:     0x63e4ecf7639c - <unknown>
[INFO] [stdout]   16:     0x63e4ecf436b8 - <unknown>
[INFO] [stdout]   17:     0x7eb5018ffdfa - <unknown>
[INFO] [stdout]   18:     0x7eb5019933d4 - clone
[INFO] [stdout]   19:                0x0 - <unknown>
[INFO] [stdout] 
[INFO] [stdout] ---- tests::cases::ui::delete_folder_no_confirmation stdout ----
[INFO] [stdout] ━━━━━━━━━━━━━━━━━━━━━━━━━━━━━━━ Snapshot Summary ━━━━━━━━━━━━━━━━━━━━━━━━━━━━━━━
[INFO] [stdout] Snapshot file: src/tests/cases/snapshots/diskonaut__tests__cases__ui__delete_folder_no_confirmation.snap
[INFO] [stdout] Snapshot: delete_folder_no_confirmation
[INFO] [stdout] Source: src/tests/cases/ui.rs:2077
[INFO] [stdout] ────────────────────────────────────────────────────────────────────────────────
[INFO] [stdout] Expression: &terminal_draw_events_mirror[0]
[INFO] [stdout] ────────────────────────────────────────────────────────────────────────────────
[INFO] [stdout] -old snapshot
[INFO] [stdout] +new results
[INFO] [stdout] ────────────┬───────────────────────────────────────────────────────────────────
[INFO] [stdout]     1       │- Total: 12.0K (4 files), freed: 0 | /tmp/diskonaut_tests/delete_folder_no_confirmation                                                                                                        
[INFO] [stdout]           1 │+ Total: 12.0K (4 files), freed: 0 (CAUTION: running as root) | /tmp/diskonaut_tests/delete_folder_no_confirmation                                                                             
[INFO] [stdout]     2     2 │ ┌─────────────────────────────────────────────────────────────────────────────────────────────────────────────────────────────┬──────────────────────────────────────────────────────────────┐
[INFO] [stdout]     3     3 │ │                                                                                                                             │                                                              │
[INFO] [stdout]     4     4 │ │                                                                                                                             │                                                              │
[INFO] [stdout]     5     5 │ │                                                                                                                             │                                                              │
[INFO] [stdout] ────────────┴───────────────────────────────────────────────────────────────────
[INFO] [stdout] 
[INFO] [stdout] thread 'tests::cases::ui::delete_folder_no_confirmation' (2159) panicked at src/tests/cases/ui.rs:2077:5:
[INFO] [stdout] called `Result::unwrap()` on an `Err` value: FileIo(Os { code: 30, kind: ReadOnlyFilesystem, message: "Read-only file system" }, "/opt/rustwide/workdir/src/tests/cases/snapshots/diskonaut__tests__cases__ui__delete_folder_no_confirmation.snap.new")
[INFO] [stdout] stack backtrace:
[INFO] [stdout]    0:     0x63e4ecf1d055 - <unknown>
[INFO] [stdout]    1:     0x63e4ecebe974 - <unknown>
[INFO] [stdout]    2:     0x63e4ecf1c6fb - <unknown>
[INFO] [stdout]    3:     0x63e4ecf1c2f9 - <unknown>
[INFO] [stdout]    4:     0x63e4ecf1bf7a - <unknown>
[INFO] [stdout]    5:     0x63e4ecf1baab - <unknown>
[INFO] [stdout]    6:     0x63e4ecf41971 - <unknown>
[INFO] [stdout]    7:     0x63e4ecf41929 - <unknown>
[INFO] [stdout]    8:     0x63e4ecf41e1c - <unknown>
[INFO] [stdout]    9:     0x63e4ecebe80b - <unknown>
[INFO] [stdout]   10:     0x63e4ecec22a1 - <unknown>
[INFO] [stdout]   11:     0x63e4ecead504 - <unknown>
[INFO] [stdout]   12:     0x63e4ecf5e62b - <unknown>
[INFO] [stdout]   13:     0x63e4ecf5a896 - <unknown>
[INFO] [stdout]   14:     0x63e4ecf5a0bc - <unknown>
[INFO] [stdout]   15:     0x63e4ecf7639c - <unknown>
[INFO] [stdout]   16:     0x63e4ecf436b8 - <unknown>
[INFO] [stdout]   17:     0x7eb5018ffdfa - <unknown>
[INFO] [stdout]   18:     0x7eb5019933d4 - clone
[INFO] [stdout]   19:                0x0 - <unknown>
[INFO] [stdout] 
[INFO] [stdout] ---- tests::cases::ui::files_with_size_zero stdout ----
[INFO] [stdout] ━━━━━━━━━━━━━━━━━━━━━━━━━━━━━━━ Snapshot Summary ━━━━━━━━━━━━━━━━━━━━━━━━━━━━━━━
[INFO] [stdout] Snapshot file: src/tests/cases/snapshots/diskonaut__tests__cases__ui__files_with_size_zero.snap
[INFO] [stdout] Snapshot: files_with_size_zero
[INFO] [stdout] Source: src/tests/cases/ui.rs:2755
[INFO] [stdout] ────────────────────────────────────────────────────────────────────────────────
[INFO] [stdout] Expression: &terminal_draw_events_mirror[0]
[INFO] [stdout] ────────────────────────────────────────────────────────────────────────────────
[INFO] [stdout] -old snapshot
[INFO] [stdout] +new results
[INFO] [stdout] ────────────┬───────────────────────────────────────────────────────────────────
[INFO] [stdout]     1       │- Total: 0 (3 files), freed: 0 | /tmp/diskonaut_tests/files_with_size_zero                                                                                                                     
[INFO] [stdout]           1 │+ Total: 0 (3 files), freed: 0 (CAUTION: running as root) | /tmp/diskonaut_tests/files_with_size_zero                                                                                          
[INFO] [stdout]     2     2 │ ┌─────────────────────────────────────────────────────────────────────────────────────────────────────────────────────────────┬──────────────────────────────────────────────────────────────┐
[INFO] [stdout]     3     3 │ │                                                                                                                             │                                                              │
[INFO] [stdout]     4     4 │ │                                                                                                                             │                                                              │
[INFO] [stdout]     5     5 │ │                                                                                                                             │                                                              │
[INFO] [stdout] ────────────┴───────────────────────────────────────────────────────────────────
[INFO] [stdout] 
[INFO] [stdout] thread 'tests::cases::ui::files_with_size_zero' (3074) panicked at src/tests/cases/ui.rs:2755:5:
[INFO] [stdout] called `Result::unwrap()` on an `Err` value: FileIo(Os { code: 30, kind: ReadOnlyFilesystem, message: "Read-only file system" }, "/opt/rustwide/workdir/src/tests/cases/snapshots/diskonaut__tests__cases__ui__files_with_size_zero.snap.new")
[INFO] [stdout] stack backtrace:
[INFO] [stdout]    0:     0x63e4ecf1d055 - <unknown>
[INFO] [stdout]    1:     0x63e4ecebe974 - <unknown>
[INFO] [stdout]    2:     0x63e4ecf1c6fb - <unknown>
[INFO] [stdout]    3:     0x63e4ecf1c2f9 - <unknown>
[INFO] [stdout]    4:     0x63e4ecf1bf7a - <unknown>
[INFO] [stdout]    5:     0x63e4ecf1baab - <unknown>
[INFO] [stdout]    6:     0x63e4ecf41971 - <unknown>
[INFO] [stdout]    7:     0x63e4ecf41929 - <unknown>
[INFO] [stdout]    8:     0x63e4ecf41e1c - <unknown>
[INFO] [stdout]    9:     0x63e4ecebe80b - <unknown>
[INFO] [stdout]   10:     0x63e4ecec22a1 - <unknown>
[INFO] [stdout]   11:     0x63e4ece9da2c - <unknown>
[INFO] [stdout]   12:     0x63e4ecf5e62b - <unknown>
[INFO] [stdout]   13:     0x63e4ecf5a896 - <unknown>
[INFO] [stdout]   14:     0x63e4ecf5a0bc - <unknown>
[INFO] [stdout]   15:     0x63e4ecf7639c - <unknown>
[INFO] [stdout]   16:     0x63e4ecf436b8 - <unknown>
[INFO] [stdout]   17:     0x7eb5018ffdfa - <unknown>
[INFO] [stdout]   18:     0x7eb5019933d4 - clone
[INFO] [stdout]   19:                0x0 - <unknown>
[INFO] [stdout] 
[INFO] [stdout] ---- tests::cases::ui::enter_folder_small_width stdout ----
[INFO] [stdout] ━━━━━━━━━━━━━━━━━━━━━━━━━━━━━━━ Snapshot Summary ━━━━━━━━━━━━━━━━━━━━━━━━━━━━━━━
[INFO] [stdout] Snapshot file: src/tests/cases/snapshots/diskonaut__tests__cases__ui__enter_folder_small_width.snap
[INFO] [stdout] Snapshot: enter_folder_small_width
[INFO] [stdout] Source: src/tests/cases/ui.rs:698
[INFO] [stdout] ────────────────────────────────────────────────────────────────────────────────
[INFO] [stdout] Expression: &terminal_draw_events_mirror[0]
[INFO] [stdout] ────────────────────────────────────────────────────────────────────────────────
[INFO] [stdout] -old snapshot
[INFO] [stdout] +new results
[INFO] [stdout] ────────────┬───────────────────────────────────────────────────────────────────
[INFO] [stdout]     1       │- 16.0K | /tmp/diskonaut_tests/enter_folder_small_width      
[INFO] [stdout]           1 │+ 16.0K (root) | /tmp/diskonaut_test[..]_folder_small_width  
[INFO] [stdout]     2     2 │ ┌──────────────────────────────────────────────────────────┐
[INFO] [stdout]     3     3 │ │                                                          │
[INFO] [stdout]     4     4 │ │                                                          │
[INFO] [stdout]     5     5 │ │                                                          │
[INFO] [stdout] ────────────┴───────────────────────────────────────────────────────────────────
[INFO] [stdout] 
[INFO] [stdout] thread 'tests::cases::ui::enter_folder_small_width' (2372) panicked at src/tests/cases/ui.rs:698:5:
[INFO] [stdout] called `Result::unwrap()` on an `Err` value: FileIo(Os { code: 30, kind: ReadOnlyFilesystem, message: "Read-only file system" }, "/opt/rustwide/workdir/src/tests/cases/snapshots/diskonaut__tests__cases__ui__enter_folder_small_width.snap.new")
[INFO] [stdout] stack backtrace:
[INFO] [stdout]    0:     0x63e4ecf1d055 - <unknown>
[INFO] [stdout]    1:     0x63e4ecebe974 - <unknown>
[INFO] [stdout]    2:     0x63e4ecf1c6fb - <unknown>
[INFO] [stdout]    3:     0x63e4ecf1c2f9 - <unknown>
[INFO] [stdout]    4:     0x63e4ecf1bf7a - <unknown>
[INFO] [stdout]    5:     0x63e4ecf1baab - <unknown>
[INFO] [stdout]    6:     0x63e4ecf41971 - <unknown>
[INFO] [stdout]    7:     0x63e4ecf41929 - <unknown>
[INFO] [stdout]    8:     0x63e4ecf41e1c - <unknown>
[INFO] [stdout]    9:     0x63e4ecebe80b - <unknown>
[INFO] [stdout]   10:     0x63e4ecec22a1 - <unknown>
[INFO] [stdout]   11:     0x63e4ecea181a - <unknown>
[INFO] [stdout]   12:     0x63e4ecf5e62b - <unknown>
[INFO] [stdout]   13:     0x63e4ecf5a896 - <unknown>
[INFO] [stdout]   14:     0x63e4ecf5a0bc - <unknown>
[INFO] [stdout]   15:     0x63e4ecf7639c - <unknown>
[INFO] [stdout]   16:     0x63e4ecf436b8 - <unknown>
[INFO] [stdout]   17:     0x7eb5018ffdfa - <unknown>
[INFO] [stdout]   18:     0x7eb5019933d4 - clone
[INFO] [stdout]   19:                0x0 - <unknown>
[INFO] [stdout] 
[INFO] [stdout] ---- tests::cases::ui::enter_largest_folder_with_no_selected_tile stdout ----
[INFO] [stdout] ━━━━━━━━━━━━━━━━━━━━━━━━━━━━━━━ Snapshot Summary ━━━━━━━━━━━━━━━━━━━━━━━━━━━━━━━
[INFO] [stdout] Snapshot file: src/tests/cases/snapshots/diskonaut__tests__cases__ui__enter_largest_folder_with_no_selected_tile.snap
[INFO] [stdout] Snapshot: enter_largest_folder_with_no_selected_tile
[INFO] [stdout] Source: src/tests/cases/ui.rs:1398
[INFO] [stdout] ────────────────────────────────────────────────────────────────────────────────
[INFO] [stdout] Expression: &terminal_draw_events_mirror[0]
[INFO] [stdout] ────────────────────────────────────────────────────────────────────────────────
[INFO] [stdout] -old snapshot
[INFO] [stdout] +new results
[INFO] [stdout] ────────────┬───────────────────────────────────────────────────────────────────
[INFO] [stdout]     1       │- Total: 16.0K (4 files), freed: 0 | /tmp/diskonaut_tests/enter_largest_folder_with_no_selected_tile                                                                                           
[INFO] [stdout]           1 │+ Total: 16.0K (4 files), freed: 0 (CAUTION: running as root) | /tmp/diskonaut_tests/enter_largest_folder_with_no_selected_tile                                                                
[INFO] [stdout]     2     2 │ ┌─────────────────────────────────────────────────────────────────────────────────────────────────────────────────────────────────────────────┬──────────────────────────────────────────────┐
[INFO] [stdout]     3     3 │ │                                                                                                                                             │                                              │
[INFO] [stdout]     4     4 │ │                                                                                                                                             │                                              │
[INFO] [stdout]     5     5 │ │                                                                                                                                             │                                              │
[INFO] [stdout] ────────────┴───────────────────────────────────────────────────────────────────
[INFO] [stdout] 
[INFO] [stdout] thread 'tests::cases::ui::enter_largest_folder_with_no_selected_tile' (2610) panicked at src/tests/cases/ui.rs:1398:5:
[INFO] [stdout] called `Result::unwrap()` on an `Err` value: FileIo(Os { code: 30, kind: ReadOnlyFilesystem, message: "Read-only file system" }, "/opt/rustwide/workdir/src/tests/cases/snapshots/diskonaut__tests__cases__ui__enter_largest_folder_with_no_selected_tile.snap.new")
[INFO] [stdout] stack backtrace:
[INFO] [stdout]    0:     0x63e4ecf1d055 - <unknown>
[INFO] [stdout]    1:     0x63e4ecebe974 - <unknown>
[INFO] [stdout]    2:     0x63e4ecf1c6fb - <unknown>
[INFO] [stdout]    3:     0x63e4ecf1c2f9 - <unknown>
[INFO] [stdout]    4:     0x63e4ecf1bf7a - <unknown>
[INFO] [stdout]    5:     0x63e4ecf1baab - <unknown>
[INFO] [stdout]    6:     0x63e4ecf41971 - <unknown>
[INFO] [stdout]    7:     0x63e4ecf41929 - <unknown>
[INFO] [stdout]    8:     0x63e4ecf41e1c - <unknown>
[INFO] [stdout]    9:     0x63e4ecebe80b - <unknown>
[INFO] [stdout]   10:     0x63e4ecec22a1 - <unknown>
[INFO] [stdout]   11:     0x63e4eceb6a74 - <unknown>
[INFO] [stdout]   12:     0x63e4ecf5e62b - <unknown>
[INFO] [stdout]   13:     0x63e4ecf5a896 - <unknown>
[INFO] [stdout]   14:     0x63e4ecf5a0bc - <unknown>
[INFO] [stdout]   15:     0x63e4ecf7639c - <unknown>
[INFO] [stdout]   16:     0x63e4ecf436b8 - <unknown>
[INFO] [stdout]   17:     0x7eb5018ffdfa - <unknown>
[INFO] [stdout]   18:     0x7eb5019933d4 - clone
[INFO] [stdout]   19:                0x0 - <unknown>
[INFO] [stdout] 
[INFO] [stdout] ---- tests::cases::ui::medium_width stdout ----
[INFO] [stdout] ━━━━━━━━━━━━━━━━━━━━━━━━━━━━━━━ Snapshot Summary ━━━━━━━━━━━━━━━━━━━━━━━━━━━━━━━
[INFO] [stdout] Snapshot file: src/tests/cases/snapshots/diskonaut__tests__cases__ui__medium_width.snap
[INFO] [stdout] Snapshot: medium_width
[INFO] [stdout] Source: src/tests/cases/ui.rs:147
[INFO] [stdout] ────────────────────────────────────────────────────────────────────────────────
[INFO] [stdout] Expression: &terminal_draw_events_mirror[0]
[INFO] [stdout] ────────────────────────────────────────────────────────────────────────────────
[INFO] [stdout] -old snapshot
[INFO] [stdout] +new results
[INFO] [stdout] ────────────┬───────────────────────────────────────────────────────────────────
[INFO] [stdout]     1       │- Total: 20.0K, freed: 0 | /tmp/diskonaut_tests/medium_width 
[INFO] [stdout]           1 │+ Total: 20.0K (root) | /tmp/diskonaut_tests/medium_width    
[INFO] [stdout]     2     2 │ ┌──────────────────────────────────────────────────────────┐
[INFO] [stdout]     3     3 │ │                                                          │
[INFO] [stdout]     4     4 │ │                                                          │
[INFO] [stdout]     5     5 │ │                                                          │
[INFO] [stdout] ────────────┴───────────────────────────────────────────────────────────────────
[INFO] [stdout] 
[INFO] [stdout] thread 'tests::cases::ui::medium_width' (3339) panicked at src/tests/cases/ui.rs:147:5:
[INFO] [stdout] called `Result::unwrap()` on an `Err` value: FileIo(Os { code: 30, kind: ReadOnlyFilesystem, message: "Read-only file system" }, "/opt/rustwide/workdir/src/tests/cases/snapshots/diskonaut__tests__cases__ui__medium_width.snap.new")
[INFO] [stdout] stack backtrace:
[INFO] [stdout]    0:     0x63e4ecf1d055 - <unknown>
[INFO] [stdout]    1:     0x63e4ecebe974 - <unknown>
[INFO] [stdout]    2:     0x63e4ecf1c6fb - <unknown>
[INFO] [stdout]    3:     0x63e4ecf1c2f9 - <unknown>
[INFO] [stdout]    4:     0x63e4ecf1bf7a - <unknown>
[INFO] [stdout]    5:     0x63e4ecf1baab - <unknown>
[INFO] [stdout]    6:     0x63e4ecf41971 - <unknown>
[INFO] [stdout]    7:     0x63e4ecf41929 - <unknown>
[INFO] [stdout]    8:     0x63e4ecf41e1c - <unknown>
[INFO] [stdout]    9:     0x63e4ecebe80b - <unknown>
[INFO] [stdout]   10:     0x63e4ecec22a1 - <unknown>
[INFO] [stdout]   11:     0x63e4ece98ae0 - <unknown>
[INFO] [stdout]   12:     0x63e4ecf5e62b - <unknown>
[INFO] [stdout]   13:     0x63e4ecf5a896 - <unknown>
[INFO] [stdout]   14:     0x63e4ecf5a0bc - <unknown>
[INFO] [stdout]   15:     0x63e4ecf7639c - <unknown>
[INFO] [stdout]   16:     0x63e4ecf436b8 - <unknown>
[INFO] [stdout]   17:     0x7eb5018ffdfa - <unknown>
[INFO] [stdout]   18:     0x7eb5019933d4 - clone
[INFO] [stdout]   19:                0x0 - <unknown>
[INFO] [stdout] 
[INFO] [stdout] ---- tests::cases::ui::permission_denied_when_deleting_no_confirmation stdout ----
[INFO] [stdout] 
[INFO] [stdout] thread 'tests::cases::ui::permission_denied_when_deleting_no_confirmation' (4805) panicked at src/tests/cases/ui.rs:2923:5:
[INFO] [stdout] assertion `left == right` failed: file was not deleted
[INFO] [stdout]   left: false
[INFO] [stdout]  right: true
[INFO] [stdout] stack backtrace:
[INFO] [stdout]    0:     0x63e4ecf1d055 - <unknown>
[INFO] [stdout]    1:     0x63e4ecebe974 - <unknown>
[INFO] [stdout]    2:     0x63e4ecf1c6fb - <unknown>
[INFO] [stdout]    3:     0x63e4ecf1c2f9 - <unknown>
[INFO] [stdout]    4:     0x63e4ecf1bf7a - <unknown>
[INFO] [stdout]    5:     0x63e4ecf1baab - <unknown>
[INFO] [stdout]    6:     0x63e4ecf41971 - <unknown>
[INFO] [stdout]    7:     0x63e4ecf41929 - <unknown>
[INFO] [stdout]    8:     0x63e4ecf41e1c - <unknown>
[INFO] [stdout]    9:     0x63e4ecebe80b - <unknown>
[INFO] [stdout]   10:     0x63e4ecebe785 - <unknown>
[INFO] [stdout]   11:     0x63e4eceee876 - <unknown>
[INFO] [stdout]   12:     0x63e4eceb8e76 - <unknown>
[INFO] [stdout]   13:     0x63e4ecf5e62b - <unknown>
[INFO] [stdout]   14:     0x63e4ecf5a896 - <unknown>
[INFO] [stdout]   15:     0x63e4ecf5a0bc - <unknown>
[INFO] [stdout]   16:     0x63e4ecf7639c - <unknown>
[INFO] [stdout]   17:     0x63e4ecf436b8 - <unknown>
[INFO] [stdout]   18:     0x7eb5018ffdfa - <unknown>
[INFO] [stdout]   19:     0x7eb5019933d4 - clone
[INFO] [stdout]   20:                0x0 - <unknown>
[INFO] [stdout] 
[INFO] [stdout] ---- tests::cases::ui::esc_to_go_up stdout ----
[INFO] [stdout] ━━━━━━━━━━━━━━━━━━━━━━━━━━━━━━━ Snapshot Summary ━━━━━━━━━━━━━━━━━━━━━━━━━━━━━━━
[INFO] [stdout] Snapshot file: src/tests/cases/snapshots/diskonaut__tests__cases__ui__esc_to_go_up.snap
[INFO] [stdout] Snapshot: esc_to_go_up
[INFO] [stdout] Source: src/tests/cases/ui.rs:1533
[INFO] [stdout] ────────────────────────────────────────────────────────────────────────────────
[INFO] [stdout] Expression: &terminal_draw_events_mirror[0]
[INFO] [stdout] ────────────────────────────────────────────────────────────────────────────────
[INFO] [stdout] -old snapshot
[INFO] [stdout] +new results
[INFO] [stdout] ────────────┬───────────────────────────────────────────────────────────────────
[INFO] [stdout]     1       │- Total: 12.0K (4 files), freed: 0 | /tmp/diskonaut_tests/esc_to_go_up                                                                                                                         
[INFO] [stdout]           1 │+ Total: 12.0K (4 files), freed: 0 (CAUTION: running as root) | /tmp/diskonaut_tests/esc_to_go_up                                                                                              
[INFO] [stdout]     2     2 │ ┌─────────────────────────────────────────────────────────────────────────────────────────────────────────────────────────────┬──────────────────────────────────────────────────────────────┐
[INFO] [stdout]     3     3 │ │                                                                                                                             │                                                              │
[INFO] [stdout]     4     4 │ │                                                                                                                             │                                                              │
[INFO] [stdout]     5     5 │ │                                                                                                                             │                                                              │
[INFO] [stdout] ────────────┴───────────────────────────────────────────────────────────────────
[INFO] [stdout] 
[INFO] [stdout] thread 'tests::cases::ui::esc_to_go_up' (2669) panicked at src/tests/cases/ui.rs:1533:5:
[INFO] [stdout] called `Result::unwrap()` on an `Err` value: FileIo(Os { code: 30, kind: ReadOnlyFilesystem, message: "Read-only file system" }, "/opt/rustwide/workdir/src/tests/cases/snapshots/diskonaut__tests__cases__ui__esc_to_go_up.snap.new")
[INFO] [stdout] stack backtrace:
[INFO] [stdout]    0:     0x63e4ecf1d055 - <unknown>
[INFO] [stdout]    1:     0x63e4ecebe974 - <unknown>
[INFO] [stdout]    2:     0x63e4ecf1c6fb - <unknown>
[INFO] [stdout]    3:     0x63e4ecf1c2f9 - <unknown>
[INFO] [stdout]    4:     0x63e4ecf1bf7a - <unknown>
[INFO] [stdout]    5:     0x63e4ecf1baab - <unknown>
[INFO] [stdout]    6:     0x63e4ecf41971 - <unknown>
[INFO] [stdout]    7:     0x63e4ecf41929 - <unknown>
[INFO] [stdout]    8:     0x63e4ecf41e1c - <unknown>
[INFO] [stdout]    9:     0x63e4ecebe80b - <unknown>
[INFO] [stdout]   10:     0x63e4ecec22a1 - <unknown>
[INFO] [stdout]   11:     0x63e4ece9812c - <unknown>
[INFO] [stdout]   12:     0x63e4ecf5e62b - <unknown>
[INFO] [stdout]   13:     0x63e4ecf5a896 - <unknown>
[INFO] [stdout]   14:     0x63e4ecf5a0bc - <unknown>
[INFO] [stdout]   15:     0x63e4ecf7639c - <unknown>
[INFO] [stdout]   16:     0x63e4ecf436b8 - <unknown>
[INFO] [stdout]   17:     0x7eb5018ffdfa - <unknown>
[INFO] [stdout]   18:     0x7eb5019933d4 - clone
[INFO] [stdout]   19:                0x0 - <unknown>
[INFO] [stdout] 
[INFO] [stdout] ---- tests::cases::ui::permission_denied_when_deleting stdout ----
[INFO] [stdout] 
[INFO] [stdout] thread 'tests::cases::ui::permission_denied_when_deleting' (4694) panicked at src/tests/cases/ui.rs:2836:5:
[INFO] [stdout] assertion `left == right` failed: file was not deleted
[INFO] [stdout]   left: false
[INFO] [stdout]  right: true
[INFO] [stdout] stack backtrace:
[INFO] [stdout]    0:     0x63e4ecf1d055 - <unknown>
[INFO] [stdout]    1:     0x63e4ecebe974 - <unknown>
[INFO] [stdout]    2:     0x63e4ecf1c6fb - <unknown>
[INFO] [stdout]    3:     0x63e4ecf1c2f9 - <unknown>
[INFO] [stdout]    4:     0x63e4ecf1bf7a - <unknown>
[INFO] [stdout]    5:     0x63e4ecf1baab - <unknown>
[INFO] [stdout]    6:     0x63e4ecf41971 - <unknown>
[INFO] [stdout]    7:     0x63e4ecf41929 - <unknown>
[INFO] [stdout]    8:     0x63e4ecf41e1c - <unknown>
[INFO] [stderr] error: test failed, to rerun pass `--bin diskonaut`
[INFO] [stdout]    9:     0x63e4ecebe80b - <unknown>
[INFO] [stdout]   10:     0x63e4ecebe785 - <unknown>
[INFO] [stdout]   11:     0x63e4eceee876 - <unknown>
[INFO] [stdout]   12:     0x63e4eceaf7d7 - <unknown>
[INFO] [stdout]   13:     0x63e4ecf5e62b - <unknown>
[INFO] [stdout]   14:     0x63e4ecf5a896 - <unknown>
[INFO] [stdout]   15:     0x63e4ecf5a0bc - <unknown>
[INFO] [stdout]   16:     0x63e4ecf7639c - <unknown>
[INFO] [stdout]   17:     0x63e4ecf436b8 - <unknown>
[INFO] [stdout]   18:     0x7eb5018ffdfa - <unknown>
[INFO] [stdout]   19:     0x7eb5019933d4 - clone
[INFO] [stdout]   20:                0x0 - <unknown>
[INFO] [stdout] 
[INFO] [stdout] ---- tests::cases::ui::pressing_delete_with_no_selected_tile stdout ----
[INFO] [stdout] ━━━━━━━━━━━━━━━━━━━━━━━━━━━━━━━ Snapshot Summary ━━━━━━━━━━━━━━━━━━━━━━━━━━━━━━━
[INFO] [stdout] Snapshot file: src/tests/cases/snapshots/diskonaut__tests__cases__ui__pressing_delete_with_no_selected_tile.snap
[INFO] [stdout] Snapshot: pressing_delete_with_no_selected_tile
[INFO] [stdout] Source: src/tests/cases/ui.rs:2627
[INFO] [stdout] ────────────────────────────────────────────────────────────────────────────────
[INFO] [stdout] Expression: &terminal_draw_events_mirror[0]
[INFO] [stdout] ────────────────────────────────────────────────────────────────────────────────
[INFO] [stdout] -old snapshot
[INFO] [stdout] +new results
[INFO] [stdout] ────────────┬───────────────────────────────────────────────────────────────────
[INFO] [stdout]     1       │- Total: 12.0K (4 files), freed: 0 | /tmp/diskonaut_tests/pressing_delete_with_no_selected_tile                                                                                                
[INFO] [stdout]           1 │+ Total: 12.0K (4 files), freed: 0 (CAUTION: running as root) | /tmp/diskonaut_tests/pressing_delete_with_no_selected_tile                                                                     
[INFO] [stdout]     2     2 │ ┌─────────────────────────────────────────────────────────────────────────────────────────────────────────────────────────────┬──────────────────────────────────────────────────────────────┐
[INFO] [stdout]     3     3 │ │                                                                                                                             │                                                              │
[INFO] [stdout]     4     4 │ │                                                                                                                             │                                                              │
[INFO] [stdout]     5     5 │ │                                                                                                                             │                                                              │
[INFO] [stdout] ────────────┴───────────────────────────────────────────────────────────────────
[INFO] [stdout] 
[INFO] [stdout] thread 'tests::cases::ui::pressing_delete_with_no_selected_tile' (4897) panicked at src/tests/cases/ui.rs:2627:5:
[INFO] [stdout] called `Result::unwrap()` on an `Err` value: FileIo(Os { code: 30, kind: ReadOnlyFilesystem, message: "Read-only file system" }, "/opt/rustwide/workdir/src/tests/cases/snapshots/diskonaut__tests__cases__ui__pressing_delete_with_no_selected_tile.snap.new")
[INFO] [stdout] stack backtrace:
[INFO] [stdout]    0:     0x63e4ecf1d055 - <unknown>
[INFO] [stdout]    1:     0x63e4ecebe974 - <unknown>
[INFO] [stdout]    2:     0x63e4ecf1c6fb - <unknown>
[INFO] [stdout]    3:     0x63e4ecf1c2f9 - <unknown>
[INFO] [stdout]    4:     0x63e4ecf1bf7a - <unknown>
[INFO] [stdout]    5:     0x63e4ecf1baab - <unknown>
[INFO] [stdout]    6:     0x63e4ecf41971 - <unknown>
[INFO] [stdout]    7:     0x63e4ecf41929 - <unknown>
[INFO] [stdout]    8:     0x63e4ecf41e1c - <unknown>
[INFO] [stdout]    9:     0x63e4ecebe80b - <unknown>
[INFO] [stdout]   10:     0x63e4ecec22a1 - <unknown>
[INFO] [stdout]   11:     0x63e4eceb4438 - <unknown>
[INFO] [stdout]   12:     0x63e4ecf5e62b - <unknown>
[INFO] [stdout]   13:     0x63e4ecf5a896 - <unknown>
[INFO] [stdout]   14:     0x63e4ecf5a0bc - <unknown>
[INFO] [stdout]   15:     0x63e4ecf7639c - <unknown>
[INFO] [stdout]   16:     0x63e4ecf436b8 - <unknown>
[INFO] [stdout]   17:     0x7eb5018ffdfa - <unknown>
[INFO] [stdout]   18:     0x7eb5019933d4 - clone
[INFO] [stdout]   19:                0x0 - <unknown>
[INFO] [stdout] 
[INFO] [stdout] ---- tests::cases::ui::move_down_and_enter_folder stdout ----
[INFO] [stdout] ━━━━━━━━━━━━━━━━━━━━━━━━━━━━━━━ Snapshot Summary ━━━━━━━━━━━━━━━━━━━━━━━━━━━━━━━
[INFO] [stdout] Snapshot file: src/tests/cases/snapshots/diskonaut__tests__cases__ui__move_down_and_enter_folder.snap
[INFO] [stdout] Snapshot: move_down_and_enter_folder
[INFO] [stdout] Source: src/tests/cases/ui.rs:1043
[INFO] [stdout] ────────────────────────────────────────────────────────────────────────────────
[INFO] [stdout] Expression: &terminal_draw_events_mirror[0]
[INFO] [stdout] ────────────────────────────────────────────────────────────────────────────────
[INFO] [stdout] -old snapshot
[INFO] [stdout] +new results
[INFO] [stdout] ────────────┬───────────────────────────────────────────────────────────────────
[INFO] [stdout]     1       │- Total: 20.0K (4 files), freed: 0 | /tmp/diskonaut_tests/move_down_and_enter_folder                                                                                                           
[INFO] [stdout]           1 │+ Total: 20.0K (4 files), freed: 0 (CAUTION: running as root) | /tmp/diskonaut_tests/move_down_and_enter_folder                                                                                
[INFO] [stdout]     2     2 │ ┌──────────────────────────────────────────────────────────────────────────────────────────────────────────────────────────────────────────────────────┬─────────────────────────────────────┐
[INFO] [stdout]     3     3 │ │                                                                                                                                                      │                                     │
[INFO] [stdout]     4     4 │ │                                                                                                                                                      │                                     │
[INFO] [stdout]     5     5 │ │                                                                                                                                                      │                                     │
[INFO] [stdout] ────────────┴───────────────────────────────────────────────────────────────────
[INFO] [stdout] 
[INFO] [stdout] thread 'tests::cases::ui::move_down_and_enter_folder' (3915) panicked at src/tests/cases/ui.rs:1043:5:
[INFO] [stdout] called `Result::unwrap()` on an `Err` value: FileIo(Os { code: 30, kind: ReadOnlyFilesystem, message: "Read-only file system" }, "/opt/rustwide/workdir/src/tests/cases/snapshots/diskonaut__tests__cases__ui__move_down_and_enter_folder.snap.new")
[INFO] [stdout] stack backtrace:
[INFO] [stdout]    0:     0x63e4ecf1d055 - <unknown>
[INFO] [stdout]    1:     0x63e4ecebe974 - <unknown>
[INFO] [stdout]    2:     0x63e4ecf1c6fb - <unknown>
[INFO] [stdout]    3:     0x63e4ecf1c2f9 - <unknown>
[INFO] [stdout]    4:     0x63e4ecf1bf7a - <unknown>
[INFO] [stdout]    5:     0x63e4ecf1baab - <unknown>
[INFO] [stdout]    6:     0x63e4ecf41971 - <unknown>
[INFO] [stdout]    7:     0x63e4ecf41929 - <unknown>
[INFO] [stdout]    8:     0x63e4ecf41e1c - <unknown>
[INFO] [stdout]    9:     0x63e4ecebe80b - <unknown>
[INFO] [stdout]   10:     0x63e4ecec22a1 - <unknown>
[INFO] [stdout]   11:     0x63e4ecea5f18 - <unknown>
[INFO] [stdout]   12:     0x63e4ecf5e62b - <unknown>
[INFO] [stdout]   13:     0x63e4ecf5a896 - <unknown>
[INFO] [stdout]   14:     0x63e4ecf5a0bc - <unknown>
[INFO] [stdout]   15:     0x63e4ecf7639c - <unknown>
[INFO] [stdout]   16:     0x63e4ecf436b8 - <unknown>
[INFO] [stdout]   17:     0x7eb5018ffdfa - <unknown>
[INFO] [stdout]   18:     0x7eb5019933d4 - clone
[INFO] [stdout]   19:                0x0 - <unknown>
[INFO] [stdout] 
[INFO] [stdout] ---- tests::cases::ui::eleven_files stdout ----
[INFO] [stdout] ━━━━━━━━━━━━━━━━━━━━━━━━━━━━━━━ Snapshot Summary ━━━━━━━━━━━━━━━━━━━━━━━━━━━━━━━
[INFO] [stdout] Snapshot file: src/tests/cases/snapshots/diskonaut__tests__cases__ui__eleven_files.snap
[INFO] [stdout] Snapshot: eleven_files
[INFO] [stdout] Source: src/tests/cases/ui.rs:493
[INFO] [stdout] ────────────────────────────────────────────────────────────────────────────────
[INFO] [stdout] Expression: &terminal_draw_events_mirror[0]
[INFO] [stdout] ────────────────────────────────────────────────────────────────────────────────
[INFO] [stdout] -old snapshot
[INFO] [stdout] +new results
[INFO] [stdout] ────────────┬───────────────────────────────────────────────────────────────────
[INFO] [stdout]     1       │- Total: 448.0K (11 files), freed: 0 | /tmp/diskonaut_tests/eleven_files                                                                                                                       
[INFO] [stdout]           1 │+ Total: 448.0K (11 files), freed: 0 (CAUTION: running as root) | /tmp/diskonaut_tests/eleven_files                                                                                            
[INFO] [stdout]     2     2 │ ┌─────────────────────────────────────────────────────────────────────────────────────────────────────────┬──────────────────────────────────────────────────────────────────────────────────┐
[INFO] [stdout]     3     3 │ │                                                                                                         │                                                                                  │
[INFO] [stdout]     4     4 │ │                                                                                                         │                                                                                  │
[INFO] [stdout]     5     5 │ │                                                                                                         │                                                                                  │
[INFO] [stdout] ────────────┴───────────────────────────────────────────────────────────────────
[INFO] [stdout] 
[INFO] [stdout] thread 'tests::cases::ui::eleven_files' (2164) panicked at src/tests/cases/ui.rs:493:5:
[INFO] [stdout] called `Result::unwrap()` on an `Err` value: FileIo(Os { code: 30, kind: ReadOnlyFilesystem, message: "Read-only file system" }, "/opt/rustwide/workdir/src/tests/cases/snapshots/diskonaut__tests__cases__ui__eleven_files.snap.new")
[INFO] [stdout] stack backtrace:
[INFO] [stdout]    0:     0x63e4ecf1d055 - <unknown>
[INFO] [stdout]    1:     0x63e4ecebe974 - <unknown>
[INFO] [stdout]    2:     0x63e4ecf1c6fb - <unknown>
[INFO] [stdout]    3:     0x63e4ecf1c2f9 - <unknown>
[INFO] [stdout]    4:     0x63e4ecf1bf7a - <unknown>
[INFO] [stdout]    5:     0x63e4ecf1baab - <unknown>
[INFO] [stdout]    6:     0x63e4ecf41971 - <unknown>
[INFO] [stdout]    7:     0x63e4ecf41929 - <unknown>
[INFO] [stdout]    8:     0x63e4ecf41e1c - <unknown>
[INFO] [stdout]    9:     0x63e4ecebe80b - <unknown>
[INFO] [stdout]   10:     0x63e4ecec22a1 - <unknown>
[INFO] [stdout]   11:     0x63e4ece95d35 - <unknown>
[INFO] [stdout]   12:     0x63e4ecf5e62b - <unknown>
[INFO] [stdout]   13:     0x63e4ecf5a896 - <unknown>
[INFO] [stdout]   14:     0x63e4ecf5a0bc - <unknown>
[INFO] [stdout]   15:     0x63e4ecf7639c - <unknown>
[INFO] [stdout]   16:     0x63e4ecf436b8 - <unknown>
[INFO] [stdout]   17:     0x7eb5018ffdfa - <unknown>
[INFO] [stdout]   18:     0x7eb5019933d4 - clone
[INFO] [stdout]   19:                0x0 - <unknown>
[INFO] [stdout] 
[INFO] [stdout] ---- tests::cases::ui::move_up_and_enter_folder stdout ----
[INFO] [stdout] ━━━━━━━━━━━━━━━━━━━━━━━━━━━━━━━ Snapshot Summary ━━━━━━━━━━━━━━━━━━━━━━━━━━━━━━━
[INFO] [stdout] Snapshot file: src/tests/cases/snapshots/diskonaut__tests__cases__ui__move_up_and_enter_folder.snap
[INFO] [stdout] Snapshot: move_up_and_enter_folder
[INFO] [stdout] Source: src/tests/cases/ui.rs:1183
[INFO] [stdout] ────────────────────────────────────────────────────────────────────────────────
[INFO] [stdout] Expression: &terminal_draw_events_mirror[0]
[INFO] [stdout] ────────────────────────────────────────────────────────────────────────────────
[INFO] [stdout] -old snapshot
[INFO] [stdout] +new results
[INFO] [stdout] ────────────┬───────────────────────────────────────────────────────────────────
[INFO] [stdout]     1       │- Total: 24.0K (4 files), freed: 0 | /tmp/diskonaut_tests/move_up_and_enter_folder                                                                                                             
[INFO] [stdout]           1 │+ Total: 24.0K (4 files), freed: 0 (CAUTION: running as root) | /tmp/diskonaut_tests/move_up_and_enter_folder                                                                                  
[INFO] [stdout]     2     2 │ ┌─────────────────────────────────────────────────────────────────────────────────────────────────────────────────────────────────────────────────────────────┬──────────────────────────────┐
[INFO] [stdout]     3     3 │ │                                                                                                                                                             │                              │
[INFO] [stdout]     4     4 │ │                                                                                                                                                             │                              │
[INFO] [stdout]     5     5 │ │                                                                                                                                                             │                              │
[INFO] [stdout] ────────────┴───────────────────────────────────────────────────────────────────
[INFO] [stdout] 
[INFO] [stdout] thread 'tests::cases::ui::move_up_and_enter_folder' (4367) panicked at src/tests/cases/ui.rs:1183:5:
[INFO] [stdout] called `Result::unwrap()` on an `Err` value: FileIo(Os { code: 30, kind: ReadOnlyFilesystem, message: "Read-only file system" }, "/opt/rustwide/workdir/src/tests/cases/snapshots/diskonaut__tests__cases__ui__move_up_and_enter_folder.snap.new")
[INFO] [stdout] stack backtrace:
[INFO] [stdout]    0:     0x63e4ecf1d055 - <unknown>
[INFO] [stdout]    1:     0x63e4ecebe974 - <unknown>
[INFO] [stdout]    2:     0x63e4ecf1c6fb - <unknown>
[INFO] [stdout]    3:     0x63e4ecf1c2f9 - <unknown>
[INFO] [stdout]    4:     0x63e4ecf1bf7a - <unknown>
[INFO] [stdout]    5:     0x63e4ecf1baab - <unknown>
[INFO] [stdout]    6:     0x63e4ecf41971 - <unknown>
[INFO] [stdout]    7:     0x63e4ecf41929 - <unknown>
[INFO] [stdout]    8:     0x63e4ecf41e1c - <unknown>
[INFO] [stdout]    9:     0x63e4ecebe80b - <unknown>
[INFO] [stdout]   10:     0x63e4ecec22a1 - <unknown>
[INFO] [stdout]   11:     0x63e4ecea2838 - <unknown>
[INFO] [stdout]   12:     0x63e4ecf5e62b - <unknown>
[INFO] [stdout]   13:     0x63e4ecf5a896 - <unknown>
[INFO] [stdout]   14:     0x63e4ecf5a0bc - <unknown>
[INFO] [stdout]   15:     0x63e4ecf7639c - <unknown>
[INFO] [stdout]   16:     0x63e4ecf436b8 - <unknown>
[INFO] [stdout]   17:     0x7eb5018ffdfa - <unknown>
[INFO] [stdout]   18:     0x7eb5019933d4 - clone
[INFO] [stdout]   19:                0x0 - <unknown>
[INFO] [stdout] 
[INFO] [stdout] ---- tests::cases::ui::noop_when_entering_file stdout ----
[INFO] [stdout] ━━━━━━━━━━━━━━━━━━━━━━━━━━━━━━━ Snapshot Summary ━━━━━━━━━━━━━━━━━━━━━━━━━━━━━━━
[INFO] [stdout] Snapshot file: src/tests/cases/snapshots/diskonaut__tests__cases__ui__noop_when_entering_file.snap
[INFO] [stdout] Snapshot: noop_when_entering_file
[INFO] [stdout] Source: src/tests/cases/ui.rs:1110
[INFO] [stdout] ────────────────────────────────────────────────────────────────────────────────
[INFO] [stdout] Expression: &terminal_draw_events_mirror[0]
[INFO] [stdout] ────────────────────────────────────────────────────────────────────────────────
[INFO] [stdout] -old snapshot
[INFO] [stdout] +new results
[INFO] [stdout] ────────────┬───────────────────────────────────────────────────────────────────
[INFO] [stdout]     1       │- Total: 20.0K (3 files), freed: 0 | /tmp/diskonaut_tests/noop_when_entering_file                                                                                                              
[INFO] [stdout]           1 │+ Total: 20.0K (3 files), freed: 0 (CAUTION: running as root) | /tmp/diskonaut_tests/noop_when_entering_file                                                                                   
[INFO] [stdout]     2     2 │ ┌──────────────────────────────────────────────────────────────────────────────────────────────────────────────────────────────────────────────────────┬─────────────────────────────────────┐
[INFO] [stdout]     3     3 │ │                                                                                                                                                      │                                     │
[INFO] [stdout]     4     4 │ │                                                                                                                                                      │                                     │
[INFO] [stdout]     5     5 │ │                                                                                                                                                      │                                     │
[INFO] [stdout] ────────────┴───────────────────────────────────────────────────────────────────
[INFO] [stdout] 
[INFO] [stdout] thread 'tests::cases::ui::noop_when_entering_file' (4400) panicked at src/tests/cases/ui.rs:1110:5:
[INFO] [stdout] called `Result::unwrap()` on an `Err` value: FileIo(Os { code: 30, kind: ReadOnlyFilesystem, message: "Read-only file system" }, "/opt/rustwide/workdir/src/tests/cases/snapshots/diskonaut__tests__cases__ui__noop_when_entering_file.snap.new")
[INFO] [stdout] stack backtrace:
[INFO] [stdout]    0:     0x63e4ecf1d055 - <unknown>
[INFO] [stdout]    1:     0x63e4ecebe974 - <unknown>
[INFO] [stdout]    2:     0x63e4ecf1c6fb - <unknown>
[INFO] [stdout]    3:     0x63e4ecf1c2f9 - <unknown>
[INFO] [stdout]    4:     0x63e4ecf1bf7a - <unknown>
[INFO] [stdout]    5:     0x63e4ecf1baab - <unknown>
[INFO] [stdout]    6:     0x63e4ecf41971 - <unknown>
[INFO] [stdout]    7:     0x63e4ecf41929 - <unknown>
[INFO] [stdout]    8:     0x63e4ecf41e1c - <unknown>
[INFO] [stdout]    9:     0x63e4ecebe80b - <unknown>
[INFO] [stdout]   10:     0x63e4ecec22a1 - <unknown>
[INFO] [stdout]   11:     0x63e4ecea0b0e - <unknown>
[INFO] [stdout]   12:     0x63e4ecf5e62b - <unknown>
[INFO] [stdout]   13:     0x63e4ecf5a896 - <unknown>
[INFO] [stdout]   14:     0x63e4ecf5a0bc - <unknown>
[INFO] [stdout]   15:     0x63e4ecf7639c - <unknown>
[INFO] [stdout]   16:     0x63e4ecf436b8 - <unknown>
[INFO] [stdout]   17:     0x7eb5018ffdfa - <unknown>
[INFO] [stdout]   18:     0x7eb5019933d4 - clone
[INFO] [stdout]   19:                0x0 - <unknown>
[INFO] [stdout] 
[INFO] [stdout] ---- tests::cases::ui::move_left_and_enter_folder stdout ----
[INFO] [stdout] ━━━━━━━━━━━━━━━━━━━━━━━━━━━━━━━ Snapshot Summary ━━━━━━━━━━━━━━━━━━━━━━━━━━━━━━━
[INFO] [stdout] Snapshot file: src/tests/cases/snapshots/diskonaut__tests__cases__ui__move_left_and_enter_folder.snap
[INFO] [stdout] Snapshot: move_left_and_enter_folder
[INFO] [stdout] Source: src/tests/cases/ui.rs:1329
[INFO] [stdout] ────────────────────────────────────────────────────────────────────────────────
[INFO] [stdout] Expression: &terminal_draw_events_mirror[0]
[INFO] [stdout] ────────────────────────────────────────────────────────────────────────────────
[INFO] [stdout] -old snapshot
[INFO] [stdout] +new results
[INFO] [stdout] ────────────┬───────────────────────────────────────────────────────────────────
[INFO] [stdout]     1       │- Total: 16.0K (4 files), freed: 0 | /tmp/diskonaut_tests/move_left_and_enter_folder                                                                                                           
[INFO] [stdout]           1 │+ Total: 16.0K (4 files), freed: 0 (CAUTION: running as root) | /tmp/diskonaut_tests/move_left_and_enter_folder                                                                                
[INFO] [stdout]     2     2 │ ┌─────────────────────────────────────────────────────────────────────────────────────────────────────────────────────────────────────────────┬──────────────────────────────────────────────┐
[INFO] [stdout]     3     3 │ │                                                                                                                                             │                                              │
[INFO] [stdout]     4     4 │ │                                                                                                                                             │                                              │
[INFO] [stdout]     5     5 │ │                                                                                                                                             │                                              │
[INFO] [stdout] ────────────┴───────────────────────────────────────────────────────────────────
[INFO] [stdout] 
[INFO] [stdout] thread 'tests::cases::ui::move_left_and_enter_folder' (4268) panicked at src/tests/cases/ui.rs:1329:5:
[INFO] [stdout] called `Result::unwrap()` on an `Err` value: FileIo(Os { code: 30, kind: ReadOnlyFilesystem, message: "Read-only file system" }, "/opt/rustwide/workdir/src/tests/cases/snapshots/diskonaut__tests__cases__ui__move_left_and_enter_folder.snap.new")
[INFO] [stdout] stack backtrace:
[INFO] [stdout]    0:     0x63e4ecf1d055 - <unknown>
[INFO] [stdout]    1:     0x63e4ecebe974 - <unknown>
[INFO] [stdout]    2:     0x63e4ecf1c6fb - <unknown>
[INFO] [stdout]    3:     0x63e4ecf1c2f9 - <unknown>
[INFO] [stdout]    4:     0x63e4ecf1bf7a - <unknown>
[INFO] [stdout]    5:     0x63e4ecf1baab - <unknown>
[INFO] [stdout]    6:     0x63e4ecf41971 - <unknown>
[INFO] [stdout]    7:     0x63e4ecf41929 - <unknown>
[INFO] [stdout]    8:     0x63e4ecf41e1c - <unknown>
[INFO] [stdout]    9:     0x63e4ecebe80b - <unknown>
[INFO] [stdout]   10:     0x63e4ecec22a1 - <unknown>
[INFO] [stdout]   11:     0x63e4ecea6f92 - <unknown>
[INFO] [stdout]   12:     0x63e4ecf5e62b - <unknown>
[INFO] [stdout]   13:     0x63e4ecf5a896 - <unknown>
[INFO] [stdout]   14:     0x63e4ecf5a0bc - <unknown>
[INFO] [stdout]   15:     0x63e4ecf7639c - <unknown>
[INFO] [stdout]   16:     0x63e4ecf436b8 - <unknown>
[INFO] [stdout]   17:     0x7eb5018ffdfa - <unknown>
[INFO] [stdout]   18:     0x7eb5019933d4 - clone
[INFO] [stdout]   19:                0x0 - <unknown>
[INFO] [stdout] 
[INFO] [stdout] ---- tests::cases::ui::move_right_and_enter_folder stdout ----
[INFO] [stdout] ━━━━━━━━━━━━━━━━━━━━━━━━━━━━━━━ Snapshot Summary ━━━━━━━━━━━━━━━━━━━━━━━━━━━━━━━
[INFO] [stdout] Snapshot file: src/tests/cases/snapshots/diskonaut__tests__cases__ui__move_right_and_enter_folder.snap
[INFO] [stdout] Snapshot: move_right_and_enter_folder
[INFO] [stdout] Source: src/tests/cases/ui.rs:1255
[INFO] [stdout] ────────────────────────────────────────────────────────────────────────────────
[INFO] [stdout] Expression: &terminal_draw_events_mirror[0]
[INFO] [stdout] ────────────────────────────────────────────────────────────────────────────────
[INFO] [stdout] -old snapshot
[INFO] [stdout] +new results
[INFO] [stdout] ────────────┬───────────────────────────────────────────────────────────────────
[INFO] [stdout]     1       │- Total: 12.0K (4 files), freed: 0 | /tmp/diskonaut_tests/move_right_and_enter_folder                                                                                                          
[INFO] [stdout]           1 │+ Total: 12.0K (4 files), freed: 0 (CAUTION: running as root) | /tmp/diskonaut_tests/move_right_and_enter_folder                                                                               
[INFO] [stdout]     2     2 │ ┌─────────────────────────────────────────────────────────────────────────────────────────────────────────────────────────────┬──────────────────────────────────────────────────────────────┐
[INFO] [stdout]     3     3 │ │                                                                                                                             │                                                              │
[INFO] [stdout]     4     4 │ │                                                                                                                             │                                                              │
[INFO] [stdout]     5     5 │ │                                                                                                                             │                                                              │
[INFO] [stdout] ────────────┴───────────────────────────────────────────────────────────────────
[INFO] [stdout] 
[INFO] [stdout] thread 'tests::cases::ui::move_right_and_enter_folder' (4357) panicked at src/tests/cases/ui.rs:1255:5:
[INFO] [stdout] called `Result::unwrap()` on an `Err` value: FileIo(Os { code: 30, kind: ReadOnlyFilesystem, message: "Read-only file system" }, "/opt/rustwide/workdir/src/tests/cases/snapshots/diskonaut__tests__cases__ui__move_right_and_enter_folder.snap.new")
[INFO] [stdout] stack backtrace:
[INFO] [stdout]    0:     0x63e4ecf1d055 - <unknown>
[INFO] [stdout]    1:     0x63e4ecebe974 - <unknown>
[INFO] [stdout]    2:     0x63e4ecf1c6fb - <unknown>
[INFO] [stdout]    3:     0x63e4ecf1c2f9 - <unknown>
[INFO] [stdout]    4:     0x63e4ecf1bf7a - <unknown>
[INFO] [stdout]    5:     0x63e4ecf1baab - <unknown>
[INFO] [stdout]    6:     0x63e4ecf41971 - <unknown>
[INFO] [stdout]    7:     0x63e4ecf41929 - <unknown>
[INFO] [stdout]    8:     0x63e4ecf41e1c - <unknown>
[INFO] [stdout]    9:     0x63e4ecebe80b - <unknown>
[INFO] [stdout]   10:     0x63e4ecec22a1 - <unknown>
[INFO] [stdout]   11:     0x63e4eceaa582 - <unknown>
[INFO] [stdout]   12:     0x63e4ecf5e62b - <unknown>
[INFO] [stdout]   13:     0x63e4ecf5a896 - <unknown>
[INFO] [stdout]   14:     0x63e4ecf5a0bc - <unknown>
[INFO] [stdout]   15:     0x63e4ecf7639c - <unknown>
[INFO] [stdout]   16:     0x63e4ecf436b8 - <unknown>
[INFO] [stdout]   17:     0x7eb5018ffdfa - <unknown>
[INFO] [stdout]   18:     0x7eb5019933d4 - clone
[INFO] [stdout]   19:                0x0 - <unknown>
[INFO] [stdout] 
[INFO] [stdout] ---- tests::cases::ui::noop_when_pressing_esc_at_base_folder stdout ----
[INFO] [stdout] ━━━━━━━━━━━━━━━━━━━━━━━━━━━━━━━ Snapshot Summary ━━━━━━━━━━━━━━━━━━━━━━━━━━━━━━━
[INFO] [stdout] Snapshot file: src/tests/cases/snapshots/diskonaut__tests__cases__ui__noop_when_pressing_esc_at_base_folder.snap
[INFO] [stdout] Snapshot: noop_when_pressing_esc_at_base_folder
[INFO] [stdout] Source: src/tests/cases/ui.rs:1614
[INFO] [stdout] ────────────────────────────────────────────────────────────────────────────────
[INFO] [stdout] Expression: &terminal_draw_events_mirror[0]
[INFO] [stdout] ────────────────────────────────────────────────────────────────────────────────
[INFO] [stdout] -old snapshot
[INFO] [stdout] +new results
[INFO] [stdout] ────────────┬───────────────────────────────────────────────────────────────────
[INFO] [stdout]     1       │- Total: 12.0K (4 files), freed: 0 | /tmp/diskonaut_tests/noop_when_pressing_esc_at_base_folder                                                                                                
[INFO] [stdout]           1 │+ Total: 12.0K (4 files), freed: 0 (CAUTION: running as root) | /tmp/diskonaut_tests/noop_when_pressing_esc_at_base_folder                                                                     
[INFO] [stdout]     2     2 │ ┌─────────────────────────────────────────────────────────────────────────────────────────────────────────────────────────────┬──────────────────────────────────────────────────────────────┐
[INFO] [stdout]     3     3 │ │                                                                                                                             │                                                              │
[INFO] [stdout]     4     4 │ │                                                                                                                             │                                                              │
[INFO] [stdout]     5     5 │ │                                                                                                                             │                                                              │
[INFO] [stdout] ────────────┴───────────────────────────────────────────────────────────────────
[INFO] [stdout] 
[INFO] [stdout] thread 'tests::cases::ui::noop_when_pressing_esc_at_base_folder' (4661) panicked at src/tests/cases/ui.rs:1614:5:
[INFO] [stdout] called `Result::unwrap()` on an `Err` value: FileIo(Os { code: 30, kind: ReadOnlyFilesystem, message: "Read-only file system" }, "/opt/rustwide/workdir/src/tests/cases/snapshots/diskonaut__tests__cases__ui__noop_when_pressing_esc_at_base_folder.snap.new")
[INFO] [stdout] stack backtrace:
[INFO] [stdout]    0:     0x63e4ecf1d055 - <unknown>
[INFO] [stdout]    1:     0x63e4ecebe974 - <unknown>
[INFO] [stdout]    2:     0x63e4ecf1c6fb - <unknown>
[INFO] [stdout]    3:     0x63e4ecf1c2f9 - <unknown>
[INFO] [stdout]    4:     0x63e4ecf1bf7a - <unknown>
[INFO] [stdout]    5:     0x63e4ecf1baab - <unknown>
[INFO] [stdout]    6:     0x63e4ecf41971 - <unknown>
[INFO] [stdout]    7:     0x63e4ecf41929 - <unknown>
[INFO] [stdout]    8:     0x63e4ecf41e1c - <unknown>
[INFO] [stdout]    9:     0x63e4ecebe80b - <unknown>
[INFO] [stdout]   10:     0x63e4ecec22a1 - <unknown>
[INFO] [stdout]   11:     0x63e4eceb3600 - <unknown>
[INFO] [stdout]   12:     0x63e4ecf5e62b - <unknown>
[INFO] [stdout]   13:     0x63e4ecf5a896 - <unknown>
[INFO] [stdout]   14:     0x63e4ecf5a0bc - <unknown>
[INFO] [stdout]   15:     0x63e4ecf7639c - <unknown>
[INFO] [stdout]   16:     0x63e4ecf436b8 - <unknown>
[INFO] [stdout]   17:     0x7eb5018ffdfa - <unknown>
[INFO] [stdout]   18:     0x7eb5019933d4 - clone
[INFO] [stdout]   19:                0x0 - <unknown>
[INFO] [stdout] 
[INFO] [stdout] ---- tests::cases::ui::small_width_long_folder_name stdout ----
[INFO] [stdout] ━━━━━━━━━━━━━━━━━━━━━━━━━━━━━━━ Snapshot Summary ━━━━━━━━━━━━━━━━━━━━━━━━━━━━━━━
[INFO] [stdout] Snapshot file: src/tests/cases/snapshots/diskonaut__tests__cases__ui__small_width_long_folder_name.snap
[INFO] [stdout] Snapshot: small_width_long_folder_name
[INFO] [stdout] Source: src/tests/cases/ui.rs:228
[INFO] [stdout] ────────────────────────────────────────────────────────────────────────────────
[INFO] [stdout] Expression: &terminal_draw_events_mirror[0]
[INFO] [stdout] ────────────────────────────────────────────────────────────────────────────────
[INFO] [stdout] -old snapshot
[INFO] [stdout] +new results
[INFO] [stdout] ────────────┬───────────────────────────────────────────────────────────────────
[INFO] [stdout]     1       │- 20.0K | /tmp/diskonaut_tes[...]h_long_folder_name
[INFO] [stdout]           1 │+ 20.0K (root) | /tmp/diskonaut[..]ng_folder_name  
[INFO] [stdout]     2     2 │ ┌────────────────────────────────────────────────┐
[INFO] [stdout]     3     3 │ │                                                │
[INFO] [stdout]     4     4 │ │                                                │
[INFO] [stdout]     5     5 │ │                                                │
[INFO] [stdout] ────────────┴───────────────────────────────────────────────────────────────────
[INFO] [stdout] 
[INFO] [stdout] thread 'tests::cases::ui::small_width_long_folder_name' (5700) panicked at src/tests/cases/ui.rs:228:5:
[INFO] [stdout] called `Result::unwrap()` on an `Err` value: FileIo(Os { code: 30, kind: ReadOnlyFilesystem, message: "Read-only file system" }, "/opt/rustwide/workdir/src/tests/cases/snapshots/diskonaut__tests__cases__ui__small_width_long_folder_name.snap.new")
[INFO] [stdout] stack backtrace:
[INFO] [stdout]    0:     0x63e4ecf1d055 - <unknown>
[INFO] [stdout]    1:     0x63e4ecebe974 - <unknown>
[INFO] [stdout]    2:     0x63e4ecf1c6fb - <unknown>
[INFO] [stdout]    3:     0x63e4ecf1c2f9 - <unknown>
[INFO] [stdout]    4:     0x63e4ecf1bf7a - <unknown>
[INFO] [stdout]    5:     0x63e4ecf1baab - <unknown>
[INFO] [stdout]    6:     0x63e4ecf41971 - <unknown>
[INFO] [stdout]    7:     0x63e4ecf41929 - <unknown>
[INFO] [stdout]    8:     0x63e4ecf41e1c - <unknown>
[INFO] [stdout]    9:     0x63e4ecebe80b - <unknown>
[INFO] [stdout]   10:     0x63e4ecec22a1 - <unknown>
[INFO] [stdout]   11:     0x63e4eceac12e - <unknown>
[INFO] [stdout]   12:     0x63e4ecf5e62b - <unknown>
[INFO] [stdout]   13:     0x63e4ecf5a896 - <unknown>
[INFO] [stdout]   14:     0x63e4ecf5a0bc - <unknown>
[INFO] [stdout]   15:     0x63e4ecf7639c - <unknown>
[INFO] [stdout]   16:     0x63e4ecf436b8 - <unknown>
[INFO] [stdout]   17:     0x7eb5018ffdfa - <unknown>
[INFO] [stdout]   18:     0x7eb5019933d4 - clone
[INFO] [stdout]   19:                0x0 - <unknown>
[INFO] [stdout] 
[INFO] [stdout] ---- tests::cases::ui::small_width stdout ----
[INFO] [stdout] ━━━━━━━━━━━━━━━━━━━━━━━━━━━━━━━ Snapshot Summary ━━━━━━━━━━━━━━━━━━━━━━━━━━━━━━━
[INFO] [stdout] Snapshot file: src/tests/cases/snapshots/diskonaut__tests__cases__ui__small_width.snap
[INFO] [stdout] Snapshot: small_width
[INFO] [stdout] Source: src/tests/cases/ui.rs:187
[INFO] [stdout] ────────────────────────────────────────────────────────────────────────────────
[INFO] [stdout] Expression: &terminal_draw_events_mirror[0]
[INFO] [stdout] ────────────────────────────────────────────────────────────────────────────────
[INFO] [stdout] -old snapshot
[INFO] [stdout] +new results
[INFO] [stdout] ────────────┬───────────────────────────────────────────────────────────────────
[INFO] [stdout]     1       │- Total: 20.0K | /tmp/diskonaut_tests/small_width  
[INFO] [stdout]           1 │+ 20.0K (root) | /tmp/diskonaut_tests/small_width  
[INFO] [stdout]     2     2 │ ┌────────────────────────────────────────────────┐
[INFO] [stdout]     3     3 │ │                                                │
[INFO] [stdout]     4     4 │ │                                                │
[INFO] [stdout]     5     5 │ │                                                │
[INFO] [stdout] ────────────┴───────────────────────────────────────────────────────────────────
[INFO] [stdout] 
[INFO] [stdout] thread 'tests::cases::ui::small_width' (5562) panicked at src/tests/cases/ui.rs:187:5:
[INFO] [stdout] called `Result::unwrap()` on an `Err` value: FileIo(Os { code: 30, kind: ReadOnlyFilesystem, message: "Read-only file system" }, "/opt/rustwide/workdir/src/tests/cases/snapshots/diskonaut__tests__cases__ui__small_width.snap.new")
[INFO] [stdout] stack backtrace:
[INFO] [stdout]    0:     0x63e4ecf1d055 - <unknown>
[INFO] [stdout]    1:     0x63e4ecebe974 - <unknown>
[INFO] [stdout]    2:     0x63e4ecf1c6fb - <unknown>
[INFO] [stdout]    3:     0x63e4ecf1c2f9 - <unknown>
[INFO] [stdout]    4:     0x63e4ecf1bf7a - <unknown>
[INFO] [stdout]    5:     0x63e4ecf1baab - <unknown>
[INFO] [stdout]    6:     0x63e4ecf41971 - <unknown>
[INFO] [stdout]    7:     0x63e4ecf41929 - <unknown>
[INFO] [stdout]    8:     0x63e4ecf41e1c - <unknown>
[INFO] [stdout]    9:     0x63e4ecebe80b - <unknown>
[INFO] [stdout]   10:     0x63e4ecec22a1 - <unknown>
[INFO] [stdout]   11:     0x63e4ece952e0 - <unknown>
[INFO] [stdout]   12:     0x63e4ecf5e62b - <unknown>
[INFO] [stdout]   13:     0x63e4ecf5a896 - <unknown>
[INFO] [stdout]   14:     0x63e4ecf5a0bc - <unknown>
[INFO] [stdout]   15:     0x63e4ecf7639c - <unknown>
[INFO] [stdout]   16:     0x63e4ecf436b8 - <unknown>
[INFO] [stdout]   17:     0x7eb5018ffdfa - <unknown>
[INFO] [stdout]   18:     0x7eb5019933d4 - clone
[INFO] [stdout]   19:                0x0 - <unknown>
[INFO] [stdout] 
[INFO] [stdout] ---- tests::cases::ui::two_large_files_one_small_file stdout ----
[INFO] [stdout] ━━━━━━━━━━━━━━━━━━━━━━━━━━━━━━━ Snapshot Summary ━━━━━━━━━━━━━━━━━━━━━━━━━━━━━━━
[INFO] [stdout] Snapshot file: src/tests/cases/snapshots/diskonaut__tests__cases__ui__two_large_files_one_small_file.snap
[INFO] [stdout] Snapshot: two_large_files_one_small_file
[INFO] [stdout] Source: src/tests/cases/ui.rs:107
[INFO] [stdout] ────────────────────────────────────────────────────────────────────────────────
[INFO] [stdout] Expression: &terminal_draw_events_mirror[0]
[INFO] [stdout] ────────────────────────────────────────────────────────────────────────────────
[INFO] [stdout] -old snapshot
[INFO] [stdout] +new results
[INFO] [stdout] ────────────┬───────────────────────────────────────────────────────────────────
[INFO] [stdout]     1       │- Total: 20.0K (3 files), freed: 0 | /tmp/diskonaut_tests/two_large_files_one_small_file                                                                                                       
[INFO] [stdout]           1 │+ Total: 20.0K (3 files), freed: 0 (CAUTION: running as root) | /tmp/diskonaut_tests/two_large_files_one_small_file                                                                            
[INFO] [stdout]     2     2 │ ┌──────────────────────────────────────────────────────────────────────────────────────────────────────────────────────────────────────────────────────┬─────────────────────────────────────┐
[INFO] [stdout]     3     3 │ │                                                                                                                                                      │                                     │
[INFO] [stdout]     4     4 │ │                                                                                                                                                      │                                     │
[INFO] [stdout]     5     5 │ │                                                                                                                                                      │                                     │
[INFO] [stdout] ────────────┴───────────────────────────────────────────────────────────────────
[INFO] [stdout] 
[INFO] [stdout] thread 'tests::cases::ui::two_large_files_one_small_file' (6264) panicked at src/tests/cases/ui.rs:107:5:
[INFO] [stdout] called `Result::unwrap()` on an `Err` value: FileIo(Os { code: 30, kind: ReadOnlyFilesystem, message: "Read-only file system" }, "/opt/rustwide/workdir/src/tests/cases/snapshots/diskonaut__tests__cases__ui__two_large_files_one_small_file.snap.new")
[INFO] [stdout] stack backtrace:
[INFO] [stdout]    0:     0x63e4ecf1d055 - <unknown>
[INFO] [stdout]    1:     0x63e4ecebe974 - <unknown>
[INFO] [stdout]    2:     0x63e4ecf1c6fb - <unknown>
[INFO] [stdout]    3:     0x63e4ecf1c2f9 - <unknown>
[INFO] [stdout]    4:     0x63e4ecf1bf7a - <unknown>
[INFO] [stdout]    5:     0x63e4ecf1baab - <unknown>
[INFO] [stdout]    6:     0x63e4ecf41971 - <unknown>
[INFO] [stdout]    7:     0x63e4ecf41929 - <unknown>
[INFO] [stdout]    8:     0x63e4ecf41e1c - <unknown>
[INFO] [stdout]    9:     0x63e4ecebe80b - <unknown>
[INFO] [stdout]   10:     0x63e4ecec22a1 - <unknown>
[INFO] [stdout]   11:     0x63e4eceae10b - <unknown>
[INFO] [stdout]   12:     0x63e4ecf5e62b - <unknown>
[INFO] [stdout]   13:     0x63e4ecf5a896 - <unknown>
[INFO] [stdout]   14:     0x63e4ecf5a0bc - <unknown>
[INFO] [stdout]   15:     0x63e4ecf7639c - <unknown>
[INFO] [stdout]   16:     0x63e4ecf436b8 - <unknown>
[INFO] [stdout]   17:     0x7eb5018ffdfa - <unknown>
[INFO] [stdout]   18:     0x7eb5019933d4 - clone
[INFO] [stdout]   19:                0x0 - <unknown>
[INFO] [stdout] 
[INFO] [stdout] ---- tests::cases::ui::minimum_tile_sides stdout ----
[INFO] [stdout] ━━━━━━━━━━━━━━━━━━━━━━━━━━━━━━━ Snapshot Summary ━━━━━━━━━━━━━━━━━━━━━━━━━━━━━━━
[INFO] [stdout] Snapshot file: src/tests/cases/snapshots/diskonaut__tests__cases__ui__minimum_tile_sides.snap
[INFO] [stdout] Snapshot: minimum_tile_sides
[INFO] [stdout] Source: src/tests/cases/ui.rs:975
[INFO] [stdout] ────────────────────────────────────────────────────────────────────────────────
[INFO] [stdout] Expression: &terminal_draw_events_mirror[0]
[INFO] [stdout] ────────────────────────────────────────────────────────────────────────────────
[INFO] [stdout] -old snapshot
[INFO] [stdout] +new results
[INFO] [stdout] ────────────┬───────────────────────────────────────────────────────────────────
[INFO] [stdout]     1       │- Total: 1.1M (59 files), freed: 0 | /tmp/diskonaut_tests/minimum_tile_sides                                                                                                                   
[INFO] [stdout]           1 │+ Total: 1.1M (59 files), freed: 0 (CAUTION: running as root) | /tmp/diskonaut_tests/minimum_tile_sides                                                                                        
[INFO] [stdout]     2     2 │ ┌───────────────────────────────────────────────────────────────────────────────────────┬────────────────────────────────────────────────────────────────────────────────────────────────────┐
[INFO] [stdout]     3     3 │ │                                                                                       │                                                                                                    │
[INFO] [stdout]     4     4 │ │                                                                                       │                                                                                                    │
[INFO] [stdout]     5     5 │ │                                                                                       │                                                                                                    │
[INFO] [stdout] ────────────┴───────────────────────────────────────────────────────────────────
[INFO] [stdout] 
[INFO] [stdout] thread 'tests::cases::ui::minimum_tile_sides' (3636) panicked at src/tests/cases/ui.rs:975:5:
[INFO] [stdout] called `Result::unwrap()` on an `Err` value: FileIo(Os { code: 30, kind: ReadOnlyFilesystem, message: "Read-only file system" }, "/opt/rustwide/workdir/src/tests/cases/snapshots/diskonaut__tests__cases__ui__minimum_tile_sides.snap.new")
[INFO] [stdout] stack backtrace:
[INFO] [stdout]    0:     0x63e4ecf1d055 - <unknown>
[INFO] [stdout]    1:     0x63e4ecebe974 - <unknown>
[INFO] [stdout]    2:     0x63e4ecf1c6fb - <unknown>
[INFO] [stdout]    3:     0x63e4ecf1c2f9 - <unknown>
[INFO] [stdout]    4:     0x63e4ecf1bf7a - <unknown>
[INFO] [stdout]    5:     0x63e4ecf1baab - <unknown>
[INFO] [stdout]    6:     0x63e4ecf41971 - <unknown>
[INFO] [stdout]    7:     0x63e4ecf41929 - <unknown>
[INFO] [stdout]    8:     0x63e4ecf41e1c - <unknown>
[INFO] [stdout]    9:     0x63e4ecebe80b - <unknown>
[INFO] [stdout]   10:     0x63e4ecec22a1 - <unknown>
[INFO] [stdout]   11:     0x63e4ece9b2b0 - <unknown>
[INFO] [stdout]   12:     0x63e4ecf5e62b - <unknown>
[INFO] [stdout]   13:     0x63e4ecf5a896 - <unknown>
[INFO] [stdout]   14:     0x63e4ecf5a0bc - <unknown>
[INFO] [stdout]   15:     0x63e4ecf7639c - <unknown>
[INFO] [stdout]   16:     0x63e4ecf436b8 - <unknown>
[INFO] [stdout]   17:     0x7eb5018ffdfa - <unknown>
[INFO] [stdout]   18:     0x7eb5019933d4 - clone
[INFO] [stdout]   19:                0x0 - <unknown>
[INFO] [stdout] 
[INFO] [stdout] ---- tests::cases::ui::small_files_with_y_as_zero stdout ----
[INFO] [stdout] ━━━━━━━━━━━━━━━━━━━━━━━━━━━━━━━ Snapshot Summary ━━━━━━━━━━━━━━━━━━━━━━━━━━━━━━━
[INFO] [stdout] Snapshot file: src/tests/cases/snapshots/diskonaut__tests__cases__ui__small_files_with_y_as_zero.snap
[INFO] [stdout] Snapshot: small_files_with_y_as_zero
[INFO] [stdout] Source: src/tests/cases/ui.rs:2997
[INFO] [stdout] ────────────────────────────────────────────────────────────────────────────────
[INFO] [stdout] Expression: &terminal_draw_events_mirror[0]
[INFO] [stdout] ────────────────────────────────────────────────────────────────────────────────
[INFO] [stdout] -old snapshot
[INFO] [stdout] +new results
[INFO] [stdout] ────────────┬───────────────────────────────────────────────────────────────────
[INFO] [stdout]     1       │- Total: 1.4M (100 files), freed: 0 | /tmp/diskonaut_tests/small_files_with_y_as_zero                                                                                                          
[INFO] [stdout]           1 │+ Total: 1.4M (100 files), freed: 0 (CAUTION: running as root) | /tmp/diskonaut_tests/small_files_with_y_as_zero                                                                               
[INFO] [stdout]     2     2 │ ┌───────────────────────────────────────────────────────────────────────────────────────────────────────────────────────────────────────┬────────────────────────────────────────────────────┐
[INFO] [stdout]     3     3 │ │                                                                                                                                       │xxxxxxxxxxxxxxxxxxxxxxxxxxxxxxxxxxxxxxxxxxxxxxxxxxxx│
[INFO] [stdout]     4     4 │ │                                                                                                                                       │xxxxxxxxxxxxxxxxxxxxxxxxxxxxxxxxxxxxxxxxxxxxxxxxxxxx│
[INFO] [stdout]     5     5 │ │                                                                                                                                       │xxxxxxxxxxxxxxxxxxxxxxxxxxxxxxxxxxxxxxxxxxxxxxxxxxxx│
[INFO] [stdout] ────────────┴───────────────────────────────────────────────────────────────────
[INFO] [stdout] 
[INFO] [stdout] thread 'tests::cases::ui::small_files_with_y_as_zero' (5007) panicked at src/tests/cases/ui.rs:2997:5:
[INFO] [stdout] called `Result::unwrap()` on an `Err` value: FileIo(Os { code: 30, kind: ReadOnlyFilesystem, message: "Read-only file system" }, "/opt/rustwide/workdir/src/tests/cases/snapshots/diskonaut__tests__cases__ui__small_files_with_y_as_zero.snap.new")
[INFO] [stdout] stack backtrace:
[INFO] [stdout]    0:     0x63e4ecf1d055 - <unknown>
[INFO] [stdout]    1:     0x63e4ecebe974 - <unknown>
[INFO] [stdout]    2:     0x63e4ecf1c6fb - <unknown>
[INFO] [stdout]    3:     0x63e4ecf1c2f9 - <unknown>
[INFO] [stdout]    4:     0x63e4ecf1bf7a - <unknown>
[INFO] [stdout]    5:     0x63e4ecf1baab - <unknown>
[INFO] [stdout]    6:     0x63e4ecf41971 - <unknown>
[INFO] [stdout]    7:     0x63e4ecf41929 - <unknown>
[INFO] [stdout]    8:     0x63e4ecf41e1c - <unknown>
[INFO] [stdout]    9:     0x63e4ecebe80b - <unknown>
[INFO] [stdout]   10:     0x63e4ecec22a1 - <unknown>
[INFO] [stdout]   11:     0x63e4ecea81f5 - <unknown>
[INFO] [stdout]   12:     0x63e4ecf5e62b - <unknown>
[INFO] [stdout]   13:     0x63e4ecf5a896 - <unknown>
[INFO] [stdout]   14:     0x63e4ecf5a0bc - <unknown>
[INFO] [stdout]   15:     0x63e4ecf7639c - <unknown>
[INFO] [stdout]   16:     0x63e4ecf436b8 - <unknown>
[INFO] [stdout]   17:     0x7eb5018ffdfa - <unknown>
[INFO] [stdout]   18:     0x7eb5019933d4 - clone
[INFO] [stdout]   19:                0x0 - <unknown>
[INFO] [stdout] 
[INFO] [stdout] ---- tests::cases::ui::cannot_move_into_small_files stdout ----
[INFO] [stdout] ━━━━━━━━━━━━━━━━━━━━━━━━━━━━━━━ Snapshot Summary ━━━━━━━━━━━━━━━━━━━━━━━━━━━━━━━
[INFO] [stdout] Snapshot file: src/tests/cases/snapshots/diskonaut__tests__cases__ui__cannot_move_into_small_files.snap
[INFO] [stdout] Snapshot: cannot_move_into_small_files
[INFO] [stdout] Source: src/tests/cases/ui.rs:916
[INFO] [stdout] ────────────────────────────────────────────────────────────────────────────────
[INFO] [stdout] Expression: &terminal_draw_events_mirror[0]
[INFO] [stdout] ────────────────────────────────────────────────────────────────────────────────
[INFO] [stdout] -old snapshot
[INFO] [stdout] +new results
[INFO] [stdout] ────────────┬───────────────────────────────────────────────────────────────────
[INFO] [stdout]     1       │- Total: 2.3M (12 files), freed: 0 | /tmp/diskonaut_tests/cannot_move_into_small_files                                                                                                         
[INFO] [stdout]           1 │+ Total: 2.3M (12 files), freed: 0 (CAUTION: running as root) | /tmp/diskonaut_tests/cannot_move_into_small_files                                                                              
[INFO] [stdout]     2     2 │ ┌──────────────────────────────────────────────────────────────────────────────────────────────────────────────────────────────────────────────────────────┬─────────────────────────────────┐
[INFO] [stdout]     3     3 │ │                                                                                                                                                          │                                 │
[INFO] [stdout]     4     4 │ │                                                                                                                                                          │                                 │
[INFO] [stdout]     5     5 │ │                                                                                                                                                          │                                 │
[INFO] [stdout] ────────────┴───────────────────────────────────────────────────────────────────
[INFO] [stdout] 
[INFO] [stdout] thread 'tests::cases::ui::cannot_move_into_small_files' (2152) panicked at src/tests/cases/ui.rs:916:5:
[INFO] [stdout] called `Result::unwrap()` on an `Err` value: FileIo(Os { code: 30, kind: ReadOnlyFilesystem, message: "Read-only file system" }, "/opt/rustwide/workdir/src/tests/cases/snapshots/diskonaut__tests__cases__ui__cannot_move_into_small_files.snap.new")
[INFO] [stdout] stack backtrace:
[INFO] [stdout]    0:     0x63e4ecf1d055 - <unknown>
[INFO] [stdout]    1:     0x63e4ecebe974 - <unknown>
[INFO] [stdout]    2:     0x63e4ecf1c6fb - <unknown>
[INFO] [stdout]    3:     0x63e4ecf1c2f9 - <unknown>
[INFO] [stdout]    4:     0x63e4ecf1bf7a - <unknown>
[INFO] [stdout]    5:     0x63e4ecf1baab - <unknown>
[INFO] [stdout]    6:     0x63e4ecf41971 - <unknown>
[INFO] [stdout]    7:     0x63e4ecf41929 - <unknown>
[INFO] [stdout]    8:     0x63e4ecf41e1c - <unknown>
[INFO] [stdout]    9:     0x63e4ecebe80b - <unknown>
[INFO] [stdout]   10:     0x63e4ecec22a1 - <unknown>
[INFO] [stdout]   11:     0x63e4eceab6dd - <unknown>
[INFO] [stdout]   12:     0x63e4ecf5e62b - <unknown>
[INFO] [stdout]   13:     0x63e4ecf5a896 - <unknown>
[INFO] [stdout]   14:     0x63e4ecf5a0bc - <unknown>
[INFO] [stdout]   15:     0x63e4ecf7639c - <unknown>
[INFO] [stdout]   16:     0x63e4ecf436b8 - <unknown>
[INFO] [stdout]   17:     0x7eb5018ffdfa - <unknown>
[INFO] [stdout]   18:     0x7eb5019933d4 - clone
[INFO] [stdout]   19:                0x0 - <unknown>
[INFO] [stdout] 
[INFO] [stdout] ---- tests::cases::ui::small_files stdout ----
[INFO] [stdout] ━━━━━━━━━━━━━━━━━━━━━━━━━━━━━━━ Snapshot Summary ━━━━━━━━━━━━━━━━━━━━━━━━━━━━━━━
[INFO] [stdout] Snapshot file: src/tests/cases/snapshots/diskonaut__tests__cases__ui__small_files.snap
[INFO] [stdout] Snapshot: small_files
[INFO] [stdout] Source: src/tests/cases/ui.rs:749
[INFO] [stdout] ────────────────────────────────────────────────────────────────────────────────
[INFO] [stdout] Expression: &terminal_draw_events_mirror[0]
[INFO] [stdout] ────────────────────────────────────────────────────────────────────────────────
[INFO] [stdout] -old snapshot
[INFO] [stdout] +new results
[INFO] [stdout] ────────────┬───────────────────────────────────────────────────────────────────
[INFO] [stdout]     1       │- Total: 2.3M (5 files), freed: 0 | /tmp/diskonaut_tests/small_files                                                                                                                           
[INFO] [stdout]           1 │+ Total: 2.3M (5 files), freed: 0 (CAUTION: running as root) | /tmp/diskonaut_tests/small_files                                                                                                
[INFO] [stdout]     2     2 │ ┌───────────────────────────────────────────────────────────────────────────────────────────────────────────────────────────────────────────────────────────┬────────────────────────────────┐
[INFO] [stdout]     3     3 │ │                                                                                                                                                           │                                │
[INFO] [stdout]     4     4 │ │                                                                                                                                                           │                                │
[INFO] [stdout]     5     5 │ │                                                                                                                                                           │                                │
[INFO] [stdout] ────────────┴───────────────────────────────────────────────────────────────────
[INFO] [stdout] 
[INFO] [stdout] thread 'tests::cases::ui::small_files' (4973) panicked at src/tests/cases/ui.rs:749:5:
[INFO] [stdout] called `Result::unwrap()` on an `Err` value: FileIo(Os { code: 30, kind: ReadOnlyFilesystem, message: "Read-only file system" }, "/opt/rustwide/workdir/src/tests/cases/snapshots/diskonaut__tests__cases__ui__small_files.snap.new")
[INFO] [stdout] stack backtrace:
[INFO] [stdout]    0:     0x63e4ecf1d055 - <unknown>
[INFO] [stdout]    1:     0x63e4ecebe974 - <unknown>
[INFO] [stdout]    2:     0x63e4ecf1c6fb - <unknown>
[INFO] [stdout]    3:     0x63e4ecf1c2f9 - <unknown>
[INFO] [stdout]    4:     0x63e4ecf1bf7a - <unknown>
[INFO] [stdout]    5:     0x63e4ecf1baab - <unknown>
[INFO] [stdout]    6:     0x63e4ecf41971 - <unknown>
[INFO] [stdout]    7:     0x63e4ecf41929 - <unknown>
[INFO] [stdout]    8:     0x63e4ecf41e1c - <unknown>
[INFO] [stdout]    9:     0x63e4ecebe80b - <unknown>
[INFO] [stdout]   10:     0x63e4ecec22a1 - <unknown>
[INFO] [stdout]   11:     0x63e4ece94ab5 - <unknown>
[INFO] [stdout]   12:     0x63e4ecf5e62b - <unknown>
[INFO] [stdout]   13:     0x63e4ecf5a896 - <unknown>
[INFO] [stdout]   14:     0x63e4ecf5a0bc - <unknown>
[INFO] [stdout]   15:     0x63e4ecf7639c - <unknown>
[INFO] [stdout]   16:     0x63e4ecf436b8 - <unknown>
[INFO] [stdout]   17:     0x7eb5018ffdfa - <unknown>
[INFO] [stdout]   18:     0x7eb5019933d4 - clone
[INFO] [stdout]   19:                0x0 - <unknown>
[INFO] [stdout] 
[INFO] [stdout] ---- tests::cases::ui::small_files_with_x_as_zero stdout ----
[INFO] [stdout] ━━━━━━━━━━━━━━━━━━━━━━━━━━━━━━━ Snapshot Summary ━━━━━━━━━━━━━━━━━━━━━━━━━━━━━━━
[INFO] [stdout] Snapshot file: src/tests/cases/snapshots/diskonaut__tests__cases__ui__small_files_with_x_as_zero.snap
[INFO] [stdout] Snapshot: small_files_with_x_as_zero
[INFO] [stdout] Source: src/tests/cases/ui.rs:3040
[INFO] [stdout] ────────────────────────────────────────────────────────────────────────────────
[INFO] [stdout] Expression: &terminal_draw_events_mirror[0]
[INFO] [stdout] ────────────────────────────────────────────────────────────────────────────────
[INFO] [stdout] -old snapshot
[INFO] [stdout] +new results
[INFO] [stdout] ────────────┬───────────────────────────────────────────────────────────────────
[INFO] [stdout]     1       │- 2.4M | /tmp/diskonaut_tes[..]les_with_x_as_zero  
[INFO] [stdout]           1 │+ 2.4M (root) | /tmp/diskonaut_[...]_with_x_as_zero
[INFO] [stdout]     2     2 │ ┌────────────────────────────────────────────────┐
[INFO] [stdout]     3     3 │ │                                                │
[INFO] [stdout]     4     4 │ │                                                │
[INFO] [stdout]     5     5 │ │                                                │
[INFO] [stdout] ────────────┴───────────────────────────────────────────────────────────────────
[INFO] [stdout] 
[INFO] [stdout] thread 'tests::cases::ui::small_files_with_x_as_zero' (4998) panicked at src/tests/cases/ui.rs:3040:5:
[INFO] [stdout] called `Result::unwrap()` on an `Err` value: FileIo(Os { code: 30, kind: ReadOnlyFilesystem, message: "Read-only file system" }, "/opt/rustwide/workdir/src/tests/cases/snapshots/diskonaut__tests__cases__ui__small_files_with_x_as_zero.snap.new")
[INFO] [stdout] stack backtrace:
[INFO] [stdout]    0:     0x63e4ecf1d055 - <unknown>
[INFO] [stdout]    1:     0x63e4ecebe974 - <unknown>
[INFO] [stdout]    2:     0x63e4ecf1c6fb - <unknown>
[INFO] [stdout]    3:     0x63e4ecf1c2f9 - <unknown>
[INFO] [stdout]    4:     0x63e4ecf1bf7a - <unknown>
[INFO] [stdout]    5:     0x63e4ecf1baab - <unknown>
[INFO] [stdout]    6:     0x63e4ecf41971 - <unknown>
[INFO] [stdout]    7:     0x63e4ecf41929 - <unknown>
[INFO] [stdout]    8:     0x63e4ecf41e1c - <unknown>
[INFO] [stdout]    9:     0x63e4ecebe80b - <unknown>
[INFO] [stdout]   10:     0x63e4ecec22a1 - <unknown>
[INFO] [stdout]   11:     0x63e4ecea79b6 - <unknown>
[INFO] [stdout]   12:     0x63e4ecf5e62b - <unknown>
[INFO] [stdout]   13:     0x63e4ecf5a896 - <unknown>
[INFO] [stdout]   14:     0x63e4ecf5a0bc - <unknown>
[INFO] [stdout]   15:     0x63e4ecf7639c - <unknown>
[INFO] [stdout]   16:     0x63e4ecf436b8 - <unknown>
[INFO] [stdout]   17:     0x7eb5018ffdfa - <unknown>
[INFO] [stdout]   18:     0x7eb5019933d4 - clone
[INFO] [stdout]   19:                0x0 - <unknown>
[INFO] [stdout] 
[INFO] [stdout] ---- tests::cases::ui::zoom_into_small_files stdout ----
[INFO] [stdout] ━━━━━━━━━━━━━━━━━━━━━━━━━━━━━━━ Snapshot Summary ━━━━━━━━━━━━━━━━━━━━━━━━━━━━━━━
[INFO] [stdout] Snapshot file: src/tests/cases/snapshots/diskonaut__tests__cases__ui__zoom_into_small_files.snap
[INFO] [stdout] Snapshot: zoom_into_small_files
[INFO] [stdout] Source: src/tests/cases/ui.rs:819
[INFO] [stdout] ────────────────────────────────────────────────────────────────────────────────
[INFO] [stdout] Expression: &terminal_draw_events_mirror[0]
[INFO] [stdout] ────────────────────────────────────────────────────────────────────────────────
[INFO] [stdout] -old snapshot
[INFO] [stdout] +new results
[INFO] [stdout] ────────────┬───────────────────────────────────────────────────────────────────
[INFO] [stdout]     1       │- Total: 2.3M (5 files), freed: 0 | /tmp/diskonaut_tests/zoom_into_small_files                                                                                                                 
[INFO] [stdout]           1 │+ Total: 2.3M (5 files), freed: 0 (CAUTION: running as root) | /tmp/diskonaut_tests/zoom_into_small_files                                                                                      
[INFO] [stdout]     2     2 │ ┌───────────────────────────────────────────────────────────────────────────────────────────────────────────────────────────────────────────────────────────┬────────────────────────────────┐
[INFO] [stdout]     3     3 │ │                                                                                                                                                           │                                │
[INFO] [stdout]     4     4 │ │                                                                                                                                                           │                                │
[INFO] [stdout]     5     5 │ │                                                                                                                                                           │                                │
[INFO] [stdout] ────────────┴───────────────────────────────────────────────────────────────────
[INFO] [stdout] 
[INFO] [stdout] thread 'tests::cases::ui::zoom_into_small_files' (6289) panicked at src/tests/cases/ui.rs:819:5:
[INFO] [stdout] called `Result::unwrap()` on an `Err` value: FileIo(Os { code: 30, kind: ReadOnlyFilesystem, message: "Read-only file system" }, "/opt/rustwide/workdir/src/tests/cases/snapshots/diskonaut__tests__cases__ui__zoom_into_small_files.snap.new")
[INFO] [stdout] stack backtrace:
[INFO] [stdout]    0:     0x63e4ecf1d055 - <unknown>
[INFO] [stdout]    1:     0x63e4ecebe974 - <unknown>
[INFO] [stdout]    2:     0x63e4ecf1c6fb - <unknown>
[INFO] [stdout]    3:     0x63e4ecf1c2f9 - <unknown>
[INFO] [stdout]    4:     0x63e4ecf1bf7a - <unknown>
[INFO] [stdout]    5:     0x63e4ecf1baab - <unknown>
[INFO] [stdout]    6:     0x63e4ecf41971 - <unknown>
[INFO] [stdout]    7:     0x63e4ecf41929 - <unknown>
[INFO] [stdout]    8:     0x63e4ecf41e1c - <unknown>
[INFO] [stdout]    9:     0x63e4ecebe80b - <unknown>
[INFO] [stdout]   10:     0x63e4ecec22a1 - <unknown>
[INFO] [stdout]   11:     0x63e4ece9fc3e - <unknown>
[INFO] [stdout]   12:     0x63e4ecf5e62b - <unknown>
[INFO] [stdout]   13:     0x63e4ecf5a896 - <unknown>
[INFO] [stdout]   14:     0x63e4ecf5a0bc - <unknown>
[INFO] [stdout]   15:     0x63e4ecf7639c - <unknown>
[INFO] [stdout]   16:     0x63e4ecf436b8 - <unknown>
[INFO] [stdout]   17:     0x7eb5018ffdfa - <unknown>
[INFO] [stdout]   18:     0x7eb5019933d4 - clone
[INFO] [stdout]   19:                0x0 - <unknown>
[INFO] [stdout] 
[INFO] [stdout] 
[INFO] [stdout] failures:
[INFO] [stdout]     tests::cases::ui::cannot_move_into_small_files
[INFO] [stdout]     tests::cases::ui::clear_selection_when_moving_off_screen_edges
[INFO] [stdout]     tests::cases::ui::delete_file
[INFO] [stdout]     tests::cases::ui::delete_file_no_confirmation
[INFO] [stdout]     tests::cases::ui::delete_file_press_n
[INFO] [stdout]     tests::cases::ui::delete_folder
[INFO] [stdout]     tests::cases::ui::delete_folder_no_confirmation
[INFO] [stdout]     tests::cases::ui::delete_folder_small_window
[INFO] [stdout]     tests::cases::ui::delete_folder_small_window_no_confirmation
[INFO] [stdout]     tests::cases::ui::delete_folder_with_multiple_children
[INFO] [stdout]     tests::cases::ui::delete_folder_with_multiple_children_no_confirmation
[INFO] [stdout]     tests::cases::ui::eleven_files
[INFO] [stdout]     tests::cases::ui::empty_folder
[INFO] [stdout]     tests::cases::ui::enter_folder
[INFO] [stdout]     tests::cases::ui::enter_folder_medium_width
[INFO] [stdout]     tests::cases::ui::enter_folder_small_width
[INFO] [stdout]     tests::cases::ui::enter_largest_folder_with_no_selected_tile
[INFO] [stdout]     tests::cases::ui::esc_to_go_up
[INFO] [stdout]     tests::cases::ui::files_with_size_zero
[INFO] [stdout]     tests::cases::ui::medium_width
[INFO] [stdout]     tests::cases::ui::minimum_tile_sides
[INFO] [stdout]     tests::cases::ui::move_down_and_enter_folder
[INFO] [stdout]     tests::cases::ui::move_left_and_enter_folder
[INFO] [stdout]     tests::cases::ui::move_right_and_enter_folder
[INFO] [stdout]     tests::cases::ui::move_up_and_enter_folder
[INFO] [stdout]     tests::cases::ui::noop_when_entering_file
[INFO] [stdout]     tests::cases::ui::noop_when_pressing_esc_at_base_folder
[INFO] [stdout]     tests::cases::ui::permission_denied_when_deleting
[INFO] [stdout]     tests::cases::ui::permission_denied_when_deleting_no_confirmation
[INFO] [stdout]     tests::cases::ui::pressing_delete_with_no_selected_tile
[INFO] [stdout]     tests::cases::ui::small_files
[INFO] [stdout]     tests::cases::ui::small_files_with_x_as_zero
[INFO] [stdout]     tests::cases::ui::small_files_with_y_as_zero
[INFO] [stdout]     tests::cases::ui::small_width
[INFO] [stdout]     tests::cases::ui::small_width_long_folder_name
[INFO] [stdout]     tests::cases::ui::two_large_files_one_small_file
[INFO] [stdout]     tests::cases::ui::zoom_into_small_files
[INFO] [stdout] 
[INFO] [stdout] test result: FAILED. 8 passed; 37 failed; 0 ignored; 0 measured; 0 filtered out; finished in 24.15s
[INFO] [stdout] 
[INFO] running `Command { std: "docker" "inspect" "28ec6e808860957bcd55b693428029694c01cdbb154da1ed8494299c7a324654", kill_on_drop: false }`
[INFO] running `Command { std: "docker" "rm" "-f" "28ec6e808860957bcd55b693428029694c01cdbb154da1ed8494299c7a324654", kill_on_drop: false }`
[INFO] [stdout] 28ec6e808860957bcd55b693428029694c01cdbb154da1ed8494299c7a324654
