[INFO] fetching crate disko-cli 0.8.1...
[INFO] testing disko-cli-0.8.1 against 1.100.0-beta.1+cargoflags=--release for beta-release-1.100-2
[INFO] extracting crate disko-cli 0.8.1 into /workspace/builds/worker-7-tc2/source
[INFO] started tweaking crates.io crate disko-cli 0.8.1
[INFO] removed 0 missing tests
[INFO] finished tweaking crates.io crate disko-cli 0.8.1
[INFO] tweaked toml for crates.io crate disko-cli 0.8.1 written to /workspace/builds/worker-7-tc2/source/Cargo.toml
[INFO] validating manifest of crates.io crate disko-cli 0.8.1 on toolchain 1.100.0-beta.1
[INFO] running `Command { std: CARGO_HOME="/workspace/cargo-home" RUSTUP_HOME="/workspace/rustup-home" "/workspace/cargo-home/bin/cargo" "+1.100.0-beta.1" "metadata" "--manifest-path" "Cargo.toml" "--no-deps", kill_on_drop: false }`
[INFO] crate crates.io crate disko-cli 0.8.1 already has a lockfile, it will not be regenerated
[INFO] running `Command { std: CARGO_HOME="/workspace/cargo-home" RUSTUP_HOME="/workspace/rustup-home" "/workspace/cargo-home/bin/cargo" "+1.100.0-beta.1" "fetch" "--manifest-path" "Cargo.toml", kill_on_drop: false }`
[INFO] running `Command { std: "docker" "create" "-v" "/var/lib/crater-agent-workspace/builds/worker-7-tc2/source:/opt/rustwide/workdir:ro,Z" "-v" "/var/lib/crater-agent-workspace/builds/worker-7-tc2/target:/opt/rustwide/target:rw,Z" "-v" "/var/lib/crater-agent-workspace/cargo-home:/opt/rustwide/cargo-home:ro,Z" "-v" "/var/lib/crater-agent-workspace/rustup-home:/opt/rustwide/rustup-home:ro,Z" "-m" "1610612736" "--network" "none" "ghcr.io/rust-lang/crates-build-env/linux@sha256:77db811e55d90add9212f6832c23229e3de5f1c1f9905e8cb07319ea15df73ac" "sleep" "infinity", kill_on_drop: false }`
[INFO] [stdout] 39b6a9d697ffca620e847bb5ddc6fca6d7d5251448cb535ea730deef4b8da347
[INFO] running `Command { std: "docker" "start" "39b6a9d697ffca620e847bb5ddc6fca6d7d5251448cb535ea730deef4b8da347", kill_on_drop: false }`
[INFO] running `Command { std: "docker" "inspect" "39b6a9d697ffca620e847bb5ddc6fca6d7d5251448cb535ea730deef4b8da347", kill_on_drop: false }`
[INFO] running `Command { std: "docker" "exec" "-e" "SOURCE_DIR=/opt/rustwide/workdir" "-e" "CARGO_HOME=/opt/rustwide/cargo-home" "-e" "RUSTUP_HOME=/opt/rustwide/rustup-home" "-e" "CARGO_TARGET_DIR=/opt/rustwide/target" "-w" "/opt/rustwide/workdir" "--user" "0:0" "39b6a9d697ffca620e847bb5ddc6fca6d7d5251448cb535ea730deef4b8da347" "/opt/rustwide/cargo-home/bin/cargo" "+1.100.0-beta.1" "metadata" "--no-deps" "--format-version=1", kill_on_drop: false }`
[INFO] running `Command { std: "docker" "inspect" "39b6a9d697ffca620e847bb5ddc6fca6d7d5251448cb535ea730deef4b8da347", kill_on_drop: false }`
[INFO] running `Command { std: "docker" "exec" "-e" "SOURCE_DIR=/opt/rustwide/workdir" "-e" "CARGO_HOME=/opt/rustwide/cargo-home" "-e" "RUSTUP_HOME=/opt/rustwide/rustup-home" "-e" "CARGO_TARGET_DIR=/opt/rustwide/target" "-e" "CARGO_INCREMENTAL=0" "-e" "RUST_BACKTRACE=full" "-e" "RUSTFLAGS=--cap-lints=warn" "-e" "RUSTDOCFLAGS=--cap-lints=warn" "-w" "/opt/rustwide/workdir" "--user" "0:0" "39b6a9d697ffca620e847bb5ddc6fca6d7d5251448cb535ea730deef4b8da347" "/opt/rustwide/cargo-home/bin/cargo" "+1.100.0-beta.1" "build" "--frozen" "--message-format=json" "--release", kill_on_drop: false }`
[INFO] [stderr]    Compiling proc-macro2 v1.0.107
[INFO] [stderr]    Compiling quote v1.0.47
[INFO] [stderr]    Compiling unicode-ident v1.0.24
[INFO] [stderr]    Compiling libc v0.2.189
[INFO] [stderr]    Compiling crossbeam-utils v0.8.22
[INFO] [stderr]    Compiling rustversion v1.0.23
[INFO] [stderr]    Compiling crossbeam-epoch v0.9.20
[INFO] [stderr]    Compiling parking_lot_core v0.9.12
[INFO] [stderr]    Compiling signal-hook v0.3.18
[INFO] [stderr]    Compiling crossbeam-deque v0.8.7
[INFO] [stderr]    Compiling strsim v0.11.1
[INFO] [stderr]    Compiling cfg-if v1.0.4
[INFO] [stderr]    Compiling ident_case v1.0.1
[INFO] [stderr]    Compiling fnv v1.0.7
[INFO] [stderr]    Compiling heck v0.5.0
[INFO] [stderr]    Compiling serde_core v1.0.229
[INFO] [stderr]    Compiling either v1.17.0
[INFO] [stderr]    Compiling log v0.4.33
[INFO] [stderr]    Compiling rayon-core v1.13.0
[INFO] [stderr]    Compiling zmij v1.0.23
[INFO] [stderr]    Compiling scopeguard v1.2.0
[INFO] [stderr]    Compiling smallvec v1.15.2
[INFO] [stderr]    Compiling itoa v1.0.18
[INFO] [stderr]    Compiling utf8parse v0.2.2
[INFO] [stderr]    Compiling rustix v0.38.44
[INFO] [stderr]    Compiling lock_api v0.4.14
[INFO] [stderr]    Compiling serde_json v1.0.151
[INFO] [stderr]    Compiling anstyle v1.0.14
[INFO] [stderr]    Compiling anstyle-parse v1.0.0
[INFO] [stderr]    Compiling colorchoice v1.0.5
[INFO] [stderr]    Compiling linux-raw-sys v0.4.15
[INFO] [stderr]    Compiling paste v1.0.15
[INFO] [stderr]    Compiling option-ext v0.2.0
[INFO] [stderr]    Compiling equivalent v1.0.2
[INFO] [stderr]    Compiling anstyle-query v1.1.5
[INFO] [stderr]    Compiling serde v1.0.229
[INFO] [stderr]    Compiling foldhash v0.1.5
[INFO] [stderr]    Compiling allocator-api2 v0.2.21
[INFO] [stderr]    Compiling instability v0.3.10
[INFO] [stderr]    Compiling bitflags v2.13.1
[INFO] [stderr]    Compiling is_terminal_polyfill v1.70.2
[INFO] [stderr]    Compiling anyhow v1.0.104
[INFO] [stderr]    Compiling itertools v0.13.0
[INFO] [stderr]    Compiling anstream v1.0.0
[INFO] [stderr]    Compiling ryu v1.0.23
[INFO] [stderr]    Compiling indoc v2.0.7
[INFO] [stderr]    Compiling memchr v2.8.3
[INFO] [stderr]    Compiling static_assertions v1.1.0
[INFO] [stderr]    Compiling unicode-width v0.1.14
[INFO] [stderr]    Compiling unicode-segmentation v1.13.3
[INFO] [stderr]    Compiling clap_lex v1.1.0
[INFO] [stderr]    Compiling castaway v0.2.4
[INFO] [stderr]    Compiling compact_str v0.8.2
[INFO] [stderr]    Compiling hashbrown v0.15.5
[INFO] [stderr]    Compiling errno v0.3.14
[INFO] [stderr]    Compiling syn v2.0.119
[INFO] [stderr]    Compiling syn v3.0.3
[INFO] [stderr]    Compiling signal-hook-registry v1.4.8
[INFO] [stderr]    Compiling mio v1.2.2
[INFO] [stderr]    Compiling dirs-sys v0.5.0
[INFO] [stderr]    Compiling sysinfo v0.36.1
[INFO] [stderr]    Compiling dirs v6.0.0
[INFO] [stderr]    Compiling parking_lot v0.12.5
[INFO] [stderr]    Compiling clap_builder v4.6.5
[INFO] [stderr]    Compiling cassowary v0.3.0
[INFO] [stderr]    Compiling unicode-width v0.2.0
[INFO] [stderr]    Compiling jiff-core v0.1.0
[INFO] [stderr]    Compiling disko-render v0.8.1
[INFO] [stderr]    Compiling signal-hook-mio v0.2.5
[INFO] [stderr]    Compiling rayon v1.12.0
[INFO] [stderr]    Compiling crossterm v0.28.1
[INFO] [stderr]    Compiling lru v0.12.5
[INFO] [stderr]    Compiling unicode-truncate v1.1.0
[INFO] [stderr]    Compiling jiff v0.2.35
[INFO] [stderr]    Compiling darling_core v0.20.11
[INFO] [stderr]    Compiling serde_derive v1.0.229
[INFO] [stderr]    Compiling clap_derive v4.6.4
[INFO] [stderr]    Compiling strum_macros v0.26.4
[INFO] [stderr]    Compiling clap v4.6.5
[INFO] [stderr]    Compiling strum v0.26.3
[INFO] [stderr]    Compiling darling_macro v0.20.11
[INFO] [stderr]    Compiling disko-core v0.8.1
[INFO] [stderr]    Compiling darling v0.20.11
[INFO] [stderr]    Compiling ratatui v0.29.0
[INFO] [stderr]    Compiling disko-cli v0.8.1 (/opt/rustwide/workdir)
[INFO] [stderr]     Finished `release` profile [optimized] target(s) in 1m 14s
[INFO] running `Command { std: "docker" "inspect" "39b6a9d697ffca620e847bb5ddc6fca6d7d5251448cb535ea730deef4b8da347", kill_on_drop: false }`
[INFO] running `Command { std: "docker" "exec" "-e" "SOURCE_DIR=/opt/rustwide/workdir" "-e" "CARGO_HOME=/opt/rustwide/cargo-home" "-e" "RUSTUP_HOME=/opt/rustwide/rustup-home" "-e" "CARGO_TARGET_DIR=/opt/rustwide/target" "-e" "CARGO_INCREMENTAL=0" "-e" "RUST_BACKTRACE=full" "-e" "RUSTFLAGS=--cap-lints=warn" "-e" "RUSTDOCFLAGS=--cap-lints=warn" "-w" "/opt/rustwide/workdir" "--user" "0:0" "39b6a9d697ffca620e847bb5ddc6fca6d7d5251448cb535ea730deef4b8da347" "/opt/rustwide/cargo-home/bin/cargo" "+1.100.0-beta.1" "test" "--frozen" "--no-run" "--message-format=json" "--release", kill_on_drop: false }`
[INFO] [stderr]    Compiling libc v0.2.189
[INFO] [stderr]    Compiling crossbeam-utils v0.8.22
[INFO] [stderr]    Compiling cfg-if v1.0.4
[INFO] [stderr]    Compiling either v1.17.0
[INFO] [stderr]    Compiling log v0.4.33
[INFO] [stderr]    Compiling itoa v1.0.18
[INFO] [stderr]    Compiling scopeguard v1.2.0
[INFO] [stderr]    Compiling utf8parse v0.2.2
[INFO] [stderr]    Compiling smallvec v1.15.2
[INFO] [stderr]    Compiling serde_core v1.0.229
[INFO] [stderr]    Compiling linux-raw-sys v0.4.15
[INFO] [stderr]    Compiling foldhash v0.1.5
[INFO] [stderr]    Compiling allocator-api2 v0.2.21
[INFO] [stderr]    Compiling option-ext v0.2.0
[INFO] [stderr]    Compiling bitflags v2.13.1
[INFO] [stderr]    Compiling is_terminal_polyfill v1.70.2
[INFO] [stderr]    Compiling anstyle-parse v1.0.0
[INFO] [stderr]    Compiling anstyle v1.0.14
[INFO] [stderr]    Compiling lock_api v0.4.14
[INFO] [stderr]    Compiling colorchoice v1.0.5
[INFO] [stderr]    Compiling equivalent v1.0.2
[INFO] [stderr]    Compiling anstyle-query v1.1.5
[INFO] [stderr]    Compiling castaway v0.2.4
[INFO] [stderr]    Compiling zmij v1.0.23
[INFO] [stderr]    Compiling strsim v0.11.1
[INFO] [stderr]    Compiling unicode-width v0.1.14
[INFO] [stderr]    Compiling unicode-segmentation v1.13.3
[INFO] [stderr]    Compiling ryu v1.0.23
[INFO] [stderr]    Compiling memchr v2.8.3
[INFO] [stderr]    Compiling static_assertions v1.1.0
[INFO] [stderr]    Compiling clap_lex v1.1.0
[INFO] [stderr]    Compiling compact_str v0.8.2
[INFO] [stderr]    Compiling anstream v1.0.0
[INFO] [stderr]    Compiling strum v0.26.3
[INFO] [stderr]    Compiling itertools v0.13.0
[INFO] [stderr]    Compiling anyhow v1.0.104
[INFO] [stderr]    Compiling unicode-width v0.2.0
[INFO] [stderr]    Compiling clap_builder v4.6.5
[INFO] [stderr]    Compiling jiff-core v0.1.0
[INFO] [stderr]    Compiling rustix v0.38.44
[INFO] [stderr]    Compiling cassowary v0.3.0
[INFO] [stderr]    Compiling disko-render v0.8.1
[INFO] [stderr]    Compiling crossbeam-epoch v0.9.20
[INFO] [stderr]    Compiling hashbrown v0.15.5
[INFO] [stderr]    Compiling crossbeam-deque v0.8.7
[INFO] [stderr]    Compiling rayon-core v1.13.0
[INFO] [stderr]    Compiling errno v0.3.14
[INFO] [stderr]    Compiling parking_lot_core v0.9.12
[INFO] [stderr]    Compiling mio v1.2.2
[INFO] [stderr]    Compiling dirs-sys v0.5.0
[INFO] [stderr]    Compiling sysinfo v0.36.1
[INFO] [stderr]    Compiling signal-hook-registry v1.4.8
[INFO] [stderr]    Compiling dirs v6.0.0
[INFO] [stderr]    Compiling signal-hook v0.3.18
[INFO] [stderr]    Compiling parking_lot v0.12.5
[INFO] [stderr]    Compiling jiff v0.2.35
[INFO] [stderr]    Compiling signal-hook-mio v0.2.5
[INFO] [stderr]    Compiling lru v0.12.5
[INFO] [stderr]    Compiling crossterm v0.28.1
[INFO] [stderr]    Compiling rayon v1.12.0
[INFO] [stderr]    Compiling serde_json v1.0.151
[INFO] [stderr]    Compiling serde v1.0.229
[INFO] [stderr]    Compiling unicode-truncate v1.1.0
[INFO] [stderr]    Compiling ratatui v0.29.0
[INFO] [stderr]    Compiling clap v4.6.5
[INFO] [stderr]    Compiling disko-core v0.8.1
[INFO] [stderr]    Compiling disko-cli v0.8.1 (/opt/rustwide/workdir)
[INFO] [stderr]     Finished `release` profile [optimized] target(s) in 1m 21s
[INFO] running `Command { std: "docker" "inspect" "39b6a9d697ffca620e847bb5ddc6fca6d7d5251448cb535ea730deef4b8da347", kill_on_drop: false }`
[INFO] running `Command { std: "docker" "exec" "-e" "SOURCE_DIR=/opt/rustwide/workdir" "-e" "CARGO_HOME=/opt/rustwide/cargo-home" "-e" "RUSTUP_HOME=/opt/rustwide/rustup-home" "-e" "CARGO_TARGET_DIR=/opt/rustwide/target" "-e" "CARGO_INCREMENTAL=0" "-e" "RUST_BACKTRACE=full" "-e" "RUSTFLAGS=--cap-lints=warn" "-e" "RUSTDOCFLAGS=--cap-lints=warn" "-w" "/opt/rustwide/workdir" "--user" "0:0" "39b6a9d697ffca620e847bb5ddc6fca6d7d5251448cb535ea730deef4b8da347" "/opt/rustwide/cargo-home/bin/cargo" "+1.100.0-beta.1" "test" "--frozen" "--release", kill_on_drop: false }`
[INFO] [stderr]     Finished `release` profile [optimized] target(s) in 0.27s
[INFO] [stderr]      Running unittests src/lib.rs (/opt/rustwide/target/release/build/disko-cli/e00c4815fcb80ac5/out/disko-e00c4815fcb80ac5)
[INFO] [stdout] 
[INFO] [stdout] running 95 tests
[INFO] [stdout] test cli::tests::a_shallow_scan_does_not_poison_the_snapshot_history ... ok
[INFO] [stdout] test cli::tests::the_command_definition_is_valid ... ok
[INFO] [stdout] test clipboard::tests::a_headless_box_leaves_the_escape_sequence_as_the_only_way_out ... ok
[INFO] [stdout] test cli::tests::skipping_the_confirmation_requires_asking_to_delete ... ok
[INFO] [stdout] test clipboard::tests::a_path_survives_the_round_trip ... ok
[INFO] [stdout] test clipboard::tests::base64_matches_the_standard_including_its_padding ... ok
[INFO] [stdout] test cli::tests::detail_modes_imply_text_output ... ok
[INFO] [stdout] test cli::tests::clean_defaults_to_listing_rather_than_deleting ... ok
[INFO] [stdout] test commands::tests::deleting_without_a_terminal_or_yes_is_refused ... ok
[INFO] [stdout] test cli::tests::network_filesystems_are_skipped_unless_asked_for ... ok
[INFO] [stdout] test deletion::tests::a_filesystem_root_is_refused_outright ... ok
[INFO] [stdout] test deletion::tests::a_path_inside_the_scan_may_be_removed ... ok
[INFO] [stdout] test cli::tests::a_bare_invocation_explores_with_sensible_defaults ... ok
[INFO] [stdout] test deletion::tests::a_symlink_is_unlinked_rather_than_followed ... ok
[INFO] [stdout] test deletion::tests::a_cancelled_deletion_stops_and_says_which_ones_it_never_reached ... ok
[INFO] [stdout] test deletion::tests::a_refused_target_is_never_touched ... ok
[INFO] [stdout] test commands::tests::a_depth_capped_scan_is_not_recorded ... ok
[INFO] [stdout] test cli::tests::watch_has_a_default_interval ... ok
[INFO] [stdout] test deletion::tests::the_scan_root_is_never_a_target ... ok
[INFO] [stdout] test cli::tests::global_flags_work_on_either_side_of_a_subcommand ... ok
[INFO] [stdout] test model::tests::an_empty_directory_produces_no_rows ... ok
[INFO] [stdout] test commands::tests::scanning_a_tree_yields_something_recordable ... ok
[INFO] [stdout] test model::tests::colours_stay_put_when_the_sort_changes ... ok
[INFO] [stdout] test commands::tests::deletion_skips_paths_that_no_longer_classify ... ok
[INFO] [stdout] test cli::tests::diff_takes_a_path_and_a_window ... ok
[INFO] [stdout] test deletion::tests::deleting_a_directory_takes_its_contents ... ok
[INFO] [stdout] test model::tests::sorting_by_items_still_pins_other_last ... ok
[INFO] [stdout] test model::tests::the_tail_folds_into_one_other_row ... ok
[INFO] [stdout] test deletion::tests::deleting_reports_what_went_and_what_did_not ... ok
[INFO] [stdout] test output::tests::json_output_round_trips ... ok
[INFO] [stdout] test deletion::tests::something_deleted_behind_our_back_is_refused_not_retried ... ok
[INFO] [stdout] test model::tests::paths_under_home_are_collapsed ... ok
[INFO] [stdout] test output::tests::plain_output_leads_with_raw_bytes_for_scripts ... ok
[INFO] [stdout] test output::tests::thousands_separators_land_in_the_right_places ... ok
[INFO] [stdout] test commands::tests::diffing_without_any_history_explains_what_to_do ... ok
[INFO] [stdout] test model::tests::filtering_is_case_insensitive ... ok
[INFO] [stdout] test model::tests::filtering_shows_matches_and_drops_the_other_row ... ok
[INFO] [stdout] test report::tests::signed_sizes_always_carry_their_sign ... ok
[INFO] [stdout] test output::tests::tables_align_their_columns ... ok
[INFO] [stdout] test model::tests::rows_are_largest_first_with_shares_of_the_parent ... ok
[INFO] [stdout] test report::tests::plain_diff_output_leads_with_signed_bytes ... ok
[INFO] [stdout] test output::tests::an_empty_filesystem_list_says_so_rather_than_printing_a_bare_header ... ok
[INFO] [stdout] test deletion::tests::paths_outside_the_scan_are_refused ... ok
[INFO] [stdout] test reveal::tests::a_directory_is_opened_directly ... ok
[INFO] [stdout] test cli::tests::changed_is_an_alias_for_diff ... ok
[INFO] [stdout] test reveal::tests::the_manager_is_named_for_the_platform ... ok
[INFO] [stdout] test timefmt::tests::durations_parse_with_or_without_a_unit ... ok
[INFO] [stdout] test timefmt::tests::humanized_durations_pick_a_readable_unit ... ok
[INFO] [stdout] test deletion::tests::progress_moves_while_a_big_directory_is_being_cleared ... ok
[INFO] [stdout] test deletion::tests::a_background_deletion_can_be_joined_for_its_outcomes ... ok
[INFO] [stdout] test timefmt::tests::durations_accept_spelled_out_units_and_spacing ... ok
[INFO] [stdout] test timefmt::tests::nonsense_durations_explain_themselves ... ok
[INFO] [stdout] test reveal::tests::a_file_is_never_launched ... ok
[INFO] [stdout] test report::tests::colour_is_off_when_nobody_is_looking ... ok
[INFO] [stdout] test reveal::tests::a_file_with_no_parent_has_nowhere_to_go ... ok
[INFO] [stdout] test tui::app::tests::a_stub_keeps_enough_to_go_back_up ... ok
[INFO] [stdout] test timefmt::tests::recent_things_happened_just_now ... ok
[INFO] [stdout] test tui::app::tests::a_stub_keeps_the_levels_under_the_cursor ... ok
[INFO] [stdout] test tui::app::tests::going_up_lands_back_on_the_directory_just_left ... ok
[INFO] [stdout] test tui::app::tests::opening_a_directory_descends_and_resets_the_selection ... ok
[INFO] [stdout] test tui::app::tests::marks_toggle_and_total_up ... ok
[INFO] [stdout] test tui::app::tests::searching_filters_the_rows ... ok
[INFO] [stdout] test tui::app::tests::opening_a_file_explains_itself_instead_of_navigating ... ok
[INFO] [stdout] test tui::app::tests::rescanning_drops_the_old_tree_down_to_the_stub ... ok
[INFO] [stdout] test tui::app::tests::selection_stays_inside_the_list ... ok
[INFO] [stdout] test tui::app::tests::the_radial_tree_ids_map_back_to_paths ... ok
[INFO] [stdout] test tui::app::tests::a_stub_at_the_root_is_bounded_by_depth ... ok
[INFO] [stdout] test tui::app::tests::the_radial_tree_is_only_rebuilt_when_something_moves ... ok
[INFO] [stdout] test tui::tests::ctrl_c_always_quits ... ok
[INFO] [stdout] test tui::app::tests::the_radial_tree_stops_at_the_ring_limit ... ok
[INFO] [stdout] test tui::app::tests::the_scan_root_is_the_floor ... ok
[INFO] [stdout] test tui::tests::enter_leaves_the_search_filter_in_place ... ok
[INFO] [stdout] test tui::tests::enter_opens_the_explorer_then_drills_down ... ok
[INFO] [stdout] test tui::tests::a_scan_started_from_the_command_line_stays_put ... ok
[INFO] [stdout] test tui::tests::d_keeps_the_deletion_log_until_something_else_is_pressed ... ok
[INFO] [stdout] test tui::tests::escape_unwinds_one_layer_at_a_time ... ok
[INFO] [stdout] test tui::app::tests::switching_size_kind_changes_what_rows_report ... ok
[INFO] [stdout] test tui::tests::backspace_and_escape_leave_the_scan_the_same_way ... ok
[INFO] [stdout] test tui::tests::escape_during_a_scan_stops_it_rather_than_quitting ... ok
[INFO] [stdout] test tui::text::tests::shortened_paths_keep_their_tail ... ok
[INFO] [stdout] test tui::text::tests::truncation_marks_the_cut ... ok
[INFO] [stdout] test tui::tests::typing_a_search_does_not_trigger_navigation_shortcuts ... ok
[INFO] [stdout] test tui::tests::navigation_keys_move_the_selection_and_the_directory ... ok
[INFO] [stdout] test tui::text::tests::fitting_produces_exactly_the_requested_width ... ok
[INFO] [stdout] test tui::text::tests::wide_text_never_overflows_its_column ... ok
[INFO] [stdout] test tui::text::tests::wide_characters_count_double ... ok
[INFO] [stdout] test tui::app::tests::the_breadcrumb_follows_the_current_directory ... FAILED
[INFO] [stdout] test tui::tests::leaving_a_scan_forgets_what_belonged_to_it ... ok
[INFO] [stdout] test tui::tests::going_up_from_the_top_returns_to_the_disk_list ... ok
[INFO] [stdout] test timefmt::tests::dates_render_without_a_time ... ok
[INFO] [stdout] test timefmt::tests::moments_get_more_precise_the_more_recent_they_are ... ok
[INFO] [stdout] test report::tests::freed_space_is_reported_as_a_negative ... ok
[INFO] [stdout] test report::tests::the_diff_headline_says_how_much_and_since_when ... ok
[INFO] [stdout] test report::tests::a_quiet_period_says_so_rather_than_printing_an_empty_list ... ok
[INFO] [stdout] test report::tests::new_directories_are_marked_in_the_report ... ok
[INFO] [stdout] 
[INFO] [stdout] failures:
[INFO] [stdout] 
[INFO] [stdout] ---- tui::app::tests::the_breadcrumb_follows_the_current_directory stdout ----
[INFO] [stdout] 
[INFO] [stdout] thread 'tui::app::tests::the_breadcrumb_follows_the_current_directory' (2510) panicked at src/tui/app.rs:1370:9:
[INFO] [stdout] assertion `left == right` failed
[INFO] [stdout]   left: "~"
[INFO] [stdout]  right: "/root"
[INFO] [stdout] stack backtrace:
[INFO] [stdout]    0:     0x5c5ca2308026 - <unknown>
[INFO] [stdout]    1:     0x5c5ca21e652a - <unknown>
[INFO] [stdout]    2:     0x5c5ca230e9fc - <unknown>
[INFO] [stdout]    3:     0x5c5ca22e20e2 - <unknown>
[INFO] [stdout]    4:     0x5c5ca22fee31 - <unknown>
[INFO] [stdout]    5:     0x5c5ca22ff272 - <unknown>
[INFO] [stdout]    6:     0x5c5ca22e2192 - <unknown>
[INFO] [stdout]    7:     0x5c5ca22da699 - <unknown>
[INFO] [stdout]    8:     0x5c5ca22e30bd - <unknown>
[INFO] [stdout]    9:     0x5c5ca21e6c4c - <unknown>
[INFO] [stdout]   10:     0x5c5ca21e6b63 - <unknown>
[INFO] [stdout]   11:     0x5c5ca21fc583 - <unknown>
[INFO] [stdout]   12:     0x5c5ca22567d8 - <unknown>
[INFO] [stdout]   13:     0x5c5ca231767b - <unknown>
[INFO] [stdout]   14:     0x5c5ca2325524 - <unknown>
[INFO] [stdout]   15:     0x5c5ca231ec54 - <unknown>
[INFO] [stdout]   16:     0x5c5ca23292e2 - <unknown>
[INFO] [stdout]   17:     0x5c5ca2306e24 - <unknown>
[INFO] [stdout]   18:     0x7a7784d77dfa - <unknown>
[INFO] [stdout]   19:     0x7a7784e0b3d4 - clone
[INFO] [stdout]   20:                0x0 - <unknown>
[INFO] [stdout] 
[INFO] [stdout] 
[INFO] [stdout] failures:
[INFO] [stdout]     tui::app::tests::the_breadcrumb_follows_the_current_directory
[INFO] [stdout] 
[INFO] [stdout] test result: FAILED. 94 passed; 1 failed; 0 ignored; 0 measured; 0 filtered out; finished in 0.04s
[INFO] [stdout] 
[INFO] [stderr] error: test failed, to rerun pass `--lib`
[INFO] running `Command { std: "docker" "inspect" "39b6a9d697ffca620e847bb5ddc6fca6d7d5251448cb535ea730deef4b8da347", kill_on_drop: false }`
[INFO] running `Command { std: "docker" "rm" "-f" "39b6a9d697ffca620e847bb5ddc6fca6d7d5251448cb535ea730deef4b8da347", kill_on_drop: false }`
[INFO] [stdout] 39b6a9d697ffca620e847bb5ddc6fca6d7d5251448cb535ea730deef4b8da347
