[INFO] fetching crate diskgraph-ops 0.3.0...
[INFO] testing diskgraph-ops-0.3.0 against 1.99.0-beta.8+cargoflags=--release for beta-release-1.100-2
[INFO] extracting crate diskgraph-ops 0.3.0 into /workspace/builds/worker-0-tc1/source
[INFO] started tweaking crates.io crate diskgraph-ops 0.3.0
[INFO] removed 0 missing tests
[INFO] finished tweaking crates.io crate diskgraph-ops 0.3.0
[INFO] tweaked toml for crates.io crate diskgraph-ops 0.3.0 written to /workspace/builds/worker-0-tc1/source/Cargo.toml
[INFO] validating manifest of crates.io crate diskgraph-ops 0.3.0 on toolchain 1.99.0-beta.8
[INFO] running `Command { std: CARGO_HOME="/workspace/cargo-home" RUSTUP_HOME="/workspace/rustup-home" "/workspace/cargo-home/bin/cargo" "+1.99.0-beta.8" "metadata" "--manifest-path" "Cargo.toml" "--no-deps", kill_on_drop: false }`
[INFO] crate crates.io crate diskgraph-ops 0.3.0 already has a lockfile, it will not be regenerated
[INFO] running `Command { std: CARGO_HOME="/workspace/cargo-home" RUSTUP_HOME="/workspace/rustup-home" "/workspace/cargo-home/bin/cargo" "+1.99.0-beta.8" "fetch" "--manifest-path" "Cargo.toml", kill_on_drop: false }`
[INFO] [stderr]     Updating crates.io index
[INFO] [stderr]  Downloading crates ...
[INFO] [stderr]   Downloaded diskgraph-engine v0.3.0
[INFO] [stderr]   Downloaded trash v5.2.9
[INFO] [stderr]   Downloaded diskgraph-store v0.3.0
[INFO] [stderr]   Downloaded diskgraph-core v0.3.0
[INFO] [stderr]   Downloaded diskgraph-disktree v0.3.0
[INFO] [stderr]   Downloaded diskgraph-disktree-core v0.3.0
[INFO] running `Command { std: "docker" "create" "-v" "/var/lib/crater-agent-workspace/builds/worker-0-tc1/source:/opt/rustwide/workdir:ro,Z" "-v" "/var/lib/crater-agent-workspace/builds/worker-0-tc1/target:/opt/rustwide/target:rw,Z" "-v" "/var/lib/crater-agent-workspace/cargo-home:/opt/rustwide/cargo-home:ro,Z" "-v" "/var/lib/crater-agent-workspace/rustup-home:/opt/rustwide/rustup-home:ro,Z" "-m" "1610612736" "--network" "none" "ghcr.io/rust-lang/crates-build-env/linux@sha256:77db811e55d90add9212f6832c23229e3de5f1c1f9905e8cb07319ea15df73ac" "sleep" "infinity", kill_on_drop: false }`
[INFO] [stdout] adcdebd99e6b8588e7f7f18de023eba3114ad58feb531d8d9adcb6bde2125917
[INFO] running `Command { std: "docker" "start" "adcdebd99e6b8588e7f7f18de023eba3114ad58feb531d8d9adcb6bde2125917", kill_on_drop: false }`
[INFO] running `Command { std: "docker" "inspect" "adcdebd99e6b8588e7f7f18de023eba3114ad58feb531d8d9adcb6bde2125917", kill_on_drop: false }`
[INFO] running `Command { std: "docker" "exec" "-e" "SOURCE_DIR=/opt/rustwide/workdir" "-e" "CARGO_HOME=/opt/rustwide/cargo-home" "-e" "RUSTUP_HOME=/opt/rustwide/rustup-home" "-e" "CARGO_TARGET_DIR=/opt/rustwide/target" "-w" "/opt/rustwide/workdir" "--user" "0:0" "adcdebd99e6b8588e7f7f18de023eba3114ad58feb531d8d9adcb6bde2125917" "/opt/rustwide/cargo-home/bin/cargo" "+1.99.0-beta.8" "metadata" "--no-deps" "--format-version=1", kill_on_drop: false }`
[INFO] running `Command { std: "docker" "inspect" "adcdebd99e6b8588e7f7f18de023eba3114ad58feb531d8d9adcb6bde2125917", kill_on_drop: false }`
[INFO] running `Command { std: "docker" "exec" "-e" "SOURCE_DIR=/opt/rustwide/workdir" "-e" "CARGO_HOME=/opt/rustwide/cargo-home" "-e" "RUSTUP_HOME=/opt/rustwide/rustup-home" "-e" "CARGO_TARGET_DIR=/opt/rustwide/target" "-e" "CARGO_INCREMENTAL=0" "-e" "RUST_BACKTRACE=full" "-e" "RUSTFLAGS=--cap-lints=warn" "-e" "RUSTDOCFLAGS=--cap-lints=warn" "-w" "/opt/rustwide/workdir" "--user" "0:0" "adcdebd99e6b8588e7f7f18de023eba3114ad58feb531d8d9adcb6bde2125917" "/opt/rustwide/cargo-home/bin/cargo" "+1.99.0-beta.8" "build" "--frozen" "--message-format=json" "--release", kill_on_drop: false }`
[INFO] [stderr]    Compiling cc v1.5.1
[INFO] [stderr]    Compiling serde_derive v1.0.229
[INFO] [stderr]    Compiling getrandom v0.4.3
[INFO] [stderr]    Compiling thiserror-impl v2.0.21
[INFO] [stderr]    Compiling rayon v1.12.0
[INFO] [stderr]    Compiling chrono v0.4.45
[INFO] [stderr]    Compiling smallvec v1.16.2
[INFO] [stderr]    Compiling sha2 v0.10.9
[INFO] [stderr]    Compiling uuid v1.26.1
[INFO] [stderr]    Compiling thiserror v2.0.21
[INFO] [stderr]    Compiling libsqlite3-sys v0.38.2
[INFO] [stderr]    Compiling serde v1.0.229
[INFO] [stderr]    Compiling diskgraph-disktree-core v0.3.0
[INFO] [stderr]    Compiling diskgraph-core v0.3.0
[INFO] [stderr]    Compiling diskgraph-disktree v0.3.0
[INFO] [stderr]    Compiling rusqlite v0.40.2
[INFO] [stderr]    Compiling diskgraph-store v0.3.0
[INFO] [stderr]    Compiling diskgraph-engine v0.3.0
[INFO] [stderr]    Compiling diskgraph-ops v0.3.0 (/opt/rustwide/workdir)
[INFO] [stderr]     Finished `release` profile [optimized] target(s) in 1m 50s
[INFO] running `Command { std: "docker" "inspect" "adcdebd99e6b8588e7f7f18de023eba3114ad58feb531d8d9adcb6bde2125917", kill_on_drop: false }`
[INFO] running `Command { std: "docker" "exec" "-e" "SOURCE_DIR=/opt/rustwide/workdir" "-e" "CARGO_HOME=/opt/rustwide/cargo-home" "-e" "RUSTUP_HOME=/opt/rustwide/rustup-home" "-e" "CARGO_TARGET_DIR=/opt/rustwide/target" "-e" "CARGO_INCREMENTAL=0" "-e" "RUST_BACKTRACE=full" "-e" "RUSTFLAGS=--cap-lints=warn" "-e" "RUSTDOCFLAGS=--cap-lints=warn" "-w" "/opt/rustwide/workdir" "--user" "0:0" "adcdebd99e6b8588e7f7f18de023eba3114ad58feb531d8d9adcb6bde2125917" "/opt/rustwide/cargo-home/bin/cargo" "+1.99.0-beta.8" "test" "--frozen" "--no-run" "--message-format=json" "--release", kill_on_drop: false }`
[INFO] [stderr]    Compiling tempfile v3.27.0
[INFO] [stderr]    Compiling diskgraph-ops v0.3.0 (/opt/rustwide/workdir)
[INFO] [stderr]     Finished `release` profile [optimized] target(s) in 6.78s
[INFO] running `Command { std: "docker" "inspect" "adcdebd99e6b8588e7f7f18de023eba3114ad58feb531d8d9adcb6bde2125917", kill_on_drop: false }`
[INFO] running `Command { std: "docker" "exec" "-e" "SOURCE_DIR=/opt/rustwide/workdir" "-e" "CARGO_HOME=/opt/rustwide/cargo-home" "-e" "RUSTUP_HOME=/opt/rustwide/rustup-home" "-e" "CARGO_TARGET_DIR=/opt/rustwide/target" "-e" "CARGO_INCREMENTAL=0" "-e" "RUST_BACKTRACE=full" "-e" "RUSTFLAGS=--cap-lints=warn" "-e" "RUSTDOCFLAGS=--cap-lints=warn" "-w" "/opt/rustwide/workdir" "--user" "0:0" "adcdebd99e6b8588e7f7f18de023eba3114ad58feb531d8d9adcb6bde2125917" "/opt/rustwide/cargo-home/bin/cargo" "+1.99.0-beta.8" "test" "--frozen" "--release", kill_on_drop: false }`
[INFO] [stderr]     Finished `release` profile [optimized] target(s) in 0.08s
[INFO] [stderr]      Running unittests src/lib.rs (/opt/rustwide/target/release/deps/diskgraph_ops-2994a3853a6aef52)
[INFO] [stdout] 
[INFO] [stdout] running 71 tests
[INFO] [stdout] test docker::tests::an_in_use_volume_is_skipped_and_others_proceed ... ok
[INFO] [stdout] test docker::tests::cleanup_never_widenes_beyond_the_exact_objects_and_never_prunes ... ok
[INFO] [stdout] test docker::tests::a_running_container_is_refused_by_the_usage_check ... ok
[INFO] [stdout] test specialist::tests::a_shared_cargo_target_dir_is_reported_but_never_planned ... ok
[INFO] [stdout] test docker::tests::a_removal_docker_cannot_prove_parks_for_attention ... ok
[INFO] [stdout] test specialist::tests::an_unlisted_capability_is_refused_even_when_known ... ok
[INFO] [stdout] test docker::tests::inventory_reads_each_category_separately_and_carries_the_vm_caveat ... ok
[INFO] [stdout] test specialist::tests::cargo_inventory_refuses_a_directory_that_is_not_a_cargo_project ... ok
[INFO] [stdout] test tests::a_cross_volume_copy_stages_verifies_then_publishes ... ok
[INFO] [stdout] test specialist::tests::only_a_provable_outcome_counts_as_confirmed ... ok
[INFO] [stdout] test specialist::tests::an_active_build_is_detected_by_the_held_lock_not_by_the_file ... ok
[INFO] [stdout] test specialist::tests::a_child_sees_only_the_named_environment ... ok
[INFO] [stdout] test specialist::tests::a_missing_tool_reports_unavailable_and_offers_nothing ... ok
[INFO] [stdout] test specialist::tests::structured_arguments_pass_through_without_a_shell ... ok
[INFO] [stdout] test specialist::tests::a_probe_accepts_a_new_enough_version_and_refuses_an_old_one ... ok
[INFO] [stdout] test tests::a_failed_cross_volume_copy_leaves_the_destination_untouched ... ok
[INFO] [stdout] test specialist::tests::output_past_the_cap_is_discarded_and_flagged ... ok
[INFO] [stdout] test specialist::tests::retries_rerun_a_transient_failure ... ok
[INFO] [stdout] test specialist::tests::a_timeout_kills_a_stuck_child ... ok
[INFO] [stdout] test tests::a_cross_volume_move_publishes_before_the_source_is_removed ... ok
[INFO] [stdout] test tests::a_cross_volume_move_parked_at_the_source_seam_keeps_both_sides ... ok
[INFO] [stdout] test tests::a_plan_show_and_validate_surface_the_exact_object_set ... ok
[INFO] [stdout] test tests::a_missing_node_is_refused_not_guessed ... ok
[INFO] [stdout] test tests::a_link_planted_in_the_source_after_planning_stops_the_move ... ok
[INFO] [stdout] test tests::a_purge_refuses_a_swapped_object_and_never_touches_the_imposter ... ok
[INFO] [stdout] test tests::a_plan_is_immutable_and_digest_addressed ... ok
[INFO] [stdout] test tests::a_crash_after_the_file_moved_is_never_replayed_blindly ... ok
[INFO] [stdout] test tests::a_source_that_changes_during_a_cross_volume_copy_invalidates_the_transfer ... FAILED
[INFO] [stdout] test tests::a_crash_after_intent_leaves_the_operation_needing_attention ... ok
[INFO] [stdout] test tests::a_lost_response_retry_returns_the_result_without_repeating_the_move ... ok
[INFO] [stdout] test tests::a_parked_operation_is_never_resumed_automatically ... ok
[INFO] [stdout] test tests::a_parked_purge_retry_returns_the_same_operation_without_replaying ... ok
[INFO] [stdout] test tests::a_link_planted_in_the_destination_stops_the_move ... ok
[INFO] [stdout] test tests::a_batch_with_one_blocked_item_ends_partial_and_keeps_the_rest ... ok
[INFO] [stdout] test tests::a_plan_cannot_be_applied_twice ... ok
[INFO] [stdout] test tests::a_revoked_scope_yields_no_plan ... ok
[INFO] [stdout] test tests::a_restore_can_target_another_authorized_location ... ok
[INFO] [stdout] test tests::a_revoked_approval_blocks_execution ... ok
[INFO] [stdout] test tests::an_approval_is_bound_to_the_plan_and_its_principal ... ok
[INFO] [stdout] test tests::a_restore_of_a_vanished_object_is_refused ... ok
[INFO] [stdout] test tests::a_retried_key_returns_the_original_operation_without_moving_twice ... ok
[INFO] [stdout] test tests::a_reused_key_with_a_different_approval_is_refused ... ok
[INFO] [stdout] test tests::a_write_failure_leaves_the_control_plane_usable_and_auditable ... ok
[INFO] [stdout] test tests::an_empty_or_oversized_request_is_refused ... ok
[INFO] [stdout] test tests::a_restore_never_overwrites_a_reoccupied_original ... ok
[INFO] [stdout] test tests::a_volume_report_separates_processed_retained_and_measured_space ... ok
[INFO] [stdout] test tests::an_expired_approval_does_not_verify ... ok
[INFO] [stdout] test tests::an_empty_file_round_trips_through_trash_and_restore ... ok
[INFO] [stdout] test tests::an_object_replaced_after_planning_is_refused ... FAILED
[INFO] [stdout] test tests::a_restored_object_returns_to_its_original_place ... ok
[INFO] [stdout] test tests::an_empty_object_batch_moves_nothing_and_says_so ... ok
[INFO] [stdout] test tests::building_a_trash_plan_does_not_touch_any_file ... ok
[INFO] [stdout] test tests::apply_without_a_valid_approval_moves_nothing ... ok
[INFO] [stdout] test tests::revalidation_reports_the_fault_it_refused ... ok
[INFO] [stdout] test tests::an_occupied_target_is_never_overwritten ... ok
[INFO] [stdout] test tests::another_principal_cannot_cancel_someone_elses_operation ... ok
[INFO] [stdout] test tests::duplicate_objects_are_refused_rather_than_double_counted ... ok
[INFO] [stdout] test tests::applying_a_move_moves_the_file_once_and_records_it ... ok
[INFO] [stdout] test tests::parent_and_child_requests_collapse_to_the_child ... ok
[INFO] [stdout] test tests::cancelling_a_stalled_operation_stops_only_the_remaining_items ... ok
[INFO] [stdout] test tests::cancelling_a_finished_operation_leaves_it_untouched ... ok
[INFO] [stdout] test tests::purge_requires_a_configured_authority ... ok
[INFO] [stdout] test tests::purging_is_refused_rather_than_silently_enabled ... ok
[INFO] [stdout] test tests::only_the_configured_authority_may_approve_a_purge ... ok
[INFO] [stdout] test tests::operations_are_listed_and_shown_only_to_their_principal ... ok
[INFO] [stdout] test tests::restoring_after_a_purge_reports_irrecoverable ... ok
[INFO] [stdout] test tests::operations_and_recovery_survive_rebuilding_the_graph_history ... ok
[INFO] [stdout] test tests::recorded_details_name_objects_without_leaking_whole_paths ... ok
[INFO] [stdout] test tests::revoking_an_approval_mid_flight_stops_the_next_step ... ok
[INFO] [stdout] test tests::trash_moves_into_quarantine_and_never_deletes ... ok
[INFO] [stdout] test tests::the_index_is_refreshed_so_a_later_query_sees_the_moved_file ... ok
[INFO] [stdout] 
[INFO] [stdout] failures:
[INFO] [stdout] 
[INFO] [stdout] ---- tests::a_source_that_changes_during_a_cross_volume_copy_invalidates_the_transfer stdout ----
[INFO] [stdout] 
[INFO] [stdout] thread 'tests::a_source_that_changes_during_a_cross_volume_copy_invalidates_the_transfer' (787) panicked at src/tests.rs:1736:5:
[INFO] [stdout] assertion failed: matches!(transfer.stage_and_verify(&source, &identity),
[INFO] [stdout]     Err(OpsError::Stale(message)) if message.contains("changed"))
[INFO] [stdout] stack backtrace:
[INFO] [stdout]    0:     0x5b790eca1371 - <<std[70759c8f55707aa4]::sys::backtrace::BacktraceLock>::print::DisplayBacktrace as core[df12db4294e9bfd3]::fmt::Display>::fmt
[INFO] [stdout]    1:     0x5b790ecb7b0a - core[df12db4294e9bfd3]::fmt::write
[INFO] [stderr] error: test failed, to rerun pass `--lib`
[INFO] [stdout]    2:     0x5b790eca5bdc - <alloc[2182bb758b4b3781]::vec::Vec<u8> as core[df12db4294e9bfd3]::io::write::Write>::write_fmt
[INFO] [stdout]    3:     0x5b790ec78e86 - std[70759c8f55707aa4]::panicking::default_hook::{closure#0}
[INFO] [stdout]    4:     0x5b790ec972e9 - std[70759c8f55707aa4]::panicking::default_hook
[INFO] [stdout]    5:     0x5b790e9fc470 - test[9d35eded1c95d3be]::test_main_inner::<test[9d35eded1c95d3be]::test_main_static::{closure#0}>::{closure#0}
[INFO] [stdout]    6:     0x5b790ec97612 - std[70759c8f55707aa4]::panicking::panic_with_hook
[INFO] [stdout]    7:     0x5b790ec78f64 - std[70759c8f55707aa4]::panicking::panic_handler::{closure#0}
[INFO] [stdout]    8:     0x5b790ec718a9 - std[70759c8f55707aa4]::sys::backtrace::__rust_end_short_backtrace::<std[70759c8f55707aa4]::panicking::panic_handler::{closure#0}, !>
[INFO] [stdout]    9:     0x5b790ec79dcd - __rustc[8fa7c3cbc660c2b3]::rust_begin_unwind
[INFO] [stdout]   10:     0x5b790ecb826c - core[df12db4294e9bfd3]::panicking::panic_fmt
[INFO] [stdout]   11:     0x5b790ecb8232 - core[df12db4294e9bfd3]::panicking::panic
[INFO] [stdout]   12:     0x5b790e9bad51 - diskgraph_ops[2f372aadd26ffbbe]::tests::a_source_that_changes_during_a_cross_volume_copy_invalidates_the_transfer
[INFO] [stdout]   13:     0x5b790e9cc919 - <diskgraph_ops[2f372aadd26ffbbe]::tests::a_source_that_changes_during_a_cross_volume_copy_invalidates_the_transfer::{closure#0} as core[df12db4294e9bfd3]::ops::function::FnOnce<()>>::call_once
[INFO] [stdout]   14:     0x5b790e9ef75b - test[9d35eded1c95d3be]::__rust_begin_short_backtrace::<core[df12db4294e9bfd3]::result::Result<(), alloc[2182bb758b4b3781]::string::String>, fn() -> core[df12db4294e9bfd3]::result::Result<(), alloc[2182bb758b4b3781]::string::String>>
[INFO] [stdout]   15:     0x5b790e9fcdc5 - test[9d35eded1c95d3be]::run_test::{closure#0}
[INFO] [stdout]   16:     0x5b790e9f6684 - std[70759c8f55707aa4]::sys::backtrace::__rust_begin_short_backtrace::<test[9d35eded1c95d3be]::run_test::{closure#1}, ()>
[INFO] [stdout]   17:     0x5b790e9fff22 - <std[70759c8f55707aa4]::thread::lifecycle::spawn_unchecked<test[9d35eded1c95d3be]::run_test::{closure#1}, ()>::{closure#1} as core[df12db4294e9bfd3]::ops::function::FnOnce<()>>::call_once::{shim:vtable#0}
[INFO] [stdout]   18:     0x5b790eca02f9 - <std[70759c8f55707aa4]::sys::thread::unix::Thread>::new::thread_start
[INFO] [stdout]   19:     0x75ba398bbdfa - <unknown>
[INFO] [stdout]   20:     0x75ba3994f3d4 - clone
[INFO] [stdout]   21:                0x0 - <unknown>
[INFO] [stdout] 
[INFO] [stdout] ---- tests::an_object_replaced_after_planning_is_refused stdout ----
[INFO] [stdout] 
[INFO] [stdout] thread 'tests::an_object_replaced_after_planning_is_refused' (796) panicked at src/tests.rs:567:5:
[INFO] [stdout] assertion failed: matches!(executor.apply(ApplyRequest
[INFO] [stdout]     {
[INFO] [stdout]         plan_id: &plan.plan_id, approval_ref: &approval, idempotency_key: "k",
[INFO] [stdout]         fault: None,
[INFO] [stdout]     }), Err(OpsError::Stale(_)))
[INFO] [stdout] stack backtrace:
[INFO] [stdout]    0:     0x5b790eca1371 - <<std[70759c8f55707aa4]::sys::backtrace::BacktraceLock>::print::DisplayBacktrace as core[df12db4294e9bfd3]::fmt::Display>::fmt
[INFO] [stdout]    1:     0x5b790ecb7b0a - core[df12db4294e9bfd3]::fmt::write
[INFO] [stdout]    2:     0x5b790eca5bdc - <alloc[2182bb758b4b3781]::vec::Vec<u8> as core[df12db4294e9bfd3]::io::write::Write>::write_fmt
[INFO] [stdout]    3:     0x5b790ec78e86 - std[70759c8f55707aa4]::panicking::default_hook::{closure#0}
[INFO] [stdout]    4:     0x5b790ec972e9 - std[70759c8f55707aa4]::panicking::default_hook
[INFO] [stdout]    5:     0x5b790e9fc470 - test[9d35eded1c95d3be]::test_main_inner::<test[9d35eded1c95d3be]::test_main_static::{closure#0}>::{closure#0}
[INFO] [stdout]    6:     0x5b790ec97612 - std[70759c8f55707aa4]::panicking::panic_with_hook
[INFO] [stdout]    7:     0x5b790ec78f64 - std[70759c8f55707aa4]::panicking::panic_handler::{closure#0}
[INFO] [stdout]    8:     0x5b790ec718a9 - std[70759c8f55707aa4]::sys::backtrace::__rust_end_short_backtrace::<std[70759c8f55707aa4]::panicking::panic_handler::{closure#0}, !>
[INFO] [stdout]    9:     0x5b790ec79dcd - __rustc[8fa7c3cbc660c2b3]::rust_begin_unwind
[INFO] [stdout]   10:     0x5b790ecb826c - core[df12db4294e9bfd3]::panicking::panic_fmt
[INFO] [stdout]   11:     0x5b790ecb8232 - core[df12db4294e9bfd3]::panicking::panic
[INFO] [stdout]   12:     0x5b790e9a2d8f - diskgraph_ops[2f372aadd26ffbbe]::tests::an_object_replaced_after_planning_is_refused
[INFO] [stdout]   13:     0x5b790e9cc3d9 - <diskgraph_ops[2f372aadd26ffbbe]::tests::an_object_replaced_after_planning_is_refused::{closure#0} as core[df12db4294e9bfd3]::ops::function::FnOnce<()>>::call_once
[INFO] [stdout]   14:     0x5b790e9ef75b - test[9d35eded1c95d3be]::__rust_begin_short_backtrace::<core[df12db4294e9bfd3]::result::Result<(), alloc[2182bb758b4b3781]::string::String>, fn() -> core[df12db4294e9bfd3]::result::Result<(), alloc[2182bb758b4b3781]::string::String>>
[INFO] [stdout]   15:     0x5b790e9fcdc5 - test[9d35eded1c95d3be]::run_test::{closure#0}
[INFO] [stdout]   16:     0x5b790e9f6684 - std[70759c8f55707aa4]::sys::backtrace::__rust_begin_short_backtrace::<test[9d35eded1c95d3be]::run_test::{closure#1}, ()>
[INFO] [stdout]   17:     0x5b790e9fff22 - <std[70759c8f55707aa4]::thread::lifecycle::spawn_unchecked<test[9d35eded1c95d3be]::run_test::{closure#1}, ()>::{closure#1} as core[df12db4294e9bfd3]::ops::function::FnOnce<()>>::call_once::{shim:vtable#0}
[INFO] [stdout]   18:     0x5b790eca02f9 - <std[70759c8f55707aa4]::sys::thread::unix::Thread>::new::thread_start
[INFO] [stdout]   19:     0x75ba398bbdfa - <unknown>
[INFO] [stdout]   20:     0x75ba3994f3d4 - clone
[INFO] [stdout]   21:                0x0 - <unknown>
[INFO] [stdout] 
[INFO] [stdout] 
[INFO] [stdout] failures:
[INFO] [stdout]     tests::a_source_that_changes_during_a_cross_volume_copy_invalidates_the_transfer
[INFO] [stdout]     tests::an_object_replaced_after_planning_is_refused
[INFO] [stdout] 
[INFO] [stdout] test result: FAILED. 69 passed; 2 failed; 0 ignored; 0 measured; 0 filtered out; finished in 2.89s
[INFO] [stdout] 
[INFO] running `Command { std: "docker" "inspect" "adcdebd99e6b8588e7f7f18de023eba3114ad58feb531d8d9adcb6bde2125917", kill_on_drop: false }`
[INFO] running `Command { std: "docker" "rm" "-f" "adcdebd99e6b8588e7f7f18de023eba3114ad58feb531d8d9adcb6bde2125917", kill_on_drop: false }`
[INFO] [stdout] adcdebd99e6b8588e7f7f18de023eba3114ad58feb531d8d9adcb6bde2125917
