[INFO] fetching crate diskgraph-mcp 0.3.0...
[INFO] testing diskgraph-mcp-0.3.0 against 1.99.0-beta.8+cargoflags=--release for beta-release-1.100-2
[INFO] extracting crate diskgraph-mcp 0.3.0 into /workspace/builds/worker-5-tc1/source
[INFO] started tweaking crates.io crate diskgraph-mcp 0.3.0
[INFO] removed 0 missing tests
[INFO] finished tweaking crates.io crate diskgraph-mcp 0.3.0
[INFO] tweaked toml for crates.io crate diskgraph-mcp 0.3.0 written to /workspace/builds/worker-5-tc1/source/Cargo.toml
[INFO] validating manifest of crates.io crate diskgraph-mcp 0.3.0 on toolchain 1.99.0-beta.8
[INFO] running `Command { std: CARGO_HOME="/workspace/cargo-home" RUSTUP_HOME="/workspace/rustup-home" "/workspace/cargo-home/bin/cargo" "+1.99.0-beta.8" "metadata" "--manifest-path" "Cargo.toml" "--no-deps", kill_on_drop: false }`
[INFO] crate crates.io crate diskgraph-mcp 0.3.0 already has a lockfile, it will not be regenerated
[INFO] running `Command { std: CARGO_HOME="/workspace/cargo-home" RUSTUP_HOME="/workspace/rustup-home" "/workspace/cargo-home/bin/cargo" "+1.99.0-beta.8" "fetch" "--manifest-path" "Cargo.toml", kill_on_drop: false }`
[INFO] [stderr]     Updating crates.io index
[INFO] [stderr]  Downloading crates ...
[INFO] [stderr]   Downloaded diskgraph-testkit v0.3.0
[INFO] [stderr]   Downloaded diskgraph-disktree v0.3.0
[INFO] [stderr]   Downloaded diskgraph-engine v0.3.0
[INFO] [stderr]   Downloaded diskgraph-disktree-core v0.3.0
[INFO] [stderr]   Downloaded diskgraph-core v0.3.0
[INFO] [stderr]   Downloaded diskgraph-store v0.3.0
[INFO] running `Command { std: "docker" "create" "-v" "/var/lib/crater-agent-workspace/builds/worker-5-tc1/source:/opt/rustwide/workdir:ro,Z" "-v" "/var/lib/crater-agent-workspace/builds/worker-5-tc1/target:/opt/rustwide/target:rw,Z" "-v" "/var/lib/crater-agent-workspace/cargo-home:/opt/rustwide/cargo-home:ro,Z" "-v" "/var/lib/crater-agent-workspace/rustup-home:/opt/rustwide/rustup-home:ro,Z" "-m" "1610612736" "--network" "none" "ghcr.io/rust-lang/crates-build-env/linux@sha256:77db811e55d90add9212f6832c23229e3de5f1c1f9905e8cb07319ea15df73ac" "sleep" "infinity", kill_on_drop: false }`
[INFO] [stdout] de409bfcc66c4b087328f549ea7d80372100bc8809cf5e884fcdf58765153257
[INFO] running `Command { std: "docker" "start" "de409bfcc66c4b087328f549ea7d80372100bc8809cf5e884fcdf58765153257", kill_on_drop: false }`
[INFO] running `Command { std: "docker" "inspect" "de409bfcc66c4b087328f549ea7d80372100bc8809cf5e884fcdf58765153257", kill_on_drop: false }`
[INFO] running `Command { std: "docker" "exec" "-e" "SOURCE_DIR=/opt/rustwide/workdir" "-e" "CARGO_HOME=/opt/rustwide/cargo-home" "-e" "RUSTUP_HOME=/opt/rustwide/rustup-home" "-e" "CARGO_TARGET_DIR=/opt/rustwide/target" "-w" "/opt/rustwide/workdir" "--user" "0:0" "de409bfcc66c4b087328f549ea7d80372100bc8809cf5e884fcdf58765153257" "/opt/rustwide/cargo-home/bin/cargo" "+1.99.0-beta.8" "metadata" "--no-deps" "--format-version=1", kill_on_drop: false }`
[INFO] running `Command { std: "docker" "inspect" "de409bfcc66c4b087328f549ea7d80372100bc8809cf5e884fcdf58765153257", kill_on_drop: false }`
[INFO] running `Command { std: "docker" "exec" "-e" "SOURCE_DIR=/opt/rustwide/workdir" "-e" "CARGO_HOME=/opt/rustwide/cargo-home" "-e" "RUSTUP_HOME=/opt/rustwide/rustup-home" "-e" "CARGO_TARGET_DIR=/opt/rustwide/target" "-e" "CARGO_INCREMENTAL=0" "-e" "RUST_BACKTRACE=full" "-e" "RUSTFLAGS=--cap-lints=warn" "-e" "RUSTDOCFLAGS=--cap-lints=warn" "-w" "/opt/rustwide/workdir" "--user" "0:0" "de409bfcc66c4b087328f549ea7d80372100bc8809cf5e884fcdf58765153257" "/opt/rustwide/cargo-home/bin/cargo" "+1.99.0-beta.8" "build" "--frozen" "--message-format=json" "--release", kill_on_drop: false }`
[INFO] [stderr]    Compiling syn v3.0.6
[INFO] [stderr]    Compiling cc v1.5.1
[INFO] [stderr]    Compiling num-traits v0.2.19
[INFO] [stderr]    Compiling either v1.18.0
[INFO] [stderr]    Compiling getrandom v0.4.3
[INFO] [stderr]    Compiling fallible-iterator v0.3.0
[INFO] [stderr]    Compiling fallible-streaming-iterator v0.1.9
[INFO] [stderr]    Compiling smallvec v1.16.2
[INFO] [stderr]    Compiling sha2 v0.10.9
[INFO] [stderr]    Compiling uuid v1.26.1
[INFO] [stderr]    Compiling rayon v1.12.0
[INFO] [stderr]    Compiling chrono v0.4.45
[INFO] [stderr]    Compiling libsqlite3-sys v0.38.2
[INFO] [stderr]    Compiling serde_derive v1.0.229
[INFO] [stderr]    Compiling thiserror-impl v2.0.21
[INFO] [stderr]    Compiling diskgraph-disktree-core v0.3.0
[INFO] [stderr]    Compiling thiserror v2.0.21
[INFO] [stderr]    Compiling serde v1.0.229
[INFO] [stderr]    Compiling diskgraph-core v0.3.0
[INFO] [stderr]    Compiling diskgraph-disktree v0.3.0
[INFO] [stderr]    Compiling rusqlite v0.40.2
[INFO] [stderr]    Compiling diskgraph-store v0.3.0
[INFO] [stderr]    Compiling diskgraph-engine v0.3.0
[INFO] [stderr]    Compiling diskgraph-mcp v0.3.0 (/opt/rustwide/workdir)
[INFO] [stderr]     Finished `release` profile [optimized] target(s) in 2m 28s
[INFO] running `Command { std: "docker" "inspect" "de409bfcc66c4b087328f549ea7d80372100bc8809cf5e884fcdf58765153257", kill_on_drop: false }`
[INFO] running `Command { std: "docker" "exec" "-e" "SOURCE_DIR=/opt/rustwide/workdir" "-e" "CARGO_HOME=/opt/rustwide/cargo-home" "-e" "RUSTUP_HOME=/opt/rustwide/rustup-home" "-e" "CARGO_TARGET_DIR=/opt/rustwide/target" "-e" "CARGO_INCREMENTAL=0" "-e" "RUST_BACKTRACE=full" "-e" "RUSTFLAGS=--cap-lints=warn" "-e" "RUSTDOCFLAGS=--cap-lints=warn" "-w" "/opt/rustwide/workdir" "--user" "0:0" "de409bfcc66c4b087328f549ea7d80372100bc8809cf5e884fcdf58765153257" "/opt/rustwide/cargo-home/bin/cargo" "+1.99.0-beta.8" "test" "--frozen" "--no-run" "--message-format=json" "--release", kill_on_drop: false }`
[INFO] [stderr]    Compiling once_cell v1.21.4
[INFO] [stderr]    Compiling tempfile v3.27.0
[INFO] [stderr]    Compiling diskgraph-testkit v0.3.0
[INFO] [stderr]    Compiling diskgraph-mcp v0.3.0 (/opt/rustwide/workdir)
[INFO] [stderr]     Finished `release` profile [optimized] target(s) in 16.61s
[INFO] running `Command { std: "docker" "inspect" "de409bfcc66c4b087328f549ea7d80372100bc8809cf5e884fcdf58765153257", kill_on_drop: false }`
[INFO] running `Command { std: "docker" "exec" "-e" "SOURCE_DIR=/opt/rustwide/workdir" "-e" "CARGO_HOME=/opt/rustwide/cargo-home" "-e" "RUSTUP_HOME=/opt/rustwide/rustup-home" "-e" "CARGO_TARGET_DIR=/opt/rustwide/target" "-e" "CARGO_INCREMENTAL=0" "-e" "RUST_BACKTRACE=full" "-e" "RUSTFLAGS=--cap-lints=warn" "-e" "RUSTDOCFLAGS=--cap-lints=warn" "-w" "/opt/rustwide/workdir" "--user" "0:0" "de409bfcc66c4b087328f549ea7d80372100bc8809cf5e884fcdf58765153257" "/opt/rustwide/cargo-home/bin/cargo" "+1.99.0-beta.8" "test" "--frozen" "--release", kill_on_drop: false }`
[INFO] [stderr]     Finished `release` profile [optimized] target(s) in 0.08s
[INFO] [stderr]      Running unittests src/lib.rs (/opt/rustwide/target/release/deps/diskgraph_mcp-aa9f99fd8941cdcd)
[INFO] [stdout] 
[INFO] [stdout] running 80 tests
[INFO] [stdout] test auth::tests::a_deployment_with_no_issuer_authenticates_nobody ... ok
[INFO] [stdout] test auth::tests::a_missing_token_is_refused ... ok
[INFO] [stdout] test auth::tests::a_token_without_scope_grants_nothing_by_default ... ok
[INFO] [stdout] test auth::tests::a_well_formed_signed_token_authenticates ... ok
[INFO] [stdout] test auth::tests::a_token_missing_a_required_claim_is_refused ... ok
[INFO] [stdout] test auth::tests::an_expired_token_is_refused ... ok
[INFO] [stdout] test auth::tests::a_token_minted_for_another_audience_is_refused ... ok
[INFO] [stdout] test auth::tests::a_forged_signature_is_refused ... ok
[INFO] [stdout] test auth::tests::a_token_from_an_unknown_issuer_is_refused ... ok
[INFO] [stdout] test auth::tests::authentication_alone_grants_no_permission ... ok
[INFO] [stdout] test auth::tests::constant_time_comparison_rejects_different_lengths_and_values ... ok
[INFO] [stdout] test auth::tests::hmac_sha256_matches_the_published_test_vector ... ok
[INFO] [stdout] test auth::tests::malformed_tokens_and_unsigned_ones_are_refused ... ok
[INFO] [stdout] test auth::tests::unknown_scope_values_are_ignored_rather_than_widened ... ok
[INFO] [stdout] test auth::tests::proxy_identity_headers_are_never_trusted ... ok
[INFO] [stdout] test auth::tests::the_unauthorized_body_never_echoes_token_or_index_material ... ok
[INFO] [stdout] test envelope_binding_tests::with_ids_serializes_the_scope_and_revision_it_bound ... ok
[INFO] [stdout] test auth::tests::a_token_inside_the_skew_window_is_still_accepted ... ok
[INFO] [stdout] test doctor::tests::directory_size_is_measured_without_shelling_out ... ok
[INFO] [stdout] test doctor::tests::doctor_never_mutates_the_data_directory ... ok
[INFO] [stdout] test doctor::tests::a_healthy_engine_reports_no_errors ... ok
[INFO] [stdout] test doctor::tests::the_report_states_the_served_tool_set ... ok
[INFO] [stdout] test http::tests::a_hostile_origin_is_refused_even_with_a_valid_token ... ok
[INFO] [stdout] test http::tests::a_posted_initialize_answers_over_http ... ok
[INFO] [stdout] test http::tests::forwarded_headers_are_diagnostic_only_and_proxy_gated ... ok
[INFO] [stdout] test http::tests::a_modern_only_server_reports_the_legacy_adapter_as_disabled ... ok
[INFO] [stdout] test http::tests::an_unsupported_protocol_version_is_reported_not_downgraded ... ok
[INFO] [stdout] test http::tests::a_client_side_path_is_never_resolved_against_the_server ... ok
[INFO] [stdout] test http::tests::get_and_delete_follow_the_transport_contract ... ok
[INFO] [stdout] test http::tests::origins_are_validated_before_anything_else ... ok
[INFO] [stdout] test http::tests::a_real_socket_round_trip_answers_the_same_as_the_direct_call ... ok
[INFO] [stdout] test http::tests::a_disconnected_client_job_completes_and_stays_queryable ... ok
[INFO] [stdout] test http::tests::dropping_every_connection_is_not_a_cancellation ... ok
[INFO] [stdout] test http::tests::a_stalled_connection_does_not_starve_other_clients ... ok
[INFO] [stdout] test http::tests::the_bind_policy_gates_network_interfaces_honestly ... ok
[INFO] [stdout] test http::tests::over_rate_requests_are_refused_with_429 ... ok
[INFO] [stdout] test http::tests::oversized_bodies_and_batches_are_refused ... ok
[INFO] [stdout] test http::tests::remote_requests_require_a_valid_bearer_token ... ok
[INFO] [stdout] test http::tests::the_rate_limiter_throttles_bursts_and_recovers ... ok
[INFO] [stdout] test http::tests::the_connection_cap_refuses_excess_connections ... ok
[INFO] [stdout] test http::tests::mcp_search_cursors_expire_with_policy_updates ... ok
[INFO] [stdout] test http::tests::the_health_endpoint_reports_no_indexed_data ... ok
[INFO] [stdout] test install::tests::add_preserves_other_servers ... ok
[INFO] [stdout] test install::tests::add_writes_once_and_is_idempotent ... ok
[INFO] [stdout] test install::tests::preview_never_writes_and_reports_the_change ... ok
[INFO] [stdout] test install::tests::remove_deletes_only_the_owned_entry ... ok
[INFO] [stdout] test install::tests::show_reports_registration_without_changing_anything ... ok
[INFO] [stdout] test install::tests::the_registration_marks_itself_owned ... ok
[INFO] [stdout] test install::tests::unknown_clients_are_refused_before_any_file_access ... ok
[INFO] [stdout] test legacy::tests::a_dropped_sse_end_closes_the_session_for_posters ... ok
[INFO] [stdout] test legacy::tests::message_events_carry_one_complete_json_line ... ok
[INFO] [stdout] test legacy::tests::sessions_round_trip_and_close ... ok
[INFO] [stdout] test legacy::tests::the_endpoint_event_names_the_session_message_url ... ok
[INFO] [stdout] test protocol::tests::business_failures_carry_their_code_and_exit_code_over_mcp ... ok
[INFO] [stdout] test protocol::tests::decoding_rejects_malformed_batched_and_notification_frames ... ok
[INFO] [stdout] test protocol::tests::host_side_commands_are_never_mcp_tools ... ok
[INFO] [stdout] test protocol::tests::manage_adds_scope_and_index_management ... ok
[INFO] [stdout] test protocol::tests::read_full_adds_every_metadata_query_but_no_write_tools ... ok
[INFO] [stdout] test protocol::tests::read_minimal_profile_exposes_exactly_the_common_read_tools ... ok
[INFO] [stdout] test protocol::tests::required_permissions_never_include_approval_capabilities ... ok
[INFO] [stdout] test protocol::tests::schemas_declare_their_permissions_and_reject_unknown_properties ... ok
[INFO] [stdout] test protocol::tests::tool_names_are_unique_and_map_back_to_their_catalog_id ... ok
[INFO] [stdout] test protocol::tests::undelivered_stages_answer_unsupported_not_silence ... ok
[INFO] [stdout] test http::tests::tool_listing_and_calls_work_over_the_same_service ... ok
[INFO] [stdout] test http::tests::unknown_paths_and_methods_never_reach_the_engine ... ok
[INFO] [stdout] test http::tests::scope_ids_from_another_server_are_not_found ... ok
[INFO] [stdout] test tests::a_tool_outside_the_active_profile_is_refused_not_merely_hidden ... ok
[INFO] [stdout] test http::tests::the_server_stream_survives_read_timeouts ... ok
[INFO] [stdout] test tests::batched_frames_are_refused_explicitly ... ok
[INFO] [stdout] test tests::initialize_and_tool_listing_work_over_the_protocol ... ok
[INFO] [stdout] test tests::an_index_job_is_reachable_after_the_call_returns ... ok
[INFO] [stdout] test tests::explain_returns_typed_evidence_for_a_cargo_project ... ok
[INFO] [stdout] test tests::stdio_serves_frames_and_logs_rejects_to_the_log_sink_only ... ok
[INFO] [stdout] test tests::queries_answer_with_envelopes_and_unknown_scopes_refuse_honestly ... ok
[INFO] [stdout] test tests::unknown_methods_and_tools_answer_protocol_errors ... ok
[INFO] [stdout] test tests::the_manage_profile_serves_scope_listing ... ok
[INFO] [stdout] test tests::two_scopes_stay_isolated_and_reuse_their_own_revisions ... ok
[INFO] [stdout] test http::tests::the_legacy_adapter_serves_a_spec_conformant_client ... ok
[INFO] [stdout] test http::tests::legacy_disconnect_leaves_the_job_queryable ... ok
[INFO] [stdout] test http::tests::legacy_posts_enforce_sessions_auth_and_origin ... ok
[INFO] [stdout] 
[INFO] [stdout] test result: ok. 80 passed; 0 failed; 0 ignored; 0 measured; 0 filtered out; finished in 16.54s
[INFO] [stdout] 
[INFO] [stderr]      Running unittests src/main.rs (/opt/rustwide/target/release/deps/diskgraph_mcp-6308b57ab4159309)
[INFO] [stderr]      Running tests/deploy_contract.rs (/opt/rustwide/target/release/deps/deploy_contract-3176f34dbaf1ed72)
[INFO] [stdout] 
[INFO] [stdout] running 0 tests
[INFO] [stdout] 
[INFO] [stdout] test result: ok. 0 passed; 0 failed; 0 ignored; 0 measured; 0 filtered out; finished in 0.00s
[INFO] [stdout] 
[INFO] [stdout] 
[INFO] [stdout] running 5 tests
[INFO] [stdout] test the_packaging_script_verifies_restart_safety_and_local_only ... FAILED
[INFO] [stdout] test the_unit_runs_unprivileged_with_hardening ... FAILED
[INFO] [stdout] test the_unit_execstart_names_the_shipped_binary_and_profile ... FAILED
[INFO] [stdout] test the_unit_defaults_to_loopback_and_keeps_sqlite_local ... FAILED
[INFO] [stderr] error: test failed, to rerun pass `--test deploy_contract`
[INFO] [stdout] test the_packaging_script_runs_on_linux_hosts_not_darwin ... FAILED
[INFO] [stdout] 
[INFO] [stdout] failures:
[INFO] [stdout] 
[INFO] [stdout] ---- the_packaging_script_verifies_restart_safety_and_local_only stdout ----
[INFO] [stdout] 
[INFO] [stdout] thread 'the_packaging_script_verifies_restart_safety_and_local_only' (951) panicked at tests/deploy_contract.rs:18:10:
[INFO] [stdout] scripts/package-linux.sh must exist: Os { code: 2, kind: NotFound, message: "No such file or directory" }
[INFO] [stdout] stack backtrace:
[INFO] [stdout]    0:     0x5fb9d49ab901 - <<std[70759c8f55707aa4]::sys::backtrace::BacktraceLock>::print::DisplayBacktrace as core[df12db4294e9bfd3]::fmt::Display>::fmt
[INFO] [stdout]    1:     0x5fb9d49c073a - core[df12db4294e9bfd3]::fmt::write
[INFO] [stdout]    2:     0x5fb9d49afd9c - <alloc[2182bb758b4b3781]::vec::Vec<u8> as core[df12db4294e9bfd3]::io::write::Write>::write_fmt
[INFO] [stdout]    3:     0x5fb9d49879f6 - std[70759c8f55707aa4]::panicking::default_hook::{closure#0}
[INFO] [stdout]    4:     0x5fb9d49a3cf9 - std[70759c8f55707aa4]::panicking::default_hook
[INFO] [stdout]    5:     0x5fb9d493faa0 - test[9d35eded1c95d3be]::test_main_inner::<test[9d35eded1c95d3be]::test_main_static::{closure#0}>::{closure#0}
[INFO] [stdout]    6:     0x5fb9d49a3eb2 - std[70759c8f55707aa4]::panicking::panic_with_hook
[INFO] [stdout]    7:     0x5fb9d4987aa2 - std[70759c8f55707aa4]::panicking::panic_handler::{closure#0}
[INFO] [stdout]    8:     0x5fb9d4980699 - std[70759c8f55707aa4]::sys::backtrace::__rust_end_short_backtrace::<std[70759c8f55707aa4]::panicking::panic_handler::{closure#0}, !>
[INFO] [stdout]    9:     0x5fb9d498869d - __rustc[8fa7c3cbc660c2b3]::rust_begin_unwind
[INFO] [stdout]   10:     0x5fb9d49c0e6c - core[df12db4294e9bfd3]::panicking::panic_fmt
[INFO] [stdout]   11:     0x5fb9d49c0c42 - core[df12db4294e9bfd3]::result::unwrap_failed
[INFO] [stdout]   12:     0x5fb9d4931dc2 - deploy_contract[a0f35bfadb611e9]::package_script
[INFO] [stdout]   13:     0x5fb9d4932c06 - <deploy_contract[a0f35bfadb611e9]::the_packaging_script_verifies_restart_safety_and_local_only::{closure#0} as core[df12db4294e9bfd3]::ops::function::FnOnce<()>>::call_once
[INFO] [stdout]   14:     0x5fb9d4932d8b - test[9d35eded1c95d3be]::__rust_begin_short_backtrace::<core[df12db4294e9bfd3]::result::Result<(), alloc[2182bb758b4b3781]::string::String>, fn() -> core[df12db4294e9bfd3]::result::Result<(), alloc[2182bb758b4b3781]::string::String>>
[INFO] [stdout]   15:     0x5fb9d49403f5 - test[9d35eded1c95d3be]::run_test::{closure#0}
[INFO] [stdout]   16:     0x5fb9d4939cb4 - std[70759c8f55707aa4]::sys::backtrace::__rust_begin_short_backtrace::<test[9d35eded1c95d3be]::run_test::{closure#1}, ()>
[INFO] [stdout]   17:     0x5fb9d4943552 - <std[70759c8f55707aa4]::thread::lifecycle::spawn_unchecked<test[9d35eded1c95d3be]::run_test::{closure#1}, ()>::{closure#1} as core[df12db4294e9bfd3]::ops::function::FnOnce<()>>::call_once::{shim:vtable#0}
[INFO] [stdout]   18:     0x5fb9d49aae69 - <std[70759c8f55707aa4]::sys::thread::unix::Thread>::new::thread_start
[INFO] [stdout]   19:     0x77543efb8dfa - <unknown>
[INFO] [stdout]   20:     0x77543f04c3d4 - clone
[INFO] [stdout]   21:                0x0 - <unknown>
[INFO] [stdout] 
[INFO] [stdout] ---- the_unit_runs_unprivileged_with_hardening stdout ----
[INFO] [stdout] 
[INFO] [stdout] thread 'the_unit_runs_unprivileged_with_hardening' (954) panicked at tests/deploy_contract.rs:13:10:
[INFO] [stdout] deploy/diskgraph-mcp.service must exist: Os { code: 2, kind: NotFound, message: "No such file or directory" }
[INFO] [stdout] stack backtrace:
[INFO] [stdout]    0:     0x5fb9d49ab901 - <<std[70759c8f55707aa4]::sys::backtrace::BacktraceLock>::print::DisplayBacktrace as core[df12db4294e9bfd3]::fmt::Display>::fmt
[INFO] [stdout]    1:     0x5fb9d49c073a - core[df12db4294e9bfd3]::fmt::write
[INFO] [stdout]    2:     0x5fb9d49afd9c - <alloc[2182bb758b4b3781]::vec::Vec<u8> as core[df12db4294e9bfd3]::io::write::Write>::write_fmt
[INFO] [stdout]    3:     0x5fb9d49879f6 - std[70759c8f55707aa4]::panicking::default_hook::{closure#0}
[INFO] [stdout]    4:     0x5fb9d49a3cf9 - std[70759c8f55707aa4]::panicking::default_hook
[INFO] [stdout]    5:     0x5fb9d493faa0 - test[9d35eded1c95d3be]::test_main_inner::<test[9d35eded1c95d3be]::test_main_static::{closure#0}>::{closure#0}
[INFO] [stdout]    6:     0x5fb9d49a3eb2 - std[70759c8f55707aa4]::panicking::panic_with_hook
[INFO] [stdout]    7:     0x5fb9d4987aa2 - std[70759c8f55707aa4]::panicking::panic_handler::{closure#0}
[INFO] [stdout]    8:     0x5fb9d4980699 - std[70759c8f55707aa4]::sys::backtrace::__rust_end_short_backtrace::<std[70759c8f55707aa4]::panicking::panic_handler::{closure#0}, !>
[INFO] [stdout]    9:     0x5fb9d498869d - __rustc[8fa7c3cbc660c2b3]::rust_begin_unwind
[INFO] [stdout]   10:     0x5fb9d49c0e6c - core[df12db4294e9bfd3]::panicking::panic_fmt
[INFO] [stdout]   11:     0x5fb9d49c0c42 - core[df12db4294e9bfd3]::result::unwrap_failed
[INFO] [stdout]   12:     0x5fb9d4931c02 - deploy_contract[a0f35bfadb611e9]::deploy_unit
[INFO] [stdout]   13:     0x5fb9d49326e6 - <deploy_contract[a0f35bfadb611e9]::the_unit_runs_unprivileged_with_hardening::{closure#0} as core[df12db4294e9bfd3]::ops::function::FnOnce<()>>::call_once
[INFO] [stdout]   14:     0x5fb9d4932d8b - test[9d35eded1c95d3be]::__rust_begin_short_backtrace::<core[df12db4294e9bfd3]::result::Result<(), alloc[2182bb758b4b3781]::string::String>, fn() -> core[df12db4294e9bfd3]::result::Result<(), alloc[2182bb758b4b3781]::string::String>>
[INFO] [stdout]   15:     0x5fb9d49403f5 - test[9d35eded1c95d3be]::run_test::{closure#0}
[INFO] [stdout]   16:     0x5fb9d4939cb4 - std[70759c8f55707aa4]::sys::backtrace::__rust_begin_short_backtrace::<test[9d35eded1c95d3be]::run_test::{closure#1}, ()>
[INFO] [stdout]   17:     0x5fb9d4943552 - <std[70759c8f55707aa4]::thread::lifecycle::spawn_unchecked<test[9d35eded1c95d3be]::run_test::{closure#1}, ()>::{closure#1} as core[df12db4294e9bfd3]::ops::function::FnOnce<()>>::call_once::{shim:vtable#0}
[INFO] [stdout]   18:     0x5fb9d49aae69 - <std[70759c8f55707aa4]::sys::thread::unix::Thread>::new::thread_start
[INFO] [stdout]   19:     0x77543efb8dfa - <unknown>
[INFO] [stdout]   20:     0x77543f04c3d4 - clone
[INFO] [stdout]   21:                0x0 - <unknown>
[INFO] [stdout] 
[INFO] [stdout] ---- the_unit_execstart_names_the_shipped_binary_and_profile stdout ----
[INFO] [stdout] 
[INFO] [stdout] thread 'the_unit_execstart_names_the_shipped_binary_and_profile' (953) panicked at tests/deploy_contract.rs:13:10:
[INFO] [stdout] deploy/diskgraph-mcp.service must exist: Os { code: 2, kind: NotFound, message: "No such file or directory" }
[INFO] [stdout] stack backtrace:
[INFO] [stdout]    0:     0x5fb9d49ab901 - <<std[70759c8f55707aa4]::sys::backtrace::BacktraceLock>::print::DisplayBacktrace as core[df12db4294e9bfd3]::fmt::Display>::fmt
[INFO] [stdout]    1:     0x5fb9d49c073a - core[df12db4294e9bfd3]::fmt::write
[INFO] [stdout]    2:     0x5fb9d49afd9c - <alloc[2182bb758b4b3781]::vec::Vec<u8> as core[df12db4294e9bfd3]::io::write::Write>::write_fmt
[INFO] [stdout]    3:     0x5fb9d49879f6 - std[70759c8f55707aa4]::panicking::default_hook::{closure#0}
[INFO] [stdout]    4:     0x5fb9d49a3cf9 - std[70759c8f55707aa4]::panicking::default_hook
[INFO] [stdout]    5:     0x5fb9d493faa0 - test[9d35eded1c95d3be]::test_main_inner::<test[9d35eded1c95d3be]::test_main_static::{closure#0}>::{closure#0}
[INFO] [stdout]    6:     0x5fb9d49a3eb2 - std[70759c8f55707aa4]::panicking::panic_with_hook
[INFO] [stdout]    7:     0x5fb9d4987aa2 - std[70759c8f55707aa4]::panicking::panic_handler::{closure#0}
[INFO] [stdout]    8:     0x5fb9d4980699 - std[70759c8f55707aa4]::sys::backtrace::__rust_end_short_backtrace::<std[70759c8f55707aa4]::panicking::panic_handler::{closure#0}, !>
[INFO] [stdout]    9:     0x5fb9d498869d - __rustc[8fa7c3cbc660c2b3]::rust_begin_unwind
[INFO] [stdout]   10:     0x5fb9d49c0e6c - core[df12db4294e9bfd3]::panicking::panic_fmt
[INFO] [stdout]   11:     0x5fb9d49c0c42 - core[df12db4294e9bfd3]::result::unwrap_failed
[INFO] [stdout]   12:     0x5fb9d4931c02 - deploy_contract[a0f35bfadb611e9]::deploy_unit
[INFO] [stdout]   13:     0x5fb9d4932af6 - <deploy_contract[a0f35bfadb611e9]::the_unit_execstart_names_the_shipped_binary_and_profile::{closure#0} as core[df12db4294e9bfd3]::ops::function::FnOnce<()>>::call_once
[INFO] [stdout]   14:     0x5fb9d4932d8b - test[9d35eded1c95d3be]::__rust_begin_short_backtrace::<core[df12db4294e9bfd3]::result::Result<(), alloc[2182bb758b4b3781]::string::String>, fn() -> core[df12db4294e9bfd3]::result::Result<(), alloc[2182bb758b4b3781]::string::String>>
[INFO] [stdout]   15:     0x5fb9d49403f5 - test[9d35eded1c95d3be]::run_test::{closure#0}
[INFO] [stdout]   16:     0x5fb9d4939cb4 - std[70759c8f55707aa4]::sys::backtrace::__rust_begin_short_backtrace::<test[9d35eded1c95d3be]::run_test::{closure#1}, ()>
[INFO] [stdout]   17:     0x5fb9d4943552 - <std[70759c8f55707aa4]::thread::lifecycle::spawn_unchecked<test[9d35eded1c95d3be]::run_test::{closure#1}, ()>::{closure#1} as core[df12db4294e9bfd3]::ops::function::FnOnce<()>>::call_once::{shim:vtable#0}
[INFO] [stdout]   18:     0x5fb9d49aae69 - <std[70759c8f55707aa4]::sys::thread::unix::Thread>::new::thread_start
[INFO] [stdout]   19:     0x77543efb8dfa - <unknown>
[INFO] [stdout]   20:     0x77543f04c3d4 - clone
[INFO] [stdout]   21:                0x0 - <unknown>
[INFO] [stdout] 
[INFO] [stdout] ---- the_unit_defaults_to_loopback_and_keeps_sqlite_local stdout ----
[INFO] [stdout] 
[INFO] [stdout] thread 'the_unit_defaults_to_loopback_and_keeps_sqlite_local' (952) panicked at tests/deploy_contract.rs:13:10:
[INFO] [stdout] deploy/diskgraph-mcp.service must exist: Os { code: 2, kind: NotFound, message: "No such file or directory" }
[INFO] [stdout] stack backtrace:
[INFO] [stdout]    0:     0x5fb9d49ab901 - <<std[70759c8f55707aa4]::sys::backtrace::BacktraceLock>::print::DisplayBacktrace as core[df12db4294e9bfd3]::fmt::Display>::fmt
[INFO] [stdout]    1:     0x5fb9d49c073a - core[df12db4294e9bfd3]::fmt::write
[INFO] [stdout]    2:     0x5fb9d49afd9c - <alloc[2182bb758b4b3781]::vec::Vec<u8> as core[df12db4294e9bfd3]::io::write::Write>::write_fmt
[INFO] [stdout]    3:     0x5fb9d49879f6 - std[70759c8f55707aa4]::panicking::default_hook::{closure#0}
[INFO] [stdout]    4:     0x5fb9d49a3cf9 - std[70759c8f55707aa4]::panicking::default_hook
[INFO] [stdout]    5:     0x5fb9d493faa0 - test[9d35eded1c95d3be]::test_main_inner::<test[9d35eded1c95d3be]::test_main_static::{closure#0}>::{closure#0}
[INFO] [stdout]    6:     0x5fb9d49a3eb2 - std[70759c8f55707aa4]::panicking::panic_with_hook
[INFO] [stdout]    7:     0x5fb9d4987aa2 - std[70759c8f55707aa4]::panicking::panic_handler::{closure#0}
[INFO] [stdout]    8:     0x5fb9d4980699 - std[70759c8f55707aa4]::sys::backtrace::__rust_end_short_backtrace::<std[70759c8f55707aa4]::panicking::panic_handler::{closure#0}, !>
[INFO] [stdout]    9:     0x5fb9d498869d - __rustc[8fa7c3cbc660c2b3]::rust_begin_unwind
[INFO] [stdout]   10:     0x5fb9d49c0e6c - core[df12db4294e9bfd3]::panicking::panic_fmt
[INFO] [stdout]   11:     0x5fb9d49c0c42 - core[df12db4294e9bfd3]::result::unwrap_failed
[INFO] [stdout]   12:     0x5fb9d4931c02 - deploy_contract[a0f35bfadb611e9]::deploy_unit
[INFO] [stdout]   13:     0x5fb9d4932984 - <deploy_contract[a0f35bfadb611e9]::the_unit_defaults_to_loopback_and_keeps_sqlite_local::{closure#0} as core[df12db4294e9bfd3]::ops::function::FnOnce<()>>::call_once
[INFO] [stdout]   14:     0x5fb9d4932d8b - test[9d35eded1c95d3be]::__rust_begin_short_backtrace::<core[df12db4294e9bfd3]::result::Result<(), alloc[2182bb758b4b3781]::string::String>, fn() -> core[df12db4294e9bfd3]::result::Result<(), alloc[2182bb758b4b3781]::string::String>>
[INFO] [stdout]   15:     0x5fb9d49403f5 - test[9d35eded1c95d3be]::run_test::{closure#0}
[INFO] [stdout]   16:     0x5fb9d4939cb4 - std[70759c8f55707aa4]::sys::backtrace::__rust_begin_short_backtrace::<test[9d35eded1c95d3be]::run_test::{closure#1}, ()>
[INFO] [stdout]   17:     0x5fb9d4943552 - <std[70759c8f55707aa4]::thread::lifecycle::spawn_unchecked<test[9d35eded1c95d3be]::run_test::{closure#1}, ()>::{closure#1} as core[df12db4294e9bfd3]::ops::function::FnOnce<()>>::call_once::{shim:vtable#0}
[INFO] [stdout]   18:     0x5fb9d49aae69 - <std[70759c8f55707aa4]::sys::thread::unix::Thread>::new::thread_start
[INFO] [stdout]   19:     0x77543efb8dfa - <unknown>
[INFO] [stdout]   20:     0x77543f04c3d4 - clone
[INFO] [stdout]   21:                0x0 - <unknown>
[INFO] [stdout] 
[INFO] [stdout] ---- the_packaging_script_runs_on_linux_hosts_not_darwin stdout ----
[INFO] [stdout] 
[INFO] [stdout] thread 'the_packaging_script_runs_on_linux_hosts_not_darwin' (950) panicked at tests/deploy_contract.rs:18:10:
[INFO] [stdout] scripts/package-linux.sh must exist: Os { code: 2, kind: NotFound, message: "No such file or directory" }
[INFO] [stdout] stack backtrace:
[INFO] [stdout]    0:     0x5fb9d49ab901 - <<std[70759c8f55707aa4]::sys::backtrace::BacktraceLock>::print::DisplayBacktrace as core[df12db4294e9bfd3]::fmt::Display>::fmt
[INFO] [stdout]    1:     0x5fb9d49c073a - core[df12db4294e9bfd3]::fmt::write
[INFO] [stdout]    2:     0x5fb9d49afd9c - <alloc[2182bb758b4b3781]::vec::Vec<u8> as core[df12db4294e9bfd3]::io::write::Write>::write_fmt
[INFO] [stdout]    3:     0x5fb9d49879f6 - std[70759c8f55707aa4]::panicking::default_hook::{closure#0}
[INFO] [stdout]    4:     0x5fb9d49a3cf9 - std[70759c8f55707aa4]::panicking::default_hook
[INFO] [stdout]    5:     0x5fb9d493faa0 - test[9d35eded1c95d3be]::test_main_inner::<test[9d35eded1c95d3be]::test_main_static::{closure#0}>::{closure#0}
[INFO] [stdout]    6:     0x5fb9d49a3eb2 - std[70759c8f55707aa4]::panicking::panic_with_hook
[INFO] [stdout]    7:     0x5fb9d4987aa2 - std[70759c8f55707aa4]::panicking::panic_handler::{closure#0}
[INFO] [stdout]    8:     0x5fb9d4980699 - std[70759c8f55707aa4]::sys::backtrace::__rust_end_short_backtrace::<std[70759c8f55707aa4]::panicking::panic_handler::{closure#0}, !>
[INFO] [stdout]    9:     0x5fb9d498869d - __rustc[8fa7c3cbc660c2b3]::rust_begin_unwind
[INFO] [stdout]   10:     0x5fb9d49c0e6c - core[df12db4294e9bfd3]::panicking::panic_fmt
[INFO] [stdout]   11:     0x5fb9d49c0c42 - core[df12db4294e9bfd3]::result::unwrap_failed
[INFO] [stdout]   12:     0x5fb9d4931dc2 - deploy_contract[a0f35bfadb611e9]::package_script
[INFO] [stdout]   13:     0x5fb9d49328a6 - <deploy_contract[a0f35bfadb611e9]::the_packaging_script_runs_on_linux_hosts_not_darwin::{closure#0} as core[df12db4294e9bfd3]::ops::function::FnOnce<()>>::call_once
[INFO] [stdout]   14:     0x5fb9d4932d8b - test[9d35eded1c95d3be]::__rust_begin_short_backtrace::<core[df12db4294e9bfd3]::result::Result<(), alloc[2182bb758b4b3781]::string::String>, fn() -> core[df12db4294e9bfd3]::result::Result<(), alloc[2182bb758b4b3781]::string::String>>
[INFO] [stdout]   15:     0x5fb9d49403f5 - test[9d35eded1c95d3be]::run_test::{closure#0}
[INFO] [stdout]   16:     0x5fb9d4939cb4 - std[70759c8f55707aa4]::sys::backtrace::__rust_begin_short_backtrace::<test[9d35eded1c95d3be]::run_test::{closure#1}, ()>
[INFO] [stdout]   17:     0x5fb9d4943552 - <std[70759c8f55707aa4]::thread::lifecycle::spawn_unchecked<test[9d35eded1c95d3be]::run_test::{closure#1}, ()>::{closure#1} as core[df12db4294e9bfd3]::ops::function::FnOnce<()>>::call_once::{shim:vtable#0}
[INFO] [stdout]   18:     0x5fb9d49aae69 - <std[70759c8f55707aa4]::sys::thread::unix::Thread>::new::thread_start
[INFO] [stdout]   19:     0x77543efb8dfa - <unknown>
[INFO] [stdout]   20:     0x77543f04c3d4 - clone
[INFO] [stdout]   21:                0x0 - <unknown>
[INFO] [stdout] 
[INFO] [stdout] 
[INFO] [stdout] failures:
[INFO] [stdout]     the_packaging_script_runs_on_linux_hosts_not_darwin
[INFO] [stdout]     the_packaging_script_verifies_restart_safety_and_local_only
[INFO] [stdout]     the_unit_defaults_to_loopback_and_keeps_sqlite_local
[INFO] [stdout]     the_unit_execstart_names_the_shipped_binary_and_profile
[INFO] [stdout]     the_unit_runs_unprivileged_with_hardening
[INFO] [stdout] 
[INFO] [stdout] test result: FAILED. 0 passed; 5 failed; 0 ignored; 0 measured; 0 filtered out; finished in 0.00s
[INFO] [stdout] 
[INFO] running `Command { std: "docker" "inspect" "de409bfcc66c4b087328f549ea7d80372100bc8809cf5e884fcdf58765153257", kill_on_drop: false }`
[INFO] running `Command { std: "docker" "rm" "-f" "de409bfcc66c4b087328f549ea7d80372100bc8809cf5e884fcdf58765153257", kill_on_drop: false }`
[INFO] [stdout] de409bfcc66c4b087328f549ea7d80372100bc8809cf5e884fcdf58765153257
