[INFO] fetching crate diskann-tools 0.60.0...
[INFO] testing diskann-tools-0.60.0 against 1.100.0-beta.1+cargoflags=--release for beta-release-1.100-2
[INFO] extracting crate diskann-tools 0.60.0 into /workspace/builds/worker-6-tc2/source
[INFO] started tweaking crates.io crate diskann-tools 0.60.0
[INFO] finished tweaking crates.io crate diskann-tools 0.60.0
[INFO] tweaked toml for crates.io crate diskann-tools 0.60.0 written to /workspace/builds/worker-6-tc2/source/Cargo.toml
[INFO] validating manifest of crates.io crate diskann-tools 0.60.0 on toolchain 1.100.0-beta.1
[INFO] running `Command { std: CARGO_HOME="/workspace/cargo-home" RUSTUP_HOME="/workspace/rustup-home" "/workspace/cargo-home/bin/cargo" "+1.100.0-beta.1" "metadata" "--manifest-path" "Cargo.toml" "--no-deps", kill_on_drop: false }`
[INFO] crate crates.io crate diskann-tools 0.60.0 already has a lockfile, it will not be regenerated
[INFO] running `Command { std: CARGO_HOME="/workspace/cargo-home" RUSTUP_HOME="/workspace/rustup-home" "/workspace/cargo-home/bin/cargo" "+1.100.0-beta.1" "fetch" "--manifest-path" "Cargo.toml", kill_on_drop: false }`
[INFO] running `Command { std: "docker" "create" "-v" "/var/lib/crater-agent-workspace/builds/worker-6-tc2/source:/opt/rustwide/workdir:ro,Z" "-v" "/var/lib/crater-agent-workspace/builds/worker-6-tc2/target:/opt/rustwide/target:rw,Z" "-v" "/var/lib/crater-agent-workspace/cargo-home:/opt/rustwide/cargo-home:ro,Z" "-v" "/var/lib/crater-agent-workspace/rustup-home:/opt/rustwide/rustup-home:ro,Z" "-m" "1610612736" "--network" "none" "ghcr.io/rust-lang/crates-build-env/linux@sha256:77db811e55d90add9212f6832c23229e3de5f1c1f9905e8cb07319ea15df73ac" "sleep" "infinity", kill_on_drop: false }`
[INFO] [stdout] 426821a8718125c0b1a715537cf40535b0d0ad64942cb4e1de1f574a561a21cc
[INFO] running `Command { std: "docker" "start" "426821a8718125c0b1a715537cf40535b0d0ad64942cb4e1de1f574a561a21cc", kill_on_drop: false }`
[INFO] running `Command { std: "docker" "inspect" "426821a8718125c0b1a715537cf40535b0d0ad64942cb4e1de1f574a561a21cc", kill_on_drop: false }`
[INFO] running `Command { std: "docker" "exec" "-e" "SOURCE_DIR=/opt/rustwide/workdir" "-e" "CARGO_HOME=/opt/rustwide/cargo-home" "-e" "RUSTUP_HOME=/opt/rustwide/rustup-home" "-e" "CARGO_TARGET_DIR=/opt/rustwide/target" "-w" "/opt/rustwide/workdir" "--user" "0:0" "426821a8718125c0b1a715537cf40535b0d0ad64942cb4e1de1f574a561a21cc" "/opt/rustwide/cargo-home/bin/cargo" "+1.100.0-beta.1" "metadata" "--no-deps" "--format-version=1", kill_on_drop: false }`
[INFO] running `Command { std: "docker" "inspect" "426821a8718125c0b1a715537cf40535b0d0ad64942cb4e1de1f574a561a21cc", kill_on_drop: false }`
[INFO] running `Command { std: "docker" "exec" "-e" "SOURCE_DIR=/opt/rustwide/workdir" "-e" "CARGO_HOME=/opt/rustwide/cargo-home" "-e" "RUSTUP_HOME=/opt/rustwide/rustup-home" "-e" "CARGO_TARGET_DIR=/opt/rustwide/target" "-e" "CARGO_INCREMENTAL=0" "-e" "RUST_BACKTRACE=full" "-e" "RUSTFLAGS=--cap-lints=warn" "-e" "RUSTDOCFLAGS=--cap-lints=warn" "-w" "/opt/rustwide/workdir" "--user" "0:0" "426821a8718125c0b1a715537cf40535b0d0ad64942cb4e1de1f574a561a21cc" "/opt/rustwide/cargo-home/bin/cargo" "+1.100.0-beta.1" "build" "--frozen" "--message-format=json" "--release", kill_on_drop: false }`
[INFO] [stderr]    Compiling zerocopy v0.8.31
[INFO] [stderr]    Compiling libm v0.2.15
[INFO] [stderr]    Compiling quote v1.0.45
[INFO] [stderr]    Compiling num-traits v0.2.19
[INFO] [stderr]    Compiling tracing-core v0.1.36
[INFO] [stderr]    Compiling zmij v1.0.11
[INFO] [stderr]    Compiling getrandom v0.3.4
[INFO] [stderr]    Compiling indexmap v2.12.1
[INFO] [stderr]    Compiling anyhow v1.0.100
[INFO] [stderr]    Compiling anstyle-parse v0.2.7
[INFO] [stderr]    Compiling anstyle v1.0.13
[INFO] [stderr]    Compiling is_terminal_polyfill v1.70.2
[INFO] [stderr]    Compiling portable-atomic v1.13.0
[INFO] [stderr]    Compiling anstyle-query v1.1.5
[INFO] [stderr]    Compiling futures-task v0.3.32
[INFO] [stderr]    Compiling colorchoice v1.0.4
[INFO] [stderr]    Compiling tokio v1.53.1
[INFO] [stderr]    Compiling either v1.15.0
[INFO] [stderr]    Compiling futures-util v0.3.32
[INFO] [stderr]    Compiling clap_lex v0.7.6
[INFO] [stderr]    Compiling toml_write v0.1.2
[INFO] [stderr]    Compiling io-uring v0.6.4
[INFO] [stderr]    Compiling anstream v0.6.21
[INFO] [stderr]    Compiling winnow v0.7.14
[INFO] [stderr]    Compiling rand_core v0.9.3
[INFO] [stderr]    Compiling syn v2.0.117
[INFO] [stderr]    Compiling itertools v0.13.0
[INFO] [stderr]    Compiling serde_json v1.0.150
[INFO] [stderr]    Compiling clap_builder v4.5.54
[INFO] [stderr]    Compiling console v0.16.2
[INFO] [stderr]    Compiling thread_local v1.1.9
[INFO] [stderr]    Compiling byteorder v1.5.0
[INFO] [stderr]    Compiling unit-prefix v0.5.2
[INFO] [stderr]    Compiling regex-automata v0.4.13
[INFO] [stderr]    Compiling bytes v1.11.1
[INFO] [stderr]    Compiling saa v5.4.2
[INFO] [stderr]    Compiling ryu v1.0.22
[INFO] [stderr]    Compiling indicatif v0.18.3
[INFO] [stderr]    Compiling sdd v4.5.3
[INFO] [stderr]    Compiling tracing-log v0.2.0
[INFO] [stderr]    Compiling arc-swap v1.8.0
[INFO] [stderr]    Compiling nu-ansi-term v0.50.3
[INFO] [stderr]    Compiling scc v3.4.10
[INFO] [stderr]    Compiling bit-set v0.8.0
[INFO] [stderr]    Compiling num_cpus v1.17.0
[INFO] [stderr]    Compiling ordered-float v4.6.0
[INFO] [stderr]    Compiling matchers v0.2.0
[INFO] [stderr]    Compiling zerocopy-derive v0.8.31
[INFO] [stderr]    Compiling serde_derive v1.0.228
[INFO] [stderr]    Compiling bytemuck_derive v1.10.2
[INFO] [stderr]    Compiling thiserror-impl v2.0.17
[INFO] [stderr]    Compiling tracing-attributes v0.1.31
[INFO] [stderr]    Compiling clap_derive v4.5.49
[INFO] [stderr]    Compiling prost-derive v0.14.3
[INFO] [stderr]    Compiling tracing v0.1.44
[INFO] [stderr]    Compiling tracing-subscriber v0.3.22
[INFO] [stderr]    Compiling thiserror v2.0.17
[INFO] [stderr]    Compiling opentelemetry v0.32.0
[INFO] [stderr]    Compiling bytemuck v1.24.0
[INFO] [stderr]    Compiling roaring v0.11.3
[INFO] [stderr]    Compiling prost v0.14.3
[INFO] [stderr]    Compiling clap v4.5.54
[INFO] [stderr]    Compiling serde v1.0.228
[INFO] [stderr]    Compiling ppv-lite86 v0.2.21
[INFO] [stderr]    Compiling serde_spanned v0.6.9
[INFO] [stderr]    Compiling toml_datetime v0.6.11
[INFO] [stderr]    Compiling serde_yaml v0.9.34+deprecated
[INFO] [stderr]    Compiling bincode v1.3.3
[INFO] [stderr]    Compiling rand_chacha v0.9.0
[INFO] [stderr]    Compiling toml_edit v0.22.27
[INFO] [stderr]    Compiling rand v0.9.4
[INFO] [stderr]    Compiling rand_distr v0.5.1
[INFO] [stderr]    Compiling half v2.7.1
[INFO] [stderr]    Compiling diskann-wide v0.60.0
[INFO] [stderr]    Compiling diskann-benchmark-runner v0.60.0
[INFO] [stderr]    Compiling toml v0.8.23
[INFO] [stderr]    Compiling bf-tree v0.5.4
[INFO] [stderr]    Compiling diskann-vector v0.60.0
[INFO] [stderr]    Compiling diskann-utils v0.60.0
[INFO] [stderr]    Compiling diskann v0.60.0
[INFO] [stderr]    Compiling diskann-quantization v0.60.0
[INFO] [stderr]    Compiling diskann-benchmark-core v0.60.0
[INFO] [stderr]    Compiling diskann-label-filter v0.60.0
[INFO] [stderr]    Compiling diskann-providers v0.60.0
[INFO] [stderr]    Compiling diskann-tools v0.60.0 (/opt/rustwide/workdir)
[INFO] [stderr] warning: unused dependency `opentelemetry`
[INFO] [stderr]    --> Cargo.toml:102:15
[INFO] [stderr]     |
[INFO] [stderr] 102 | [dependencies.opentelemetry]
[INFO] [stderr]     |               ^^^^^^^^^^^^^^
[INFO] [stderr]     |
[INFO] [stderr]     = note: `cargo::unused_dependencies` is set to `warn` by default
[INFO] [stderr] help: consider removing the dependency on `opentelemetry`
[INFO] [stderr] warning: unused dependency `ordered-float`
[INFO] [stderr]    --> Cargo.toml:105:15
[INFO] [stderr]     |
[INFO] [stderr] 105 | [dependencies.ordered-float]
[INFO] [stderr]     |               ^^^^^^^^^^^^^^
[INFO] [stderr]     |
[INFO] [stderr] help: consider removing the dependency on `ordered-float`
[INFO] [stderr] warning: `diskann-tools` (manifest) generated 2 warnings
[INFO] [stderr]     Finished `release` profile [optimized] target(s) in 1m 51s
[INFO] running `Command { std: "docker" "inspect" "426821a8718125c0b1a715537cf40535b0d0ad64942cb4e1de1f574a561a21cc", kill_on_drop: false }`
[INFO] running `Command { std: "docker" "exec" "-e" "SOURCE_DIR=/opt/rustwide/workdir" "-e" "CARGO_HOME=/opt/rustwide/cargo-home" "-e" "RUSTUP_HOME=/opt/rustwide/rustup-home" "-e" "CARGO_TARGET_DIR=/opt/rustwide/target" "-e" "CARGO_INCREMENTAL=0" "-e" "RUST_BACKTRACE=full" "-e" "RUSTFLAGS=--cap-lints=warn" "-e" "RUSTDOCFLAGS=--cap-lints=warn" "-w" "/opt/rustwide/workdir" "--user" "0:0" "426821a8718125c0b1a715537cf40535b0d0ad64942cb4e1de1f574a561a21cc" "/opt/rustwide/cargo-home/bin/cargo" "+1.100.0-beta.1" "test" "--frozen" "--no-run" "--message-format=json" "--release", kill_on_drop: false }`
[INFO] [stderr]    Compiling syn v2.0.117
[INFO] [stderr]    Compiling futures-channel v0.3.32
[INFO] [stderr]    Compiling futures-task v0.3.32
[INFO] [stderr]    Compiling slab v0.4.11
[INFO] [stderr]    Compiling futures-io v0.3.32
[INFO] [stderr]    Compiling memchr v2.7.6
[INFO] [stderr]    Compiling hashbrown v0.16.1
[INFO] [stderr]    Compiling serde_json v1.0.150
[INFO] [stderr]    Compiling equivalent v1.0.2
[INFO] [stderr]    Compiling winnow v1.0.4
[INFO] [stderr]    Compiling winnow v0.7.14
[INFO] [stderr]    Compiling regex-syntax v0.8.8
[INFO] [stderr]    Compiling toml_datetime v0.7.5+spec-1.1.0
[INFO] [stderr]    Compiling rstest_macros v0.23.0
[INFO] [stderr]    Compiling filetime v0.2.26
[INFO] [stderr]    Compiling relative-path v1.9.3
[INFO] [stderr]    Compiling futures-timer v3.0.3
[INFO] [stderr]    Compiling vfs v0.12.2
[INFO] [stderr]    Compiling toml_parser v1.1.3+spec-1.1.0
[INFO] [stderr]    Compiling aho-corasick v1.1.4
[INFO] [stderr]    Compiling indexmap v2.12.1
[INFO] [stderr]    Compiling regex-automata v0.4.13
[INFO] [stderr]    Compiling toml_edit v0.23.10+spec-1.0.0
[INFO] [stderr]    Compiling proc-macro-crate v3.4.0
[INFO] [stderr]    Compiling regex v1.12.2
[INFO] [stderr]    Compiling zerocopy-derive v0.8.31
[INFO] [stderr]    Compiling bytemuck_derive v1.10.2
[INFO] [stderr]    Compiling serde_derive v1.0.228
[INFO] [stderr]    Compiling thiserror-impl v2.0.17
[INFO] [stderr]    Compiling futures-macro v0.3.32
[INFO] [stderr]    Compiling tracing-attributes v0.1.31
[INFO] [stderr]    Compiling clap_derive v4.5.49
[INFO] [stderr]    Compiling prost-derive v0.14.3
[INFO] [stderr]    Compiling futures-util v0.3.32
[INFO] [stderr]    Compiling thiserror v2.0.17
[INFO] [stderr]    Compiling tracing v0.1.44
[INFO] [stderr]    Compiling bytemuck v1.24.0
[INFO] [stderr]    Compiling opentelemetry v0.32.0
[INFO] [stderr]    Compiling tracing-subscriber v0.3.22
[INFO] [stderr]    Compiling roaring v0.11.3
[INFO] [stderr]    Compiling prost v0.14.3
[INFO] [stderr]    Compiling zerocopy v0.8.31
[INFO] [stderr]    Compiling clap v4.5.54
[INFO] [stderr]    Compiling serde v1.0.228
[INFO] [stderr]    Compiling serde_spanned v0.6.9
[INFO] [stderr]    Compiling toml_datetime v0.6.11
[INFO] [stderr]    Compiling bincode v1.3.3
[INFO] [stderr]    Compiling serde_yaml v0.9.34+deprecated
[INFO] [stderr]    Compiling toml_edit v0.22.27
[INFO] [stderr]    Compiling ppv-lite86 v0.2.21
[INFO] [stderr]    Compiling futures-executor v0.3.32
[INFO] [stderr]    Compiling futures v0.3.32
[INFO] [stderr]    Compiling rstest v0.23.0
[INFO] [stderr]    Compiling rand_chacha v0.9.0
[INFO] [stderr]    Compiling rand v0.9.4
[INFO] [stderr]    Compiling rand_distr v0.5.1
[INFO] [stderr]    Compiling half v2.7.1
[INFO] [stderr]    Compiling toml v0.8.23
[INFO] [stderr]    Compiling diskann-wide v0.60.0
[INFO] [stderr]    Compiling diskann-benchmark-runner v0.60.0
[INFO] [stderr]    Compiling bf-tree v0.5.4
[INFO] [stderr]    Compiling diskann-vector v0.60.0
[INFO] [stderr]    Compiling diskann-utils v0.60.0
[INFO] [stderr]    Compiling diskann v0.60.0
[INFO] [stderr]    Compiling diskann-quantization v0.60.0
[INFO] [stderr]    Compiling diskann-benchmark-core v0.60.0
[INFO] [stderr]    Compiling diskann-label-filter v0.60.0
[INFO] [stderr]    Compiling diskann-providers v0.60.0
[INFO] [stderr]    Compiling diskann-tools v0.60.0 (/opt/rustwide/workdir)
[INFO] [stderr] warning: unused dependency `opentelemetry`
[INFO] [stderr]    --> Cargo.toml:102:15
[INFO] [stderr]     |
[INFO] [stderr] 102 | [dependencies.opentelemetry]
[INFO] [stderr]     |               ^^^^^^^^^^^^^^
[INFO] [stderr]     |
[INFO] [stderr]     = note: `cargo::unused_dependencies` is set to `warn` by default
[INFO] [stderr] help: consider removing the dependency on `opentelemetry`
[INFO] [stderr] warning: unused dependency `ordered-float`
[INFO] [stderr]    --> Cargo.toml:105:15
[INFO] [stderr]     |
[INFO] [stderr] 105 | [dependencies.ordered-float]
[INFO] [stderr]     |               ^^^^^^^^^^^^^^
[INFO] [stderr]     |
[INFO] [stderr] help: consider removing the dependency on `ordered-float`
[INFO] [stderr] warning: `diskann-tools` (manifest) generated 2 warnings
[INFO] [stderr]     Finished `release` profile [optimized] target(s) in 1m 25s
[INFO] running `Command { std: "docker" "inspect" "426821a8718125c0b1a715537cf40535b0d0ad64942cb4e1de1f574a561a21cc", kill_on_drop: false }`
[INFO] running `Command { std: "docker" "exec" "-e" "SOURCE_DIR=/opt/rustwide/workdir" "-e" "CARGO_HOME=/opt/rustwide/cargo-home" "-e" "RUSTUP_HOME=/opt/rustwide/rustup-home" "-e" "CARGO_TARGET_DIR=/opt/rustwide/target" "-e" "CARGO_INCREMENTAL=0" "-e" "RUST_BACKTRACE=full" "-e" "RUSTFLAGS=--cap-lints=warn" "-e" "RUSTDOCFLAGS=--cap-lints=warn" "-w" "/opt/rustwide/workdir" "--user" "0:0" "426821a8718125c0b1a715537cf40535b0d0ad64942cb4e1de1f574a561a21cc" "/opt/rustwide/cargo-home/bin/cargo" "+1.100.0-beta.1" "test" "--frozen" "--release", kill_on_drop: false }`
[INFO] [stderr] warning: unused dependency `opentelemetry`
[INFO] [stderr]    --> Cargo.toml:102:15
[INFO] [stderr]     |
[INFO] [stderr] 102 | [dependencies.opentelemetry]
[INFO] [stderr]     |               ^^^^^^^^^^^^^^
[INFO] [stderr]     |
[INFO] [stderr]     = note: `cargo::unused_dependencies` is set to `warn` by default
[INFO] [stderr] help: consider removing the dependency on `opentelemetry`
[INFO] [stderr] warning: unused dependency `ordered-float`
[INFO] [stderr]    --> Cargo.toml:105:15
[INFO] [stderr]     |
[INFO] [stderr] 105 | [dependencies.ordered-float]
[INFO] [stderr]     |               ^^^^^^^^^^^^^^
[INFO] [stderr]     |
[INFO] [stderr] help: consider removing the dependency on `ordered-float`
[INFO] [stderr] warning: `diskann-tools` (manifest) generated 2 warnings
[INFO] [stderr]     Finished `release` profile [optimized] target(s) in 0.22s
[INFO] [stderr]      Running unittests src/lib.rs (/opt/rustwide/target/release/build/diskann-tools/c73ec799350f9198/out/diskann_tools-c73ec799350f9198)
[INFO] [stdout] 
[INFO] [stdout] running 64 tests
[INFO] [stdout] test utils::compute_bitmap::tests::test_compute_label_set ... ok
[INFO] [stdout] test utils::cmd_tool_error::tests::test_cmd_tool_error_debug ... ok
[INFO] [stdout] test utils::cmd_tool_error::tests::test_cmd_tool_error_display ... ok
[INFO] [stdout] test utils::compute_bitmap::tests::test_compute_query_bitmap_floats ... ok
[INFO] [stdout] test utils::cmd_tool_error::tests::test_from_io_error ... ok
[INFO] [stdout] test utils::cmd_tool_error::tests::test_from_ann_error ... ok
[INFO] [stdout] test utils::compute_bitmap::tests::test_compute_query_bitmap_not_with_missing_field ... ok
[INFO] [stdout] test utils::cmd_tool_error::tests::test_from_config_error ... ok
[INFO] [stdout] test utils::compute_bitmap::tests::test_compute_query_bitmap_ints ... ok
[INFO] [stdout] test utils::compute_bitmap::tests::test_compute_query_bitmap_ints_uses_document_ids_in_accelerator ... ok
[INFO] [stdout] test utils::compute_bitmap::tests::test_compute_query_accelerator ... ok
[INFO] [stdout] test utils::compute_bitmap::tests::test_compute_query_bitmap_inconsistent_types ... ok
[INFO] [stdout] test utils::cmd_tool_error::tests::test_from_normal_error ... ok
[INFO] [stdout] test utils::cmd_tool_error::tests::test_from_jsonl_read_error ... ok
[INFO] [stdout] test utils::compute_bitmap::tests::test_compute_query_bitmap_nested_value ... ok
[INFO] [stdout] test utils::gen_associated_data_from_range::tests::test_gen_associated_data_from_range_large ... ok
[INFO] [stdout] test utils::gen_associated_data_from_range::tests::test_gen_associated_data_from_range_max_overflow ... ok
[INFO] [stdout] test utils::generate_synthetic_labels_utils::test::test_generate_labels_single_point ... ok
[INFO] [stdout] test utils::multi_label::tests::test_subset1 ... ok
[INFO] [stdout] test utils::gen_associated_data_from_range::tests::test_gen_associated_data_from_range_single_value ... ok
[INFO] [stdout] test utils::generate_synthetic_labels_utils::test::test_generate_labels_one_per_point ... ok
[INFO] [stdout] test utils::compute_bitmap::tests::test_compute_query_bitmap_duplicate_key_in_doc ... ok
[INFO] [stdout] test utils::compute_bitmap::tests::test_compute_query_bitmap_missing_field ... ok
[INFO] [stdout] test utils::compute_bitmap::tests::test_compute_query_bitmap_bools ... ok
[INFO] [stdout] test utils::compute_bitmap::tests::test_compute_universe_function ... ok
[INFO] [stdout] test utils::compute_bitmap::tests::test_compute_query_bitmaps_mixed_labels ... ok
[INFO] [stdout] test utils::gen_associated_data_from_range::tests::test_gen_associated_data_from_range ... ok
[INFO] [stdout] test utils::gen_associated_data_from_range::tests::test_gen_associated_data_from_range_end_less_than_start ... ok
[INFO] [stdout] test utils::random_data_generator::tests::random_data_write_too_low_norm::case_5 ... ok
[INFO] [stdout] test utils::generate_synthetic_labels_utils::test::test_generate_labels_random_distribution ... ok
[INFO] [stdout] test utils::generate_synthetic_labels_utils::test::test_generate_labels_small_dataset ... ok
[INFO] [stdout] test utils::random_data_generator::tests::random_data_write_too_low_norm::case_2 ... ok
[INFO] [stdout] test utils::parameter_helper::tests::test_get_num_threads_with_some ... ok
[INFO] [stdout] test utils::random_data_generator::tests::random_data_write_too_low_norm::case_3 ... ok
[INFO] [stdout] test utils::random_data_generator::tests::random_data_write_too_low_norm::case_4 ... ok
[INFO] [stdout] test utils::random_data_generator::tests::random_data_write_too_low_norm::case_1 ... ok
[INFO] [stdout] test utils::random_data_generator::tests::random_data_write_too_low_norm::case_6 ... ok
[INFO] [stdout] test utils::random_data_generator::tests::random_data_write_too_low_norm::case_7 ... ok
[INFO] [stdout] test utils::random_data_generator::tests::test_fp16_data_type ... ok
[INFO] [stdout] test utils::parameter_helper::tests::test_get_num_threads_with_none ... ok
[INFO] [stdout] test utils::random_data_generator::tests::test_invalid_radius_for_int8 ... ok
[INFO] [stdout] test utils::random_data_generator::tests::test_invalid_radius_for_uint8 ... ok
[INFO] [stdout] test utils::search_index_utils::test_search_index_utils::test_compute_recall ... ok
[INFO] [stdout] test utils::random_data_generator::tests::test_small_dataset ... ok
[INFO] [stdout] test utils::relative_contrast::relative_contrast_tests::test_compute_relative_contrast_with_sift_files ... FAILED
[INFO] [stdout] test utils::search_index_utils::test_search_index_utils::test_calculate_filtered_search_recall ... ok
[INFO] [stdout] test utils::search_index_utils::test_search_index_utils::test_calculate_filtered_search_recall_empty_ground_truth ... ok
[INFO] [stdout] test utils::search_index_utils::test_search_index_utils::test_k_recall_at_n_struct ... ok
[INFO] [stdout] test utils::search_index_utils::test_search_index_utils::test_recall_bounds_error_conversion ... ok
[INFO] [stdout] test utils::search_index_utils::test_search_index_utils::test_recall_bounds_error_display ... ok
[INFO] [stdout] test utils::tracing::tests::test_init_test_subscriber ... ok
[INFO] [stdout] test utils::search_index_utils::test_search_index_utils::test_k_recall_at_n_getters ... ok
[INFO] [stdout] test utils::search_index_utils::test_search_index_utils::test_calculate_filtered_search_recall_with_tie_breaking ... ok
[INFO] [stdout] test utils::search_index_utils::test_search_index_utils::test_k_recall_at_n_equal_values ... ok
[INFO] [stdout] test utils::tracing::tests::test_init_test_subscriber_guard_scope ... ok
[INFO] [stdout] test utils::relative_contrast::relative_contrast_tests::test_compute_relative_contrast_with_random_data ... ok
[INFO] [stdout] test utils::random_data_generator::tests::random_data_write_success::data_type_2_DataType__Uint8::norm_2_127_0 ... ok
[INFO] [stdout] test utils::random_data_generator::tests::random_data_write_success::data_type_3_DataType__Int8::norm_2_127_0 ... ok
[INFO] [stdout] test utils::random_data_generator::tests::random_data_write_success::data_type_3_DataType__Int8::norm_1_100_0 ... ok
[INFO] [stdout] test utils::generate_synthetic_labels_utils::test::generate_label_test ... ok
[INFO] [stdout] test utils::random_data_generator::tests::random_data_write_success::data_type_2_DataType__Uint8::norm_1_100_0 ... ok
[INFO] [stdout] test utils::random_data_generator::tests::test_large_block_size ... ok
[INFO] [stdout] test utils::random_data_generator::tests::random_data_write_success::data_type_1_DataType__Float::norm_1_100_0 ... ok
[INFO] [stdout] test utils::random_data_generator::tests::random_data_write_success::data_type_1_DataType__Float::norm_2_127_0 ... ok
[INFO] [stdout] 
[INFO] [stdout] failures:
[INFO] [stdout] 
[INFO] [stdout] ---- utils::relative_contrast::relative_contrast_tests::test_compute_relative_contrast_with_sift_files stdout ----
[INFO] [stdout] 
[INFO] [stdout] thread 'utils::relative_contrast::relative_contrast_tests::test_compute_relative_contrast_with_sift_files' (4097) panicked at src/utils/relative_contrast.rs:216:9:
[INFO] [stdout] Base file does not exist
[INFO] [stdout] stack backtrace:
[INFO] [stdout]    0:     0x5635f6e81c81 - <<std[617be2ca0a6fd877]::sys::backtrace::BacktraceLock>::print::DisplayBacktrace as core[a373ad73a504971]::fmt::Display>::fmt
[INFO] [stdout]    1:     0x5635f6e9919a - core[a373ad73a504971]::fmt::write
[INFO] [stdout]    2:     0x5635f6e86a1c - <alloc[2e1b2a31b91974c5]::vec::Vec<u8> as core[a373ad73a504971]::io::write::Write>::write_fmt
[INFO] [stdout]    3:     0x5635f6e5b716 - std[617be2ca0a6fd877]::panicking::default_hook::{closure#0}
[INFO] [stdout]    4:     0x5635f6e78de9 - std[617be2ca0a6fd877]::panicking::default_hook
[INFO] [stdout]    5:     0x5635f6d5e110 - test[aada8e7e76ba119b]::test_main_inner::{closure#0}
[INFO] [stdout]    6:     0x5635f6e79112 - std[617be2ca0a6fd877]::panicking::panic_with_hook
[INFO] [stdout]    7:     0x5635f6e5b7f4 - std[617be2ca0a6fd877]::panicking::panic_handler::{closure#0}
[INFO] [stdout]    8:     0x5635f6e53d29 - std[617be2ca0a6fd877]::sys::backtrace::__rust_end_short_backtrace::<std[617be2ca0a6fd877]::panicking::panic_handler::{closure#0}, !>
[INFO] [stdout]    9:     0x5635f6e5c5cd - __rustc[ea4f61d10b84890b]::rust_begin_unwind
[INFO] [stdout]   10:     0x5635f6e9997c - core[a373ad73a504971]::panicking::panic_fmt
[INFO] [stdout]   11:     0x5635f6d43914 - <diskann_tools[fd1276c76dba4e5f]::utils::relative_contrast::relative_contrast_tests::test_compute_relative_contrast_with_sift_files::{closure#0} as core[a373ad73a504971]::ops::function::FnOnce<()>>::call_once
[INFO] [stdout]   12:     0x5635f6d5155b - test[aada8e7e76ba119b]::__rust_begin_short_backtrace::<core[a373ad73a504971]::result::Result<(), alloc[2e1b2a31b91974c5]::string::String>, fn() -> core[a373ad73a504971]::result::Result<(), alloc[2e1b2a31b91974c5]::string::String>>
[INFO] [stdout]   13:     0x5635f6d5e735 - test[aada8e7e76ba119b]::run_test::{closure#0}
[INFO] [stdout]   14:     0x5635f6d58024 - std[617be2ca0a6fd877]::sys::backtrace::__rust_begin_short_backtrace::<test[aada8e7e76ba119b]::run_test::{closure#1}, ()>
[INFO] [stdout]   15:     0x5635f6d617c2 - <std[617be2ca0a6fd877]::thread::lifecycle::spawn_unchecked<test[aada8e7e76ba119b]::run_test::{closure#1}, ()>::{closure#1} as core[a373ad73a504971]::ops::function::FnOnce<()>>::call_once::{shim:vtable#0}
[INFO] [stdout]   16:     0x5635f6e813df - <std[617be2ca0a6fd877]::sys::thread::unix::Thread>::new::thread_start
[INFO] [stdout]   17:     0x7625a449fdfa - <unknown>
[INFO] [stdout]   18:     0x7625a45333d4 - clone
[INFO] [stdout]   19:                0x0 - <unknown>
[INFO] [stdout] 
[INFO] [stdout] 
[INFO] [stdout] failures:
[INFO] [stdout]     utils::relative_contrast::relative_contrast_tests::test_compute_relative_contrast_with_sift_files
[INFO] [stdout] 
[INFO] [stdout] test result: FAILED. 63 passed; 1 failed; 0 ignored; 0 measured; 0 filtered out; finished in 0.13s
[INFO] [stdout] 
[INFO] [stderr] error: test failed, to rerun pass `--lib`
[INFO] running `Command { std: "docker" "inspect" "426821a8718125c0b1a715537cf40535b0d0ad64942cb4e1de1f574a561a21cc", kill_on_drop: false }`
[INFO] running `Command { std: "docker" "rm" "-f" "426821a8718125c0b1a715537cf40535b0d0ad64942cb4e1de1f574a561a21cc", kill_on_drop: false }`
[INFO] [stdout] 426821a8718125c0b1a715537cf40535b0d0ad64942cb4e1de1f574a561a21cc
