[INFO] fetching crate discret 0.6.2...
[INFO] testing discret-0.6.2 against 1.100.0-beta.1+cargoflags=--release for beta-release-1.100-2
[INFO] extracting crate discret 0.6.2 into /workspace/builds/worker-4-tc2/source
[INFO] started tweaking crates.io crate discret 0.6.2
[INFO] removed 0 missing examples
[INFO] removed 0 missing tests
[INFO] finished tweaking crates.io crate discret 0.6.2
[INFO] tweaked toml for crates.io crate discret 0.6.2 written to /workspace/builds/worker-4-tc2/source/Cargo.toml
[INFO] validating manifest of crates.io crate discret 0.6.2 on toolchain 1.100.0-beta.1
[INFO] running `Command { std: CARGO_HOME="/workspace/cargo-home" RUSTUP_HOME="/workspace/rustup-home" "/workspace/cargo-home/bin/cargo" "+1.100.0-beta.1" "metadata" "--manifest-path" "Cargo.toml" "--no-deps", kill_on_drop: false }`
[INFO] crate crates.io crate discret 0.6.2 already has a lockfile, it will not be regenerated
[INFO] running `Command { std: CARGO_HOME="/workspace/cargo-home" RUSTUP_HOME="/workspace/rustup-home" "/workspace/cargo-home/bin/cargo" "+1.100.0-beta.1" "fetch" "--manifest-path" "Cargo.toml", kill_on_drop: false }`
[INFO] running `Command { std: "docker" "create" "-v" "/var/lib/crater-agent-workspace/builds/worker-4-tc2/source:/opt/rustwide/workdir:ro,Z" "-v" "/var/lib/crater-agent-workspace/builds/worker-4-tc2/target:/opt/rustwide/target:rw,Z" "-v" "/var/lib/crater-agent-workspace/cargo-home:/opt/rustwide/cargo-home:ro,Z" "-v" "/var/lib/crater-agent-workspace/rustup-home:/opt/rustwide/rustup-home:ro,Z" "-m" "1610612736" "--network" "none" "ghcr.io/rust-lang/crates-build-env/linux@sha256:77db811e55d90add9212f6832c23229e3de5f1c1f9905e8cb07319ea15df73ac" "sleep" "infinity", kill_on_drop: false }`
[INFO] [stdout] 189d1627f3434fa611f6386ce4ccc475bd2e2f464fc9aca1ec7be9cea3a93fb7
[INFO] running `Command { std: "docker" "start" "189d1627f3434fa611f6386ce4ccc475bd2e2f464fc9aca1ec7be9cea3a93fb7", kill_on_drop: false }`
[INFO] running `Command { std: "docker" "inspect" "189d1627f3434fa611f6386ce4ccc475bd2e2f464fc9aca1ec7be9cea3a93fb7", kill_on_drop: false }`
[INFO] running `Command { std: "docker" "exec" "-e" "SOURCE_DIR=/opt/rustwide/workdir" "-e" "CARGO_HOME=/opt/rustwide/cargo-home" "-e" "RUSTUP_HOME=/opt/rustwide/rustup-home" "-e" "CARGO_TARGET_DIR=/opt/rustwide/target" "-w" "/opt/rustwide/workdir" "--user" "0:0" "189d1627f3434fa611f6386ce4ccc475bd2e2f464fc9aca1ec7be9cea3a93fb7" "/opt/rustwide/cargo-home/bin/cargo" "+1.100.0-beta.1" "metadata" "--no-deps" "--format-version=1", kill_on_drop: false }`
[INFO] running `Command { std: "docker" "inspect" "189d1627f3434fa611f6386ce4ccc475bd2e2f464fc9aca1ec7be9cea3a93fb7", kill_on_drop: false }`
[INFO] running `Command { std: "docker" "exec" "-e" "SOURCE_DIR=/opt/rustwide/workdir" "-e" "CARGO_HOME=/opt/rustwide/cargo-home" "-e" "RUSTUP_HOME=/opt/rustwide/rustup-home" "-e" "CARGO_TARGET_DIR=/opt/rustwide/target" "-e" "CARGO_INCREMENTAL=0" "-e" "RUST_BACKTRACE=full" "-e" "RUSTFLAGS=--cap-lints=warn" "-e" "RUSTDOCFLAGS=--cap-lints=warn" "-w" "/opt/rustwide/workdir" "--user" "0:0" "189d1627f3434fa611f6386ce4ccc475bd2e2f464fc9aca1ec7be9cea3a93fb7" "/opt/rustwide/cargo-home/bin/cargo" "+1.100.0-beta.1" "build" "--frozen" "--message-format=json" "--release", kill_on_drop: false }`
[INFO] [stderr]    Compiling proc-macro2 v1.0.86
[INFO] [stderr]    Compiling unicode-ident v1.0.6
[INFO] [stderr]    Compiling autocfg v1.1.0
[INFO] [stderr]    Compiling cc v1.1.7
[INFO] [stderr]    Compiling version_check v0.9.4
[INFO] [stderr]    Compiling memchr v2.5.0
[INFO] [stderr]    Compiling syn v1.0.107
[INFO] [stderr]    Compiling once_cell v1.19.0
[INFO] [stderr]    Compiling thiserror v1.0.63
[INFO] [stderr]    Compiling scopeguard v1.1.0
[INFO] [stderr]    Compiling typenum v1.16.0
[INFO] [stderr]    Compiling unicode-xid v0.2.4
[INFO] [stderr]    Compiling semver v1.0.23
[INFO] [stderr]    Compiling crossbeam-utils v0.8.20
[INFO] [stderr]    Compiling pkg-config v0.3.26
[INFO] [stderr]    Compiling getrandom v0.2.15
[INFO] [stderr]    Compiling serde v1.0.204
[INFO] [stderr]    Compiling untrusted v0.9.0
[INFO] [stderr]    Compiling parking_lot_core v0.9.7
[INFO] [stderr]    Compiling futures-sink v0.3.30
[INFO] [stderr]    Compiling rustls-pki-types v1.7.0
[INFO] [stderr]    Compiling smallvec v1.10.0
[INFO] [stderr]    Compiling rand_core v0.6.4
[INFO] [stderr]    Compiling zerocopy v0.7.35
[INFO] [stderr]    Compiling futures-core v0.3.30
[INFO] [stderr]    Compiling lock_api v0.4.9
[INFO] [stderr]    Compiling slab v0.4.7
[INFO] [stderr]    Compiling rustc_version v0.4.0
[INFO] [stderr]    Compiling tracing-core v0.1.30
[INFO] [stderr]    Compiling rustls v0.23.12
[INFO] [stderr]    Compiling ucd-trie v0.1.6
[INFO] [stderr]    Compiling cpufeatures v0.2.12
[INFO] [stderr]    Compiling ppv-lite86 v0.2.17
[INFO] [stderr]    Compiling rayon-core v1.12.1
[INFO] [stderr]    Compiling allocator-api2 v0.2.18
[INFO] [stderr]    Compiling generic-array v0.14.6
[INFO] [stderr]    Compiling ahash v0.8.11
[INFO] [stderr]    Compiling curve25519-dalek v4.1.3
[INFO] [stderr]    Compiling spin v0.9.8
[INFO] [stderr]    Compiling futures-channel v0.3.30
[INFO] [stderr]    Compiling num-traits v0.2.15
[INFO] [stderr]    Compiling socket2 v0.5.7
[INFO] [stderr]    Compiling futures-io v0.3.30
[INFO] [stderr]    Compiling pin-utils v0.1.0
[INFO] [stderr]    Compiling openssl-src v300.3.1+3.3.1
[INFO] [stderr]    Compiling tracing v0.1.37
[INFO] [stderr]    Compiling arrayvec v0.7.4
[INFO] [stderr]    Compiling crossbeam-epoch v0.9.18
[INFO] [stderr]    Compiling time-core v0.1.0
[INFO] [stderr]    Compiling futures-task v0.3.30
[INFO] [stderr]    Compiling arrayref v0.3.6
[INFO] [stderr]    Compiling quote v1.0.36
[INFO] [stderr]    Compiling rand_chacha v0.3.1
[INFO] [stderr]    Compiling bytes v1.4.0
[INFO] [stderr]    Compiling hashbrown v0.14.5
[INFO] [stderr]    Compiling time v0.3.17
[INFO] [stderr]    Compiling tinyvec v1.6.0
[INFO] [stderr]    Compiling rand v0.8.5
[INFO] [stderr]    Compiling parking_lot v0.12.1
[INFO] [stderr]    Compiling syn v2.0.72
[INFO] [stderr]    Compiling crossbeam-deque v0.8.5
[INFO] [stderr]    Compiling mio v1.0.1
[INFO] [stderr]    Compiling ring v0.17.8
[INFO] [stderr]    Compiling openssl-sys v0.9.103
[INFO] [stderr]    Compiling libsqlite3-sys v0.30.1
[INFO] [stderr]    Compiling blake3 v1.5.3
[INFO] [stderr]    Compiling signal-hook-registry v1.4.0
[INFO] [stderr]    Compiling constant_time_eq v0.3.0
[INFO] [stderr]    Compiling serde_json v1.0.122
[INFO] [stderr]    Compiling byteorder v1.4.3
[INFO] [stderr]    Compiling either v1.13.0
[INFO] [stderr]    Compiling block-buffer v0.10.3
[INFO] [stderr]    Compiling crypto-common v0.1.6
[INFO] [stderr]    Compiling rustc-hash v2.0.0
[INFO] [stderr]    Compiling constant_time_eq v0.1.5
[INFO] [stderr]    Compiling keccak v0.1.5
[INFO] [stderr]    Compiling signature v2.2.0
[INFO] [stderr]    Compiling pem v3.0.4
[INFO] [stderr]    Compiling digest v0.10.6
[INFO] [stderr]    Compiling blake2b_simd v1.0.0
[INFO] [stderr]    Compiling ed25519 v2.2.3
[INFO] [stderr]    Compiling rayon v1.10.0
[INFO] [stderr]    Compiling hashlink v0.9.1
[INFO] [stderr]    Compiling yasna v0.5.2
[INFO] [stderr]    Compiling sha2 v0.10.6
[INFO] [stderr]    Compiling quinn-udp v0.5.4
[INFO] [stderr]    Compiling nanorand v0.7.0
[INFO] [stderr]    Compiling base64 v0.21.0
[INFO] [stderr]    Compiling itoa v1.0.5
[INFO] [stderr]    Compiling fallible-streaming-iterator v0.1.9
[INFO] [stderr]    Compiling bitflags v2.6.0
[INFO] [stderr]    Compiling iana-time-zone v0.1.53
[INFO] [stderr]    Compiling ryu v1.0.12
[INFO] [stderr]    Compiling fallible-iterator v0.3.0
[INFO] [stderr]    Compiling rust-argon2 v2.1.0
[INFO] [stderr]    Compiling flume v0.11.0
[INFO] [stderr]    Compiling lru v0.12.4
[INFO] [stderr]    Compiling synstructure v0.12.6
[INFO] [stderr]    Compiling chrono v0.4.38
[INFO] [stderr]    Compiling zeroize_derive v1.3.3
[INFO] [stderr]    Compiling zeroize v1.8.1
[INFO] [stderr]    Compiling merlin v3.0.0
[INFO] [stderr]    Compiling thiserror-impl v1.0.63
[INFO] [stderr]    Compiling serde_derive v1.0.204
[INFO] [stderr]    Compiling futures-macro v0.3.30
[INFO] [stderr]    Compiling curve25519-dalek-derive v0.1.1
[INFO] [stderr]    Compiling tokio-macros v2.4.0
[INFO] [stderr]    Compiling tokio v1.39.2
[INFO] [stderr]    Compiling futures-util v0.3.30
[INFO] [stderr]    Compiling pest v2.7.11
[INFO] [stderr]    Compiling sysinfo v0.30.13
[INFO] [stderr]    Compiling pest_meta v2.7.11
[INFO] [stderr]    Compiling pest_generator v2.7.11
[INFO] [stderr]    Compiling pest_derive v2.7.11
[INFO] [stderr]    Compiling futures-executor v0.3.30
[INFO] [stderr]    Compiling futures v0.3.30
[INFO] [stderr]    Compiling bincode v1.3.3
[INFO] [stderr]    Compiling x25519-dalek v2.0.1
[INFO] [stderr]    Compiling ed25519-dalek v2.1.1
[INFO] [stderr]    Compiling rustls-webpki v0.102.6
[INFO] [stderr]    Compiling rcgen v0.13.1
[INFO] [stderr]    Compiling quinn-proto v0.11.6
[INFO] [stderr]    Compiling quinn v0.11.3
[INFO] [stderr]    Compiling rusqlite v0.32.1
[INFO] [stderr]    Compiling discret v0.6.2 (/opt/rustwide/workdir)
[INFO] [stdout] warning: method `validate_peer_nodes_request` is never used
[INFO] [stdout]    --> src/database/authorisation_service.rs:995:12
[INFO] [stdout]     |
[INFO] [stdout] 438 | impl RoomAuthorisations {
[INFO] [stdout]     | ----------------------- method in this implementation
[INFO] [stdout] ...
[INFO] [stdout] 995 |     pub fn validate_peer_nodes_request(
[INFO] [stdout]     |            ^^^^^^^^^^^^^^^^^^^^^^^^^^^
[INFO] [stdout]     |
[INFO] [stdout]     = note: `#[warn(dead_code)]` (part of `#[warn(unused)]`) on by default
[INFO] [stdout] 
[INFO] [stdout] 
[INFO] [stdout] warning: associated items `send_blocking`, `query_blocking`, `query_async`, and `select` are never used
[INFO] [stdout]    --> src/database/sqlite_database.rs:252:12
[INFO] [stdout]     |
[INFO] [stdout] 219 | impl DatabaseReader {
[INFO] [stdout]     | ------------------- associated items in this implementation
[INFO] [stdout] ...
[INFO] [stdout] 252 |     pub fn send_blocking(&self, query: QueryFn) -> Result<()> {
[INFO] [stdout]     |            ^^^^^^^^^^^^^
[INFO] [stdout] ...
[INFO] [stdout] 267 |     pub fn query_blocking<T: Send + Sized + 'static>(
[INFO] [stdout]     |            ^^^^^^^^^^^^^^
[INFO] [stdout] ...
[INFO] [stdout] 283 |     pub async fn query_async<T: Send + Sized + 'static>(
[INFO] [stdout]     |                  ^^^^^^^^^^^
[INFO] [stdout] ...
[INFO] [stdout] 300 |     pub fn select<T: Send + Sized + 'static>(
[INFO] [stdout]     |            ^^^^^^
[INFO] [stdout] 
[INFO] [stdout] 
[INFO] [stdout] warning: methods `send_blocking` and `optimize` are never used
[INFO] [stdout]    --> src/database/sqlite_database.rs:704:12
[INFO] [stdout]     |
[INFO] [stdout] 370 | impl BufferedDatabaseWriter {
[INFO] [stdout]     | --------------------------- methods in this implementation
[INFO] [stdout] ...
[INFO] [stdout] 704 |     pub fn send_blocking(&self, msg: WriteMessage) -> Result<()> {
[INFO] [stdout]     |            ^^^^^^^^^^^^^
[INFO] [stdout] ...
[INFO] [stdout] 714 |     pub async fn optimize(&self) -> Result<WriteStmt> {
[INFO] [stdout]     |                  ^^^^^^^^
[INFO] [stdout] 
[INFO] [stdout] 
[INFO] [stdout] warning: struct `Optimize` is never constructed
[INFO] [stdout]    --> src/database/sqlite_database.rs:719:8
[INFO] [stdout]     |
[INFO] [stdout] 719 | struct Optimize {}
[INFO] [stdout]     |        ^^^^^^^^
[INFO] [stdout] 
[INFO] [stdout] 
[INFO] [stdout] warning: method `remove_valid_certificate` is never used
[INFO] [stdout]    --> src/network/endpoint.rs:843:12
[INFO] [stdout]     |
[INFO] [stdout] 819 | impl ServerCertVerifier {
[INFO] [stdout]     | ----------------------- method in this implementation
[INFO] [stdout] ...
[INFO] [stdout] 843 |     pub fn remove_valid_certificate(&self, name: &str) {
[INFO] [stdout]     |            ^^^^^^^^^^^^^^^^^^^^^^^^
[INFO] [stdout] 
[INFO] [stdout] 
[INFO] [stdout] warning: associated function `new` is never used
[INFO] [stdout]    --> src/security.rs:106:12
[INFO] [stdout]     |
[INFO] [stdout] 102 | impl Ed25519SigningKey {
[INFO] [stdout]     | ---------------------- associated function in this implementation
[INFO] [stdout] ...
[INFO] [stdout] 106 |     pub fn new() -> Self {
[INFO] [stdout]     |            ^^^
[INFO] [stdout] 
[INFO] [stdout] 
[INFO] [stderr]     Finished `release` profile [optimized] target(s) in 5m 20s
[INFO] running `Command { std: "docker" "inspect" "189d1627f3434fa611f6386ce4ccc475bd2e2f464fc9aca1ec7be9cea3a93fb7", kill_on_drop: false }`
[INFO] running `Command { std: "docker" "exec" "-e" "SOURCE_DIR=/opt/rustwide/workdir" "-e" "CARGO_HOME=/opt/rustwide/cargo-home" "-e" "RUSTUP_HOME=/opt/rustwide/rustup-home" "-e" "CARGO_TARGET_DIR=/opt/rustwide/target" "-e" "CARGO_INCREMENTAL=0" "-e" "RUST_BACKTRACE=full" "-e" "RUSTFLAGS=--cap-lints=warn" "-e" "RUSTDOCFLAGS=--cap-lints=warn" "-w" "/opt/rustwide/workdir" "--user" "0:0" "189d1627f3434fa611f6386ce4ccc475bd2e2f464fc9aca1ec7be9cea3a93fb7" "/opt/rustwide/cargo-home/bin/cargo" "+1.100.0-beta.1" "test" "--frozen" "--no-run" "--message-format=json" "--release", kill_on_drop: false }`
[INFO] [stderr]    Compiling log v0.4.22
[INFO] [stdout] warning: method `validate_peer_nodes_request` is never used
[INFO] [stdout]    --> src/database/authorisation_service.rs:995:12
[INFO] [stdout]     |
[INFO] [stdout] 438 | impl RoomAuthorisations {
[INFO] [stdout]     | ----------------------- method in this implementation
[INFO] [stdout] ...
[INFO] [stdout] 995 |     pub fn validate_peer_nodes_request(
[INFO] [stdout]     |            ^^^^^^^^^^^^^^^^^^^^^^^^^^^
[INFO] [stdout]     |
[INFO] [stdout]     = note: `#[warn(dead_code)]` (part of `#[warn(unused)]`) on by default
[INFO] [stdout] 
[INFO] [stdout] 
[INFO] [stdout] warning: associated items `send_blocking`, `query_blocking`, `query_async`, and `select` are never used
[INFO] [stdout]    --> src/database/sqlite_database.rs:252:12
[INFO] [stdout]     |
[INFO] [stdout] 219 | impl DatabaseReader {
[INFO] [stdout]     | ------------------- associated items in this implementation
[INFO] [stdout] ...
[INFO] [stdout] 252 |     pub fn send_blocking(&self, query: QueryFn) -> Result<()> {
[INFO] [stdout]     |            ^^^^^^^^^^^^^
[INFO] [stdout] ...
[INFO] [stdout] 267 |     pub fn query_blocking<T: Send + Sized + 'static>(
[INFO] [stdout]     |            ^^^^^^^^^^^^^^
[INFO] [stdout] ...
[INFO] [stdout] 283 |     pub async fn query_async<T: Send + Sized + 'static>(
[INFO] [stdout]     |                  ^^^^^^^^^^^
[INFO] [stdout] ...
[INFO] [stdout] 300 |     pub fn select<T: Send + Sized + 'static>(
[INFO] [stdout]     |            ^^^^^^
[INFO] [stdout] 
[INFO] [stdout] 
[INFO] [stdout] warning: methods `send_blocking` and `optimize` are never used
[INFO] [stdout]    --> src/database/sqlite_database.rs:704:12
[INFO] [stdout]     |
[INFO] [stdout] 370 | impl BufferedDatabaseWriter {
[INFO] [stdout]     | --------------------------- methods in this implementation
[INFO] [stdout] ...
[INFO] [stdout] 704 |     pub fn send_blocking(&self, msg: WriteMessage) -> Result<()> {
[INFO] [stdout]     |            ^^^^^^^^^^^^^
[INFO] [stdout] ...
[INFO] [stdout] 714 |     pub async fn optimize(&self) -> Result<WriteStmt> {
[INFO] [stdout]     |                  ^^^^^^^^
[INFO] [stdout] 
[INFO] [stdout] 
[INFO] [stdout] warning: struct `Optimize` is never constructed
[INFO] [stdout]    --> src/database/sqlite_database.rs:719:8
[INFO] [stdout]     |
[INFO] [stdout] 719 | struct Optimize {}
[INFO] [stdout]     |        ^^^^^^^^
[INFO] [stdout] 
[INFO] [stdout] 
[INFO] [stdout] warning: method `remove_valid_certificate` is never used
[INFO] [stdout]    --> src/network/endpoint.rs:843:12
[INFO] [stdout]     |
[INFO] [stdout] 819 | impl ServerCertVerifier {
[INFO] [stdout]     | ----------------------- method in this implementation
[INFO] [stdout] ...
[INFO] [stdout] 843 |     pub fn remove_valid_certificate(&self, name: &str) {
[INFO] [stdout]     |            ^^^^^^^^^^^^^^^^^^^^^^^^
[INFO] [stdout] 
[INFO] [stdout] 
[INFO] [stdout] warning: associated function `new` is never used
[INFO] [stdout]    --> src/security.rs:106:12
[INFO] [stdout]     |
[INFO] [stdout] 102 | impl Ed25519SigningKey {
[INFO] [stdout]     | ---------------------- associated function in this implementation
[INFO] [stdout] ...
[INFO] [stdout] 106 |     pub fn new() -> Self {
[INFO] [stdout]     |            ^^^
[INFO] [stdout] 
[INFO] [stdout] 
[INFO] [stderr]    Compiling discret v0.6.2 (/opt/rustwide/workdir)
[INFO] [stdout] warning: method `validate_peer_nodes_request` is never used
[INFO] [stdout]    --> src/database/authorisation_service.rs:995:12
[INFO] [stdout]     |
[INFO] [stdout] 438 | impl RoomAuthorisations {
[INFO] [stdout]     | ----------------------- method in this implementation
[INFO] [stdout] ...
[INFO] [stdout] 995 |     pub fn validate_peer_nodes_request(
[INFO] [stdout]     |            ^^^^^^^^^^^^^^^^^^^^^^^^^^^
[INFO] [stdout]     |
[INFO] [stdout]     = note: `#[warn(dead_code)]` (part of `#[warn(unused)]`) on by default
[INFO] [stdout] 
[INFO] [stdout] 
[INFO] [stdout] warning: method `select` is never used
[INFO] [stdout]    --> src/database/graph_database.rs:359:18
[INFO] [stdout]     |
[INFO] [stdout]  77 | impl GraphDatabaseService {
[INFO] [stdout]     | ------------------------- method in this implementation
[INFO] [stdout] ...
[INFO] [stdout] 359 |     pub async fn select<T: Send + Sized + 'static>(
[INFO] [stdout]     |                  ^^^^^^
[INFO] [stdout] 
[INFO] [stdout] 
[INFO] [stdout] warning: methods `send_blocking` and `query_blocking` are never used
[INFO] [stdout]    --> src/database/sqlite_database.rs:252:12
[INFO] [stdout]     |
[INFO] [stdout] 219 | impl DatabaseReader {
[INFO] [stdout]     | ------------------- methods in this implementation
[INFO] [stdout] ...
[INFO] [stdout] 252 |     pub fn send_blocking(&self, query: QueryFn) -> Result<()> {
[INFO] [stdout]     |            ^^^^^^^^^^^^^
[INFO] [stdout] ...
[INFO] [stdout] 267 |     pub fn query_blocking<T: Send + Sized + 'static>(
[INFO] [stdout]     |            ^^^^^^^^^^^^^^
[INFO] [stdout] 
[INFO] [stdout] 
[INFO] [stdout] warning: methods `send_blocking` and `optimize` are never used
[INFO] [stdout]    --> src/database/sqlite_database.rs:704:12
[INFO] [stdout]     |
[INFO] [stdout] 370 | impl BufferedDatabaseWriter {
[INFO] [stdout]     | --------------------------- methods in this implementation
[INFO] [stdout] ...
[INFO] [stdout] 704 |     pub fn send_blocking(&self, msg: WriteMessage) -> Result<()> {
[INFO] [stdout]     |            ^^^^^^^^^^^^^
[INFO] [stdout] ...
[INFO] [stdout] 714 |     pub async fn optimize(&self) -> Result<WriteStmt> {
[INFO] [stdout]     |                  ^^^^^^^^
[INFO] [stdout] 
[INFO] [stdout] 
[INFO] [stdout] warning: struct `Optimize` is never constructed
[INFO] [stdout]    --> src/database/sqlite_database.rs:719:8
[INFO] [stdout]     |
[INFO] [stdout] 719 | struct Optimize {}
[INFO] [stdout]     |        ^^^^^^^^
[INFO] [stdout] 
[INFO] [stdout] 
[INFO] [stdout] warning: method `remove_valid_certificate` is never used
[INFO] [stdout]    --> src/network/endpoint.rs:843:12
[INFO] [stdout]     |
[INFO] [stdout] 819 | impl ServerCertVerifier {
[INFO] [stdout]     | ----------------------- method in this implementation
[INFO] [stdout] ...
[INFO] [stdout] 843 |     pub fn remove_valid_certificate(&self, name: &str) {
[INFO] [stdout]     |            ^^^^^^^^^^^^^^^^^^^^^^^^
[INFO] [stdout] 
[INFO] [stdout] 
[INFO] [stderr]     Finished `release` profile [optimized] target(s) in 1m 09s
[INFO] running `Command { std: "docker" "inspect" "189d1627f3434fa611f6386ce4ccc475bd2e2f464fc9aca1ec7be9cea3a93fb7", kill_on_drop: false }`
[INFO] running `Command { std: "docker" "exec" "-e" "SOURCE_DIR=/opt/rustwide/workdir" "-e" "CARGO_HOME=/opt/rustwide/cargo-home" "-e" "RUSTUP_HOME=/opt/rustwide/rustup-home" "-e" "CARGO_TARGET_DIR=/opt/rustwide/target" "-e" "CARGO_INCREMENTAL=0" "-e" "RUST_BACKTRACE=full" "-e" "RUSTFLAGS=--cap-lints=warn" "-e" "RUSTDOCFLAGS=--cap-lints=warn" "-w" "/opt/rustwide/workdir" "--user" "0:0" "189d1627f3434fa611f6386ce4ccc475bd2e2f464fc9aca1ec7be9cea3a93fb7" "/opt/rustwide/cargo-home/bin/cargo" "+1.100.0-beta.1" "test" "--frozen" "--release", kill_on_drop: false }`
[INFO] [stderr] warning: method `validate_peer_nodes_request` is never used
[INFO] [stderr]    --> src/database/authorisation_service.rs:995:12
[INFO] [stderr]     |
[INFO] [stderr] 438 | impl RoomAuthorisations {
[INFO] [stderr]     | ----------------------- method in this implementation
[INFO] [stderr] ...
[INFO] [stderr] 995 |     pub fn validate_peer_nodes_request(
[INFO] [stderr]     |            ^^^^^^^^^^^^^^^^^^^^^^^^^^^
[INFO] [stderr]     |
[INFO] [stderr]     = note: `#[warn(dead_code)]` (part of `#[warn(unused)]`) on by default
[INFO] [stderr] 
[INFO] [stderr] warning: associated items `send_blocking`, `query_blocking`, `query_async`, and `select` are never used
[INFO] [stderr]    --> src/database/sqlite_database.rs:252:12
[INFO] [stderr]     |
[INFO] [stderr] 219 | impl DatabaseReader {
[INFO] [stderr]     | ------------------- associated items in this implementation
[INFO] [stderr] ...
[INFO] [stderr] 252 |     pub fn send_blocking(&self, query: QueryFn) -> Result<()> {
[INFO] [stderr]     |            ^^^^^^^^^^^^^
[INFO] [stderr] ...
[INFO] [stderr] 267 |     pub fn query_blocking<T: Send + Sized + 'static>(
[INFO] [stderr]     |            ^^^^^^^^^^^^^^
[INFO] [stderr] ...
[INFO] [stderr] 283 |     pub async fn query_async<T: Send + Sized + 'static>(
[INFO] [stderr]     |                  ^^^^^^^^^^^
[INFO] [stderr] ...
[INFO] [stderr] 300 |     pub fn select<T: Send + Sized + 'static>(
[INFO] [stderr]     |            ^^^^^^
[INFO] [stderr] 
[INFO] [stderr] warning: methods `send_blocking` and `optimize` are never used
[INFO] [stderr]    --> src/database/sqlite_database.rs:704:12
[INFO] [stderr]     |
[INFO] [stderr] 370 | impl BufferedDatabaseWriter {
[INFO] [stderr]     | --------------------------- methods in this implementation
[INFO] [stderr] ...
[INFO] [stderr] 704 |     pub fn send_blocking(&self, msg: WriteMessage) -> Result<()> {
[INFO] [stderr]     |            ^^^^^^^^^^^^^
[INFO] [stderr] ...
[INFO] [stderr] 714 |     pub async fn optimize(&self) -> Result<WriteStmt> {
[INFO] [stderr]     |                  ^^^^^^^^
[INFO] [stderr] 
[INFO] [stderr] warning: struct `Optimize` is never constructed
[INFO] [stderr]    --> src/database/sqlite_database.rs:719:8
[INFO] [stderr]     |
[INFO] [stderr] 719 | struct Optimize {}
[INFO] [stderr]     |        ^^^^^^^^
[INFO] [stderr] 
[INFO] [stderr] warning: method `remove_valid_certificate` is never used
[INFO] [stderr]    --> src/network/endpoint.rs:843:12
[INFO] [stderr]     |
[INFO] [stderr] 819 | impl ServerCertVerifier {
[INFO] [stderr]     | ----------------------- method in this implementation
[INFO] [stderr] ...
[INFO] [stderr] 843 |     pub fn remove_valid_certificate(&self, name: &str) {
[INFO] [stderr]     |            ^^^^^^^^^^^^^^^^^^^^^^^^
[INFO] [stderr] 
[INFO] [stderr] warning: associated function `new` is never used
[INFO] [stderr]    --> src/security.rs:106:12
[INFO] [stderr]     |
[INFO] [stderr] 102 | impl Ed25519SigningKey {
[INFO] [stderr]     | ---------------------- associated function in this implementation
[INFO] [stderr] ...
[INFO] [stderr] 106 |     pub fn new() -> Self {
[INFO] [stderr]     |            ^^^
[INFO] [stderr] 
[INFO] [stderr] warning: method `select` is never used
[INFO] [stderr]    --> src/database/graph_database.rs:359:18
[INFO] [stderr]     |
[INFO] [stderr]  77 | impl GraphDatabaseService {
[INFO] [stderr]     | ------------------------- method in this implementation
[INFO] [stderr] ...
[INFO] [stderr] 359 |     pub async fn select<T: Send + Sized + 'static>(
[INFO] [stderr]     |                  ^^^^^^
[INFO] [stderr] 
[INFO] [stderr] warning: methods `send_blocking` and `query_blocking` are never used
[INFO] [stderr]    --> src/database/sqlite_database.rs:252:12
[INFO] [stderr]     |
[INFO] [stderr] 219 | impl DatabaseReader {
[INFO] [stderr]     | ------------------- methods in this implementation
[INFO] [stderr] ...
[INFO] [stderr] 252 |     pub fn send_blocking(&self, query: QueryFn) -> Result<()> {
[INFO] [stderr]     |            ^^^^^^^^^^^^^
[INFO] [stderr] ...
[INFO] [stderr] 267 |     pub fn query_blocking<T: Send + Sized + 'static>(
[INFO] [stderr]     |            ^^^^^^^^^^^^^^
[INFO] [stderr] 
[INFO] [stderr] warning: `discret` (lib) generated 6 warnings
[INFO] [stderr] warning: `discret` (lib test) generated 6 warnings (4 duplicates)
[INFO] [stderr]     Finished `release` profile [optimized] target(s) in 0.34s
[INFO] [stderr]      Running unittests src/lib.rs (/opt/rustwide/target/release/build/discret/3643e021e25dd3d5/out/discret-3643e021e25dd3d5)
[INFO] [stdout] 
[INFO] [stdout] running 158 tests
[INFO] [stdout] test database::authorisation_service_test::tests::room_creation ... FAILED
[INFO] [stdout] test database::deletion::tests::delete_node ... ok
[INFO] [stdout] test database::edge::tests::edge_database ... ok
[INFO] [stdout] test database::daily_log::tests::daily_log ... FAILED
[INFO] [stdout] test database::authorisation_service_test::tests::room_load ... FAILED
[INFO] [stdout] test database::edge::tests::edge_signature ... ok
[INFO] [stdout] test database::deletion::tests::delete_edge ... ok
[INFO] [stdout] test database::authorisation_service_test::tests::mutate_with_room_propagation ... FAILED
[INFO] [stdout] test database::authorisation_service_test::tests::room_update_rights ... FAILED
[INFO] [stdout] test database::edge::tests::delete_edge_from_log ... ok
[INFO] [stdout] test database::edge::tests::deletion_log ... ok
[INFO] [stdout] test database::daily_log::tests::room_log ... ok
[INFO] [stdout] test database::authorisation_service_test::tests::room_documentation_shared_calendar_example ... FAILED
[INFO] [stdout] test database::authorisation_service_test::tests::authorisation_entities_error ... FAILED
[INFO] [stdout] test database::authorisation_service_test::tests::deletion_log ... FAILED
[INFO] [stdout] test database::authorisation_service_test::tests::room_update_user ... FAILED
[INFO] [stdout] test database::authorisation_service_test::tests::deletion_auth ... FAILED
[INFO] [stdout] test database::graph_database::tests::init_room_id ... FAILED
[INFO] [stdout] test database::graph_database::tests::update_peer_with_empty_fts ... FAILED
[INFO] [stdout] test database::graph_database::tests::delete ... FAILED
[INFO] [stdout] test database::mutation_query::tests::prepare_simple_scalar ... ok
[INFO] [stdout] test database::mutation_query::tests::prepare_double_mutation_namespace ... ok
[INFO] [stdout] test database::mutation_query::tests::prepare_double_mutation ... ok
[INFO] [stdout] test database::mutation_query::tests::prepare_sub_entities ... ok
[INFO] [stdout] test database::mutation_query::tests::update_sub_entity ... ok
[INFO] [stdout] test database::node::tests::node_signature ... ok
[INFO] [stdout] test database::query_language::data_model_parser_test::tests::base64_field ... ok
[INFO] [stdout] test database::graph_database::tests::selection ... FAILED
[INFO] [stdout] test database::authorisation_service_test::tests::room_documentation_blog_example ... FAILED
[INFO] [stdout] test database::graph_database::tests::load_data_model ... FAILED
[INFO] [stdout] test database::query_language::data_model_parser_test::tests::disable_feature ... ok
[INFO] [stdout] test database::graph_database::tests::insert_system_room ... FAILED
[INFO] [stdout] test database::graph_database::tests::result_parser ... FAILED
[INFO] [stdout] test database::query_language::data_model_parser_test::tests::comments ... ok
[INFO] [stdout] test database::query_language::data_model_parser_test::tests::default_value ... ok
[INFO] [stdout] test database::query_language::data_model_parser_test::tests::entity_update ... ok
[INFO] [stdout] test database::query_language::data_model_parser_test::tests::duplicates ... ok
[INFO] [stdout] test database::query_language::data_model_parser_test::tests::field_update ... ok
[INFO] [stdout] test database::query_language::data_model_parser_test::tests::index ... ok
[INFO] [stdout] test database::query_language::data_model_parser_test::tests::index_update ... ok
[INFO] [stdout] test database::query_language::data_model_parser_test::tests::invalid_entity ... ok
[INFO] [stdout] test database::query_language::data_model_parser_test::tests::json_field ... ok
[INFO] [stdout] test database::query_language::data_model_parser_test::tests::namespace_update ... ok
[INFO] [stdout] test database::query_language::data_model_parser_test::tests::nullable_entity ... ok
[INFO] [stdout] test database::daily_log::tests::room_log_sort ... ok
[INFO] [stdout] test database::query_language::data_model_parser_test::tests::parse_invalid_string ... ok
[INFO] [stdout] test database::query_language::data_model_parser_test::tests::system ... ok
[INFO] [stdout] test database::query_language::data_model_parser_test::tests::system_field_collision ... ok
[INFO] [stdout] test database::node::tests::delete ... ok
[INFO] [stdout] test database::mutation_query::tests::modication_dates_for_edge_update ... ok
[INFO] [stdout] test database::query_language::deletion_parser::tests::parse_invalid_datamodel ... ok
[INFO] [stdout] test database::query_language::data_model_parser_test::tests::parse_valid_model ... ok
[INFO] [stdout] test database::query_language::data_model_parser_test::tests::reserved_names ... ok
[INFO] [stdout] test database::query_language::data_model_parser_test::tests::short_mapping ... ok
[INFO] [stdout] test database::node::tests::get_room_nodes_at ... ok
[INFO] [stdout] test database::query_language::deletion_parser::tests::parse_invalid_field_type ... ok
[INFO] [stdout] test database::query_language::deletion_parser::tests::parse_namespace_datamodel ... ok
[INFO] [stdout] test database::query_language::mutation_parser::tests::non_scalar_field ... ok
[INFO] [stdout] test database::query_language::mutation_parser::tests::duplicated_field ... ok
[INFO] [stdout] test database::query_language::mutation_parser::tests::nullables ... ok
[INFO] [stdout] test database::node::tests::mutate_test ... ok
[INFO] [stdout] test database::query_language::mutation_parser::tests::json ... ok
[INFO] [stdout] test database::query_language::deletion_parser::tests::parse_valid_deletion ... ok
[INFO] [stdout] test database::query_language::mutation_parser::tests::depth ... ok
[INFO] [stdout] test database::query_language::mutation_parser::tests::base64 ... ok
[INFO] [stdout] test database::query_language::mutation_parser::tests::disabled_index_and_archiving ... ok
[INFO] [stdout] test database::node::tests::delete_from_deletion_log ... ok
[INFO] [stdout] test database::node::tests::node_deletion_log ... ok
[INFO] [stdout] test database::query_language::mutation_parser::tests::alias ... ok
[INFO] [stdout] test database::query_language::mutation_parser::tests::fill_default ... ok
[INFO] [stdout] test database::query_language::mutation_parser::tests::namespace ... ok
[INFO] [stdout] test database::node::tests::node_fts ... ok
[INFO] [stdout] test database::mutation_query::tests::mutation_documentation_examples ... ok
[INFO] [stdout] test database::query_language::query_parser_test::tests::before_after ... ok
[INFO] [stdout] test database::query_language::parameter::tests::variables_validate_base64_type ... ok
[INFO] [stdout] test database::query_language::parameter::tests::variables_duplicate ... ok
[INFO] [stdout] test database::query_language::query_parser_test::tests::duplicated_field ... ok
[INFO] [stdout] test database::query_language::mutation_parser::tests::update ... ok
[INFO] [stdout] test database::query_language::parameter::tests::variables_validate_integer_type ... ok
[INFO] [stdout] test database::query_language::query_parser_test::tests::entity_field ... ok
[INFO] [stdout] test database::query_language::query_parser_test::tests::filters ... ok
[INFO] [stdout] test database::query_language::query_parser_test::tests::function ... ok
[INFO] [stdout] test database::query_language::parameter::tests::variables_validate_float_type ... ok
[INFO] [stdout] test database::query_language::parameter::tests::variables_validate_bool_type ... ok
[INFO] [stdout] test database::query_language::parameter::tests::variables_validate_json_type ... ok
[INFO] [stdout] test database::query_language::parameter::tests::params_duplicate ... ok
[INFO] [stdout] test database::query_language::parameter::tests::variables_validate_string_type ... ok
[INFO] [stdout] test database::query_language::mutation_parser::tests::scalar_field ... ok
[INFO] [stdout] test database::query_language::query_parser_test::tests::aliases ... ok
[INFO] [stdout] test database::query_language::query_parser_test::tests::json ... ok
[INFO] [stdout] test database::query_language::mutation_parser::tests::parse_valid_mutation ... ok
[INFO] [stdout] test database::query_language::parameter::tests::parse_valid_json ... ok
[INFO] [stdout] test database::query_language::query_parser_test::tests::search ... ok
[INFO] [stdout] test database::query_language::query_parser_test::tests::sys_peer ... ok
[INFO] [stdout] test database::query_language::query_parser_test::tests::query_complexity ... ok
[INFO] [stdout] test database::query_language::query_parser_test::tests::start_with_underscore ... ok
[INFO] [stdout] test database::query_language::query_parser_test::tests::nullable_filter ... ok
[INFO] [stdout] test database::query_language::query_parser_test::tests::query_depth ... ok
[INFO] [stdout] test database::query_language::query_parser_test::tests::namespace ... ok
[INFO] [stdout] test database::query_language::query_parser_test::tests::parse_valid_query ... ok
[INFO] [stdout] test database::query_test::tests::aggregate ... ok
[INFO] [stdout] test database::query_test::tests::default_value ... ok
[INFO] [stdout] test database::query_test::tests::query_result ... ok
[INFO] [stdout] test database::query_test::tests::filter ... ok
[INFO] [stdout] test database::query_test::tests::positional_param ... ok
[INFO] [stdout] test database::query_test::tests::query_with_null_default ... ok
[INFO] [stdout] test database::query_test::tests::disable_search ... ok
[INFO] [stdout] test database::query_test::tests::id ... ok
[INFO] [stdout] test database::query_test::tests::query_documentation_json_examples ... ok
[INFO] [stdout] test database::query_test::tests::author_virtual_field ... ok
[INFO] [stdout] test database::query_test::tests::json ... ok
[INFO] [stdout] test database::query_test::tests::entity_nullable_selection ... ok
[INFO] [stdout] test database::room::tests::room_admins ... ok
[INFO] [stdout] test database::room::tests::get_room_for_user ... ok
[INFO] [stdout] test database::room::tests::entity_right ... ok
[INFO] [stdout] test database::room::tests::room_auth ... ok
[INFO] [stdout] test database::room::tests::authorisation_user_admins ... ok
[INFO] [stdout] test database::room::tests::authorisation_users ... ok
[INFO] [stdout] test database::room_node::tests::export_room_from_database ... FAILED
[INFO] [stdout] test database::room_node::tests::admin_rights ... FAILED
[INFO] [stdout] test database::query_test::tests::entity_namespace ... ok
[INFO] [stdout] test database::room_node::tests::parse_room_node_test ... FAILED
[INFO] [stdout] test database::query_test::tests::entity_not_null_selection ... ok
[INFO] [stdout] test database::room_node::tests::invalid ... FAILED
[INFO] [stdout] test database::query_test::tests::search ... ok
[INFO] [stdout] test database::sqlite_database::tests::read_only_test ... FAILED
[INFO] [stdout] test database::query_test::tests::entity ... ok
[INFO] [stdout] test database::query_test::tests::query_documentation_examples ... ok
[INFO] [stdout] test database::sqlite_database::tests::test_pragma ... FAILED
[INFO] [stdout] test database::sqlite_database::tests::test_sqlite_version ... FAILED
[INFO] [stdout] test database::query_test::tests::system ... ok
[INFO] [stdout] test database::query_test::tests::simple_scalar ... ok
[INFO] [stdout] test database::system_entities::tests::hardware ... FAILED
[INFO] [stdout] test database::tests::test_buffer_size ... ok
[INFO] [stdout] test database::query_test::tests::order_by_first_next_paging ... ok
[INFO] [stdout] test database::query_test::tests::sub_system_entities ... ok
[INFO] [stdout] test database::sqlite_database::tests::async_queries ... FAILED
[INFO] [stdout] test security::tests::control_ed25519 ... ok
[INFO] [stdout] test security::tests::control_hash ... ok
[INFO] [stdout] test security::tests::hardware_fingerprint ... FAILED
[INFO] [stdout] test database::sqlite_database::tests::batch_writes_buffersize_10 ... FAILED
[INFO] [stdout] test database::room_node::tests::reinsert_room_node ... FAILED
[INFO] [stdout] test database::query_test::tests::room_virtual_field ... ok
[INFO] [stdout] test database::system_entities::tests::peer ... ok
[INFO] [stdout] test database::system_entities::tests::init_allowed_peer ... FAILED
[INFO] [stdout] test security::tests::meeting_secret ... ok
[INFO] [stdout] test security::tests::random_domain ... ok
[INFO] [stdout] test database::sqlite_database::tests::batch_writes_buffersize_1 ... FAILED
[INFO] [stdout] test database::system_entities::tests::invite ... FAILED
[INFO] [stdout] test database::room_node::tests::transfert_room ... FAILED
[INFO] [stdout] test database::system_entities::tests::get_allowed ... FAILED
[INFO] [stdout] test network::multicast::test::multicast_test ... FAILED
[INFO] [stdout] test synchronisation::room_locking_service::tests::one_room_one_peer ... ok
[INFO] [stdout] test synchronisation::room_locking_service::tests::some_rooms_some_peers ... ok
[INFO] [stdout] test network::endpoint::tests::test_invalid_server_name ... ok
[INFO] [stdout] test network::endpoint::tests::test_connection_ipv4 ... ok
[INFO] [stdout] test network::endpoint::tests::test_connection_ipv6 ... ok
[INFO] [stdout] test security::tests::control_derive_pass_phrase ... ok
[INFO] [stdout] 
[INFO] [stdout] failures:
[INFO] [stdout] 
[INFO] [stdout] ---- database::authorisation_service_test::tests::room_creation stdout ----
[INFO] [stdout] 
[INFO] [stdout] thread 'database::authorisation_service_test::tests::room_creation' (12559) panicked at src/database/authorisation_service_test.rs:23:35:
[INFO] [stdout] called `Result::unwrap()` on an `Err` value: Os { code: 30, kind: ReadOnlyFilesystem, message: "Read-only file system" }
[INFO] [stdout] stack backtrace:
[INFO] [stdout]    0:     0x5798b815ca11 - <<std[617be2ca0a6fd877]::sys::backtrace::BacktraceLock>::print::DisplayBacktrace as core[a373ad73a504971]::fmt::Display>::fmt
[INFO] [stdout]    1:     0x5798b8174c0a - core[a373ad73a504971]::fmt::write
[INFO] [stdout]    2:     0x5798b816168c - <alloc[2e1b2a31b91974c5]::vec::Vec<u8> as core[a373ad73a504971]::io::write::Write>::write_fmt
[INFO] [stdout]    3:     0x5798b8136f06 - std[617be2ca0a6fd877]::panicking::default_hook::{closure#0}
[INFO] [stdout]    4:     0x5798b8154519 - std[617be2ca0a6fd877]::panicking::default_hook
[INFO] [stdout]    5:     0x5798b7b2cad0 - test[aada8e7e76ba119b]::test_main_inner::{closure#0}
[INFO] [stdout]    6:     0x5798b8154842 - std[617be2ca0a6fd877]::panicking::panic_with_hook
[INFO] [stdout]    7:     0x5798b8136fb2 - std[617be2ca0a6fd877]::panicking::panic_handler::{closure#0}
[INFO] [stdout]    8:     0x5798b812fa29 - std[617be2ca0a6fd877]::sys::backtrace::__rust_end_short_backtrace::<std[617be2ca0a6fd877]::panicking::panic_handler::{closure#0}, !>
[INFO] [stdout]    9:     0x5798b8137dad - __rustc[ea4f61d10b84890b]::rust_begin_unwind
[INFO] [stdout]   10:     0x5798b817536c - core[a373ad73a504971]::panicking::panic_fmt
[INFO] [stdout]   11:     0x5798b8175142 - core[a373ad73a504971]::result::unwrap_failed
[INFO] [stdout]   12:     0x5798b7aef5ca - discret[2d3026491016d913]::database::authorisation_service_test::tests::init_database_path
[INFO] [stdout]   13:     0x5798b7ae0622 - discret[2d3026491016d913]::database::authorisation_service_test::tests::room_creation::{closure#0}
[INFO] [stdout]   14:     0x5798b7a090ad - tokio[da42128e15cbba98]::runtime::context::runtime::enter_runtime::<<tokio[da42128e15cbba98]::runtime::scheduler::multi_thread::MultiThread>::block_on<core[a373ad73a504971]::pin::Pin<&mut dyn core[a373ad73a504971]::future::future::Future<Output = ()>>>::{closure#0}, ()>
[INFO] [stdout]   15:     0x5798b786c57a - <tokio[da42128e15cbba98]::runtime::runtime::Runtime>::block_on_inner::<core[a373ad73a504971]::pin::Pin<&mut dyn core[a373ad73a504971]::future::future::Future<Output = ()>>>
[INFO] [stdout]   16:     0x5798b7af22ad - <discret[2d3026491016d913]::database::authorisation_service_test::tests::room_creation::{closure#0} as core[a373ad73a504971]::ops::function::FnOnce<()>>::call_once
[INFO] [stdout]   17:     0x5798b7b1ff1b - test[aada8e7e76ba119b]::__rust_begin_short_backtrace::<core[a373ad73a504971]::result::Result<(), alloc[2e1b2a31b91974c5]::string::String>, fn() -> core[a373ad73a504971]::result::Result<(), alloc[2e1b2a31b91974c5]::string::String>>
[INFO] [stdout]   18:     0x5798b7b2d0f5 - test[aada8e7e76ba119b]::run_test::{closure#0}
[INFO] [stdout]   19:     0x5798b7b269e4 - std[617be2ca0a6fd877]::sys::backtrace::__rust_begin_short_backtrace::<test[aada8e7e76ba119b]::run_test::{closure#1}, ()>
[INFO] [stdout]   20:     0x5798b7b30182 - <std[617be2ca0a6fd877]::thread::lifecycle::spawn_unchecked<test[aada8e7e76ba119b]::run_test::{closure#1}, ()>::{closure#1} as core[a373ad73a504971]::ops::function::FnOnce<()>>::call_once::{shim:vtable#0}
[INFO] [stdout]   21:     0x5798b815bd4f - <std[617be2ca0a6fd877]::sys::thread::unix::Thread>::new::thread_start
[INFO] [stdout]   22:     0x72c7e8ff4dfa - <unknown>
[INFO] [stdout]   23:     0x72c7e90883d4 - clone
[INFO] [stdout]   24:                0x0 - <unknown>
[INFO] [stdout] 
[INFO] [stdout] ---- database::daily_log::tests::daily_log stdout ----
[INFO] [stdout] 
[INFO] [stdout] thread 'database::daily_log::tests::daily_log' (12565) panicked at src/database/daily_log.rs:659:35:
[INFO] [stdout] called `Result::unwrap()` on an `Err` value: Os { code: 30, kind: ReadOnlyFilesystem, message: "Read-only file system" }
[INFO] [stdout] stack backtrace:
[INFO] [stdout]    0:     0x5798b815ca11 - <<std[617be2ca0a6fd877]::sys::backtrace::BacktraceLock>::print::DisplayBacktrace as core[a373ad73a504971]::fmt::Display>::fmt
[INFO] [stdout]    1:     0x5798b8174c0a - core[a373ad73a504971]::fmt::write
[INFO] [stdout]    2:     0x5798b816168c - <alloc[2e1b2a31b91974c5]::vec::Vec<u8> as core[a373ad73a504971]::io::write::Write>::write_fmt
[INFO] [stdout]    3:     0x5798b8136f06 - std[617be2ca0a6fd877]::panicking::default_hook::{closure#0}
[INFO] [stdout]    4:     0x5798b8154519 - std[617be2ca0a6fd877]::panicking::default_hook
[INFO] [stdout]    5:     0x5798b7b2cad0 - test[aada8e7e76ba119b]::test_main_inner::{closure#0}
[INFO] [stdout]    6:     0x5798b8154842 - std[617be2ca0a6fd877]::panicking::panic_with_hook
[INFO] [stdout]    7:     0x5798b8136fb2 - std[617be2ca0a6fd877]::panicking::panic_handler::{closure#0}
[INFO] [stdout]    8:     0x5798b812fa29 - std[617be2ca0a6fd877]::sys::backtrace::__rust_end_short_backtrace::<std[617be2ca0a6fd877]::panicking::panic_handler::{closure#0}, !>
[INFO] [stdout]    9:     0x5798b8137dad - __rustc[ea4f61d10b84890b]::rust_begin_unwind
[INFO] [stdout]   10:     0x5798b817536c - core[a373ad73a504971]::panicking::panic_fmt
[INFO] [stdout]   11:     0x5798b8175142 - core[a373ad73a504971]::result::unwrap_failed
[INFO] [stdout]   12:     0x5798b7917cd7 - discret[2d3026491016d913]::database::daily_log::tests::daily_log::{closure#0}
[INFO] [stdout]   13:     0x5798b7a090ad - tokio[da42128e15cbba98]::runtime::context::runtime::enter_runtime::<<tokio[da42128e15cbba98]::runtime::scheduler::multi_thread::MultiThread>::block_on<core[a373ad73a504971]::pin::Pin<&mut dyn core[a373ad73a504971]::future::future::Future<Output = ()>>>::{closure#0}, ()>
[INFO] [stdout]   14:     0x5798b786c57a - <tokio[da42128e15cbba98]::runtime::runtime::Runtime>::block_on_inner::<core[a373ad73a504971]::pin::Pin<&mut dyn core[a373ad73a504971]::future::future::Future<Output = ()>>>
[INFO] [stdout]   15:     0x5798b79525ed - <discret[2d3026491016d913]::database::daily_log::tests::daily_log::{closure#0} as core[a373ad73a504971]::ops::function::FnOnce<()>>::call_once
[INFO] [stdout]   16:     0x5798b7b1ff1b - test[aada8e7e76ba119b]::__rust_begin_short_backtrace::<core[a373ad73a504971]::result::Result<(), alloc[2e1b2a31b91974c5]::string::String>, fn() -> core[a373ad73a504971]::result::Result<(), alloc[2e1b2a31b91974c5]::string::String>>
[INFO] [stdout]   17:     0x5798b7b2d0f5 - test[aada8e7e76ba119b]::run_test::{closure#0}
[INFO] [stdout]   18:     0x5798b7b269e4 - std[617be2ca0a6fd877]::sys::backtrace::__rust_begin_short_backtrace::<test[aada8e7e76ba119b]::run_test::{closure#1}, ()>
[INFO] [stdout]   19:     0x5798b7b30182 - <std[617be2ca0a6fd877]::thread::lifecycle::spawn_unchecked<test[aada8e7e76ba119b]::run_test::{closure#1}, ()>::{closure#1} as core[a373ad73a504971]::ops::function::FnOnce<()>>::call_once::{shim:vtable#0}
[INFO] [stdout]   20:     0x5798b815bd4f - <std[617be2ca0a6fd877]::sys::thread::unix::Thread>::new::thread_start
[INFO] [stdout]   21:     0x72c7e8ff4dfa - <unknown>
[INFO] [stdout]   22:     0x72c7e90883d4 - clone
[INFO] [stdout]   23:                0x0 - <unknown>
[INFO] [stdout] 
[INFO] [stdout] ---- database::authorisation_service_test::tests::room_load stdout ----
[INFO] [stdout] 
[INFO] [stdout] thread 'database::authorisation_service_test::tests::room_load' (12562) panicked at src/database/authorisation_service_test.rs:23:35:
[INFO] [stdout] called `Result::unwrap()` on an `Err` value: Os { code: 30, kind: ReadOnlyFilesystem, message: "Read-only file system" }
[INFO] [stdout] stack backtrace:
[INFO] [stdout]    0:     0x5798b815ca11 - <<std[617be2ca0a6fd877]::sys::backtrace::BacktraceLock>::print::DisplayBacktrace as core[a373ad73a504971]::fmt::Display>::fmt
[INFO] [stdout]    1:     0x5798b8174c0a - core[a373ad73a504971]::fmt::write
[INFO] [stdout]    2:     0x5798b816168c - <alloc[2e1b2a31b91974c5]::vec::Vec<u8> as core[a373ad73a504971]::io::write::Write>::write_fmt
[INFO] [stdout]    3:     0x5798b8136f06 - std[617be2ca0a6fd877]::panicking::default_hook::{closure#0}
[INFO] [stdout]    4:     0x5798b8154519 - std[617be2ca0a6fd877]::panicking::default_hook
[INFO] [stdout]    5:     0x5798b7b2cad0 - test[aada8e7e76ba119b]::test_main_inner::{closure#0}
[INFO] [stdout]    6:     0x5798b8154842 - std[617be2ca0a6fd877]::panicking::panic_with_hook
[INFO] [stdout]    7:     0x5798b8136fb2 - std[617be2ca0a6fd877]::panicking::panic_handler::{closure#0}
[INFO] [stdout]    8:     0x5798b812fa29 - std[617be2ca0a6fd877]::sys::backtrace::__rust_end_short_backtrace::<std[617be2ca0a6fd877]::panicking::panic_handler::{closure#0}, !>
[INFO] [stdout]    9:     0x5798b8137dad - __rustc[ea4f61d10b84890b]::rust_begin_unwind
[INFO] [stdout]   10:     0x5798b817536c - core[a373ad73a504971]::panicking::panic_fmt
[INFO] [stdout]   11:     0x5798b8175142 - core[a373ad73a504971]::result::unwrap_failed
[INFO] [stdout]   12:     0x5798b7aef5ca - discret[2d3026491016d913]::database::authorisation_service_test::tests::init_database_path
[INFO] [stdout]   13:     0x5798b7ae9c6e - discret[2d3026491016d913]::database::authorisation_service_test::tests::room_load::{closure#0}
[INFO] [stdout]   14:     0x5798b7a090ad - tokio[da42128e15cbba98]::runtime::context::runtime::enter_runtime::<<tokio[da42128e15cbba98]::runtime::scheduler::multi_thread::MultiThread>::block_on<core[a373ad73a504971]::pin::Pin<&mut dyn core[a373ad73a504971]::future::future::Future<Output = ()>>>::{closure#0}, ()>
[INFO] [stdout]   15:     0x5798b786c57a - <tokio[da42128e15cbba98]::runtime::runtime::Runtime>::block_on_inner::<core[a373ad73a504971]::pin::Pin<&mut dyn core[a373ad73a504971]::future::future::Future<Output = ()>>>
[INFO] [stdout]   16:     0x5798b7af2c4d - <discret[2d3026491016d913]::database::authorisation_service_test::tests::room_load::{closure#0} as core[a373ad73a504971]::ops::function::FnOnce<()>>::call_once
[INFO] [stdout]   17:     0x5798b7b1ff1b - test[aada8e7e76ba119b]::__rust_begin_short_backtrace::<core[a373ad73a504971]::result::Result<(), alloc[2e1b2a31b91974c5]::string::String>, fn() -> core[a373ad73a504971]::result::Result<(), alloc[2e1b2a31b91974c5]::string::String>>
[INFO] [stdout]   18:     0x5798b7b2d0f5 - test[aada8e7e76ba119b]::run_test::{closure#0}
[INFO] [stdout]   19:     0x5798b7b269e4 - std[617be2ca0a6fd877]::sys::backtrace::__rust_begin_short_backtrace::<test[aada8e7e76ba119b]::run_test::{closure#1}, ()>
[INFO] [stdout]   20:     0x5798b7b30182 - <std[617be2ca0a6fd877]::thread::lifecycle::spawn_unchecked<test[aada8e7e76ba119b]::run_test::{closure#1}, ()>::{closure#1} as core[a373ad73a504971]::ops::function::FnOnce<()>>::call_once::{shim:vtable#0}
[INFO] [stdout]   21:     0x5798b815bd4f - <std[617be2ca0a6fd877]::sys::thread::unix::Thread>::new::thread_start
[INFO] [stdout]   22:     0x72c7e8ff4dfa - <unknown>
[INFO] [stdout]   23:     0x72c7e90883d4 - clone
[INFO] [stdout]   24:                0x0 - <unknown>
[INFO] [stdout] 
[INFO] [stdout] ---- database::authorisation_service_test::tests::mutate_with_room_propagation stdout ----
[INFO] [stdout] 
[INFO] [stdout] thread 'database::authorisation_service_test::tests::mutate_with_room_propagation' (12558) panicked at src/database/authorisation_service_test.rs:23:35:
[INFO] [stdout] called `Result::unwrap()` on an `Err` value: Os { code: 30, kind: ReadOnlyFilesystem, message: "Read-only file system" }
[INFO] [stdout] stack backtrace:
[INFO] [stdout]    0:     0x5798b815ca11 - <<std[617be2ca0a6fd877]::sys::backtrace::BacktraceLock>::print::DisplayBacktrace as core[a373ad73a504971]::fmt::Display>::fmt
[INFO] [stdout]    1:     0x5798b8174c0a - core[a373ad73a504971]::fmt::write
[INFO] [stdout]    2:     0x5798b816168c - <alloc[2e1b2a31b91974c5]::vec::Vec<u8> as core[a373ad73a504971]::io::write::Write>::write_fmt
[INFO] [stdout]    3:     0x5798b8136f06 - std[617be2ca0a6fd877]::panicking::default_hook::{closure#0}
[INFO] [stdout]    4:     0x5798b8154519 - std[617be2ca0a6fd877]::panicking::default_hook
[INFO] [stdout]    5:     0x5798b7b2cad0 - test[aada8e7e76ba119b]::test_main_inner::{closure#0}
[INFO] [stdout]    6:     0x5798b8154842 - std[617be2ca0a6fd877]::panicking::panic_with_hook
[INFO] [stdout]    7:     0x5798b8136fb2 - std[617be2ca0a6fd877]::panicking::panic_handler::{closure#0}
[INFO] [stdout]    8:     0x5798b812fa29 - std[617be2ca0a6fd877]::sys::backtrace::__rust_end_short_backtrace::<std[617be2ca0a6fd877]::panicking::panic_handler::{closure#0}, !>
[INFO] [stdout]    9:     0x5798b8137dad - __rustc[ea4f61d10b84890b]::rust_begin_unwind
[INFO] [stdout]   10:     0x5798b817536c - core[a373ad73a504971]::panicking::panic_fmt
[INFO] [stdout]   11:     0x5798b8175142 - core[a373ad73a504971]::result::unwrap_failed
[INFO] [stdout]   12:     0x5798b7aef5ca - discret[2d3026491016d913]::database::authorisation_service_test::tests::init_database_path
[INFO] [stdout]   13:     0x5798b7ae4d3e - discret[2d3026491016d913]::database::authorisation_service_test::tests::mutate_with_room_propagation::{closure#0}
[INFO] [stdout]   14:     0x5798b7a090ad - tokio[da42128e15cbba98]::runtime::context::runtime::enter_runtime::<<tokio[da42128e15cbba98]::runtime::scheduler::multi_thread::MultiThread>::block_on<core[a373ad73a504971]::pin::Pin<&mut dyn core[a373ad73a504971]::future::future::Future<Output = ()>>>::{closure#0}, ()>
[INFO] [stdout]   15:     0x5798b786c57a - <tokio[da42128e15cbba98]::runtime::runtime::Runtime>::block_on_inner::<core[a373ad73a504971]::pin::Pin<&mut dyn core[a373ad73a504971]::future::future::Future<Output = ()>>>
[INFO] [stdout]   16:     0x5798b7af282d - <discret[2d3026491016d913]::database::authorisation_service_test::tests::mutate_with_room_propagation::{closure#0} as core[a373ad73a504971]::ops::function::FnOnce<()>>::call_once
[INFO] [stdout]   17:     0x5798b7b1ff1b - test[aada8e7e76ba119b]::__rust_begin_short_backtrace::<core[a373ad73a504971]::result::Result<(), alloc[2e1b2a31b91974c5]::string::String>, fn() -> core[a373ad73a504971]::result::Result<(), alloc[2e1b2a31b91974c5]::string::String>>
[INFO] [stdout]   18:     0x5798b7b2d0f5 - test[aada8e7e76ba119b]::run_test::{closure#0}
[INFO] [stdout]   19:     0x5798b7b269e4 - std[617be2ca0a6fd877]::sys::backtrace::__rust_begin_short_backtrace::<test[aada8e7e76ba119b]::run_test::{closure#1}, ()>
[INFO] [stdout]   20:     0x5798b7b30182 - <std[617be2ca0a6fd877]::thread::lifecycle::spawn_unchecked<test[aada8e7e76ba119b]::run_test::{closure#1}, ()>::{closure#1} as core[a373ad73a504971]::ops::function::FnOnce<()>>::call_once::{shim:vtable#0}
[INFO] [stdout]   21:     0x5798b815bd4f - <std[617be2ca0a6fd877]::sys::thread::unix::Thread>::new::thread_start
[INFO] [stdout]   22:     0x72c7e8ff4dfa - <unknown>
[INFO] [stdout]   23:     0x72c7e90883d4 - clone
[INFO] [stdout]   24:                0x0 - <unknown>
[INFO] [stdout] 
[INFO] [stdout] ---- database::authorisation_service_test::tests::room_update_rights stdout ----
[INFO] [stdout] 
[INFO] [stdout] thread 'database::authorisation_service_test::tests::room_update_rights' (12563) panicked at src/database/authorisation_service_test.rs:23:35:
[INFO] [stdout] called `Result::unwrap()` on an `Err` value: Os { code: 30, kind: ReadOnlyFilesystem, message: "Read-only file system" }
[INFO] [stdout] stack backtrace:
[INFO] [stdout]    0:     0x5798b815ca11 - <<std[617be2ca0a6fd877]::sys::backtrace::BacktraceLock>::print::DisplayBacktrace as core[a373ad73a504971]::fmt::Display>::fmt
[INFO] [stdout]    1:     0x5798b8174c0a - core[a373ad73a504971]::fmt::write
[INFO] [stdout]    2:     0x5798b816168c - <alloc[2e1b2a31b91974c5]::vec::Vec<u8> as core[a373ad73a504971]::io::write::Write>::write_fmt
[INFO] [stdout]    3:     0x5798b8136f06 - std[617be2ca0a6fd877]::panicking::default_hook::{closure#0}
[INFO] [stdout]    4:     0x5798b8154519 - std[617be2ca0a6fd877]::panicking::default_hook
[INFO] [stdout]    5:     0x5798b7b2cad0 - test[aada8e7e76ba119b]::test_main_inner::{closure#0}
[INFO] [stdout]    6:     0x5798b8154842 - std[617be2ca0a6fd877]::panicking::panic_with_hook
[INFO] [stdout]    7:     0x5798b8136fb2 - std[617be2ca0a6fd877]::panicking::panic_handler::{closure#0}
[INFO] [stdout]    8:     0x5798b812fa29 - std[617be2ca0a6fd877]::sys::backtrace::__rust_end_short_backtrace::<std[617be2ca0a6fd877]::panicking::panic_handler::{closure#0}, !>
[INFO] [stdout]    9:     0x5798b8137dad - __rustc[ea4f61d10b84890b]::rust_begin_unwind
[INFO] [stdout]   10:     0x5798b817536c - core[a373ad73a504971]::panicking::panic_fmt
[INFO] [stdout]   11:     0x5798b8175142 - core[a373ad73a504971]::result::unwrap_failed
[INFO] [stdout]   12:     0x5798b7aef5ca - discret[2d3026491016d913]::database::authorisation_service_test::tests::init_database_path
[INFO] [stdout]   13:     0x5798b7ae2a74 - discret[2d3026491016d913]::database::authorisation_service_test::tests::room_update_rights::{closure#0}
[INFO] [stdout]   14:     0x5798b7a090ad - tokio[da42128e15cbba98]::runtime::context::runtime::enter_runtime::<<tokio[da42128e15cbba98]::runtime::scheduler::multi_thread::MultiThread>::block_on<core[a373ad73a504971]::pin::Pin<&mut dyn core[a373ad73a504971]::future::future::Future<Output = ()>>>::{closure#0}, ()>
[INFO] [stdout]   15:     0x5798b786c57a - <tokio[da42128e15cbba98]::runtime::runtime::Runtime>::block_on_inner::<core[a373ad73a504971]::pin::Pin<&mut dyn core[a373ad73a504971]::future::future::Future<Output = ()>>>
[INFO] [stdout]   16:     0x5798b7af256d - <discret[2d3026491016d913]::database::authorisation_service_test::tests::room_update_rights::{closure#0} as core[a373ad73a504971]::ops::function::FnOnce<()>>::call_once
[INFO] [stdout]   17:     0x5798b7b1ff1b - test[aada8e7e76ba119b]::__rust_begin_short_backtrace::<core[a373ad73a504971]::result::Result<(), alloc[2e1b2a31b91974c5]::string::String>, fn() -> core[a373ad73a504971]::result::Result<(), alloc[2e1b2a31b91974c5]::string::String>>
[INFO] [stdout]   18:     0x5798b7b2d0f5 - test[aada8e7e76ba119b]::run_test::{closure#0}
[INFO] [stdout]   19:     0x5798b7b269e4 - std[617be2ca0a6fd877]::sys::backtrace::__rust_begin_short_backtrace::<test[aada8e7e76ba119b]::run_test::{closure#1}, ()>
[INFO] [stdout]   20:     0x5798b7b30182 - <std[617be2ca0a6fd877]::thread::lifecycle::spawn_unchecked<test[aada8e7e76ba119b]::run_test::{closure#1}, ()>::{closure#1} as core[a373ad73a504971]::ops::function::FnOnce<()>>::call_once::{shim:vtable#0}
[INFO] [stdout]   21:     0x5798b815bd4f - <std[617be2ca0a6fd877]::sys::thread::unix::Thread>::new::thread_start
[INFO] [stdout]   22:     0x72c7e8ff4dfa - <unknown>
[INFO] [stdout]   23:     0x72c7e90883d4 - clone
[INFO] [stdout]   24:                0x0 - <unknown>
[INFO] [stdout] 
[INFO] [stdout] ---- database::authorisation_service_test::tests::room_documentation_shared_calendar_example stdout ----
[INFO] [stdout] 
[INFO] [stdout] thread 'database::authorisation_service_test::tests::room_documentation_shared_calendar_example' (12561) panicked at src/database/authorisation_service_test.rs:23:35:
[INFO] [stdout] called `Result::unwrap()` on an `Err` value: Os { code: 30, kind: ReadOnlyFilesystem, message: "Read-only file system" }
[INFO] [stdout] stack backtrace:
[INFO] [stdout]    0:     0x5798b815ca11 - <<std[617be2ca0a6fd877]::sys::backtrace::BacktraceLock>::print::DisplayBacktrace as core[a373ad73a504971]::fmt::Display>::fmt
[INFO] [stdout]    1:     0x5798b8174c0a - core[a373ad73a504971]::fmt::write
[INFO] [stdout]    2:     0x5798b816168c - <alloc[2e1b2a31b91974c5]::vec::Vec<u8> as core[a373ad73a504971]::io::write::Write>::write_fmt
[INFO] [stdout]    3:     0x5798b8136f06 - std[617be2ca0a6fd877]::panicking::default_hook::{closure#0}
[INFO] [stdout]    4:     0x5798b8154519 - std[617be2ca0a6fd877]::panicking::default_hook
[INFO] [stdout]    5:     0x5798b7b2cad0 - test[aada8e7e76ba119b]::test_main_inner::{closure#0}
[INFO] [stdout]    6:     0x5798b8154842 - std[617be2ca0a6fd877]::panicking::panic_with_hook
[INFO] [stdout]    7:     0x5798b8136fb2 - std[617be2ca0a6fd877]::panicking::panic_handler::{closure#0}
[INFO] [stdout]    8:     0x5798b812fa29 - std[617be2ca0a6fd877]::sys::backtrace::__rust_end_short_backtrace::<std[617be2ca0a6fd877]::panicking::panic_handler::{closure#0}, !>
[INFO] [stdout]    9:     0x5798b8137dad - __rustc[ea4f61d10b84890b]::rust_begin_unwind
[INFO] [stdout]   10:     0x5798b817536c - core[a373ad73a504971]::panicking::panic_fmt
[INFO] [stdout]   11:     0x5798b8175142 - core[a373ad73a504971]::result::unwrap_failed
[INFO] [stdout]   12:     0x5798b7aef5ca - discret[2d3026491016d913]::database::authorisation_service_test::tests::init_database_path
[INFO] [stdout]   13:     0x5798b7ae8264 - discret[2d3026491016d913]::database::authorisation_service_test::tests::room_documentation_shared_calendar_example::{closure#0}
[INFO] [stdout]   14:     0x5798b7a090ad - tokio[da42128e15cbba98]::runtime::context::runtime::enter_runtime::<<tokio[da42128e15cbba98]::runtime::scheduler::multi_thread::MultiThread>::block_on<core[a373ad73a504971]::pin::Pin<&mut dyn core[a373ad73a504971]::future::future::Future<Output = ()>>>::{closure#0}, ()>
[INFO] [stdout]   15:     0x5798b786c57a - <tokio[da42128e15cbba98]::runtime::runtime::Runtime>::block_on_inner::<core[a373ad73a504971]::pin::Pin<&mut dyn core[a373ad73a504971]::future::future::Future<Output = ()>>>
[INFO] [stdout]   16:     0x5798b7af2aed - <discret[2d3026491016d913]::database::authorisation_service_test::tests::room_documentation_shared_calendar_example::{closure#0} as core[a373ad73a504971]::ops::function::FnOnce<()>>::call_once
[INFO] [stdout]   17:     0x5798b7b1ff1b - test[aada8e7e76ba119b]::__rust_begin_short_backtrace::<core[a373ad73a504971]::result::Result<(), alloc[2e1b2a31b91974c5]::string::String>, fn() -> core[a373ad73a504971]::result::Result<(), alloc[2e1b2a31b91974c5]::string::String>>
[INFO] [stdout]   18:     0x5798b7b2d0f5 - test[aada8e7e76ba119b]::run_test::{closure#0}
[INFO] [stdout]   19:     0x5798b7b269e4 - std[617be2ca0a6fd877]::sys::backtrace::__rust_begin_short_backtrace::<test[aada8e7e76ba119b]::run_test::{closure#1}, ()>
[INFO] [stdout]   20:     0x5798b7b30182 - <std[617be2ca0a6fd877]::thread::lifecycle::spawn_unchecked<test[aada8e7e76ba119b]::run_test::{closure#1}, ()>::{closure#1} as core[a373ad73a504971]::ops::function::FnOnce<()>>::call_once::{shim:vtable#0}
[INFO] [stdout]   21:     0x5798b815bd4f - <std[617be2ca0a6fd877]::sys::thread::unix::Thread>::new::thread_start
[INFO] [stdout]   22:     0x72c7e8ff4dfa - <unknown>
[INFO] [stdout]   23:     0x72c7e90883d4 - clone
[INFO] [stdout]   24:                0x0 - <unknown>
[INFO] [stdout] 
[INFO] [stdout] ---- database::authorisation_service_test::tests::authorisation_entities_error stdout ----
[INFO] [stdout] 
[INFO] [stdout] thread 'database::authorisation_service_test::tests::authorisation_entities_error' (12555) panicked at src/database/authorisation_service_test.rs:23:35:
[INFO] [stdout] called `Result::unwrap()` on an `Err` value: Os { code: 30, kind: ReadOnlyFilesystem, message: "Read-only file system" }
[INFO] [stdout] stack backtrace:
[INFO] [stdout]    0:     0x5798b815ca11 - <<std[617be2ca0a6fd877]::sys::backtrace::BacktraceLock>::print::DisplayBacktrace as core[a373ad73a504971]::fmt::Display>::fmt
[INFO] [stdout]    1:     0x5798b8174c0a - core[a373ad73a504971]::fmt::write
[INFO] [stdout]    2:     0x5798b816168c - <alloc[2e1b2a31b91974c5]::vec::Vec<u8> as core[a373ad73a504971]::io::write::Write>::write_fmt
[INFO] [stdout]    3:     0x5798b8136f06 - std[617be2ca0a6fd877]::panicking::default_hook::{closure#0}
[INFO] [stdout]    4:     0x5798b8154519 - std[617be2ca0a6fd877]::panicking::default_hook
[INFO] [stdout]    5:     0x5798b7b2cad0 - test[aada8e7e76ba119b]::test_main_inner::{closure#0}
[INFO] [stdout]    6:     0x5798b8154842 - std[617be2ca0a6fd877]::panicking::panic_with_hook
[INFO] [stdout]    7:     0x5798b8136fb2 - std[617be2ca0a6fd877]::panicking::panic_handler::{closure#0}
[INFO] [stdout]    8:     0x5798b812fa29 - std[617be2ca0a6fd877]::sys::backtrace::__rust_end_short_backtrace::<std[617be2ca0a6fd877]::panicking::panic_handler::{closure#0}, !>
[INFO] [stdout]    9:     0x5798b8137dad - __rustc[ea4f61d10b84890b]::rust_begin_unwind
[INFO] [stdout]   10:     0x5798b817536c - core[a373ad73a504971]::panicking::panic_fmt
[INFO] [stdout]   11:     0x5798b8175142 - core[a373ad73a504971]::result::unwrap_failed
[INFO] [stdout]   12:     0x5798b7aef5ca - discret[2d3026491016d913]::database::authorisation_service_test::tests::init_database_path
[INFO] [stdout]   13:     0x5798b7ae41bc - discret[2d3026491016d913]::database::authorisation_service_test::tests::authorisation_entities_error::{closure#0}
[INFO] [stdout]   14:     0x5798b7a090ad - tokio[da42128e15cbba98]::runtime::context::runtime::enter_runtime::<<tokio[da42128e15cbba98]::runtime::scheduler::multi_thread::MultiThread>::block_on<core[a373ad73a504971]::pin::Pin<&mut dyn core[a373ad73a504971]::future::future::Future<Output = ()>>>::{closure#0}, ()>
[INFO] [stdout]   15:     0x5798b786c57a - <tokio[da42128e15cbba98]::runtime::runtime::Runtime>::block_on_inner::<core[a373ad73a504971]::pin::Pin<&mut dyn core[a373ad73a504971]::future::future::Future<Output = ()>>>
[INFO] [stdout]   16:     0x5798b7af26cd - <discret[2d3026491016d913]::database::authorisation_service_test::tests::authorisation_entities_error::{closure#0} as core[a373ad73a504971]::ops::function::FnOnce<()>>::call_once
[INFO] [stdout]   17:     0x5798b7b1ff1b - test[aada8e7e76ba119b]::__rust_begin_short_backtrace::<core[a373ad73a504971]::result::Result<(), alloc[2e1b2a31b91974c5]::string::String>, fn() -> core[a373ad73a504971]::result::Result<(), alloc[2e1b2a31b91974c5]::string::String>>
[INFO] [stdout]   18:     0x5798b7b2d0f5 - test[aada8e7e76ba119b]::run_test::{closure#0}
[INFO] [stdout]   19:     0x5798b7b269e4 - std[617be2ca0a6fd877]::sys::backtrace::__rust_begin_short_backtrace::<test[aada8e7e76ba119b]::run_test::{closure#1}, ()>
[INFO] [stdout]   20:     0x5798b7b30182 - <std[617be2ca0a6fd877]::thread::lifecycle::spawn_unchecked<test[aada8e7e76ba119b]::run_test::{closure#1}, ()>::{closure#1} as core[a373ad73a504971]::ops::function::FnOnce<()>>::call_once::{shim:vtable#0}
[INFO] [stdout]   21:     0x5798b815bd4f - <std[617be2ca0a6fd877]::sys::thread::unix::Thread>::new::thread_start
[INFO] [stdout]   22:     0x72c7e8ff4dfa - <unknown>
[INFO] [stdout]   23:     0x72c7e90883d4 - clone
[INFO] [stdout]   24:                0x0 - <unknown>
[INFO] [stdout] 
[INFO] [stdout] ---- database::authorisation_service_test::tests::deletion_log stdout ----
[INFO] [stdout] 
[INFO] [stdout] thread 'database::authorisation_service_test::tests::deletion_log' (12557) panicked at src/database/authorisation_service_test.rs:23:35:
[INFO] [stdout] called `Result::unwrap()` on an `Err` value: Os { code: 30, kind: ReadOnlyFilesystem, message: "Read-only file system" }
[INFO] [stdout] stack backtrace:
[INFO] [stdout]    0:     0x5798b815ca11 - <<std[617be2ca0a6fd877]::sys::backtrace::BacktraceLock>::print::DisplayBacktrace as core[a373ad73a504971]::fmt::Display>::fmt
[INFO] [stdout]    1:     0x5798b8174c0a - core[a373ad73a504971]::fmt::write
[INFO] [stdout]    2:     0x5798b816168c - <alloc[2e1b2a31b91974c5]::vec::Vec<u8> as core[a373ad73a504971]::io::write::Write>::write_fmt
[INFO] [stdout]    3:     0x5798b8136f06 - std[617be2ca0a6fd877]::panicking::default_hook::{closure#0}
[INFO] [stdout]    4:     0x5798b8154519 - std[617be2ca0a6fd877]::panicking::default_hook
[INFO] [stdout]    5:     0x5798b7b2cad0 - test[aada8e7e76ba119b]::test_main_inner::{closure#0}
[INFO] [stdout]    6:     0x5798b8154842 - std[617be2ca0a6fd877]::panicking::panic_with_hook
[INFO] [stdout]    7:     0x5798b8136fb2 - std[617be2ca0a6fd877]::panicking::panic_handler::{closure#0}
[INFO] [stdout]    8:     0x5798b812fa29 - std[617be2ca0a6fd877]::sys::backtrace::__rust_end_short_backtrace::<std[617be2ca0a6fd877]::panicking::panic_handler::{closure#0}, !>
[INFO] [stdout]    9:     0x5798b8137dad - __rustc[ea4f61d10b84890b]::rust_begin_unwind
[INFO] [stdout]   10:     0x5798b817536c - core[a373ad73a504971]::panicking::panic_fmt
[INFO] [stdout]   11:     0x5798b8175142 - core[a373ad73a504971]::result::unwrap_failed
[INFO] [stdout]   12:     0x5798b7aef5ca - discret[2d3026491016d913]::database::authorisation_service_test::tests::init_database_path
[INFO] [stdout]   13:     0x5798b7ad9b86 - discret[2d3026491016d913]::database::authorisation_service_test::tests::deletion_log::{closure#0}
[INFO] [stdout]   14:     0x5798b7a090ad - tokio[da42128e15cbba98]::runtime::context::runtime::enter_runtime::<<tokio[da42128e15cbba98]::runtime::scheduler::multi_thread::MultiThread>::block_on<core[a373ad73a504971]::pin::Pin<&mut dyn core[a373ad73a504971]::future::future::Future<Output = ()>>>::{closure#0}, ()>
[INFO] [stdout]   15:     0x5798b786c57a - <tokio[da42128e15cbba98]::runtime::runtime::Runtime>::block_on_inner::<core[a373ad73a504971]::pin::Pin<&mut dyn core[a373ad73a504971]::future::future::Future<Output = ()>>>
[INFO] [stdout]   16:     0x5798b7af1fed - <discret[2d3026491016d913]::database::authorisation_service_test::tests::deletion_log::{closure#0} as core[a373ad73a504971]::ops::function::FnOnce<()>>::call_once
[INFO] [stdout]   17:     0x5798b7b1ff1b - test[aada8e7e76ba119b]::__rust_begin_short_backtrace::<core[a373ad73a504971]::result::Result<(), alloc[2e1b2a31b91974c5]::string::String>, fn() -> core[a373ad73a504971]::result::Result<(), alloc[2e1b2a31b91974c5]::string::String>>
[INFO] [stdout]   18:     0x5798b7b2d0f5 - test[aada8e7e76ba119b]::run_test::{closure#0}
[INFO] [stdout]   19:     0x5798b7b269e4 - std[617be2ca0a6fd877]::sys::backtrace::__rust_begin_short_backtrace::<test[aada8e7e76ba119b]::run_test::{closure#1}, ()>
[INFO] [stdout]   20:     0x5798b7b30182 - <std[617be2ca0a6fd877]::thread::lifecycle::spawn_unchecked<test[aada8e7e76ba119b]::run_test::{closure#1}, ()>::{closure#1} as core[a373ad73a504971]::ops::function::FnOnce<()>>::call_once::{shim:vtable#0}
[INFO] [stdout]   21:     0x5798b815bd4f - <std[617be2ca0a6fd877]::sys::thread::unix::Thread>::new::thread_start
[INFO] [stdout]   22:     0x72c7e8ff4dfa - <unknown>
[INFO] [stdout]   23:     0x72c7e90883d4 - clone
[INFO] [stdout]   24:                0x0 - <unknown>
[INFO] [stdout] 
[INFO] [stdout] ---- database::authorisation_service_test::tests::room_update_user stdout ----
[INFO] [stdout] 
[INFO] [stdout] thread 'database::authorisation_service_test::tests::room_update_user' (12564) panicked at src/database/authorisation_service_test.rs:23:35:
[INFO] [stdout] called `Result::unwrap()` on an `Err` value: Os { code: 30, kind: ReadOnlyFilesystem, message: "Read-only file system" }
[INFO] [stdout] stack backtrace:
[INFO] [stdout]    0:     0x5798b815ca11 - <<std[617be2ca0a6fd877]::sys::backtrace::BacktraceLock>::print::DisplayBacktrace as core[a373ad73a504971]::fmt::Display>::fmt
[INFO] [stdout]    1:     0x5798b8174c0a - core[a373ad73a504971]::fmt::write
[INFO] [stdout]    2:     0x5798b816168c - <alloc[2e1b2a31b91974c5]::vec::Vec<u8> as core[a373ad73a504971]::io::write::Write>::write_fmt
[INFO] [stdout]    3:     0x5798b8136f06 - std[617be2ca0a6fd877]::panicking::default_hook::{closure#0}
[INFO] [stdout]    4:     0x5798b8154519 - std[617be2ca0a6fd877]::panicking::default_hook
[INFO] [stdout]    5:     0x5798b7b2cad0 - test[aada8e7e76ba119b]::test_main_inner::{closure#0}
[INFO] [stdout]    6:     0x5798b8154842 - std[617be2ca0a6fd877]::panicking::panic_with_hook
[INFO] [stdout]    7:     0x5798b8136fb2 - std[617be2ca0a6fd877]::panicking::panic_handler::{closure#0}
[INFO] [stdout]    8:     0x5798b812fa29 - std[617be2ca0a6fd877]::sys::backtrace::__rust_end_short_backtrace::<std[617be2ca0a6fd877]::panicking::panic_handler::{closure#0}, !>
[INFO] [stdout]    9:     0x5798b8137dad - __rustc[ea4f61d10b84890b]::rust_begin_unwind
[INFO] [stdout]   10:     0x5798b817536c - core[a373ad73a504971]::panicking::panic_fmt
[INFO] [stdout]   11:     0x5798b8175142 - core[a373ad73a504971]::result::unwrap_failed
[INFO] [stdout]   12:     0x5798b7aef5ca - discret[2d3026491016d913]::database::authorisation_service_test::tests::init_database_path
[INFO] [stdout]   13:     0x5798b7ae1074 - discret[2d3026491016d913]::database::authorisation_service_test::tests::room_update_user::{closure#0}
[INFO] [stdout]   14:     0x5798b7a090ad - tokio[da42128e15cbba98]::runtime::context::runtime::enter_runtime::<<tokio[da42128e15cbba98]::runtime::scheduler::multi_thread::MultiThread>::block_on<core[a373ad73a504971]::pin::Pin<&mut dyn core[a373ad73a504971]::future::future::Future<Output = ()>>>::{closure#0}, ()>
[INFO] [stdout]   15:     0x5798b786c57a - <tokio[da42128e15cbba98]::runtime::runtime::Runtime>::block_on_inner::<core[a373ad73a504971]::pin::Pin<&mut dyn core[a373ad73a504971]::future::future::Future<Output = ()>>>
[INFO] [stdout]   16:     0x5798b7af240d - <discret[2d3026491016d913]::database::authorisation_service_test::tests::room_update_user::{closure#0} as core[a373ad73a504971]::ops::function::FnOnce<()>>::call_once
[INFO] [stdout]   17:     0x5798b7b1ff1b - test[aada8e7e76ba119b]::__rust_begin_short_backtrace::<core[a373ad73a504971]::result::Result<(), alloc[2e1b2a31b91974c5]::string::String>, fn() -> core[a373ad73a504971]::result::Result<(), alloc[2e1b2a31b91974c5]::string::String>>
[INFO] [stdout]   18:     0x5798b7b2d0f5 - test[aada8e7e76ba119b]::run_test::{closure#0}
[INFO] [stdout]   19:     0x5798b7b269e4 - std[617be2ca0a6fd877]::sys::backtrace::__rust_begin_short_backtrace::<test[aada8e7e76ba119b]::run_test::{closure#1}, ()>
[INFO] [stdout]   20:     0x5798b7b30182 - <std[617be2ca0a6fd877]::thread::lifecycle::spawn_unchecked<test[aada8e7e76ba119b]::run_test::{closure#1}, ()>::{closure#1} as core[a373ad73a504971]::ops::function::FnOnce<()>>::call_once::{shim:vtable#0}
[INFO] [stdout]   21:     0x5798b815bd4f - <std[617be2ca0a6fd877]::sys::thread::unix::Thread>::new::thread_start
[INFO] [stdout]   22:     0x72c7e8ff4dfa - <unknown>
[INFO] [stdout]   23:     0x72c7e90883d4 - clone
[INFO] [stdout]   24:                0x0 - <unknown>
[INFO] [stdout] 
[INFO] [stdout] ---- database::authorisation_service_test::tests::deletion_auth stdout ----
[INFO] [stdout] 
[INFO] [stdout] thread 'database::authorisation_service_test::tests::deletion_auth' (12556) panicked at src/database/authorisation_service_test.rs:23:35:
[INFO] [stdout] called `Result::unwrap()` on an `Err` value: Os { code: 30, kind: ReadOnlyFilesystem, message: "Read-only file system" }
[INFO] [stdout] stack backtrace:
[INFO] [stdout]    0:     0x5798b815ca11 - <<std[617be2ca0a6fd877]::sys::backtrace::BacktraceLock>::print::DisplayBacktrace as core[a373ad73a504971]::fmt::Display>::fmt
[INFO] [stdout]    1:     0x5798b8174c0a - core[a373ad73a504971]::fmt::write
[INFO] [stdout]    2:     0x5798b816168c - <alloc[2e1b2a31b91974c5]::vec::Vec<u8> as core[a373ad73a504971]::io::write::Write>::write_fmt
[INFO] [stdout]    3:     0x5798b8136f06 - std[617be2ca0a6fd877]::panicking::default_hook::{closure#0}
[INFO] [stdout]    4:     0x5798b8154519 - std[617be2ca0a6fd877]::panicking::default_hook
[INFO] [stdout]    5:     0x5798b7b2cad0 - test[aada8e7e76ba119b]::test_main_inner::{closure#0}
[INFO] [stdout]    6:     0x5798b8154842 - std[617be2ca0a6fd877]::panicking::panic_with_hook
[INFO] [stdout]    7:     0x5798b8136fb2 - std[617be2ca0a6fd877]::panicking::panic_handler::{closure#0}
[INFO] [stdout]    8:     0x5798b812fa29 - std[617be2ca0a6fd877]::sys::backtrace::__rust_end_short_backtrace::<std[617be2ca0a6fd877]::panicking::panic_handler::{closure#0}, !>
[INFO] [stdout]    9:     0x5798b8137dad - __rustc[ea4f61d10b84890b]::rust_begin_unwind
[INFO] [stdout]   10:     0x5798b817536c - core[a373ad73a504971]::panicking::panic_fmt
[INFO] [stdout]   11:     0x5798b8175142 - core[a373ad73a504971]::result::unwrap_failed
[INFO] [stdout]   12:     0x5798b7aef5ca - discret[2d3026491016d913]::database::authorisation_service_test::tests::init_database_path
[INFO] [stdout]   13:     0x5798b7add958 - discret[2d3026491016d913]::database::authorisation_service_test::tests::deletion_auth::{closure#0}
[INFO] [stdout]   14:     0x5798b7a090ad - tokio[da42128e15cbba98]::runtime::context::runtime::enter_runtime::<<tokio[da42128e15cbba98]::runtime::scheduler::multi_thread::MultiThread>::block_on<core[a373ad73a504971]::pin::Pin<&mut dyn core[a373ad73a504971]::future::future::Future<Output = ()>>>::{closure#0}, ()>
[INFO] [stdout]   15:     0x5798b786c57a - <tokio[da42128e15cbba98]::runtime::runtime::Runtime>::block_on_inner::<core[a373ad73a504971]::pin::Pin<&mut dyn core[a373ad73a504971]::future::future::Future<Output = ()>>>
[INFO] [stdout]   16:     0x5798b7af214d - <discret[2d3026491016d913]::database::authorisation_service_test::tests::deletion_auth::{closure#0} as core[a373ad73a504971]::ops::function::FnOnce<()>>::call_once
[INFO] [stdout]   17:     0x5798b7b1ff1b - test[aada8e7e76ba119b]::__rust_begin_short_backtrace::<core[a373ad73a504971]::result::Result<(), alloc[2e1b2a31b91974c5]::string::String>, fn() -> core[a373ad73a504971]::result::Result<(), alloc[2e1b2a31b91974c5]::string::String>>
[INFO] [stdout]   18:     0x5798b7b2d0f5 - test[aada8e7e76ba119b]::run_test::{closure#0}
[INFO] [stdout]   19:     0x5798b7b269e4 - std[617be2ca0a6fd877]::sys::backtrace::__rust_begin_short_backtrace::<test[aada8e7e76ba119b]::run_test::{closure#1}, ()>
[INFO] [stdout]   20:     0x5798b7b30182 - <std[617be2ca0a6fd877]::thread::lifecycle::spawn_unchecked<test[aada8e7e76ba119b]::run_test::{closure#1}, ()>::{closure#1} as core[a373ad73a504971]::ops::function::FnOnce<()>>::call_once::{shim:vtable#0}
[INFO] [stdout]   21:     0x5798b815bd4f - <std[617be2ca0a6fd877]::sys::thread::unix::Thread>::new::thread_start
[INFO] [stdout]   22:     0x72c7e8ff4dfa - <unknown>
[INFO] [stdout]   23:     0x72c7e90883d4 - clone
[INFO] [stdout]   24:                0x0 - <unknown>
[INFO] [stdout] 
[INFO] [stdout] ---- database::graph_database::tests::init_room_id stdout ----
[INFO] [stdout] 
[INFO] [stdout] thread 'database::graph_database::tests::init_room_id' (12751) panicked at src/database/graph_database.rs:1376:35:
[INFO] [stdout] called `Result::unwrap()` on an `Err` value: Os { code: 30, kind: ReadOnlyFilesystem, message: "Read-only file system" }
[INFO] [stdout] stack backtrace:
[INFO] [stdout]    0:     0x5798b815ca11 - <<std[617be2ca0a6fd877]::sys::backtrace::BacktraceLock>::print::DisplayBacktrace as core[a373ad73a504971]::fmt::Display>::fmt
[INFO] [stdout]    1:     0x5798b8174c0a - core[a373ad73a504971]::fmt::write
[INFO] [stdout]    2:     0x5798b816168c - <alloc[2e1b2a31b91974c5]::vec::Vec<u8> as core[a373ad73a504971]::io::write::Write>::write_fmt
[INFO] [stdout]    3:     0x5798b8136f06 - std[617be2ca0a6fd877]::panicking::default_hook::{closure#0}
[INFO] [stdout]    4:     0x5798b8154519 - std[617be2ca0a6fd877]::panicking::default_hook
[INFO] [stdout]    5:     0x5798b7b2cad0 - test[aada8e7e76ba119b]::test_main_inner::{closure#0}
[INFO] [stdout]    6:     0x5798b8154842 - std[617be2ca0a6fd877]::panicking::panic_with_hook
[INFO] [stdout]    7:     0x5798b8136fb2 - std[617be2ca0a6fd877]::panicking::panic_handler::{closure#0}
[INFO] [stdout]    8:     0x5798b812fa29 - std[617be2ca0a6fd877]::sys::backtrace::__rust_end_short_backtrace::<std[617be2ca0a6fd877]::panicking::panic_handler::{closure#0}, !>
[INFO] [stdout]    9:     0x5798b8137dad - __rustc[ea4f61d10b84890b]::rust_begin_unwind
[INFO] [stdout]   10:     0x5798b817536c - core[a373ad73a504971]::panicking::panic_fmt
[INFO] [stdout]   11:     0x5798b8175142 - core[a373ad73a504971]::result::unwrap_failed
[INFO] [stdout]   12:     0x5798b78cb2b5 - discret[2d3026491016d913]::database::graph_database::tests::init_database_path
[INFO] [stdout]   13:     0x5798b78c1a76 - discret[2d3026491016d913]::database::graph_database::tests::init_room_id::{closure#0}
[INFO] [stdout]   14:     0x5798b7a090ad - tokio[da42128e15cbba98]::runtime::context::runtime::enter_runtime::<<tokio[da42128e15cbba98]::runtime::scheduler::multi_thread::MultiThread>::block_on<core[a373ad73a504971]::pin::Pin<&mut dyn core[a373ad73a504971]::future::future::Future<Output = ()>>>::{closure#0}, ()>
[INFO] [stdout]   15:     0x5798b786c57a - <tokio[da42128e15cbba98]::runtime::runtime::Runtime>::block_on_inner::<core[a373ad73a504971]::pin::Pin<&mut dyn core[a373ad73a504971]::future::future::Future<Output = ()>>>
[INFO] [stdout]   16:     0x5798b78ceccd - <discret[2d3026491016d913]::database::graph_database::tests::init_room_id::{closure#0} as core[a373ad73a504971]::ops::function::FnOnce<()>>::call_once
[INFO] [stdout]   17:     0x5798b7b1ff1b - test[aada8e7e76ba119b]::__rust_begin_short_backtrace::<core[a373ad73a504971]::result::Result<(), alloc[2e1b2a31b91974c5]::string::String>, fn() -> core[a373ad73a504971]::result::Result<(), alloc[2e1b2a31b91974c5]::string::String>>
[INFO] [stdout]   18:     0x5798b7b2d0f5 - test[aada8e7e76ba119b]::run_test::{closure#0}
[INFO] [stdout]   19:     0x5798b7b269e4 - std[617be2ca0a6fd877]::sys::backtrace::__rust_begin_short_backtrace::<test[aada8e7e76ba119b]::run_test::{closure#1}, ()>
[INFO] [stdout]   20:     0x5798b7b30182 - <std[617be2ca0a6fd877]::thread::lifecycle::spawn_unchecked<test[aada8e7e76ba119b]::run_test::{closure#1}, ()>::{closure#1} as core[a373ad73a504971]::ops::function::FnOnce<()>>::call_once::{shim:vtable#0}
[INFO] [stdout]   21:     0x5798b815bd4f - <std[617be2ca0a6fd877]::sys::thread::unix::Thread>::new::thread_start
[INFO] [stdout]   22:     0x72c7e8ff4dfa - <unknown>
[INFO] [stdout]   23:     0x72c7e90883d4 - clone
[INFO] [stdout]   24:                0x0 - <unknown>
[INFO] [stdout] 
[INFO] [stdout] ---- database::graph_database::tests::update_peer_with_empty_fts stdout ----
[INFO] [stdout] 
[INFO] [stdout] thread 'database::graph_database::tests::update_peer_with_empty_fts' (12809) panicked at src/database/graph_database.rs:1376:35:
[INFO] [stdout] called `Result::unwrap()` on an `Err` value: Os { code: 30, kind: ReadOnlyFilesystem, message: "Read-only file system" }
[INFO] [stdout] stack backtrace:
[INFO] [stdout]    0:     0x5798b815ca11 - <<std[617be2ca0a6fd877]::sys::backtrace::BacktraceLock>::print::DisplayBacktrace as core[a373ad73a504971]::fmt::Display>::fmt
[INFO] [stdout]    1:     0x5798b8174c0a - core[a373ad73a504971]::fmt::write
[INFO] [stdout]    2:     0x5798b816168c - <alloc[2e1b2a31b91974c5]::vec::Vec<u8> as core[a373ad73a504971]::io::write::Write>::write_fmt
[INFO] [stdout]    3:     0x5798b8136f06 - std[617be2ca0a6fd877]::panicking::default_hook::{closure#0}
[INFO] [stdout]    4:     0x5798b8154519 - std[617be2ca0a6fd877]::panicking::default_hook
[INFO] [stdout]    5:     0x5798b7b2cad0 - test[aada8e7e76ba119b]::test_main_inner::{closure#0}
[INFO] [stdout]    6:     0x5798b8154842 - std[617be2ca0a6fd877]::panicking::panic_with_hook
[INFO] [stdout]    7:     0x5798b8136fb2 - std[617be2ca0a6fd877]::panicking::panic_handler::{closure#0}
[INFO] [stdout]    8:     0x5798b812fa29 - std[617be2ca0a6fd877]::sys::backtrace::__rust_end_short_backtrace::<std[617be2ca0a6fd877]::panicking::panic_handler::{closure#0}, !>
[INFO] [stdout]    9:     0x5798b8137dad - __rustc[ea4f61d10b84890b]::rust_begin_unwind
[INFO] [stdout]   10:     0x5798b817536c - core[a373ad73a504971]::panicking::panic_fmt
[INFO] [stdout]   11:     0x5798b8175142 - core[a373ad73a504971]::result::unwrap_failed
[INFO] [stdout]   12:     0x5798b78cb2b5 - discret[2d3026491016d913]::database::graph_database::tests::init_database_path
[INFO] [stdout]   13:     0x5798b78c5084 - discret[2d3026491016d913]::database::graph_database::tests::update_peer_with_empty_fts::{closure#0}
[INFO] [stdout]   14:     0x5798b7a090ad - tokio[da42128e15cbba98]::runtime::context::runtime::enter_runtime::<<tokio[da42128e15cbba98]::runtime::scheduler::multi_thread::MultiThread>::block_on<core[a373ad73a504971]::pin::Pin<&mut dyn core[a373ad73a504971]::future::future::Future<Output = ()>>>::{closure#0}, ()>
[INFO] [stdout]   15:     0x5798b786c57a - <tokio[da42128e15cbba98]::runtime::runtime::Runtime>::block_on_inner::<core[a373ad73a504971]::pin::Pin<&mut dyn core[a373ad73a504971]::future::future::Future<Output = ()>>>
[INFO] [stdout]   16:     0x5798b78cf24d - <discret[2d3026491016d913]::database::graph_database::tests::update_peer_with_empty_fts::{closure#0} as core[a373ad73a504971]::ops::function::FnOnce<()>>::call_once
[INFO] [stdout]   17:     0x5798b7b1ff1b - test[aada8e7e76ba119b]::__rust_begin_short_backtrace::<core[a373ad73a504971]::result::Result<(), alloc[2e1b2a31b91974c5]::string::String>, fn() -> core[a373ad73a504971]::result::Result<(), alloc[2e1b2a31b91974c5]::string::String>>
[INFO] [stdout]   18:     0x5798b7b2d0f5 - test[aada8e7e76ba119b]::run_test::{closure#0}
[INFO] [stdout]   19:     0x5798b7b269e4 - std[617be2ca0a6fd877]::sys::backtrace::__rust_begin_short_backtrace::<test[aada8e7e76ba119b]::run_test::{closure#1}, ()>
[INFO] [stdout]   20:     0x5798b7b30182 - <std[617be2ca0a6fd877]::thread::lifecycle::spawn_unchecked<test[aada8e7e76ba119b]::run_test::{closure#1}, ()>::{closure#1} as core[a373ad73a504971]::ops::function::FnOnce<()>>::call_once::{shim:vtable#0}
[INFO] [stdout]   21:     0x5798b815bd4f - <std[617be2ca0a6fd877]::sys::thread::unix::Thread>::new::thread_start
[INFO] [stdout]   22:     0x72c7e8ff4dfa - <unknown>
[INFO] [stdout]   23:     0x72c7e90883d4 - clone
[INFO] [stdout]   24:                0x0 - <unknown>
[INFO] [stdout] 
[INFO] [stdout] ---- database::graph_database::tests::delete stdout ----
[INFO] [stdout] 
[INFO] [stdout] thread 'database::graph_database::tests::delete' (12750) panicked at src/database/graph_database.rs:1376:35:
[INFO] [stdout] called `Result::unwrap()` on an `Err` value: Os { code: 30, kind: ReadOnlyFilesystem, message: "Read-only file system" }
[INFO] [stdout] stack backtrace:
[INFO] [stdout]    0:     0x5798b815ca11 - <<std[617be2ca0a6fd877]::sys::backtrace::BacktraceLock>::print::DisplayBacktrace as core[a373ad73a504971]::fmt::Display>::fmt
[INFO] [stdout]    1:     0x5798b8174c0a - core[a373ad73a504971]::fmt::write
[INFO] [stdout]    2:     0x5798b816168c - <alloc[2e1b2a31b91974c5]::vec::Vec<u8> as core[a373ad73a504971]::io::write::Write>::write_fmt
[INFO] [stdout]    3:     0x5798b8136f06 - std[617be2ca0a6fd877]::panicking::default_hook::{closure#0}
[INFO] [stdout]    4:     0x5798b8154519 - std[617be2ca0a6fd877]::panicking::default_hook
[INFO] [stdout]    5:     0x5798b7b2cad0 - test[aada8e7e76ba119b]::test_main_inner::{closure#0}
[INFO] [stdout]    6:     0x5798b8154842 - std[617be2ca0a6fd877]::panicking::panic_with_hook
[INFO] [stdout]    7:     0x5798b8136fb2 - std[617be2ca0a6fd877]::panicking::panic_handler::{closure#0}
[INFO] [stdout]    8:     0x5798b812fa29 - std[617be2ca0a6fd877]::sys::backtrace::__rust_end_short_backtrace::<std[617be2ca0a6fd877]::panicking::panic_handler::{closure#0}, !>
[INFO] [stdout]    9:     0x5798b8137dad - __rustc[ea4f61d10b84890b]::rust_begin_unwind
[INFO] [stdout]   10:     0x5798b817536c - core[a373ad73a504971]::panicking::panic_fmt
[INFO] [stdout]   11:     0x5798b8175142 - core[a373ad73a504971]::result::unwrap_failed
[INFO] [stdout]   12:     0x5798b78cb2b5 - discret[2d3026491016d913]::database::graph_database::tests::init_database_path
[INFO] [stdout]   13:     0x5798b78c619c - discret[2d3026491016d913]::database::graph_database::tests::delete::{closure#0}
[INFO] [stdout]   14:     0x5798b7a090ad - tokio[da42128e15cbba98]::runtime::context::runtime::enter_runtime::<<tokio[da42128e15cbba98]::runtime::scheduler::multi_thread::MultiThread>::block_on<core[a373ad73a504971]::pin::Pin<&mut dyn core[a373ad73a504971]::future::future::Future<Output = ()>>>::{closure#0}, ()>
[INFO] [stdout]   15:     0x5798b786c57a - <tokio[da42128e15cbba98]::runtime::runtime::Runtime>::block_on_inner::<core[a373ad73a504971]::pin::Pin<&mut dyn core[a373ad73a504971]::future::future::Future<Output = ()>>>
[INFO] [stdout]   16:     0x5798b78cf3ad - <discret[2d3026491016d913]::database::graph_database::tests::delete::{closure#0} as core[a373ad73a504971]::ops::function::FnOnce<()>>::call_once
[INFO] [stdout]   17:     0x5798b7b1ff1b - test[aada8e7e76ba119b]::__rust_begin_short_backtrace::<core[a373ad73a504971]::result::Result<(), alloc[2e1b2a31b91974c5]::string::String>, fn() -> core[a373ad73a504971]::result::Result<(), alloc[2e1b2a31b91974c5]::string::String>>
[INFO] [stdout]   18:     0x5798b7b2d0f5 - test[aada8e7e76ba119b]::run_test::{closure#0}
[INFO] [stdout]   19:     0x5798b7b269e4 - std[617be2ca0a6fd877]::sys::backtrace::__rust_begin_short_backtrace::<test[aada8e7e76ba119b]::run_test::{closure#1}, ()>
[INFO] [stdout]   20:     0x5798b7b30182 - <std[617be2ca0a6fd877]::thread::lifecycle::spawn_unchecked<test[aada8e7e76ba119b]::run_test::{closure#1}, ()>::{closure#1} as core[a373ad73a504971]::ops::function::FnOnce<()>>::call_once::{shim:vtable#0}
[INFO] [stdout]   21:     0x5798b815bd4f - <std[617be2ca0a6fd877]::sys::thread::unix::Thread>::new::thread_start
[INFO] [stdout]   22:     0x72c7e8ff4dfa - <unknown>
[INFO] [stdout]   23:     0x72c7e90883d4 - clone
[INFO] [stdout]   24:                0x0 - <unknown>
[INFO] [stdout] 
[INFO] [stdout] ---- database::graph_database::tests::selection stdout ----
[INFO] [stdout] 
[INFO] [stdout] thread 'database::graph_database::tests::selection' (12808) panicked at src/database/graph_database.rs:1376:35:
[INFO] [stdout] called `Result::unwrap()` on an `Err` value: Os { code: 30, kind: ReadOnlyFilesystem, message: "Read-only file system" }
[INFO] [stdout] stack backtrace:
[INFO] [stdout]    0:     0x5798b815ca11 - <<std[617be2ca0a6fd877]::sys::backtrace::BacktraceLock>::print::DisplayBacktrace as core[a373ad73a504971]::fmt::Display>::fmt
[INFO] [stdout]    1:     0x5798b8174c0a - core[a373ad73a504971]::fmt::write
[INFO] [stdout]    2:     0x5798b816168c - <alloc[2e1b2a31b91974c5]::vec::Vec<u8> as core[a373ad73a504971]::io::write::Write>::write_fmt
[INFO] [stdout]    3:     0x5798b8136f06 - std[617be2ca0a6fd877]::panicking::default_hook::{closure#0}
[INFO] [stdout]    4:     0x5798b8154519 - std[617be2ca0a6fd877]::panicking::default_hook
[INFO] [stdout]    5:     0x5798b7b2cad0 - test[aada8e7e76ba119b]::test_main_inner::{closure#0}
[INFO] [stdout]    6:     0x5798b8154842 - std[617be2ca0a6fd877]::panicking::panic_with_hook
[INFO] [stdout]    7:     0x5798b8136fb2 - std[617be2ca0a6fd877]::panicking::panic_handler::{closure#0}
[INFO] [stdout]    8:     0x5798b812fa29 - std[617be2ca0a6fd877]::sys::backtrace::__rust_end_short_backtrace::<std[617be2ca0a6fd877]::panicking::panic_handler::{closure#0}, !>
[INFO] [stdout]    9:     0x5798b8137dad - __rustc[ea4f61d10b84890b]::rust_begin_unwind
[INFO] [stdout]   10:     0x5798b817536c - core[a373ad73a504971]::panicking::panic_fmt
[INFO] [stdout]   11:     0x5798b8175142 - core[a373ad73a504971]::result::unwrap_failed
[INFO] [stdout]   12:     0x5798b78cb2b5 - discret[2d3026491016d913]::database::graph_database::tests::init_database_path
[INFO] [stdout]   13:     0x5798b78c76e4 - discret[2d3026491016d913]::database::graph_database::tests::selection::{closure#0}
[INFO] [stdout]   14:     0x5798b7a090ad - tokio[da42128e15cbba98]::runtime::context::runtime::enter_runtime::<<tokio[da42128e15cbba98]::runtime::scheduler::multi_thread::MultiThread>::block_on<core[a373ad73a504971]::pin::Pin<&mut dyn core[a373ad73a504971]::future::future::Future<Output = ()>>>::{closure#0}, ()>
[INFO] [stdout]   15:     0x5798b786c57a - <tokio[da42128e15cbba98]::runtime::runtime::Runtime>::block_on_inner::<core[a373ad73a504971]::pin::Pin<&mut dyn core[a373ad73a504971]::future::future::Future<Output = ()>>>
[INFO] [stdout]   16:     0x5798b78cf50a - <discret[2d3026491016d913]::database::graph_database::tests::selection::{closure#0} as core[a373ad73a504971]::ops::function::FnOnce<()>>::call_once
[INFO] [stdout]   17:     0x5798b7b1ff1b - test[aada8e7e76ba119b]::__rust_begin_short_backtrace::<core[a373ad73a504971]::result::Result<(), alloc[2e1b2a31b91974c5]::string::String>, fn() -> core[a373ad73a504971]::result::Result<(), alloc[2e1b2a31b91974c5]::string::String>>
[INFO] [stdout]   18:     0x5798b7b2d0f5 - test[aada8e7e76ba119b]::run_test::{closure#0}
[INFO] [stdout]   19:     0x5798b7b269e4 - std[617be2ca0a6fd877]::sys::backtrace::__rust_begin_short_backtrace::<test[aada8e7e76ba119b]::run_test::{closure#1}, ()>
[INFO] [stdout]   20:     0x5798b7b30182 - <std[617be2ca0a6fd877]::thread::lifecycle::spawn_unchecked<test[aada8e7e76ba119b]::run_test::{closure#1}, ()>::{closure#1} as core[a373ad73a504971]::ops::function::FnOnce<()>>::call_once::{shim:vtable#0}
[INFO] [stdout]   21:     0x5798b815bd4f - <std[617be2ca0a6fd877]::sys::thread::unix::Thread>::new::thread_start
[INFO] [stdout]   22:     0x72c7e8ff4dfa - <unknown>
[INFO] [stdout]   23:     0x72c7e90883d4 - clone
[INFO] [stdout]   24:                0x0 - <unknown>
[INFO] [stdout] 
[INFO] [stdout] ---- database::authorisation_service_test::tests::room_documentation_blog_example stdout ----
[INFO] [stdout] 
[INFO] [stdout] thread 'database::authorisation_service_test::tests::room_documentation_blog_example' (12560) panicked at src/database/authorisation_service_test.rs:23:35:
[INFO] [stdout] called `Result::unwrap()` on an `Err` value: Os { code: 30, kind: ReadOnlyFilesystem, message: "Read-only file system" }
[INFO] [stdout] stack backtrace:
[INFO] [stdout]    0:     0x5798b815ca11 - <<std[617be2ca0a6fd877]::sys::backtrace::BacktraceLock>::print::DisplayBacktrace as core[a373ad73a504971]::fmt::Display>::fmt
[INFO] [stdout]    1:     0x5798b8174c0a - core[a373ad73a504971]::fmt::write
[INFO] [stdout]    2:     0x5798b816168c - <alloc[2e1b2a31b91974c5]::vec::Vec<u8> as core[a373ad73a504971]::io::write::Write>::write_fmt
[INFO] [stdout]    3:     0x5798b8136f06 - std[617be2ca0a6fd877]::panicking::default_hook::{closure#0}
[INFO] [stdout]    4:     0x5798b8154519 - std[617be2ca0a6fd877]::panicking::default_hook
[INFO] [stdout]    5:     0x5798b7b2cad0 - test[aada8e7e76ba119b]::test_main_inner::{closure#0}
[INFO] [stdout]    6:     0x5798b8154842 - std[617be2ca0a6fd877]::panicking::panic_with_hook
[INFO] [stdout]    7:     0x5798b8136fb2 - std[617be2ca0a6fd877]::panicking::panic_handler::{closure#0}
[INFO] [stdout]    8:     0x5798b812fa29 - std[617be2ca0a6fd877]::sys::backtrace::__rust_end_short_backtrace::<std[617be2ca0a6fd877]::panicking::panic_handler::{closure#0}, !>
[INFO] [stdout]    9:     0x5798b8137dad - __rustc[ea4f61d10b84890b]::rust_begin_unwind
[INFO] [stdout]   10:     0x5798b817536c - core[a373ad73a504971]::panicking::panic_fmt
[INFO] [stdout]   11:     0x5798b8175142 - core[a373ad73a504971]::result::unwrap_failed
[INFO] [stdout]   12:     0x5798b7aef5ca - discret[2d3026491016d913]::database::authorisation_service_test::tests::init_database_path
[INFO] [stdout]   13:     0x5798b7ae6ded - discret[2d3026491016d913]::database::authorisation_service_test::tests::room_documentation_blog_example::{closure#0}
[INFO] [stdout]   14:     0x5798b7a090ad - tokio[da42128e15cbba98]::runtime::context::runtime::enter_runtime::<<tokio[da42128e15cbba98]::runtime::scheduler::multi_thread::MultiThread>::block_on<core[a373ad73a504971]::pin::Pin<&mut dyn core[a373ad73a504971]::future::future::Future<Output = ()>>>::{closure#0}, ()>
[INFO] [stdout]   15:     0x5798b786c57a - <tokio[da42128e15cbba98]::runtime::runtime::Runtime>::block_on_inner::<core[a373ad73a504971]::pin::Pin<&mut dyn core[a373ad73a504971]::future::future::Future<Output = ()>>>
[INFO] [stdout]   16:     0x5798b7af298d - <discret[2d3026491016d913]::database::authorisation_service_test::tests::room_documentation_blog_example::{closure#0} as core[a373ad73a504971]::ops::function::FnOnce<()>>::call_once
[INFO] [stdout]   17:     0x5798b7b1ff1b - test[aada8e7e76ba119b]::__rust_begin_short_backtrace::<core[a373ad73a504971]::result::Result<(), alloc[2e1b2a31b91974c5]::string::String>, fn() -> core[a373ad73a504971]::result::Result<(), alloc[2e1b2a31b91974c5]::string::String>>
[INFO] [stdout]   18:     0x5798b7b2d0f5 - test[aada8e7e76ba119b]::run_test::{closure#0}
[INFO] [stdout]   19:     0x5798b7b269e4 - std[617be2ca0a6fd877]::sys::backtrace::__rust_begin_short_backtrace::<test[aada8e7e76ba119b]::run_test::{closure#1}, ()>
[INFO] [stdout]   20:     0x5798b7b30182 - <std[617be2ca0a6fd877]::thread::lifecycle::spawn_unchecked<test[aada8e7e76ba119b]::run_test::{closure#1}, ()>::{closure#1} as core[a373ad73a504971]::ops::function::FnOnce<()>>::call_once::{shim:vtable#0}
[INFO] [stdout]   21:     0x5798b815bd4f - <std[617be2ca0a6fd877]::sys::thread::unix::Thread>::new::thread_start
[INFO] [stdout]   22:     0x72c7e8ff4dfa - <unknown>
[INFO] [stdout]   23:     0x72c7e90883d4 - clone
[INFO] [stdout]   24:                0x0 - <unknown>
[INFO] [stdout] 
[INFO] [stdout] ---- database::graph_database::tests::load_data_model stdout ----
[INFO] [stdout] 
[INFO] [stdout] thread 'database::graph_database::tests::load_data_model' (12806) panicked at src/database/graph_database.rs:1376:35:
[INFO] [stdout] called `Result::unwrap()` on an `Err` value: Os { code: 30, kind: ReadOnlyFilesystem, message: "Read-only file system" }
[INFO] [stdout] stack backtrace:
[INFO] [stdout]    0:     0x5798b815ca11 - <<std[617be2ca0a6fd877]::sys::backtrace::BacktraceLock>::print::DisplayBacktrace as core[a373ad73a504971]::fmt::Display>::fmt
[INFO] [stdout]    1:     0x5798b8174c0a - core[a373ad73a504971]::fmt::write
[INFO] [stdout]    2:     0x5798b816168c - <alloc[2e1b2a31b91974c5]::vec::Vec<u8> as core[a373ad73a504971]::io::write::Write>::write_fmt
[INFO] [stdout]    3:     0x5798b8136f06 - std[617be2ca0a6fd877]::panicking::default_hook::{closure#0}
[INFO] [stdout]    4:     0x5798b8154519 - std[617be2ca0a6fd877]::panicking::default_hook
[INFO] [stdout]    5:     0x5798b7b2cad0 - test[aada8e7e76ba119b]::test_main_inner::{closure#0}
[INFO] [stdout]    6:     0x5798b8154842 - std[617be2ca0a6fd877]::panicking::panic_with_hook
[INFO] [stdout]    7:     0x5798b8136fb2 - std[617be2ca0a6fd877]::panicking::panic_handler::{closure#0}
[INFO] [stdout]    8:     0x5798b812fa29 - std[617be2ca0a6fd877]::sys::backtrace::__rust_end_short_backtrace::<std[617be2ca0a6fd877]::panicking::panic_handler::{closure#0}, !>
[INFO] [stdout]    9:     0x5798b8137dad - __rustc[ea4f61d10b84890b]::rust_begin_unwind
[INFO] [stdout]   10:     0x5798b817536c - core[a373ad73a504971]::panicking::panic_fmt
[INFO] [stdout]   11:     0x5798b8175142 - core[a373ad73a504971]::result::unwrap_failed
[INFO] [stdout]   12:     0x5798b78cb2b5 - discret[2d3026491016d913]::database::graph_database::tests::init_database_path
[INFO] [stdout]   13:     0x5798b78c3eb9 - discret[2d3026491016d913]::database::graph_database::tests::load_data_model::{closure#0}
[INFO] [stdout]   14:     0x5798b7a090ad - tokio[da42128e15cbba98]::runtime::context::runtime::enter_runtime::<<tokio[da42128e15cbba98]::runtime::scheduler::multi_thread::MultiThread>::block_on<core[a373ad73a504971]::pin::Pin<&mut dyn core[a373ad73a504971]::future::future::Future<Output = ()>>>::{closure#0}, ()>
[INFO] [stdout]   15:     0x5798b786c57a - <tokio[da42128e15cbba98]::runtime::runtime::Runtime>::block_on_inner::<core[a373ad73a504971]::pin::Pin<&mut dyn core[a373ad73a504971]::future::future::Future<Output = ()>>>
[INFO] [stdout]   16:     0x5798b78cef8a - <discret[2d3026491016d913]::database::graph_database::tests::load_data_model::{closure#0} as core[a373ad73a504971]::ops::function::FnOnce<()>>::call_once
[INFO] [stdout]   17:     0x5798b7b1ff1b - test[aada8e7e76ba119b]::__rust_begin_short_backtrace::<core[a373ad73a504971]::result::Result<(), alloc[2e1b2a31b91974c5]::string::String>, fn() -> core[a373ad73a504971]::result::Result<(), alloc[2e1b2a31b91974c5]::string::String>>
[INFO] [stdout]   18:     0x5798b7b2d0f5 - test[aada8e7e76ba119b]::run_test::{closure#0}
[INFO] [stdout]   19:     0x5798b7b269e4 - std[617be2ca0a6fd877]::sys::backtrace::__rust_begin_short_backtrace::<test[aada8e7e76ba119b]::run_test::{closure#1}, ()>
[INFO] [stdout]   20:     0x5798b7b30182 - <std[617be2ca0a6fd877]::thread::lifecycle::spawn_unchecked<test[aada8e7e76ba119b]::run_test::{closure#1}, ()>::{closure#1} as core[a373ad73a504971]::ops::function::FnOnce<()>>::call_once::{shim:vtable#0}
[INFO] [stdout]   21:     0x5798b815bd4f - <std[617be2ca0a6fd877]::sys::thread::unix::Thread>::new::thread_start
[INFO] [stdout]   22:     0x72c7e8ff4dfa - <unknown>
[INFO] [stdout]   23:     0x72c7e90883d4 - clone
[INFO] [stdout]   24:                0x0 - <unknown>
[INFO] [stdout] 
[INFO] [stdout] ---- database::graph_database::tests::insert_system_room stdout ----
[INFO] [stdout] 
[INFO] [stdout] thread 'database::graph_database::tests::insert_system_room' (12771) panicked at src/database/graph_database.rs:1376:35:
[INFO] [stdout] called `Result::unwrap()` on an `Err` value: Os { code: 30, kind: ReadOnlyFilesystem, message: "Read-only file system" }
[INFO] [stdout] stack backtrace:
[INFO] [stdout]    0:     0x5798b815ca11 - <<std[617be2ca0a6fd877]::sys::backtrace::BacktraceLock>::print::DisplayBacktrace as core[a373ad73a504971]::fmt::Display>::fmt
[INFO] [stdout]    1:     0x5798b8174c0a - core[a373ad73a504971]::fmt::write
[INFO] [stdout]    2:     0x5798b816168c - <alloc[2e1b2a31b91974c5]::vec::Vec<u8> as core[a373ad73a504971]::io::write::Write>::write_fmt
[INFO] [stdout]    3:     0x5798b8136f06 - std[617be2ca0a6fd877]::panicking::default_hook::{closure#0}
[INFO] [stdout]    4:     0x5798b8154519 - std[617be2ca0a6fd877]::panicking::default_hook
[INFO] [stdout]    5:     0x5798b7b2cad0 - test[aada8e7e76ba119b]::test_main_inner::{closure#0}
[INFO] [stdout]    6:     0x5798b8154842 - std[617be2ca0a6fd877]::panicking::panic_with_hook
[INFO] [stdout]    7:     0x5798b8136fb2 - std[617be2ca0a6fd877]::panicking::panic_handler::{closure#0}
[INFO] [stdout]    8:     0x5798b812fa29 - std[617be2ca0a6fd877]::sys::backtrace::__rust_end_short_backtrace::<std[617be2ca0a6fd877]::panicking::panic_handler::{closure#0}, !>
[INFO] [stdout]    9:     0x5798b8137dad - __rustc[ea4f61d10b84890b]::rust_begin_unwind
[INFO] [stdout]   10:     0x5798b817536c - core[a373ad73a504971]::panicking::panic_fmt
[INFO] [stdout]   11:     0x5798b8175142 - core[a373ad73a504971]::result::unwrap_failed
[INFO] [stdout]   12:     0x5798b78cb2b5 - discret[2d3026491016d913]::database::graph_database::tests::init_database_path
[INFO] [stdout]   13:     0x5798b78c4966 - discret[2d3026491016d913]::database::graph_database::tests::insert_system_room::{closure#0}
[INFO] [stdout]   14:     0x5798b7a090ad - tokio[da42128e15cbba98]::runtime::context::runtime::enter_runtime::<<tokio[da42128e15cbba98]::runtime::scheduler::multi_thread::MultiThread>::block_on<core[a373ad73a504971]::pin::Pin<&mut dyn core[a373ad73a504971]::future::future::Future<Output = ()>>>::{closure#0}, ()>
[INFO] [stdout]   15:     0x5798b786c57a - <tokio[da42128e15cbba98]::runtime::runtime::Runtime>::block_on_inner::<core[a373ad73a504971]::pin::Pin<&mut dyn core[a373ad73a504971]::future::future::Future<Output = ()>>>
[INFO] [stdout]   16:     0x5798b78cf0ea - <discret[2d3026491016d913]::database::graph_database::tests::insert_system_room::{closure#0} as core[a373ad73a504971]::ops::function::FnOnce<()>>::call_once
[INFO] [stdout]   17:     0x5798b7b1ff1b - test[aada8e7e76ba119b]::__rust_begin_short_backtrace::<core[a373ad73a504971]::result::Result<(), alloc[2e1b2a31b91974c5]::string::String>, fn() -> core[a373ad73a504971]::result::Result<(), alloc[2e1b2a31b91974c5]::string::String>>
[INFO] [stdout]   18:     0x5798b7b2d0f5 - test[aada8e7e76ba119b]::run_test::{closure#0}
[INFO] [stdout]   19:     0x5798b7b269e4 - std[617be2ca0a6fd877]::sys::backtrace::__rust_begin_short_backtrace::<test[aada8e7e76ba119b]::run_test::{closure#1}, ()>
[INFO] [stdout]   20:     0x5798b7b30182 - <std[617be2ca0a6fd877]::thread::lifecycle::spawn_unchecked<test[aada8e7e76ba119b]::run_test::{closure#1}, ()>::{closure#1} as core[a373ad73a504971]::ops::function::FnOnce<()>>::call_once::{shim:vtable#0}
[INFO] [stdout]   21:     0x5798b815bd4f - <std[617be2ca0a6fd877]::sys::thread::unix::Thread>::new::thread_start
[INFO] [stdout]   22:     0x72c7e8ff4dfa - <unknown>
[INFO] [stdout]   23:     0x72c7e90883d4 - clone
[INFO] [stdout]   24:                0x0 - <unknown>
[INFO] [stdout] 
[INFO] [stdout] ---- database::graph_database::tests::result_parser stdout ----
[INFO] [stdout] 
[INFO] [stdout] thread 'database::graph_database::tests::result_parser' (12807) panicked at src/database/graph_database.rs:1376:35:
[INFO] [stdout] called `Result::unwrap()` on an `Err` value: Os { code: 30, kind: ReadOnlyFilesystem, message: "Read-only file system" }
[INFO] [stdout] stack backtrace:
[INFO] [stdout]    0:     0x5798b815ca11 - <<std[617be2ca0a6fd877]::sys::backtrace::BacktraceLock>::print::DisplayBacktrace as core[a373ad73a504971]::fmt::Display>::fmt
[INFO] [stdout]    1:     0x5798b8174c0a - core[a373ad73a504971]::fmt::write
[INFO] [stdout]    2:     0x5798b816168c - <alloc[2e1b2a31b91974c5]::vec::Vec<u8> as core[a373ad73a504971]::io::write::Write>::write_fmt
[INFO] [stdout]    3:     0x5798b8136f06 - std[617be2ca0a6fd877]::panicking::default_hook::{closure#0}
[INFO] [stdout]    4:     0x5798b8154519 - std[617be2ca0a6fd877]::panicking::default_hook
[INFO] [stdout]    5:     0x5798b7b2cad0 - test[aada8e7e76ba119b]::test_main_inner::{closure#0}
[INFO] [stdout]    6:     0x5798b8154842 - std[617be2ca0a6fd877]::panicking::panic_with_hook
[INFO] [stdout]    7:     0x5798b8136fb2 - std[617be2ca0a6fd877]::panicking::panic_handler::{closure#0}
[INFO] [stdout]    8:     0x5798b812fa29 - std[617be2ca0a6fd877]::sys::backtrace::__rust_end_short_backtrace::<std[617be2ca0a6fd877]::panicking::panic_handler::{closure#0}, !>
[INFO] [stdout]    9:     0x5798b8137dad - __rustc[ea4f61d10b84890b]::rust_begin_unwind
[INFO] [stdout]   10:     0x5798b817536c - core[a373ad73a504971]::panicking::panic_fmt
[INFO] [stdout]   11:     0x5798b8175142 - core[a373ad73a504971]::result::unwrap_failed
[INFO] [stdout]   12:     0x5798b78cb2b5 - discret[2d3026491016d913]::database::graph_database::tests::init_database_path
[INFO] [stdout]   13:     0x5798b78c2b6c - discret[2d3026491016d913]::database::graph_database::tests::result_parser::{closure#0}
[INFO] [stdout]   14:     0x5798b7a090ad - tokio[da42128e15cbba98]::runtime::context::runtime::enter_runtime::<<tokio[da42128e15cbba98]::runtime::scheduler::multi_thread::MultiThread>::block_on<core[a373ad73a504971]::pin::Pin<&mut dyn core[a373ad73a504971]::future::future::Future<Output = ()>>>::{closure#0}, ()>
[INFO] [stdout]   15:     0x5798b786c57a - <tokio[da42128e15cbba98]::runtime::runtime::Runtime>::block_on_inner::<core[a373ad73a504971]::pin::Pin<&mut dyn core[a373ad73a504971]::future::future::Future<Output = ()>>>
[INFO] [stdout]   16:     0x5798b78cee2d - <discret[2d3026491016d913]::database::graph_database::tests::result_parser::{closure#0} as core[a373ad73a504971]::ops::function::FnOnce<()>>::call_once
[INFO] [stdout]   17:     0x5798b7b1ff1b - test[aada8e7e76ba119b]::__rust_begin_short_backtrace::<core[a373ad73a504971]::result::Result<(), alloc[2e1b2a31b91974c5]::string::String>, fn() -> core[a373ad73a504971]::result::Result<(), alloc[2e1b2a31b91974c5]::string::String>>
[INFO] [stdout]   18:     0x5798b7b2d0f5 - test[aada8e7e76ba119b]::run_test::{closure#0}
[INFO] [stdout]   19:     0x5798b7b269e4 - std[617be2ca0a6fd877]::sys::backtrace::__rust_begin_short_backtrace::<test[aada8e7e76ba119b]::run_test::{closure#1}, ()>
[INFO] [stdout]   20:     0x5798b7b30182 - <std[617be2ca0a6fd877]::thread::lifecycle::spawn_unchecked<test[aada8e7e76ba119b]::run_test::{closure#1}, ()>::{closure#1} as core[a373ad73a504971]::ops::function::FnOnce<()>>::call_once::{shim:vtable#0}
[INFO] [stdout]   21:     0x5798b815bd4f - <std[617be2ca0a6fd877]::sys::thread::unix::Thread>::new::thread_start
[INFO] [stdout]   22:     0x72c7e8ff4dfa - <unknown>
[INFO] [stdout]   23:     0x72c7e90883d4 - clone
[INFO] [stdout]   24:                0x0 - <unknown>
[INFO] [stdout] 
[INFO] [stdout] ---- database::room_node::tests::export_room_from_database stdout ----
[INFO] [stdout] 
[INFO] [stdout] thread 'database::room_node::tests::export_room_from_database' (12988) panicked at src/database/room_node.rs:949:35:
[INFO] [stdout] called `Result::unwrap()` on an `Err` value: Os { code: 30, kind: ReadOnlyFilesystem, message: "Read-only file system" }
[INFO] [stdout] stack backtrace:
[INFO] [stdout]    0:     0x5798b815ca11 - <<std[617be2ca0a6fd877]::sys::backtrace::BacktraceLock>::print::DisplayBacktrace as core[a373ad73a504971]::fmt::Display>::fmt
[INFO] [stdout]    1:     0x5798b8174c0a - core[a373ad73a504971]::fmt::write
[INFO] [stdout]    2:     0x5798b816168c - <alloc[2e1b2a31b91974c5]::vec::Vec<u8> as core[a373ad73a504971]::io::write::Write>::write_fmt
[INFO] [stdout]    3:     0x5798b8136f06 - std[617be2ca0a6fd877]::panicking::default_hook::{closure#0}
[INFO] [stdout]    4:     0x5798b8154519 - std[617be2ca0a6fd877]::panicking::default_hook
[INFO] [stdout]    5:     0x5798b7b2cad0 - test[aada8e7e76ba119b]::test_main_inner::{closure#0}
[INFO] [stdout]    6:     0x5798b8154842 - std[617be2ca0a6fd877]::panicking::panic_with_hook
[INFO] [stdout]    7:     0x5798b8136fb2 - std[617be2ca0a6fd877]::panicking::panic_handler::{closure#0}
[INFO] [stdout]    8:     0x5798b812fa29 - std[617be2ca0a6fd877]::sys::backtrace::__rust_end_short_backtrace::<std[617be2ca0a6fd877]::panicking::panic_handler::{closure#0}, !>
[INFO] [stdout]    9:     0x5798b8137dad - __rustc[ea4f61d10b84890b]::rust_begin_unwind
[INFO] [stdout]   10:     0x5798b817536c - core[a373ad73a504971]::panicking::panic_fmt
[INFO] [stdout]   11:     0x5798b8175142 - core[a373ad73a504971]::result::unwrap_failed
[INFO] [stdout]   12:     0x5798b797aa2a - discret[2d3026491016d913]::database::room_node::tests::init_database_path
[INFO] [stdout]   13:     0x5798b7974bdc - discret[2d3026491016d913]::database::room_node::tests::export_room_from_database::{closure#0}
[INFO] [stdout]   14:     0x5798b7a090ad - tokio[da42128e15cbba98]::runtime::context::runtime::enter_runtime::<<tokio[da42128e15cbba98]::runtime::scheduler::multi_thread::MultiThread>::block_on<core[a373ad73a504971]::pin::Pin<&mut dyn core[a373ad73a504971]::future::future::Future<Output = ()>>>::{closure#0}, ()>
[INFO] [stdout]   15:     0x5798b786c57a - <tokio[da42128e15cbba98]::runtime::runtime::Runtime>::block_on_inner::<core[a373ad73a504971]::pin::Pin<&mut dyn core[a373ad73a504971]::future::future::Future<Output = ()>>>
[INFO] [stdout]   16:     0x5798b79803cd - <discret[2d3026491016d913]::database::room_node::tests::export_room_from_database::{closure#0} as core[a373ad73a504971]::ops::function::FnOnce<()>>::call_once
[INFO] [stdout]   17:     0x5798b7b1ff1b - test[aada8e7e76ba119b]::__rust_begin_short_backtrace::<core[a373ad73a504971]::result::Result<(), alloc[2e1b2a31b91974c5]::string::String>, fn() -> core[a373ad73a504971]::result::Result<(), alloc[2e1b2a31b91974c5]::string::String>>
[INFO] [stdout]   18:     0x5798b7b2d0f5 - test[aada8e7e76ba119b]::run_test::{closure#0}
[INFO] [stdout]   19:     0x5798b7b269e4 - std[617be2ca0a6fd877]::sys::backtrace::__rust_begin_short_backtrace::<test[aada8e7e76ba119b]::run_test::{closure#1}, ()>
[INFO] [stdout]   20:     0x5798b7b30182 - <std[617be2ca0a6fd877]::thread::lifecycle::spawn_unchecked<test[aada8e7e76ba119b]::run_test::{closure#1}, ()>::{closure#1} as core[a373ad73a504971]::ops::function::FnOnce<()>>::call_once::{shim:vtable#0}
[INFO] [stdout]   21:     0x5798b815bd4f - <std[617be2ca0a6fd877]::sys::thread::unix::Thread>::new::thread_start
[INFO] [stdout]   22:     0x72c7e8ff4dfa - <unknown>
[INFO] [stdout]   23:     0x72c7e90883d4 - clone
[INFO] [stdout]   24:                0x0 - <unknown>
[INFO] [stdout] 
[INFO] [stdout] ---- database::room_node::tests::admin_rights stdout ----
[INFO] [stdout] 
[INFO] [stdout] thread 'database::room_node::tests::admin_rights' (12987) panicked at src/database/room_node.rs:949:35:
[INFO] [stdout] called `Result::unwrap()` on an `Err` value: Os { code: 30, kind: ReadOnlyFilesystem, message: "Read-only file system" }
[INFO] [stdout] stack backtrace:
[INFO] [stdout]    0:     0x5798b815ca11 - <<std[617be2ca0a6fd877]::sys::backtrace::BacktraceLock>::print::DisplayBacktrace as core[a373ad73a504971]::fmt::Display>::fmt
[INFO] [stdout]    1:     0x5798b8174c0a - core[a373ad73a504971]::fmt::write
[INFO] [stdout]    2:     0x5798b816168c - <alloc[2e1b2a31b91974c5]::vec::Vec<u8> as core[a373ad73a504971]::io::write::Write>::write_fmt
[INFO] [stdout]    3:     0x5798b8136f06 - std[617be2ca0a6fd877]::panicking::default_hook::{closure#0}
[INFO] [stdout]    4:     0x5798b8154519 - std[617be2ca0a6fd877]::panicking::default_hook
[INFO] [stdout]    5:     0x5798b7b2cad0 - test[aada8e7e76ba119b]::test_main_inner::{closure#0}
[INFO] [stdout]    6:     0x5798b8154842 - std[617be2ca0a6fd877]::panicking::panic_with_hook
[INFO] [stdout]    7:     0x5798b8136fb2 - std[617be2ca0a6fd877]::panicking::panic_handler::{closure#0}
[INFO] [stdout]    8:     0x5798b812fa29 - std[617be2ca0a6fd877]::sys::backtrace::__rust_end_short_backtrace::<std[617be2ca0a6fd877]::panicking::panic_handler::{closure#0}, !>
[INFO] [stdout]    9:     0x5798b8137dad - __rustc[ea4f61d10b84890b]::rust_begin_unwind
[INFO] [stdout]   10:     0x5798b817536c - core[a373ad73a504971]::panicking::panic_fmt
[INFO] [stdout]   11:     0x5798b8175142 - core[a373ad73a504971]::result::unwrap_failed
[INFO] [stdout]   12:     0x5798b797aa2a - discret[2d3026491016d913]::database::room_node::tests::init_database_path
[INFO] [stdout]   13:     0x5798b796adb7 - discret[2d3026491016d913]::database::room_node::tests::admin_rights::{closure#0}
[INFO] [stdout]   14:     0x5798b7a090ad - tokio[da42128e15cbba98]::runtime::context::runtime::enter_runtime::<<tokio[da42128e15cbba98]::runtime::scheduler::multi_thread::MultiThread>::block_on<core[a373ad73a504971]::pin::Pin<&mut dyn core[a373ad73a504971]::future::future::Future<Output = ()>>>::{closure#0}, ()>
[INFO] [stdout]   15:     0x5798b786c57a - <tokio[da42128e15cbba98]::runtime::runtime::Runtime>::block_on_inner::<core[a373ad73a504971]::pin::Pin<&mut dyn core[a373ad73a504971]::future::future::Future<Output = ()>>>
[INFO] [stdout]   16:     0x5798b797fe4d - <discret[2d3026491016d913]::database::room_node::tests::admin_rights::{closure#0} as core[a373ad73a504971]::ops::function::FnOnce<()>>::call_once
[INFO] [stdout]   17:     0x5798b7b1ff1b - test[aada8e7e76ba119b]::__rust_begin_short_backtrace::<core[a373ad73a504971]::result::Result<(), alloc[2e1b2a31b91974c5]::string::String>, fn() -> core[a373ad73a504971]::result::Result<(), alloc[2e1b2a31b91974c5]::string::String>>
[INFO] [stdout]   18:     0x5798b7b2d0f5 - test[aada8e7e76ba119b]::run_test::{closure#0}
[INFO] [stdout]   19:     0x5798b7b269e4 - std[617be2ca0a6fd877]::sys::backtrace::__rust_begin_short_backtrace::<test[aada8e7e76ba119b]::run_test::{closure#1}, ()>
[INFO] [stdout]   20:     0x5798b7b30182 - <std[617be2ca0a6fd877]::thread::lifecycle::spawn_unchecked<test[aada8e7e76ba119b]::run_test::{closure#1}, ()>::{closure#1} as core[a373ad73a504971]::ops::function::FnOnce<()>>::call_once::{shim:vtable#0}
[INFO] [stdout]   21:     0x5798b815bd4f - <std[617be2ca0a6fd877]::sys::thread::unix::Thread>::new::thread_start
[INFO] [stdout]   22:     0x72c7e8ff4dfa - <unknown>
[INFO] [stdout]   23:     0x72c7e90883d4 - clone
[INFO] [stdout]   24:                0x0 - <unknown>
[INFO] [stdout] 
[INFO] [stdout] ---- database::room_node::tests::parse_room_node_test stdout ----
[INFO] [stdout] 
[INFO] [stdout] thread 'database::room_node::tests::parse_room_node_test' (12992) panicked at src/database/room_node.rs:949:35:
[INFO] [stdout] called `Result::unwrap()` on an `Err` value: Os { code: 30, kind: ReadOnlyFilesystem, message: "Read-only file system" }
[INFO] [stdout] stack backtrace:
[INFO] [stdout]    0:     0x5798b815ca11 - <<std[617be2ca0a6fd877]::sys::backtrace::BacktraceLock>::print::DisplayBacktrace as core[a373ad73a504971]::fmt::Display>::fmt
[INFO] [stdout]    1:     0x5798b8174c0a - core[a373ad73a504971]::fmt::write
[INFO] [stdout]    2:     0x5798b816168c - <alloc[2e1b2a31b91974c5]::vec::Vec<u8> as core[a373ad73a504971]::io::write::Write>::write_fmt
[INFO] [stdout]    3:     0x5798b8136f06 - std[617be2ca0a6fd877]::panicking::default_hook::{closure#0}
[INFO] [stdout]    4:     0x5798b8154519 - std[617be2ca0a6fd877]::panicking::default_hook
[INFO] [stdout]    5:     0x5798b7b2cad0 - test[aada8e7e76ba119b]::test_main_inner::{closure#0}
[INFO] [stdout]    6:     0x5798b8154842 - std[617be2ca0a6fd877]::panicking::panic_with_hook
[INFO] [stdout]    7:     0x5798b8136fb2 - std[617be2ca0a6fd877]::panicking::panic_handler::{closure#0}
[INFO] [stdout]    8:     0x5798b812fa29 - std[617be2ca0a6fd877]::sys::backtrace::__rust_end_short_backtrace::<std[617be2ca0a6fd877]::panicking::panic_handler::{closure#0}, !>
[INFO] [stdout]    9:     0x5798b8137dad - __rustc[ea4f61d10b84890b]::rust_begin_unwind
[INFO] [stdout]   10:     0x5798b817536c - core[a373ad73a504971]::panicking::panic_fmt
[INFO] [stdout]   11:     0x5798b8175142 - core[a373ad73a504971]::result::unwrap_failed
[INFO] [stdout]   12:     0x5798b797aa2a - discret[2d3026491016d913]::database::room_node::tests::init_database_path
[INFO] [stdout]   13:     0x5798b7973dec - discret[2d3026491016d913]::database::room_node::tests::parse_room_node_test::{closure#0}
[INFO] [stdout]   14:     0x5798b7a090ad - tokio[da42128e15cbba98]::runtime::context::runtime::enter_runtime::<<tokio[da42128e15cbba98]::runtime::scheduler::multi_thread::MultiThread>::block_on<core[a373ad73a504971]::pin::Pin<&mut dyn core[a373ad73a504971]::future::future::Future<Output = ()>>>::{closure#0}, ()>
[INFO] [stdout]   15:     0x5798b786c57a - <tokio[da42128e15cbba98]::runtime::runtime::Runtime>::block_on_inner::<core[a373ad73a504971]::pin::Pin<&mut dyn core[a373ad73a504971]::future::future::Future<Output = ()>>>
[INFO] [stdout]   16:     0x5798b798026d - <discret[2d3026491016d913]::database::room_node::tests::parse_room_node_test::{closure#0} as core[a373ad73a504971]::ops::function::FnOnce<()>>::call_once
[INFO] [stdout]   17:     0x5798b7b1ff1b - test[aada8e7e76ba119b]::__rust_begin_short_backtrace::<core[a373ad73a504971]::result::Result<(), alloc[2e1b2a31b91974c5]::string::String>, fn() -> core[a373ad73a504971]::result::Result<(), alloc[2e1b2a31b91974c5]::string::String>>
[INFO] [stdout]   18:     0x5798b7b2d0f5 - test[aada8e7e76ba119b]::run_test::{closure#0}
[INFO] [stdout]   19:     0x5798b7b269e4 - std[617be2ca0a6fd877]::sys::backtrace::__rust_begin_short_backtrace::<test[aada8e7e76ba119b]::run_test::{closure#1}, ()>
[INFO] [stdout]   20:     0x5798b7b30182 - <std[617be2ca0a6fd877]::thread::lifecycle::spawn_unchecked<test[aada8e7e76ba119b]::run_test::{closure#1}, ()>::{closure#1} as core[a373ad73a504971]::ops::function::FnOnce<()>>::call_once::{shim:vtable#0}
[INFO] [stdout]   21:     0x5798b815bd4f - <std[617be2ca0a6fd877]::sys::thread::unix::Thread>::new::thread_start
[INFO] [stdout]   22:     0x72c7e8ff4dfa - <unknown>
[INFO] [stdout]   23:     0x72c7e90883d4 - clone
[INFO] [stdout]   24:                0x0 - <unknown>
[INFO] [stdout] 
[INFO] [stdout] ---- database::room_node::tests::invalid stdout ----
[INFO] [stdout] 
[INFO] [stdout] thread 'database::room_node::tests::invalid' (12989) panicked at src/database/room_node.rs:949:35:
[INFO] [stdout] called `Result::unwrap()` on an `Err` value: Os { code: 30, kind: ReadOnlyFilesystem, message: "Read-only file system" }
[INFO] [stdout] stack backtrace:
[INFO] [stdout]    0:     0x5798b815ca11 - <<std[617be2ca0a6fd877]::sys::backtrace::BacktraceLock>::print::DisplayBacktrace as core[a373ad73a504971]::fmt::Display>::fmt
[INFO] [stdout]    1:     0x5798b8174c0a - core[a373ad73a504971]::fmt::write
[INFO] [stdout]    2:     0x5798b816168c - <alloc[2e1b2a31b91974c5]::vec::Vec<u8> as core[a373ad73a504971]::io::write::Write>::write_fmt
[INFO] [stdout]    3:     0x5798b8136f06 - std[617be2ca0a6fd877]::panicking::default_hook::{closure#0}
[INFO] [stdout]    4:     0x5798b8154519 - std[617be2ca0a6fd877]::panicking::default_hook
[INFO] [stdout]    5:     0x5798b7b2cad0 - test[aada8e7e76ba119b]::test_main_inner::{closure#0}
[INFO] [stdout]    6:     0x5798b8154842 - std[617be2ca0a6fd877]::panicking::panic_with_hook
[INFO] [stdout]    7:     0x5798b8136fb2 - std[617be2ca0a6fd877]::panicking::panic_handler::{closure#0}
[INFO] [stdout]    8:     0x5798b812fa29 - std[617be2ca0a6fd877]::sys::backtrace::__rust_end_short_backtrace::<std[617be2ca0a6fd877]::panicking::panic_handler::{closure#0}, !>
[INFO] [stdout]    9:     0x5798b8137dad - __rustc[ea4f61d10b84890b]::rust_begin_unwind
[INFO] [stdout]   10:     0x5798b817536c - core[a373ad73a504971]::panicking::panic_fmt
[INFO] [stdout]   11:     0x5798b8175142 - core[a373ad73a504971]::result::unwrap_failed
[INFO] [stdout]   12:     0x5798b797aa2a - discret[2d3026491016d913]::database::room_node::tests::init_database_path
[INFO] [stdout]   13:     0x5798b79759b3 - discret[2d3026491016d913]::database::room_node::tests::invalid::{closure#0}
[INFO] [stdout]   14:     0x5798b7a090ad - tokio[da42128e15cbba98]::runtime::context::runtime::enter_runtime::<<tokio[da42128e15cbba98]::runtime::scheduler::multi_thread::MultiThread>::block_on<core[a373ad73a504971]::pin::Pin<&mut dyn core[a373ad73a504971]::future::future::Future<Output = ()>>>::{closure#0}, ()>
[INFO] [stdout]   15:     0x5798b786c57a - <tokio[da42128e15cbba98]::runtime::runtime::Runtime>::block_on_inner::<core[a373ad73a504971]::pin::Pin<&mut dyn core[a373ad73a504971]::future::future::Future<Output = ()>>>
[INFO] [stdout]   16:     0x5798b798052d - <discret[2d3026491016d913]::database::room_node::tests::invalid::{closure#0} as core[a373ad73a504971]::ops::function::FnOnce<()>>::call_once
[INFO] [stdout]   17:     0x5798b7b1ff1b - test[aada8e7e76ba119b]::__rust_begin_short_backtrace::<core[a373ad73a504971]::result::Result<(), alloc[2e1b2a31b91974c5]::string::String>, fn() -> core[a373ad73a504971]::result::Result<(), alloc[2e1b2a31b91974c5]::string::String>>
[INFO] [stdout]   18:     0x5798b7b2d0f5 - test[aada8e7e76ba119b]::run_test::{closure#0}
[INFO] [stdout]   19:     0x5798b7b269e4 - std[617be2ca0a6fd877]::sys::backtrace::__rust_begin_short_backtrace::<test[aada8e7e76ba119b]::run_test::{closure#1}, ()>
[INFO] [stdout]   20:     0x5798b7b30182 - <std[617be2ca0a6fd877]::thread::lifecycle::spawn_unchecked<test[aada8e7e76ba119b]::run_test::{closure#1}, ()>::{closure#1} as core[a373ad73a504971]::ops::function::FnOnce<()>>::call_once::{shim:vtable#0}
[INFO] [stdout]   21:     0x5798b815bd4f - <std[617be2ca0a6fd877]::sys::thread::unix::Thread>::new::thread_start
[INFO] [stdout]   22:     0x72c7e8ff4dfa - <unknown>
[INFO] [stdout]   23:     0x72c7e90883d4 - clone
[INFO] [stdout]   24:                0x0 - <unknown>
[INFO] [stdout] 
[INFO] [stdout] ---- database::sqlite_database::tests::read_only_test stdout ----
[INFO] [stdout] 
[INFO] [stdout] thread 'database::sqlite_database::tests::read_only_test' (13093) panicked at src/database/sqlite_database.rs:969:69:
[INFO] [stdout] called `Result::unwrap()` on an `Err` value: Io(Os { code: 30, kind: ReadOnlyFilesystem, message: "Read-only file system" })
[INFO] [stdout] stack backtrace:
[INFO] [stdout]    0:     0x5798b815ca11 - <<std[617be2ca0a6fd877]::sys::backtrace::BacktraceLock>::print::DisplayBacktrace as core[a373ad73a504971]::fmt::Display>::fmt
[INFO] [stdout]    1:     0x5798b8174c0a - core[a373ad73a504971]::fmt::write
[INFO] [stdout]    2:     0x5798b816168c - <alloc[2e1b2a31b91974c5]::vec::Vec<u8> as core[a373ad73a504971]::io::write::Write>::write_fmt
[INFO] [stdout]    3:     0x5798b8136f06 - std[617be2ca0a6fd877]::panicking::default_hook::{closure#0}
[INFO] [stdout]    4:     0x5798b8154519 - std[617be2ca0a6fd877]::panicking::default_hook
[INFO] [stdout]    5:     0x5798b7b2cad0 - test[aada8e7e76ba119b]::test_main_inner::{closure#0}
[INFO] [stdout]    6:     0x5798b8154842 - std[617be2ca0a6fd877]::panicking::panic_with_hook
[INFO] [stdout]    7:     0x5798b8136fb2 - std[617be2ca0a6fd877]::panicking::panic_handler::{closure#0}
[INFO] [stdout]    8:     0x5798b812fa29 - std[617be2ca0a6fd877]::sys::backtrace::__rust_end_short_backtrace::<std[617be2ca0a6fd877]::panicking::panic_handler::{closure#0}, !>
[INFO] [stdout]    9:     0x5798b8137dad - __rustc[ea4f61d10b84890b]::rust_begin_unwind
[INFO] [stdout]   10:     0x5798b817536c - core[a373ad73a504971]::panicking::panic_fmt
[INFO] [stdout]   11:     0x5798b8175142 - core[a373ad73a504971]::result::unwrap_failed
[INFO] [stdout]   12:     0x5798b7a33e79 - discret[2d3026491016d913]::database::sqlite_database::tests::read_only_test::{closure#0}
[INFO] [stdout]   13:     0x5798b7a090ad - tokio[da42128e15cbba98]::runtime::context::runtime::enter_runtime::<<tokio[da42128e15cbba98]::runtime::scheduler::multi_thread::MultiThread>::block_on<core[a373ad73a504971]::pin::Pin<&mut dyn core[a373ad73a504971]::future::future::Future<Output = ()>>>::{closure#0}, ()>
[INFO] [stdout]   14:     0x5798b786c57a - <tokio[da42128e15cbba98]::runtime::runtime::Runtime>::block_on_inner::<core[a373ad73a504971]::pin::Pin<&mut dyn core[a373ad73a504971]::future::future::Future<Output = ()>>>
[INFO] [stdout]   15:     0x5798b7a50bee - <discret[2d3026491016d913]::database::sqlite_database::tests::read_only_test::{closure#0} as core[a373ad73a504971]::ops::function::FnOnce<()>>::call_once
[INFO] [stdout]   16:     0x5798b7b1ff1b - test[aada8e7e76ba119b]::__rust_begin_short_backtrace::<core[a373ad73a504971]::result::Result<(), alloc[2e1b2a31b91974c5]::string::String>, fn() -> core[a373ad73a504971]::result::Result<(), alloc[2e1b2a31b91974c5]::string::String>>
[INFO] [stdout]   17:     0x5798b7b2d0f5 - test[aada8e7e76ba119b]::run_test::{closure#0}
[INFO] [stdout]   18:     0x5798b7b269e4 - std[617be2ca0a6fd877]::sys::backtrace::__rust_begin_short_backtrace::<test[aada8e7e76ba119b]::run_test::{closure#1}, ()>
[INFO] [stdout]   19:     0x5798b7b30182 - <std[617be2ca0a6fd877]::thread::lifecycle::spawn_unchecked<test[aada8e7e76ba119b]::run_test::{closure#1}, ()>::{closure#1} as core[a373ad73a504971]::ops::function::FnOnce<()>>::call_once::{shim:vtable#0}
[INFO] [stdout]   20:     0x5798b815bd4f - <std[617be2ca0a6fd877]::sys::thread::unix::Thread>::new::thread_start
[INFO] [stdout]   21:     0x72c7e8ff4dfa - <unknown>
[INFO] [stdout]   22:     0x72c7e90883d4 - clone
[INFO] [stdout]   23:                0x0 - <unknown>
[INFO] [stdout] 
[INFO] [stdout] ---- database::sqlite_database::tests::test_pragma stdout ----
[INFO] [stdout] 
[INFO] [stdout] thread 'database::sqlite_database::tests::test_pragma' (13094) panicked at src/database/sqlite_database.rs:832:66:
[INFO] [stdout] called `Result::unwrap()` on an `Err` value: Io(Os { code: 30, kind: ReadOnlyFilesystem, message: "Read-only file system" })
[INFO] [stdout] stack backtrace:
[INFO] [stdout]    0:     0x5798b815ca11 - <<std[617be2ca0a6fd877]::sys::backtrace::BacktraceLock>::print::DisplayBacktrace as core[a373ad73a504971]::fmt::Display>::fmt
[INFO] [stdout]    1:     0x5798b8174c0a - core[a373ad73a504971]::fmt::write
[INFO] [stdout]    2:     0x5798b816168c - <alloc[2e1b2a31b91974c5]::vec::Vec<u8> as core[a373ad73a504971]::io::write::Write>::write_fmt
[INFO] [stdout]    3:     0x5798b8136f06 - std[617be2ca0a6fd877]::panicking::default_hook::{closure#0}
[INFO] [stdout]    4:     0x5798b8154519 - std[617be2ca0a6fd877]::panicking::default_hook
[INFO] [stdout]    5:     0x5798b7b2cad0 - test[aada8e7e76ba119b]::test_main_inner::{closure#0}
[INFO] [stdout]    6:     0x5798b8154842 - std[617be2ca0a6fd877]::panicking::panic_with_hook
[INFO] [stdout]    7:     0x5798b8136fb2 - std[617be2ca0a6fd877]::panicking::panic_handler::{closure#0}
[INFO] [stdout]    8:     0x5798b812fa29 - std[617be2ca0a6fd877]::sys::backtrace::__rust_end_short_backtrace::<std[617be2ca0a6fd877]::panicking::panic_handler::{closure#0}, !>
[INFO] [stdout]    9:     0x5798b8137dad - __rustc[ea4f61d10b84890b]::rust_begin_unwind
[INFO] [stdout]   10:     0x5798b817536c - core[a373ad73a504971]::panicking::panic_fmt
[INFO] [stdout]   11:     0x5798b8175142 - core[a373ad73a504971]::result::unwrap_failed
[INFO] [stdout]   12:     0x5798b7a32906 - discret[2d3026491016d913]::database::sqlite_database::tests::test_pragma::{closure#0}
[INFO] [stdout]   13:     0x5798b7a090ad - tokio[da42128e15cbba98]::runtime::context::runtime::enter_runtime::<<tokio[da42128e15cbba98]::runtime::scheduler::multi_thread::MultiThread>::block_on<core[a373ad73a504971]::pin::Pin<&mut dyn core[a373ad73a504971]::future::future::Future<Output = ()>>>::{closure#0}, ()>
[INFO] [stdout]   14:     0x5798b786c57a - <tokio[da42128e15cbba98]::runtime::runtime::Runtime>::block_on_inner::<core[a373ad73a504971]::pin::Pin<&mut dyn core[a373ad73a504971]::future::future::Future<Output = ()>>>
[INFO] [stdout]   15:     0x5798b7a5087e - <discret[2d3026491016d913]::database::sqlite_database::tests::test_pragma::{closure#0} as core[a373ad73a504971]::ops::function::FnOnce<()>>::call_once
[INFO] [stdout]   16:     0x5798b7b1ff1b - test[aada8e7e76ba119b]::__rust_begin_short_backtrace::<core[a373ad73a504971]::result::Result<(), alloc[2e1b2a31b91974c5]::string::String>, fn() -> core[a373ad73a504971]::result::Result<(), alloc[2e1b2a31b91974c5]::string::String>>
[INFO] [stdout]   17:     0x5798b7b2d0f5 - test[aada8e7e76ba119b]::run_test::{closure#0}
[INFO] [stdout]   18:     0x5798b7b269e4 - std[617be2ca0a6fd877]::sys::backtrace::__rust_begin_short_backtrace::<test[aada8e7e76ba119b]::run_test::{closure#1}, ()>
[INFO] [stdout]   19:     0x5798b7b30182 - <std[617be2ca0a6fd877]::thread::lifecycle::spawn_unchecked<test[aada8e7e76ba119b]::run_test::{closure#1}, ()>::{closure#1} as core[a373ad73a504971]::ops::function::FnOnce<()>>::call_once::{shim:vtable#0}
[INFO] [stdout]   20:     0x5798b815bd4f - <std[617be2ca0a6fd877]::sys::thread::unix::Thread>::new::thread_start
[INFO] [stdout]   21:     0x72c7e8ff4dfa - <unknown>
[INFO] [stdout]   22:     0x72c7e90883d4 - clone
[INFO] [stdout]   23:                0x0 - <unknown>
[INFO] [stdout] 
[INFO] [stdout] ---- database::sqlite_database::tests::test_sqlite_version stdout ----
[INFO] [stdout] 
[INFO] [stdout] thread 'database::sqlite_database::tests::test_sqlite_version' (13095) panicked at src/database/sqlite_database.rs:819:74:
[INFO] [stdout] called `Result::unwrap()` on an `Err` value: Io(Os { code: 30, kind: ReadOnlyFilesystem, message: "Read-only file system" })
[INFO] [stdout] stack backtrace:
[INFO] [stdout]    0:     0x5798b815ca11 - <<std[617be2ca0a6fd877]::sys::backtrace::BacktraceLock>::print::DisplayBacktrace as core[a373ad73a504971]::fmt::Display>::fmt
[INFO] [stdout]    1:     0x5798b8174c0a - core[a373ad73a504971]::fmt::write
[INFO] [stdout]    2:     0x5798b816168c - <alloc[2e1b2a31b91974c5]::vec::Vec<u8> as core[a373ad73a504971]::io::write::Write>::write_fmt
[INFO] [stdout]    3:     0x5798b8136f06 - std[617be2ca0a6fd877]::panicking::default_hook::{closure#0}
[INFO] [stdout]    4:     0x5798b8154519 - std[617be2ca0a6fd877]::panicking::default_hook
[INFO] [stdout]    5:     0x5798b7b2cad0 - test[aada8e7e76ba119b]::test_main_inner::{closure#0}
[INFO] [stdout]    6:     0x5798b8154842 - std[617be2ca0a6fd877]::panicking::panic_with_hook
[INFO] [stdout]    7:     0x5798b8136fb2 - std[617be2ca0a6fd877]::panicking::panic_handler::{closure#0}
[INFO] [stdout]    8:     0x5798b812fa29 - std[617be2ca0a6fd877]::sys::backtrace::__rust_end_short_backtrace::<std[617be2ca0a6fd877]::panicking::panic_handler::{closure#0}, !>
[INFO] [stdout]    9:     0x5798b8137dad - __rustc[ea4f61d10b84890b]::rust_begin_unwind
[INFO] [stdout]   10:     0x5798b817536c - core[a373ad73a504971]::panicking::panic_fmt
[INFO] [stdout]   11:     0x5798b8175142 - core[a373ad73a504971]::result::unwrap_failed
[INFO] [stdout]   12:     0x5798b7a34678 - discret[2d3026491016d913]::database::sqlite_database::tests::test_sqlite_version::{closure#0}
[INFO] [stdout]   13:     0x5798b7a090ad - tokio[da42128e15cbba98]::runtime::context::runtime::enter_runtime::<<tokio[da42128e15cbba98]::runtime::scheduler::multi_thread::MultiThread>::block_on<core[a373ad73a504971]::pin::Pin<&mut dyn core[a373ad73a504971]::future::future::Future<Output = ()>>>::{closure#0}, ()>
[INFO] [stdout]   14:     0x5798b786c57a - <tokio[da42128e15cbba98]::runtime::runtime::Runtime>::block_on_inner::<core[a373ad73a504971]::pin::Pin<&mut dyn core[a373ad73a504971]::future::future::Future<Output = ()>>>
[INFO] [stdout]   15:     0x5798b7a50d4e - <discret[2d3026491016d913]::database::sqlite_database::tests::test_sqlite_version::{closure#0} as core[a373ad73a504971]::ops::function::FnOnce<()>>::call_once
[INFO] [stdout]   16:     0x5798b7b1ff1b - test[aada8e7e76ba119b]::__rust_begin_short_backtrace::<core[a373ad73a504971]::result::Result<(), alloc[2e1b2a31b91974c5]::string::String>, fn() -> core[a373ad73a504971]::result::Result<(), alloc[2e1b2a31b91974c5]::string::String>>
[INFO] [stdout]   17:     0x5798b7b2d0f5 - test[aada8e7e76ba119b]::run_test::{closure#0}
[INFO] [stdout]   18:     0x5798b7b269e4 - std[617be2ca0a6fd877]::sys::backtrace::__rust_begin_short_backtrace::<test[aada8e7e76ba119b]::run_test::{closure#1}, ()>
[INFO] [stdout]   19:     0x5798b7b30182 - <std[617be2ca0a6fd877]::thread::lifecycle::spawn_unchecked<test[aada8e7e76ba119b]::run_test::{closure#1}, ()>::{closure#1} as core[a373ad73a504971]::ops::function::FnOnce<()>>::call_once::{shim:vtable#0}
[INFO] [stdout]   20:     0x5798b815bd4f - <std[617be2ca0a6fd877]::sys::thread::unix::Thread>::new::thread_start
[INFO] [stdout]   21:     0x72c7e8ff4dfa - <unknown>
[INFO] [stdout]   22:     0x72c7e90883d4 - clone
[INFO] [stdout]   23:                0x0 - <unknown>
[INFO] [stdout] 
[INFO] [stdout] ---- database::system_entities::tests::hardware stdout ----
[INFO] [stdout] 
[INFO] [stdout] thread 'database::system_entities::tests::hardware' (13147) panicked at src/database/system_entities.rs:1145:35:
[INFO] [stdout] called `Result::unwrap()` on an `Err` value: Os { code: 30, kind: ReadOnlyFilesystem, message: "Read-only file system" }
[INFO] [stdout] stack backtrace:
[INFO] [stdout]    0:     0x5798b815ca11 - <<std[617be2ca0a6fd877]::sys::backtrace::BacktraceLock>::print::DisplayBacktrace as core[a373ad73a504971]::fmt::Display>::fmt
[INFO] [stdout]    1:     0x5798b8174c0a - core[a373ad73a504971]::fmt::write
[INFO] [stdout]    2:     0x5798b816168c - <alloc[2e1b2a31b91974c5]::vec::Vec<u8> as core[a373ad73a504971]::io::write::Write>::write_fmt
[INFO] [stdout]    3:     0x5798b8136f06 - std[617be2ca0a6fd877]::panicking::default_hook::{closure#0}
[INFO] [stdout]    4:     0x5798b8154519 - std[617be2ca0a6fd877]::panicking::default_hook
[INFO] [stdout]    5:     0x5798b7b2cad0 - test[aada8e7e76ba119b]::test_main_inner::{closure#0}
[INFO] [stdout]    6:     0x5798b8154842 - std[617be2ca0a6fd877]::panicking::panic_with_hook
[INFO] [stdout]    7:     0x5798b8136fb2 - std[617be2ca0a6fd877]::panicking::panic_handler::{closure#0}
[INFO] [stdout]    8:     0x5798b812fa29 - std[617be2ca0a6fd877]::sys::backtrace::__rust_end_short_backtrace::<std[617be2ca0a6fd877]::panicking::panic_handler::{closure#0}, !>
[INFO] [stdout]    9:     0x5798b8137dad - __rustc[ea4f61d10b84890b]::rust_begin_unwind
[INFO] [stdout]   10:     0x5798b817536c - core[a373ad73a504971]::panicking::panic_fmt
[INFO] [stdout]   11:     0x5798b8175142 - core[a373ad73a504971]::result::unwrap_failed
[INFO] [stdout]   12:     0x5798b7a1f036 - discret[2d3026491016d913]::database::system_entities::tests::init_database_path
[INFO] [stdout]   13:     0x5798b7a1d4fa - discret[2d3026491016d913]::database::system_entities::tests::hardware::{closure#0}
[INFO] [stdout]   14:     0x5798b7a090ad - tokio[da42128e15cbba98]::runtime::context::runtime::enter_runtime::<<tokio[da42128e15cbba98]::runtime::scheduler::multi_thread::MultiThread>::block_on<core[a373ad73a504971]::pin::Pin<&mut dyn core[a373ad73a504971]::future::future::Future<Output = ()>>>::{closure#0}, ()>
[INFO] [stdout]   15:     0x5798b786c57a - <tokio[da42128e15cbba98]::runtime::runtime::Runtime>::block_on_inner::<core[a373ad73a504971]::pin::Pin<&mut dyn core[a373ad73a504971]::future::future::Future<Output = ()>>>
[INFO] [stdout]   16:     0x5798b7a2521d - <discret[2d3026491016d913]::database::system_entities::tests::hardware::{closure#0} as core[a373ad73a504971]::ops::function::FnOnce<()>>::call_once
[INFO] [stdout]   17:     0x5798b7b1ff1b - test[aada8e7e76ba119b]::__rust_begin_short_backtrace::<core[a373ad73a504971]::result::Result<(), alloc[2e1b2a31b91974c5]::string::String>, fn() -> core[a373ad73a504971]::result::Result<(), alloc[2e1b2a31b91974c5]::string::String>>
[INFO] [stdout]   18:     0x5798b7b2d0f5 - test[aada8e7e76ba119b]::run_test::{closure#0}
[INFO] [stdout]   19:     0x5798b7b269e4 - std[617be2ca0a6fd877]::sys::backtrace::__rust_begin_short_backtrace::<test[aada8e7e76ba119b]::run_test::{closure#1}, ()>
[INFO] [stdout]   20:     0x5798b7b30182 - <std[617be2ca0a6fd877]::thread::lifecycle::spawn_unchecked<test[aada8e7e76ba119b]::run_test::{closure#1}, ()>::{closure#1} as core[a373ad73a504971]::ops::function::FnOnce<()>>::call_once::{shim:vtable#0}
[INFO] [stdout]   21:     0x5798b815bd4f - <std[617be2ca0a6fd877]::sys::thread::unix::Thread>::new::thread_start
[INFO] [stdout]   22:     0x72c7e8ff4dfa - <unknown>
[INFO] [stdout]   23:     0x72c7e90883d4 - clone
[INFO] [stdout]   24:                0x0 - <unknown>
[INFO] [stdout] 
[INFO] [stdout] ---- database::sqlite_database::tests::async_queries stdout ----
[INFO] [stdout] 
[INFO] [stdout] thread 'database::sqlite_database::tests::async_queries' (13055) panicked at src/database/sqlite_database.rs:845:68:
[INFO] [stdout] called `Result::unwrap()` on an `Err` value: Io(Os { code: 30, kind: ReadOnlyFilesystem, message: "Read-only file system" })
[INFO] [stdout] stack backtrace:
[INFO] [stdout]    0:     0x5798b815ca11 - <<std[617be2ca0a6fd877]::sys::backtrace::BacktraceLock>::print::DisplayBacktrace as core[a373ad73a504971]::fmt::Display>::fmt
[INFO] [stdout]    1:     0x5798b8174c0a - core[a373ad73a504971]::fmt::write
[INFO] [stdout]    2:     0x5798b816168c - <alloc[2e1b2a31b91974c5]::vec::Vec<u8> as core[a373ad73a504971]::io::write::Write>::write_fmt
[INFO] [stdout]    3:     0x5798b8136f06 - std[617be2ca0a6fd877]::panicking::default_hook::{closure#0}
[INFO] [stdout]    4:     0x5798b8154519 - std[617be2ca0a6fd877]::panicking::default_hook
[INFO] [stdout]    5:     0x5798b7b2cad0 - test[aada8e7e76ba119b]::test_main_inner::{closure#0}
[INFO] [stdout]    6:     0x5798b8154842 - std[617be2ca0a6fd877]::panicking::panic_with_hook
[INFO] [stdout]    7:     0x5798b8136fb2 - std[617be2ca0a6fd877]::panicking::panic_handler::{closure#0}
[INFO] [stdout]    8:     0x5798b812fa29 - std[617be2ca0a6fd877]::sys::backtrace::__rust_end_short_backtrace::<std[617be2ca0a6fd877]::panicking::panic_handler::{closure#0}, !>
[INFO] [stdout]    9:     0x5798b8137dad - __rustc[ea4f61d10b84890b]::rust_begin_unwind
[INFO] [stdout]   10:     0x5798b817536c - core[a373ad73a504971]::panicking::panic_fmt
[INFO] [stdout]   11:     0x5798b8175142 - core[a373ad73a504971]::result::unwrap_failed
[INFO] [stdout]   12:     0x5798b7a332bf - discret[2d3026491016d913]::database::sqlite_database::tests::async_queries::{closure#0}
[INFO] [stdout]   13:     0x5798b7a090ad - tokio[da42128e15cbba98]::runtime::context::runtime::enter_runtime::<<tokio[da42128e15cbba98]::runtime::scheduler::multi_thread::MultiThread>::block_on<core[a373ad73a504971]::pin::Pin<&mut dyn core[a373ad73a504971]::future::future::Future<Output = ()>>>::{closure#0}, ()>
[INFO] [stdout]   14:     0x5798b786c57a - <tokio[da42128e15cbba98]::runtime::runtime::Runtime>::block_on_inner::<core[a373ad73a504971]::pin::Pin<&mut dyn core[a373ad73a504971]::future::future::Future<Output = ()>>>
[INFO] [stdout]   15:     0x5798b7a509be - <discret[2d3026491016d913]::database::sqlite_database::tests::async_queries::{closure#0} as core[a373ad73a504971]::ops::function::FnOnce<()>>::call_once
[INFO] [stdout]   16:     0x5798b7b1ff1b - test[aada8e7e76ba119b]::__rust_begin_short_backtrace::<core[a373ad73a504971]::result::Result<(), alloc[2e1b2a31b91974c5]::string::String>, fn() -> core[a373ad73a504971]::result::Result<(), alloc[2e1b2a31b91974c5]::string::String>>
[INFO] [stdout]   17:     0x5798b7b2d0f5 - test[aada8e7e76ba119b]::run_test::{closure#0}
[INFO] [stdout]   18:     0x5798b7b269e4 - std[617be2ca0a6fd877]::sys::backtrace::__rust_begin_short_backtrace::<test[aada8e7e76ba119b]::run_test::{closure#1}, ()>
[INFO] [stdout]   19:     0x5798b7b30182 - <std[617be2ca0a6fd877]::thread::lifecycle::spawn_unchecked<test[aada8e7e76ba119b]::run_test::{closure#1}, ()>::{closure#1} as core[a373ad73a504971]::ops::function::FnOnce<()>>::call_once::{shim:vtable#0}
[INFO] [stdout]   20:     0x5798b815bd4f - <std[617be2ca0a6fd877]::sys::thread::unix::Thread>::new::thread_start
[INFO] [stdout]   21:     0x72c7e8ff4dfa - <unknown>
[INFO] [stdout]   22:     0x72c7e90883d4 - clone
[INFO] [stdout]   23:                0x0 - <unknown>
[INFO] [stdout] 
[INFO] [stdout] ---- security::tests::hardware_fingerprint stdout ----
[INFO] [stdout] 
[INFO] [stdout] thread 'security::tests::hardware_fingerprint' (13238) panicked at src/security.rs:581:51:
[INFO] [stdout] called `Result::unwrap()` on an `Err` value: Io(Os { code: 2, kind: NotFound, message: "No such file or directory" })
[INFO] [stdout] stack backtrace:
[INFO] [stdout]    0:     0x5798b815ca11 - <<std[617be2ca0a6fd877]::sys::backtrace::BacktraceLock>::print::DisplayBacktrace as core[a373ad73a504971]::fmt::Display>::fmt
[INFO] [stdout]    1:     0x5798b8174c0a - core[a373ad73a504971]::fmt::write
[INFO] [stdout]    2:     0x5798b816168c - <alloc[2e1b2a31b91974c5]::vec::Vec<u8> as core[a373ad73a504971]::io::write::Write>::write_fmt
[INFO] [stdout]    3:     0x5798b8136f06 - std[617be2ca0a6fd877]::panicking::default_hook::{closure#0}
[INFO] [stdout]    4:     0x5798b8154519 - std[617be2ca0a6fd877]::panicking::default_hook
[INFO] [stdout]    5:     0x5798b7b2cad0 - test[aada8e7e76ba119b]::test_main_inner::{closure#0}
[INFO] [stdout]    6:     0x5798b8154842 - std[617be2ca0a6fd877]::panicking::panic_with_hook
[INFO] [stdout]    7:     0x5798b8136fb2 - std[617be2ca0a6fd877]::panicking::panic_handler::{closure#0}
[INFO] [stdout]    8:     0x5798b812fa29 - std[617be2ca0a6fd877]::sys::backtrace::__rust_end_short_backtrace::<std[617be2ca0a6fd877]::panicking::panic_handler::{closure#0}, !>
[INFO] [stdout]    9:     0x5798b8137dad - __rustc[ea4f61d10b84890b]::rust_begin_unwind
[INFO] [stdout]   10:     0x5798b817536c - core[a373ad73a504971]::panicking::panic_fmt
[INFO] [stdout]   11:     0x5798b8175142 - core[a373ad73a504971]::result::unwrap_failed
[INFO] [stdout]   12:     0x5798b799bcc8 - <discret[2d3026491016d913]::security::tests::hardware_fingerprint::{closure#0} as core[a373ad73a504971]::ops::function::FnOnce<()>>::call_once
[INFO] [stdout]   13:     0x5798b7b1ff1b - test[aada8e7e76ba119b]::__rust_begin_short_backtrace::<core[a373ad73a504971]::result::Result<(), alloc[2e1b2a31b91974c5]::string::String>, fn() -> core[a373ad73a504971]::result::Result<(), alloc[2e1b2a31b91974c5]::string::String>>
[INFO] [stdout]   14:     0x5798b7b2d0f5 - test[aada8e7e76ba119b]::run_test::{closure#0}
[INFO] [stdout]   15:     0x5798b7b269e4 - std[617be2ca0a6fd877]::sys::backtrace::__rust_begin_short_backtrace::<test[aada8e7e76ba119b]::run_test::{closure#1}, ()>
[INFO] [stdout]   16:     0x5798b7b30182 - <std[617be2ca0a6fd877]::thread::lifecycle::spawn_unchecked<test[aada8e7e76ba119b]::run_test::{closure#1}, ()>::{closure#1} as core[a373ad73a504971]::ops::function::FnOnce<()>>::call_once::{shim:vtable#0}
[INFO] [stdout]   17:     0x5798b815bd4f - <std[617be2ca0a6fd877]::sys::thread::unix::Thread>::new::thread_start
[INFO] [stdout]   18:     0x72c7e8ff4dfa - <unknown>
[INFO] [stdout]   19:     0x72c7e90883d4 - clone
[INFO] [stdout]   20:                0x0 - <unknown>
[INFO] [stdout] 
[INFO] [stdout] ---- database::sqlite_database::tests::batch_writes_buffersize_10 stdout ----
[INFO] [stdout] 
[INFO] [stdout] thread 'database::sqlite_database::tests::batch_writes_buffersize_10' (13092) panicked at src/database/sqlite_database.rs:924:81:
[INFO] [stdout] called `Result::unwrap()` on an `Err` value: Io(Os { code: 30, kind: ReadOnlyFilesystem, message: "Read-only file system" })
[INFO] [stdout] stack backtrace:
[INFO] [stdout]    0:     0x5798b815ca11 - <<std[617be2ca0a6fd877]::sys::backtrace::BacktraceLock>::print::DisplayBacktrace as core[a373ad73a504971]::fmt::Display>::fmt
[INFO] [stdout]    1:     0x5798b8174c0a - core[a373ad73a504971]::fmt::write
[INFO] [stdout]    2:     0x5798b816168c - <alloc[2e1b2a31b91974c5]::vec::Vec<u8> as core[a373ad73a504971]::io::write::Write>::write_fmt
[INFO] [stdout]    3:     0x5798b8136f06 - std[617be2ca0a6fd877]::panicking::default_hook::{closure#0}
[INFO] [stdout]    4:     0x5798b8154519 - std[617be2ca0a6fd877]::panicking::default_hook
[INFO] [stdout]    5:     0x5798b7b2cad0 - test[aada8e7e76ba119b]::test_main_inner::{closure#0}
[INFO] [stdout]    6:     0x5798b8154842 - std[617be2ca0a6fd877]::panicking::panic_with_hook
[INFO] [stdout]    7:     0x5798b8136fb2 - std[617be2ca0a6fd877]::panicking::panic_handler::{closure#0}
[INFO] [stdout]    8:     0x5798b812fa29 - std[617be2ca0a6fd877]::sys::backtrace::__rust_end_short_backtrace::<std[617be2ca0a6fd877]::panicking::panic_handler::{closure#0}, !>
[INFO] [stdout]    9:     0x5798b8137dad - __rustc[ea4f61d10b84890b]::rust_begin_unwind
[INFO] [stdout]   10:     0x5798b817536c - core[a373ad73a504971]::panicking::panic_fmt
[INFO] [stdout]   11:     0x5798b8175142 - core[a373ad73a504971]::result::unwrap_failed
[INFO] [stdout]   12:     0x5798b7a35c77 - discret[2d3026491016d913]::database::sqlite_database::tests::batch_writes_buffersize_10::{closure#0}
[INFO] [stdout]   13:     0x5798b7a090ad - tokio[da42128e15cbba98]::runtime::context::runtime::enter_runtime::<<tokio[da42128e15cbba98]::runtime::scheduler::multi_thread::MultiThread>::block_on<core[a373ad73a504971]::pin::Pin<&mut dyn core[a373ad73a504971]::future::future::Future<Output = ()>>>::{closure#0}, ()>
[INFO] [stdout]   14:     0x5798b786c57a - <tokio[da42128e15cbba98]::runtime::runtime::Runtime>::block_on_inner::<core[a373ad73a504971]::pin::Pin<&mut dyn core[a373ad73a504971]::future::future::Future<Output = ()>>>
[INFO] [stdout]   15:     0x5798b7a50fee - <discret[2d3026491016d913]::database::sqlite_database::tests::batch_writes_buffersize_10::{closure#0} as core[a373ad73a504971]::ops::function::FnOnce<()>>::call_once
[INFO] [stdout]   16:     0x5798b7b1ff1b - test[aada8e7e76ba119b]::__rust_begin_short_backtrace::<core[a373ad73a504971]::result::Result<(), alloc[2e1b2a31b91974c5]::string::String>, fn() -> core[a373ad73a504971]::result::Result<(), alloc[2e1b2a31b91974c5]::string::String>>
[INFO] [stdout]   17:     0x5798b7b2d0f5 - test[aada8e7e76ba119b]::run_test::{closure#0}
[INFO] [stdout]   18:     0x5798b7b269e4 - std[617be2ca0a6fd877]::sys::backtrace::__rust_begin_short_backtrace::<test[aada8e7e76ba119b]::run_test::{closure#1}, ()>
[INFO] [stdout]   19:     0x5798b7b30182 - <std[617be2ca0a6fd877]::thread::lifecycle::spawn_unchecked<test[aada8e7e76ba119b]::run_test::{closure#1}, ()>::{closure#1} as core[a373ad73a504971]::ops::function::FnOnce<()>>::call_once::{shim:vtable#0}
[INFO] [stdout]   20:     0x5798b815bd4f - <std[617be2ca0a6fd877]::sys::thread::unix::Thread>::new::thread_start
[INFO] [stdout]   21:     0x72c7e8ff4dfa - <unknown>
[INFO] [stdout]   22:     0x72c7e90883d4 - clone
[INFO] [stdout]   23:                0x0 - <unknown>
[INFO] [stdout] 
[INFO] [stdout] ---- database::room_node::tests::reinsert_room_node stdout ----
[INFO] [stdout] 
[INFO] [stdout] thread 'database::room_node::tests::reinsert_room_node' (13022) panicked at src/database/room_node.rs:949:35:
[INFO] [stdout] called `Result::unwrap()` on an `Err` value: Os { code: 30, kind: ReadOnlyFilesystem, message: "Read-only file system" }
[INFO] [stdout] stack backtrace:
[INFO] [stdout]    0:     0x5798b815ca11 - <<std[617be2ca0a6fd877]::sys::backtrace::BacktraceLock>::print::DisplayBacktrace as core[a373ad73a504971]::fmt::Display>::fmt
[INFO] [stdout]    1:     0x5798b8174c0a - core[a373ad73a504971]::fmt::write
[INFO] [stdout]    2:     0x5798b816168c - <alloc[2e1b2a31b91974c5]::vec::Vec<u8> as core[a373ad73a504971]::io::write::Write>::write_fmt
[INFO] [stdout]    3:     0x5798b8136f06 - std[617be2ca0a6fd877]::panicking::default_hook::{closure#0}
[INFO] [stdout]    4:     0x5798b8154519 - std[617be2ca0a6fd877]::panicking::default_hook
[INFO] [stdout]    5:     0x5798b7b2cad0 - test[aada8e7e76ba119b]::test_main_inner::{closure#0}
[INFO] [stdout]    6:     0x5798b8154842 - std[617be2ca0a6fd877]::panicking::panic_with_hook
[INFO] [stdout]    7:     0x5798b8136fb2 - std[617be2ca0a6fd877]::panicking::panic_handler::{closure#0}
[INFO] [stdout]    8:     0x5798b812fa29 - std[617be2ca0a6fd877]::sys::backtrace::__rust_end_short_backtrace::<std[617be2ca0a6fd877]::panicking::panic_handler::{closure#0}, !>
[INFO] [stdout]    9:     0x5798b8137dad - __rustc[ea4f61d10b84890b]::rust_begin_unwind
[INFO] [stdout]   10:     0x5798b817536c - core[a373ad73a504971]::panicking::panic_fmt
[INFO] [stdout]   11:     0x5798b8175142 - core[a373ad73a504971]::result::unwrap_failed
[INFO] [stdout]   12:     0x5798b797aa2a - discret[2d3026491016d913]::database::room_node::tests::init_database_path
[INFO] [stdout]   13:     0x5798b7971ca4 - discret[2d3026491016d913]::database::room_node::tests::reinsert_room_node::{closure#0}
[INFO] [stdout]   14:     0x5798b7a090ad - tokio[da42128e15cbba98]::runtime::context::runtime::enter_runtime::<<tokio[da42128e15cbba98]::runtime::scheduler::multi_thread::MultiThread>::block_on<core[a373ad73a504971]::pin::Pin<&mut dyn core[a373ad73a504971]::future::future::Future<Output = ()>>>::{closure#0}, ()>
[INFO] [stdout]   15:     0x5798b786c57a - <tokio[da42128e15cbba98]::runtime::runtime::Runtime>::block_on_inner::<core[a373ad73a504971]::pin::Pin<&mut dyn core[a373ad73a504971]::future::future::Future<Output = ()>>>
[INFO] [stdout]   16:     0x5798b798010d - <discret[2d3026491016d913]::database::room_node::tests::reinsert_room_node::{closure#0} as core[a373ad73a504971]::ops::function::FnOnce<()>>::call_once
[INFO] [stdout]   17:     0x5798b7b1ff1b - test[aada8e7e76ba119b]::__rust_begin_short_backtrace::<core[a373ad73a504971]::result::Result<(), alloc[2e1b2a31b91974c5]::string::String>, fn() -> core[a373ad73a504971]::result::Result<(), alloc[2e1b2a31b91974c5]::string::String>>
[INFO] [stdout]   18:     0x5798b7b2d0f5 - test[aada8e7e76ba119b]::run_test::{closure#0}
[INFO] [stdout]   19:     0x5798b7b269e4 - std[617be2ca0a6fd877]::sys::backtrace::__rust_begin_short_backtrace::<test[aada8e7e76ba119b]::run_test::{closure#1}, ()>
[INFO] [stdout]   20:     0x5798b7b30182 - <std[617be2ca0a6fd877]::thread::lifecycle::spawn_unchecked<test[aada8e7e76ba119b]::run_test::{closure#1}, ()>::{closure#1} as core[a373ad73a504971]::ops::function::FnOnce<()>>::call_once::{shim:vtable#0}
[INFO] [stdout]   21:     0x5798b815bd4f - <std[617be2ca0a6fd877]::sys::thread::unix::Thread>::new::thread_start
[INFO] [stdout]   22:     0x72c7e8ff4dfa - <unknown>
[INFO] [stdout]   23:     0x72c7e90883d4 - clone
[INFO] [stdout]   24:                0x0 - <unknown>
[INFO] [stdout] 
[INFO] [stdout] ---- database::system_entities::tests::init_allowed_peer stdout ----
[INFO] [stdout] 
[INFO] [stdout] thread 'database::system_entities::tests::init_allowed_peer' (13154) panicked at src/database/system_entities.rs:1145:35:
[INFO] [stdout] called `Result::unwrap()` on an `Err` value: Os { code: 30, kind: ReadOnlyFilesystem, message: "Read-only file system" }
[INFO] [stdout] stack backtrace:
[INFO] [stdout]    0:     0x5798b815ca11 - <<std[617be2ca0a6fd877]::sys::backtrace::BacktraceLock>::print::DisplayBacktrace as core[a373ad73a504971]::fmt::Display>::fmt
[INFO] [stdout]    1:     0x5798b8174c0a - core[a373ad73a504971]::fmt::write
[INFO] [stdout]    2:     0x5798b816168c - <alloc[2e1b2a31b91974c5]::vec::Vec<u8> as core[a373ad73a504971]::io::write::Write>::write_fmt
[INFO] [stdout]    3:     0x5798b8136f06 - std[617be2ca0a6fd877]::panicking::default_hook::{closure#0}
[INFO] [stdout]    4:     0x5798b8154519 - std[617be2ca0a6fd877]::panicking::default_hook
[INFO] [stdout]    5:     0x5798b7b2cad0 - test[aada8e7e76ba119b]::test_main_inner::{closure#0}
[INFO] [stdout]    6:     0x5798b8154842 - std[617be2ca0a6fd877]::panicking::panic_with_hook
[INFO] [stdout]    7:     0x5798b8136fb2 - std[617be2ca0a6fd877]::panicking::panic_handler::{closure#0}
[INFO] [stdout]    8:     0x5798b812fa29 - std[617be2ca0a6fd877]::sys::backtrace::__rust_end_short_backtrace::<std[617be2ca0a6fd877]::panicking::panic_handler::{closure#0}, !>
[INFO] [stdout]    9:     0x5798b8137dad - __rustc[ea4f61d10b84890b]::rust_begin_unwind
[INFO] [stdout]   10:     0x5798b817536c - core[a373ad73a504971]::panicking::panic_fmt
[INFO] [stdout]   11:     0x5798b8175142 - core[a373ad73a504971]::result::unwrap_failed
[INFO] [stdout]   12:     0x5798b7a1f036 - discret[2d3026491016d913]::database::system_entities::tests::init_database_path
[INFO] [stdout]   13:     0x5798b7a17c8a - discret[2d3026491016d913]::database::system_entities::tests::init_allowed_peer::{closure#0}
[INFO] [stdout]   14:     0x5798b7a090ad - tokio[da42128e15cbba98]::runtime::context::runtime::enter_runtime::<<tokio[da42128e15cbba98]::runtime::scheduler::multi_thread::MultiThread>::block_on<core[a373ad73a504971]::pin::Pin<&mut dyn core[a373ad73a504971]::future::future::Future<Output = ()>>>::{closure#0}, ()>
[INFO] [stdout]   15:     0x5798b786c57a - <tokio[da42128e15cbba98]::runtime::runtime::Runtime>::block_on_inner::<core[a373ad73a504971]::pin::Pin<&mut dyn core[a373ad73a504971]::future::future::Future<Output = ()>>>
[INFO] [stdout]   16:     0x5798b7a2349d - <discret[2d3026491016d913]::database::system_entities::tests::init_allowed_peer::{closure#0} as core[a373ad73a504971]::ops::function::FnOnce<()>>::call_once
[INFO] [stdout]   17:     0x5798b7b1ff1b - test[aada8e7e76ba119b]::__rust_begin_short_backtrace::<core[a373ad73a504971]::result::Result<(), alloc[2e1b2a31b91974c5]::string::String>, fn() -> core[a373ad73a504971]::result::Result<(), alloc[2e1b2a31b91974c5]::string::String>>
[INFO] [stdout]   18:     0x5798b7b2d0f5 - test[aada8e7e76ba119b]::run_test::{closure#0}
[INFO] [stdout]   19:     0x5798b7b269e4 - std[617be2ca0a6fd877]::sys::backtrace::__rust_begin_short_backtrace::<test[aada8e7e76ba119b]::run_test::{closure#1}, ()>
[INFO] [stdout]   20:     0x5798b7b30182 - <std[617be2ca0a6fd877]::thread::lifecycle::spawn_unchecked<test[aada8e7e76ba119b]::run_test::{closure#1}, ()>::{closure#1} as core[a373ad73a504971]::ops::function::FnOnce<()>>::call_once::{shim:vtable#0}
[INFO] [stdout]   21:     0x5798b815bd4f - <std[617be2ca0a6fd877]::sys::thread::unix::Thread>::new::thread_start
[INFO] [stdout]   22:     0x72c7e8ff4dfa - <unknown>
[INFO] [stdout]   23:     0x72c7e90883d4 - clone
[INFO] [stdout]   24:                0x0 - <unknown>
[INFO] [stdout] 
[INFO] [stdout] ---- database::sqlite_database::tests::batch_writes_buffersize_1 stdout ----
[INFO] [stdout] 
[INFO] [stdout] thread 'database::sqlite_database::tests::batch_writes_buffersize_1' (13076) panicked at src/database/sqlite_database.rs:878:80:
[INFO] [stdout] called `Result::unwrap()` on an `Err` value: Io(Os { code: 30, kind: ReadOnlyFilesystem, message: "Read-only file system" })
[INFO] [stdout] stack backtrace:
[INFO] [stdout]    0:     0x5798b815ca11 - <<std[617be2ca0a6fd877]::sys::backtrace::BacktraceLock>::print::DisplayBacktrace as core[a373ad73a504971]::fmt::Display>::fmt
[INFO] [stdout]    1:     0x5798b8174c0a - core[a373ad73a504971]::fmt::write
[INFO] [stdout]    2:     0x5798b816168c - <alloc[2e1b2a31b91974c5]::vec::Vec<u8> as core[a373ad73a504971]::io::write::Write>::write_fmt
[INFO] [stdout]    3:     0x5798b8136f06 - std[617be2ca0a6fd877]::panicking::default_hook::{closure#0}
[INFO] [stdout]    4:     0x5798b8154519 - std[617be2ca0a6fd877]::panicking::default_hook
[INFO] [stdout]    5:     0x5798b7b2cad0 - test[aada8e7e76ba119b]::test_main_inner::{closure#0}
[INFO] [stdout]    6:     0x5798b8154842 - std[617be2ca0a6fd877]::panicking::panic_with_hook
[INFO] [stdout]    7:     0x5798b8136fb2 - std[617be2ca0a6fd877]::panicking::panic_handler::{closure#0}
[INFO] [stdout]    8:     0x5798b812fa29 - std[617be2ca0a6fd877]::sys::backtrace::__rust_end_short_backtrace::<std[617be2ca0a6fd877]::panicking::panic_handler::{closure#0}, !>
[INFO] [stdout]    9:     0x5798b8137dad - __rustc[ea4f61d10b84890b]::rust_begin_unwind
[INFO] [stdout]   10:     0x5798b817536c - core[a373ad73a504971]::panicking::panic_fmt
[INFO] [stdout]   11:     0x5798b8175142 - core[a373ad73a504971]::result::unwrap_failed
[INFO] [stdout]   12:     0x5798b7a34c27 - discret[2d3026491016d913]::database::sqlite_database::tests::batch_writes_buffersize_1::{closure#0}
[INFO] [stdout]   13:     0x5798b7a090ad - tokio[da42128e15cbba98]::runtime::context::runtime::enter_runtime::<<tokio[da42128e15cbba98]::runtime::scheduler::multi_thread::MultiThread>::block_on<core[a373ad73a504971]::pin::Pin<&mut dyn core[a373ad73a504971]::future::future::Future<Output = ()>>>::{closure#0}, ()>
[INFO] [stdout]   14:     0x5798b786c57a - <tokio[da42128e15cbba98]::runtime::runtime::Runtime>::block_on_inner::<core[a373ad73a504971]::pin::Pin<&mut dyn core[a373ad73a504971]::future::future::Future<Output = ()>>>
[INFO] [stdout]   15:     0x5798b7a50e8e - <discret[2d3026491016d913]::database::sqlite_database::tests::batch_writes_buffersize_1::{closure#0} as core[a373ad73a504971]::ops::function::FnOnce<()>>::call_once
[INFO] [stdout]   16:     0x5798b7b1ff1b - test[aada8e7e76ba119b]::__rust_begin_short_backtrace::<core[a373ad73a504971]::result::Result<(), alloc[2e1b2a31b91974c5]::string::String>, fn() -> core[a373ad73a504971]::result::Result<(), alloc[2e1b2a31b91974c5]::string::String>>
[INFO] [stdout]   17:     0x5798b7b2d0f5 - test[aada8e7e76ba119b]::run_test::{closure#0}
[INFO] [stdout]   18:     0x5798b7b269e4 - std[617be2ca0a6fd877]::sys::backtrace::__rust_begin_short_backtrace::<test[aada8e7e76ba119b]::run_test::{closure#1}, ()>
[INFO] [stdout]   19:     0x5798b7b30182 - <std[617be2ca0a6fd877]::thread::lifecycle::spawn_unchecked<test[aada8e7e76ba119b]::run_test::{closure#1}, ()>::{closure#1} as core[a373ad73a504971]::ops::function::FnOnce<()>>::call_once::{shim:vtable#0}
[INFO] [stdout]   20:     0x5798b815bd4f - <std[617be2ca0a6fd877]::sys::thread::unix::Thread>::new::thread_start
[INFO] [stdout]   21:     0x72c7e8ff4dfa - <unknown>
[INFO] [stdout]   22:     0x72c7e90883d4 - clone
[INFO] [stdout]   23:                0x0 - <unknown>
[INFO] [stdout] 
[INFO] [stdout] ---- database::system_entities::tests::invite stdout ----
[INFO] [stdout] 
[INFO] [stdout] thread 'database::system_entities::tests::invite' (13181) panicked at src/database/system_entities.rs:1145:35:
[INFO] [stdout] called `Result::unwrap()` on an `Err` value: Os { code: 30, kind: ReadOnlyFilesystem, message: "Read-only file system" }
[INFO] [stdout] stack backtrace:
[INFO] [stdout]    0:     0x5798b815ca11 - <<std[617be2ca0a6fd877]::sys::backtrace::BacktraceLock>::print::DisplayBacktrace as core[a373ad73a504971]::fmt::Display>::fmt
[INFO] [stdout]    1:     0x5798b8174c0a - core[a373ad73a504971]::fmt::write
[INFO] [stdout]    2:     0x5798b816168c - <alloc[2e1b2a31b91974c5]::vec::Vec<u8> as core[a373ad73a504971]::io::write::Write>::write_fmt
[INFO] [stdout]    3:     0x5798b8136f06 - std[617be2ca0a6fd877]::panicking::default_hook::{closure#0}
[INFO] [stdout]    4:     0x5798b8154519 - std[617be2ca0a6fd877]::panicking::default_hook
[INFO] [stdout]    5:     0x5798b7b2cad0 - test[aada8e7e76ba119b]::test_main_inner::{closure#0}
[INFO] [stdout]    6:     0x5798b8154842 - std[617be2ca0a6fd877]::panicking::panic_with_hook
[INFO] [stdout]    7:     0x5798b8136fb2 - std[617be2ca0a6fd877]::panicking::panic_handler::{closure#0}
[INFO] [stdout]    8:     0x5798b812fa29 - std[617be2ca0a6fd877]::sys::backtrace::__rust_end_short_backtrace::<std[617be2ca0a6fd877]::panicking::panic_handler::{closure#0}, !>
[INFO] [stdout]    9:     0x5798b8137dad - __rustc[ea4f61d10b84890b]::rust_begin_unwind
[INFO] [stdout]   10:     0x5798b817536c - core[a373ad73a504971]::panicking::panic_fmt
[INFO] [stdout]   11:     0x5798b8175142 - core[a373ad73a504971]::result::unwrap_failed
[INFO] [stdout]   12:     0x5798b7a1f036 - discret[2d3026491016d913]::database::system_entities::tests::init_database_path
[INFO] [stdout]   13:     0x5798b7a18dec - discret[2d3026491016d913]::database::system_entities::tests::invite::{closure#0}
[INFO] [stdout]   14:     0x5798b7a090ad - tokio[da42128e15cbba98]::runtime::context::runtime::enter_runtime::<<tokio[da42128e15cbba98]::runtime::scheduler::multi_thread::MultiThread>::block_on<core[a373ad73a504971]::pin::Pin<&mut dyn core[a373ad73a504971]::future::future::Future<Output = ()>>>::{closure#0}, ()>
[INFO] [stdout]   15:     0x5798b786c57a - <tokio[da42128e15cbba98]::runtime::runtime::Runtime>::block_on_inner::<core[a373ad73a504971]::pin::Pin<&mut dyn core[a373ad73a504971]::future::future::Future<Output = ()>>>
[INFO] [stdout]   16:     0x5798b7a250bd - <discret[2d3026491016d913]::database::system_entities::tests::invite::{closure#0} as core[a373ad73a504971]::ops::function::FnOnce<()>>::call_once
[INFO] [stderr] error: test failed, to rerun pass `--lib`
[INFO] [stdout]   17:     0x5798b7b1ff1b - test[aada8e7e76ba119b]::__rust_begin_short_backtrace::<core[a373ad73a504971]::result::Result<(), alloc[2e1b2a31b91974c5]::string::String>, fn() -> core[a373ad73a504971]::result::Result<(), alloc[2e1b2a31b91974c5]::string::String>>
[INFO] [stdout]   18:     0x5798b7b2d0f5 - test[aada8e7e76ba119b]::run_test::{closure#0}
[INFO] [stdout]   19:     0x5798b7b269e4 - std[617be2ca0a6fd877]::sys::backtrace::__rust_begin_short_backtrace::<test[aada8e7e76ba119b]::run_test::{closure#1}, ()>
[INFO] [stdout]   20:     0x5798b7b30182 - <std[617be2ca0a6fd877]::thread::lifecycle::spawn_unchecked<test[aada8e7e76ba119b]::run_test::{closure#1}, ()>::{closure#1} as core[a373ad73a504971]::ops::function::FnOnce<()>>::call_once::{shim:vtable#0}
[INFO] [stdout]   21:     0x5798b815bd4f - <std[617be2ca0a6fd877]::sys::thread::unix::Thread>::new::thread_start
[INFO] [stdout]   22:     0x72c7e8ff4dfa - <unknown>
[INFO] [stdout]   23:     0x72c7e90883d4 - clone
[INFO] [stdout]   24:                0x0 - <unknown>
[INFO] [stdout] 
[INFO] [stdout] ---- database::room_node::tests::transfert_room stdout ----
[INFO] [stdout] 
[INFO] [stdout] thread 'database::room_node::tests::transfert_room' (13023) panicked at src/database/room_node.rs:949:35:
[INFO] [stdout] called `Result::unwrap()` on an `Err` value: Os { code: 30, kind: ReadOnlyFilesystem, message: "Read-only file system" }
[INFO] [stdout] stack backtrace:
[INFO] [stdout]    0:     0x5798b815ca11 - <<std[617be2ca0a6fd877]::sys::backtrace::BacktraceLock>::print::DisplayBacktrace as core[a373ad73a504971]::fmt::Display>::fmt
[INFO] [stdout]    1:     0x5798b8174c0a - core[a373ad73a504971]::fmt::write
[INFO] [stdout]    2:     0x5798b816168c - <alloc[2e1b2a31b91974c5]::vec::Vec<u8> as core[a373ad73a504971]::io::write::Write>::write_fmt
[INFO] [stdout]    3:     0x5798b8136f06 - std[617be2ca0a6fd877]::panicking::default_hook::{closure#0}
[INFO] [stdout]    4:     0x5798b8154519 - std[617be2ca0a6fd877]::panicking::default_hook
[INFO] [stdout]    5:     0x5798b7b2cad0 - test[aada8e7e76ba119b]::test_main_inner::{closure#0}
[INFO] [stdout]    6:     0x5798b8154842 - std[617be2ca0a6fd877]::panicking::panic_with_hook
[INFO] [stdout]    7:     0x5798b8136fb2 - std[617be2ca0a6fd877]::panicking::panic_handler::{closure#0}
[INFO] [stdout]    8:     0x5798b812fa29 - std[617be2ca0a6fd877]::sys::backtrace::__rust_end_short_backtrace::<std[617be2ca0a6fd877]::panicking::panic_handler::{closure#0}, !>
[INFO] [stdout]    9:     0x5798b8137dad - __rustc[ea4f61d10b84890b]::rust_begin_unwind
[INFO] [stdout]   10:     0x5798b817536c - core[a373ad73a504971]::panicking::panic_fmt
[INFO] [stdout]   11:     0x5798b8175142 - core[a373ad73a504971]::result::unwrap_failed
[INFO] [stdout]   12:     0x5798b797aa2a - discret[2d3026491016d913]::database::room_node::tests::init_database_path
[INFO] [stdout]   13:     0x5798b796e0d7 - discret[2d3026491016d913]::database::room_node::tests::transfert_room::{closure#0}
[INFO] [stdout]   14:     0x5798b7a090ad - tokio[da42128e15cbba98]::runtime::context::runtime::enter_runtime::<<tokio[da42128e15cbba98]::runtime::scheduler::multi_thread::MultiThread>::block_on<core[a373ad73a504971]::pin::Pin<&mut dyn core[a373ad73a504971]::future::future::Future<Output = ()>>>::{closure#0}, ()>
[INFO] [stdout]   15:     0x5798b786c57a - <tokio[da42128e15cbba98]::runtime::runtime::Runtime>::block_on_inner::<core[a373ad73a504971]::pin::Pin<&mut dyn core[a373ad73a504971]::future::future::Future<Output = ()>>>
[INFO] [stdout]   16:     0x5798b797ffad - <discret[2d3026491016d913]::database::room_node::tests::transfert_room::{closure#0} as core[a373ad73a504971]::ops::function::FnOnce<()>>::call_once
[INFO] [stdout]   17:     0x5798b7b1ff1b - test[aada8e7e76ba119b]::__rust_begin_short_backtrace::<core[a373ad73a504971]::result::Result<(), alloc[2e1b2a31b91974c5]::string::String>, fn() -> core[a373ad73a504971]::result::Result<(), alloc[2e1b2a31b91974c5]::string::String>>
[INFO] [stdout]   18:     0x5798b7b2d0f5 - test[aada8e7e76ba119b]::run_test::{closure#0}
[INFO] [stdout]   19:     0x5798b7b269e4 - std[617be2ca0a6fd877]::sys::backtrace::__rust_begin_short_backtrace::<test[aada8e7e76ba119b]::run_test::{closure#1}, ()>
[INFO] [stdout]   20:     0x5798b7b30182 - <std[617be2ca0a6fd877]::thread::lifecycle::spawn_unchecked<test[aada8e7e76ba119b]::run_test::{closure#1}, ()>::{closure#1} as core[a373ad73a504971]::ops::function::FnOnce<()>>::call_once::{shim:vtable#0}
[INFO] [stdout]   21:     0x5798b815bd4f - <std[617be2ca0a6fd877]::sys::thread::unix::Thread>::new::thread_start
[INFO] [stdout]   22:     0x72c7e8ff4dfa - <unknown>
[INFO] [stdout]   23:     0x72c7e90883d4 - clone
[INFO] [stdout]   24:                0x0 - <unknown>
[INFO] [stdout] 
[INFO] [stdout] ---- database::system_entities::tests::get_allowed stdout ----
[INFO] [stdout] 
[INFO] [stdout] thread 'database::system_entities::tests::get_allowed' (13112) panicked at src/database/system_entities.rs:1145:35:
[INFO] [stdout] called `Result::unwrap()` on an `Err` value: Os { code: 30, kind: ReadOnlyFilesystem, message: "Read-only file system" }
[INFO] [stdout] stack backtrace:
[INFO] [stdout]    0:     0x5798b815ca11 - <<std[617be2ca0a6fd877]::sys::backtrace::BacktraceLock>::print::DisplayBacktrace as core[a373ad73a504971]::fmt::Display>::fmt
[INFO] [stdout]    1:     0x5798b8174c0a - core[a373ad73a504971]::fmt::write
[INFO] [stdout]    2:     0x5798b816168c - <alloc[2e1b2a31b91974c5]::vec::Vec<u8> as core[a373ad73a504971]::io::write::Write>::write_fmt
[INFO] [stdout]    3:     0x5798b8136f06 - std[617be2ca0a6fd877]::panicking::default_hook::{closure#0}
[INFO] [stdout]    4:     0x5798b8154519 - std[617be2ca0a6fd877]::panicking::default_hook
[INFO] [stdout]    5:     0x5798b7b2cad0 - test[aada8e7e76ba119b]::test_main_inner::{closure#0}
[INFO] [stdout]    6:     0x5798b8154842 - std[617be2ca0a6fd877]::panicking::panic_with_hook
[INFO] [stdout]    7:     0x5798b8136fb2 - std[617be2ca0a6fd877]::panicking::panic_handler::{closure#0}
[INFO] [stdout]    8:     0x5798b812fa29 - std[617be2ca0a6fd877]::sys::backtrace::__rust_end_short_backtrace::<std[617be2ca0a6fd877]::panicking::panic_handler::{closure#0}, !>
[INFO] [stdout]    9:     0x5798b8137dad - __rustc[ea4f61d10b84890b]::rust_begin_unwind
[INFO] [stdout]   10:     0x5798b817536c - core[a373ad73a504971]::panicking::panic_fmt
[INFO] [stdout]   11:     0x5798b8175142 - core[a373ad73a504971]::result::unwrap_failed
[INFO] [stdout]   12:     0x5798b7a1f036 - discret[2d3026491016d913]::database::system_entities::tests::init_database_path
[INFO] [stdout]   13:     0x5798b7a16e13 - discret[2d3026491016d913]::database::system_entities::tests::get_allowed::{closure#0}
[INFO] [stdout]   14:     0x5798b7a090ad - tokio[da42128e15cbba98]::runtime::context::runtime::enter_runtime::<<tokio[da42128e15cbba98]::runtime::scheduler::multi_thread::MultiThread>::block_on<core[a373ad73a504971]::pin::Pin<&mut dyn core[a373ad73a504971]::future::future::Future<Output = ()>>>::{closure#0}, ()>
[INFO] [stdout]   15:     0x5798b786c57a - <tokio[da42128e15cbba98]::runtime::runtime::Runtime>::block_on_inner::<core[a373ad73a504971]::pin::Pin<&mut dyn core[a373ad73a504971]::future::future::Future<Output = ()>>>
[INFO] [stdout]   16:     0x5798b7a2333a - <discret[2d3026491016d913]::database::system_entities::tests::get_allowed::{closure#0} as core[a373ad73a504971]::ops::function::FnOnce<()>>::call_once
[INFO] [stdout]   17:     0x5798b7b1ff1b - test[aada8e7e76ba119b]::__rust_begin_short_backtrace::<core[a373ad73a504971]::result::Result<(), alloc[2e1b2a31b91974c5]::string::String>, fn() -> core[a373ad73a504971]::result::Result<(), alloc[2e1b2a31b91974c5]::string::String>>
[INFO] [stdout]   18:     0x5798b7b2d0f5 - test[aada8e7e76ba119b]::run_test::{closure#0}
[INFO] [stdout]   19:     0x5798b7b269e4 - std[617be2ca0a6fd877]::sys::backtrace::__rust_begin_short_backtrace::<test[aada8e7e76ba119b]::run_test::{closure#1}, ()>
[INFO] [stdout]   20:     0x5798b7b30182 - <std[617be2ca0a6fd877]::thread::lifecycle::spawn_unchecked<test[aada8e7e76ba119b]::run_test::{closure#1}, ()>::{closure#1} as core[a373ad73a504971]::ops::function::FnOnce<()>>::call_once::{shim:vtable#0}
[INFO] [stdout]   21:     0x5798b815bd4f - <std[617be2ca0a6fd877]::sys::thread::unix::Thread>::new::thread_start
[INFO] [stdout]   22:     0x72c7e8ff4dfa - <unknown>
[INFO] [stdout]   23:     0x72c7e90883d4 - clone
[INFO] [stdout]   24:                0x0 - <unknown>
[INFO] [stdout] 
[INFO] [stdout] ---- network::multicast::test::multicast_test stdout ----
[INFO] [stdout] 
[INFO] [stdout] thread 'network::multicast::test::multicast_test' (13234) panicked at src/network/multicast.rs:165:79:
[INFO] [stdout] called `Result::unwrap()` on an `Err` value: Os { code: 19, kind: Uncategorized, message: "No such device" }
[INFO] [stdout] stack backtrace:
[INFO] [stdout]    0:     0x5798b815ca11 - <<std[617be2ca0a6fd877]::sys::backtrace::BacktraceLock>::print::DisplayBacktrace as core[a373ad73a504971]::fmt::Display>::fmt
[INFO] [stdout]    1:     0x5798b8174c0a - core[a373ad73a504971]::fmt::write
[INFO] [stdout]    2:     0x5798b816168c - <alloc[2e1b2a31b91974c5]::vec::Vec<u8> as core[a373ad73a504971]::io::write::Write>::write_fmt
[INFO] [stdout]    3:     0x5798b8136f06 - std[617be2ca0a6fd877]::panicking::default_hook::{closure#0}
[INFO] [stdout]    4:     0x5798b8154519 - std[617be2ca0a6fd877]::panicking::default_hook
[INFO] [stdout]    5:     0x5798b7b2cad0 - test[aada8e7e76ba119b]::test_main_inner::{closure#0}
[INFO] [stdout]    6:     0x5798b8154842 - std[617be2ca0a6fd877]::panicking::panic_with_hook
[INFO] [stdout]    7:     0x5798b8136fb2 - std[617be2ca0a6fd877]::panicking::panic_handler::{closure#0}
[INFO] [stdout]    8:     0x5798b812fa29 - std[617be2ca0a6fd877]::sys::backtrace::__rust_end_short_backtrace::<std[617be2ca0a6fd877]::panicking::panic_handler::{closure#0}, !>
[INFO] [stdout]    9:     0x5798b8137dad - __rustc[ea4f61d10b84890b]::rust_begin_unwind
[INFO] [stdout]   10:     0x5798b817536c - core[a373ad73a504971]::panicking::panic_fmt
[INFO] [stdout]   11:     0x5798b8175142 - core[a373ad73a504971]::result::unwrap_failed
[INFO] [stdout]   12:     0x5798b7897bc6 - discret[2d3026491016d913]::network::multicast::test::multicast_test::{closure#0}
[INFO] [stdout]   13:     0x5798b7a090ad - tokio[da42128e15cbba98]::runtime::context::runtime::enter_runtime::<<tokio[da42128e15cbba98]::runtime::scheduler::multi_thread::MultiThread>::block_on<core[a373ad73a504971]::pin::Pin<&mut dyn core[a373ad73a504971]::future::future::Future<Output = ()>>>::{closure#0}, ()>
[INFO] [stdout]   14:     0x5798b786c57a - <tokio[da42128e15cbba98]::runtime::runtime::Runtime>::block_on_inner::<core[a373ad73a504971]::pin::Pin<&mut dyn core[a373ad73a504971]::future::future::Future<Output = ()>>>
[INFO] [stdout]   15:     0x5798b78a083e - <discret[2d3026491016d913]::network::multicast::test::multicast_test::{closure#0} as core[a373ad73a504971]::ops::function::FnOnce<()>>::call_once
[INFO] [stdout]   16:     0x5798b7b1ff1b - test[aada8e7e76ba119b]::__rust_begin_short_backtrace::<core[a373ad73a504971]::result::Result<(), alloc[2e1b2a31b91974c5]::string::String>, fn() -> core[a373ad73a504971]::result::Result<(), alloc[2e1b2a31b91974c5]::string::String>>
[INFO] [stdout]   17:     0x5798b7b2d0f5 - test[aada8e7e76ba119b]::run_test::{closure#0}
[INFO] [stdout]   18:     0x5798b7b269e4 - std[617be2ca0a6fd877]::sys::backtrace::__rust_begin_short_backtrace::<test[aada8e7e76ba119b]::run_test::{closure#1}, ()>
[INFO] [stdout]   19:     0x5798b7b30182 - <std[617be2ca0a6fd877]::thread::lifecycle::spawn_unchecked<test[aada8e7e76ba119b]::run_test::{closure#1}, ()>::{closure#1} as core[a373ad73a504971]::ops::function::FnOnce<()>>::call_once::{shim:vtable#0}
[INFO] [stdout]   20:     0x5798b815bd4f - <std[617be2ca0a6fd877]::sys::thread::unix::Thread>::new::thread_start
[INFO] [stdout]   21:     0x72c7e8ff4dfa - <unknown>
[INFO] [stdout]   22:     0x72c7e90883d4 - clone
[INFO] [stdout]   23:                0x0 - <unknown>
[INFO] [stdout] 
[INFO] [stdout] 
[INFO] [stdout] failures:
[INFO] [stdout]     database::authorisation_service_test::tests::authorisation_entities_error
[INFO] [stdout]     database::authorisation_service_test::tests::deletion_auth
[INFO] [stdout]     database::authorisation_service_test::tests::deletion_log
[INFO] [stdout]     database::authorisation_service_test::tests::mutate_with_room_propagation
[INFO] [stdout]     database::authorisation_service_test::tests::room_creation
[INFO] [stdout]     database::authorisation_service_test::tests::room_documentation_blog_example
[INFO] [stdout]     database::authorisation_service_test::tests::room_documentation_shared_calendar_example
[INFO] [stdout]     database::authorisation_service_test::tests::room_load
[INFO] [stdout]     database::authorisation_service_test::tests::room_update_rights
[INFO] [stdout]     database::authorisation_service_test::tests::room_update_user
[INFO] [stdout]     database::daily_log::tests::daily_log
[INFO] [stdout]     database::graph_database::tests::delete
[INFO] [stdout]     database::graph_database::tests::init_room_id
[INFO] [stdout]     database::graph_database::tests::insert_system_room
[INFO] [stdout]     database::graph_database::tests::load_data_model
[INFO] [stdout]     database::graph_database::tests::result_parser
[INFO] [stdout]     database::graph_database::tests::selection
[INFO] [stdout]     database::graph_database::tests::update_peer_with_empty_fts
[INFO] [stdout]     database::room_node::tests::admin_rights
[INFO] [stdout]     database::room_node::tests::export_room_from_database
[INFO] [stdout]     database::room_node::tests::invalid
[INFO] [stdout]     database::room_node::tests::parse_room_node_test
[INFO] [stdout]     database::room_node::tests::reinsert_room_node
[INFO] [stdout]     database::room_node::tests::transfert_room
[INFO] [stdout]     database::sqlite_database::tests::async_queries
[INFO] [stdout]     database::sqlite_database::tests::batch_writes_buffersize_1
[INFO] [stdout]     database::sqlite_database::tests::batch_writes_buffersize_10
[INFO] [stdout]     database::sqlite_database::tests::read_only_test
[INFO] [stdout]     database::sqlite_database::tests::test_pragma
[INFO] [stdout]     database::sqlite_database::tests::test_sqlite_version
[INFO] [stdout]     database::system_entities::tests::get_allowed
[INFO] [stdout]     database::system_entities::tests::hardware
[INFO] [stdout]     database::system_entities::tests::init_allowed_peer
[INFO] [stdout]     database::system_entities::tests::invite
[INFO] [stdout]     network::multicast::test::multicast_test
[INFO] [stdout]     security::tests::hardware_fingerprint
[INFO] [stdout] 
[INFO] [stdout] test result: FAILED. 122 passed; 36 failed; 0 ignored; 0 measured; 0 filtered out; finished in 0.42s
[INFO] [stdout] 
[INFO] running `Command { std: "docker" "inspect" "189d1627f3434fa611f6386ce4ccc475bd2e2f464fc9aca1ec7be9cea3a93fb7", kill_on_drop: false }`
[INFO] running `Command { std: "docker" "rm" "-f" "189d1627f3434fa611f6386ce4ccc475bd2e2f464fc9aca1ec7be9cea3a93fb7", kill_on_drop: false }`
[INFO] [stdout] 189d1627f3434fa611f6386ce4ccc475bd2e2f464fc9aca1ec7be9cea3a93fb7
