[INFO] fetching crate discord_bots 1.0.0...
[INFO] testing discord_bots-1.0.0 against 1.99.0-beta.8+cargoflags=--release for beta-release-1.100-2
[INFO] extracting crate discord_bots 1.0.0 into /workspace/builds/worker-7-tc1/source
[INFO] started tweaking crates.io crate discord_bots 1.0.0
[INFO] finished tweaking crates.io crate discord_bots 1.0.0
[INFO] tweaked toml for crates.io crate discord_bots 1.0.0 written to /workspace/builds/worker-7-tc1/source/Cargo.toml
[INFO] validating manifest of crates.io crate discord_bots 1.0.0 on toolchain 1.99.0-beta.8
[INFO] running `Command { std: CARGO_HOME="/workspace/cargo-home" RUSTUP_HOME="/workspace/rustup-home" "/workspace/cargo-home/bin/cargo" "+1.99.0-beta.8" "metadata" "--manifest-path" "Cargo.toml" "--no-deps", kill_on_drop: false }`
[INFO] running `Command { std: CARGO_HOME="/workspace/cargo-home" RUSTUP_HOME="/workspace/rustup-home" "/workspace/cargo-home/bin/cargo" "+1.99.0-beta.8" "generate-lockfile" "--manifest-path" "Cargo.toml", kill_on_drop: false }`
[INFO] [stderr]     Updating crates.io index
[INFO] [stderr]      Locking 233 packages to highest compatible versions
[INFO] [stderr]       Adding reqwest v0.9.24 (available: v0.13.5)
[INFO] [stderr]       Adding serde_urlencoded v0.5.5 (available: v0.7.1)
[INFO] [stderr]       Adding wasi v0.10.0+wasi-snapshot-preview1 (available: v0.10.2+wasi-snapshot-preview1)
[INFO] running `Command { std: CARGO_HOME="/workspace/cargo-home" RUSTUP_HOME="/workspace/rustup-home" "/workspace/cargo-home/bin/cargo" "+1.99.0-beta.8" "fetch" "--manifest-path" "Cargo.toml", kill_on_drop: false }`
[INFO] [stderr] warning: Cargo.toml: `package.edition` is unspecified, defaulting to `2015` while the latest is `2024`
[INFO] [stderr] warning: `discord_bots` (manifest) generated 1 warning
[INFO] [stderr]  Downloading crates ...
[INFO] [stderr]   Downloaded typemap v0.3.3
[INFO] [stderr]   Downloaded plugin v0.2.6
[INFO] [stderr]   Downloaded unsafe-any v0.4.2
[INFO] [stderr]   Downloaded traitobject v0.1.1
[INFO] [stderr]   Downloaded iron v0.6.1
[INFO] [stderr]   Downloaded log v0.3.9
[INFO] [stderr]   Downloaded modifier v0.1.0
[INFO] [stderr]   Downloaded unicase v1.4.2
[INFO] [stderr]   Downloaded typeable v0.1.2
[INFO] [stderr]   Downloaded language-tags v0.2.2
[INFO] [stderr]   Downloaded safemem v0.3.3
[INFO] [stderr]   Downloaded mime_guess v1.8.8
[INFO] [stderr]   Downloaded version_check v0.1.5
[INFO] [stderr]   Downloaded base64 v0.9.3
[INFO] [stderr]   Downloaded mime v0.2.6
[INFO] [stderr]   Downloaded hyper v0.10.16
[INFO] running `Command { std: "docker" "create" "-v" "/var/lib/crater-agent-workspace/builds/worker-7-tc1/source:/opt/rustwide/workdir:ro,Z" "-v" "/var/lib/crater-agent-workspace/builds/worker-7-tc1/target:/opt/rustwide/target:rw,Z" "-v" "/var/lib/crater-agent-workspace/cargo-home:/opt/rustwide/cargo-home:ro,Z" "-v" "/var/lib/crater-agent-workspace/rustup-home:/opt/rustwide/rustup-home:ro,Z" "-m" "1610612736" "--network" "none" "ghcr.io/rust-lang/crates-build-env/linux@sha256:77db811e55d90add9212f6832c23229e3de5f1c1f9905e8cb07319ea15df73ac" "sleep" "infinity", kill_on_drop: false }`
[INFO] [stdout] 43acbee1e72e78819ba9f3783eae15891b7b685dfd93c405db61c48c367e318f
[INFO] running `Command { std: "docker" "start" "43acbee1e72e78819ba9f3783eae15891b7b685dfd93c405db61c48c367e318f", kill_on_drop: false }`
[INFO] running `Command { std: "docker" "inspect" "43acbee1e72e78819ba9f3783eae15891b7b685dfd93c405db61c48c367e318f", kill_on_drop: false }`
[INFO] running `Command { std: "docker" "exec" "-e" "SOURCE_DIR=/opt/rustwide/workdir" "-e" "CARGO_HOME=/opt/rustwide/cargo-home" "-e" "RUSTUP_HOME=/opt/rustwide/rustup-home" "-e" "CARGO_TARGET_DIR=/opt/rustwide/target" "-w" "/opt/rustwide/workdir" "--user" "0:0" "43acbee1e72e78819ba9f3783eae15891b7b685dfd93c405db61c48c367e318f" "/opt/rustwide/cargo-home/bin/cargo" "+1.99.0-beta.8" "metadata" "--no-deps" "--format-version=1", kill_on_drop: false }`
[INFO] running `Command { std: "docker" "inspect" "43acbee1e72e78819ba9f3783eae15891b7b685dfd93c405db61c48c367e318f", kill_on_drop: false }`
[INFO] running `Command { std: "docker" "exec" "-e" "SOURCE_DIR=/opt/rustwide/workdir" "-e" "CARGO_HOME=/opt/rustwide/cargo-home" "-e" "RUSTUP_HOME=/opt/rustwide/rustup-home" "-e" "CARGO_TARGET_DIR=/opt/rustwide/target" "-e" "CARGO_INCREMENTAL=0" "-e" "RUST_BACKTRACE=full" "-e" "RUSTFLAGS=--cap-lints=warn" "-e" "RUSTDOCFLAGS=--cap-lints=warn" "-w" "/opt/rustwide/workdir" "--user" "0:0" "43acbee1e72e78819ba9f3783eae15891b7b685dfd93c405db61c48c367e318f" "/opt/rustwide/cargo-home/bin/cargo" "+1.99.0-beta.8" "build" "--frozen" "--message-format=json" "--release", kill_on_drop: false }`
[INFO] [stderr] warning: Cargo.toml: `package.edition` is unspecified, defaulting to `2015` while the latest is `2024`
[INFO] [stderr] warning: `discord_bots` (manifest) generated 1 warning
[INFO] [stderr]    Compiling libc v0.2.191
[INFO] [stderr]    Compiling cfg-if v0.1.10
[INFO] [stderr]    Compiling futures v0.1.31
[INFO] [stderr]    Compiling semver-parser v0.7.0
[INFO] [stderr]    Compiling crossbeam-utils v0.7.2
[INFO] [stderr]    Compiling lazy_static v1.5.1
[INFO] [stderr]    Compiling syn v3.0.9
[INFO] [stderr]    Compiling either v1.19.0
[INFO] [stderr]    Compiling autocfg v0.1.8
[INFO] [stderr]    Compiling rand_core v0.4.3
[INFO] [stderr]    Compiling cfg-if v1.0.5
[INFO] [stderr]    Compiling find-msvc-tools v0.1.14
[INFO] [stderr]    Compiling memoffset v0.5.6
[INFO] [stderr]    Compiling semver v0.9.0
[INFO] [stderr]    Compiling tinyvec v1.13.3
[INFO] [stderr]    Compiling cc v1.8.0
[INFO] [stderr]    Compiling crossbeam-epoch v0.8.2
[INFO] [stderr]    Compiling matches v0.1.10
[INFO] [stderr]    Compiling rustc_version v0.2.3
[INFO] [stderr]    Compiling rand_core v0.3.2
[INFO] [stderr]    Compiling lock_api v0.3.4
[INFO] [stderr]    Compiling itoa v0.4.8
[INFO] [stderr]    Compiling unicode-normalization v0.1.26
[INFO] [stderr]    Compiling syn v1.0.109
[INFO] [stderr]    Compiling parking_lot_core v0.6.3
[INFO] [stderr]    Compiling parking_lot v0.9.0
[INFO] [stderr]    Compiling smallvec v1.16.3
[INFO] [stderr]    Compiling indexmap v1.9.3
[INFO] [stderr]    Compiling rustversion v1.0.23
[INFO] [stderr]    Compiling object v0.37.3
[INFO] [stderr]    Compiling idna v0.1.5
[INFO] [stderr]    Compiling crossbeam-deque v0.7.4
[INFO] [stderr]    Compiling crossbeam-queue v0.2.3
[INFO] [stderr]    Compiling rand_pcg v0.1.2
[INFO] [stderr]    Compiling rand_chacha v0.1.1
[INFO] [stderr]    Compiling syn v2.0.119
[INFO] [stderr]    Compiling tokio-executor v0.1.10
[INFO] [stderr]    Compiling tokio-sync v0.1.8
[INFO] [stderr]    Compiling foreign-types-shared v0.1.1
[INFO] [stderr]    Compiling iovec v0.1.4
[INFO] [stderr]    Compiling num_cpus v1.17.0
[INFO] [stderr]    Compiling bytes v0.4.12
[INFO] [stderr]    Compiling net2 v0.2.39
[INFO] [stderr]    Compiling openssl-sys v0.9.117
[INFO] [stderr]    Compiling tokio-io v0.1.13
[INFO] [stderr]    Compiling mio v0.6.23
[INFO] [stderr]    Compiling http v0.1.21
[INFO] [stderr]    Compiling time v0.1.45
[INFO] [stderr]    Compiling openssl v0.10.81
[INFO] [stderr]    Compiling percent-encoding v2.3.2
[INFO] [stderr]    Compiling percent-encoding v1.0.1
[INFO] [stderr]    Compiling gimli v0.32.3
[INFO] [stderr]    Compiling tokio-reactor v0.1.12
[INFO] [stderr]    Compiling hashbrown v0.12.3
[INFO] [stderr]    Compiling failure_derive v0.1.8
[INFO] [stderr]    Compiling synstructure v0.12.6
[INFO] [stderr]    Compiling tokio-tcp v0.1.4
[INFO] [stderr]    Compiling url v1.7.2
[INFO] [stderr]    Compiling synstructure v0.14.0
[INFO] [stderr]    Compiling form_urlencoded v1.2.2
[INFO] [stderr]    Compiling openssl-macros v0.1.1
[INFO] [stderr]    Compiling string v0.2.1
[INFO] [stderr]    Compiling tokio-buf v0.1.1
[INFO] [stderr]    Compiling tokio-threadpool v0.1.18
[INFO] [stderr]    Compiling foreign-types v0.3.2
[INFO] [stderr]    Compiling tokio-current-thread v0.1.7
[INFO] [stderr]    Compiling tokio-timer v0.2.13
[INFO] [stderr]    Compiling miniz_oxide v0.8.9
[INFO] [stderr]    Compiling hyper v0.12.36
[INFO] [stderr]    Compiling rand v0.6.5
[INFO] [stderr]    Compiling rustc-demangle v0.1.28
[INFO] [stderr]    Compiling native-tls v0.2.18
[INFO] [stderr]    Compiling crc32fast v1.5.2
[INFO] [stderr]    Compiling bitflags v2.13.2
[INFO] [stderr]    Compiling zerofrom-derive v0.1.8
[INFO] [stderr]    Compiling yoke-derive v0.8.4
[INFO] [stderr]    Compiling zerovec-derive v0.11.6
[INFO] [stderr]    Compiling displaydoc v0.2.7
[INFO] [stderr]    Compiling serde_derive v1.0.229
[INFO] [stderr]    Compiling zerofrom v0.1.8
[INFO] [stderr]    Compiling addr2line v0.25.1
[INFO] [stderr]    Compiling yoke v0.8.3
[INFO] [stderr]    Compiling serde_json v1.0.154
[INFO] [stderr]    Compiling unicase v2.10.0
[INFO] [stderr]    Compiling want v0.2.0
[INFO] [stderr]    Compiling mime_guess v2.0.5
[INFO] [stderr]    Compiling zerovec v0.11.8
[INFO] [stderr]    Compiling zerotrie v0.2.5
[INFO] [stderr]    Compiling encoding_rs v0.8.42
[INFO] [stderr]    Compiling tokio v0.1.22
[INFO] [stderr]    Compiling http-body v0.1.0
[INFO] [stderr]    Compiling h2 v0.1.26
[INFO] [stderr]    Compiling futures-cpupool v0.1.8
[INFO] [stderr]    Compiling rand_os v0.1.3
[INFO] [stderr]    Compiling tinystr v0.8.4
[INFO] [stderr]    Compiling icu_locale_core v2.3.0
[INFO] [stderr]    Compiling potential_utf v0.1.6
[INFO] [stderr]    Compiling icu_collections v2.3.0
[INFO] [stderr]    Compiling idna v0.2.3
[INFO] [stderr]    Compiling rand_hc v0.1.0
[INFO] [stderr]    Compiling rand_isaac v0.1.1
[INFO] [stderr]    Compiling rand_xorshift v0.1.1
[INFO] [stderr]    Compiling icu_provider v2.3.1
[INFO] [stderr]    Compiling rand_jitter v0.1.4
[INFO] [stderr]    Compiling simd-adler32 v0.3.10
[INFO] [stderr]    Compiling icu_normalizer v2.3.0
[INFO] [stderr]    Compiling icu_properties v2.3.0
[INFO] [stderr]    Compiling serde v1.0.229
[INFO] [stderr]    Compiling backtrace v0.3.76
[INFO] [stderr]    Compiling miniz_oxide v0.9.1
[INFO] [stderr]    Compiling idna_adapter v1.2.2
[INFO] [stderr]    Compiling idna v1.1.0
[INFO] [stderr]    Compiling url v2.5.8
[INFO] [stderr]    Compiling failure v0.1.8
[INFO] [stderr]    Compiling publicsuffix v1.5.6
[INFO] [stderr]    Compiling cookie v0.12.0
[INFO] [stderr]    Compiling try_from v0.3.2
[INFO] [stderr]    Compiling dtoa v0.4.8
[INFO] [stderr]    Compiling core_detect v1.0.0
[INFO] [stderr]    Compiling multiversion_no_op v1.0.0
[INFO] [stderr]    Compiling simdutf8 v0.1.5
[INFO] [stderr]    Compiling serde_urlencoded v0.5.5
[INFO] [stderr]    Compiling cookie_store v0.7.0
[INFO] [stderr]    Compiling flate2 v1.1.10
[INFO] [stderr]    Compiling hyper-tls v0.3.2
[INFO] [stderr]    Compiling uuid v0.7.4
[INFO] [stderr]    Compiling base64 v0.10.1
[INFO] [stderr]    Compiling chrono v0.4.45
[INFO] [stderr]    Compiling reqwest v0.9.24
[INFO] [stderr]    Compiling discord_bots v1.0.0 (/opt/rustwide/workdir)
[INFO] [stdout] warning: non-local `impl` definition, `impl` blocks should be written at the same level as their item
[INFO] [stdout]   --> src/lib.rs:29:17
[INFO] [stdout]    |
[INFO] [stdout] 29 | #[derive(Debug, Fail)]
[INFO] [stdout]    |                 ^---
[INFO] [stdout]    |                 |
[INFO] [stdout]    |                 `Fail` is not local
[INFO] [stdout]    |                 move the `impl` block outside of this constant `_DERIVE_failure_Fail_FOR_ParamError`
[INFO] [stdout] 30 | #[fail(display = "Error parsing parameter")]
[INFO] [stdout] 31 | pub struct ParamError;
[INFO] [stdout]    |            ---------- `ParamError` is not local
[INFO] [stdout]    |
[INFO] [stdout]    = note: the derive macro `Fail` defines the non-local `impl`, and may need to be changed
[INFO] [stdout]    = note: the derive macro `Fail` may come from an old version of the `failure_derive` crate, try updating your dependency with `cargo update -p failure_derive`
[INFO] [stdout]    = note: an `impl` is never scoped, even when it is nested inside an item, as it may impact type checking outside of that item, which can be the case if neither the trait or the self type are at the same nesting level as the `impl`
[INFO] [stdout]    = note: items in an anonymous const item (`const _: () = { ... }`) are treated as in the same scope as the anonymous const's declaration for the purpose of this lint
[INFO] [stdout]    = note: `#[warn(non_local_definitions)]` on by default
[INFO] [stdout]    = note: this warning originates in the derive macro `Fail` (in Nightly builds, run with -Z macro-backtrace for more info)
[INFO] [stdout] 
[INFO] [stdout] 
[INFO] [stdout] warning: non-local `impl` definition, `impl` blocks should be written at the same level as their item
[INFO] [stdout]   --> src/lib.rs:29:17
[INFO] [stdout]    |
[INFO] [stdout] 29 | #[derive(Debug, Fail)]
[INFO] [stdout]    |                 ^---
[INFO] [stdout]    |                 |
[INFO] [stdout]    |                 `Display` is not local
[INFO] [stdout]    |                 move the `impl` block outside of this constant `_DERIVE_failure_core_fmt_Display_FOR_ParamError`
[INFO] [stdout] 30 | #[fail(display = "Error parsing parameter")]
[INFO] [stdout] 31 | pub struct ParamError;
[INFO] [stdout]    |            ---------- `ParamError` is not local
[INFO] [stdout]    |
[INFO] [stdout]    = note: the derive macro `Fail` defines the non-local `impl`, and may need to be changed
[INFO] [stdout]    = note: the derive macro `Fail` may come from an old version of the `failure_derive` crate, try updating your dependency with `cargo update -p failure_derive`
[INFO] [stdout]    = note: an `impl` is never scoped, even when it is nested inside an item, as it may impact type checking outside of that item, which can be the case if neither the trait or the self type are at the same nesting level as the `impl`
[INFO] [stdout]    = note: items in an anonymous const item (`const _: () = { ... }`) are treated as in the same scope as the anonymous const's declaration for the purpose of this lint
[INFO] [stdout]    = note: this warning originates in the derive macro `Fail` (in Nightly builds, run with -Z macro-backtrace for more info)
[INFO] [stdout] 
[INFO] [stdout] 
[INFO] [stdout] warning: non-local `impl` definition, `impl` blocks should be written at the same level as their item
[INFO] [stdout]   --> src/lib.rs:34:17
[INFO] [stdout]    |
[INFO] [stdout] 34 | #[derive(Debug, Fail)]
[INFO] [stdout]    |                 ^---
[INFO] [stdout]    |                 |
[INFO] [stdout]    |                 `Fail` is not local
[INFO] [stdout]    |                 move the `impl` block outside of this constant `_DERIVE_failure_Fail_FOR_StatusError`
[INFO] [stdout] 35 | #[fail(display = "Error parsing parameter")]
[INFO] [stdout] 36 | pub struct StatusError(reqwest::StatusCode);
[INFO] [stdout]    |            ----------- `StatusError` is not local
[INFO] [stdout]    |
[INFO] [stdout]    = note: the derive macro `Fail` defines the non-local `impl`, and may need to be changed
[INFO] [stdout]    = note: the derive macro `Fail` may come from an old version of the `failure_derive` crate, try updating your dependency with `cargo update -p failure_derive`
[INFO] [stdout]    = note: an `impl` is never scoped, even when it is nested inside an item, as it may impact type checking outside of that item, which can be the case if neither the trait or the self type are at the same nesting level as the `impl`
[INFO] [stdout]    = note: items in an anonymous const item (`const _: () = { ... }`) are treated as in the same scope as the anonymous const's declaration for the purpose of this lint
[INFO] [stdout]    = note: this warning originates in the derive macro `Fail` (in Nightly builds, run with -Z macro-backtrace for more info)
[INFO] [stdout] 
[INFO] [stdout] 
[INFO] [stdout] warning: non-local `impl` definition, `impl` blocks should be written at the same level as their item
[INFO] [stdout]   --> src/lib.rs:34:17
[INFO] [stdout]    |
[INFO] [stdout] 34 | #[derive(Debug, Fail)]
[INFO] [stdout]    |                 ^---
[INFO] [stdout]    |                 |
[INFO] [stdout]    |                 `Display` is not local
[INFO] [stdout]    |                 move the `impl` block outside of this constant `_DERIVE_failure_core_fmt_Display_FOR_StatusError`
[INFO] [stdout] 35 | #[fail(display = "Error parsing parameter")]
[INFO] [stdout] 36 | pub struct StatusError(reqwest::StatusCode);
[INFO] [stdout]    |            ----------- `StatusError` is not local
[INFO] [stdout]    |
[INFO] [stdout]    = note: the derive macro `Fail` defines the non-local `impl`, and may need to be changed
[INFO] [stdout]    = note: the derive macro `Fail` may come from an old version of the `failure_derive` crate, try updating your dependency with `cargo update -p failure_derive`
[INFO] [stdout]    = note: an `impl` is never scoped, even when it is nested inside an item, as it may impact type checking outside of that item, which can be the case if neither the trait or the self type are at the same nesting level as the `impl`
[INFO] [stdout]    = note: items in an anonymous const item (`const _: () = { ... }`) are treated as in the same scope as the anonymous const's declaration for the purpose of this lint
[INFO] [stdout]    = note: this warning originates in the derive macro `Fail` (in Nightly builds, run with -Z macro-backtrace for more info)
[INFO] [stdout] 
[INFO] [stdout] 
[INFO] [stderr]     Finished `release` profile [optimized] target(s) in 2m 29s
[INFO] running `Command { std: "docker" "inspect" "43acbee1e72e78819ba9f3783eae15891b7b685dfd93c405db61c48c367e318f", kill_on_drop: false }`
[INFO] running `Command { std: "docker" "exec" "-e" "SOURCE_DIR=/opt/rustwide/workdir" "-e" "CARGO_HOME=/opt/rustwide/cargo-home" "-e" "RUSTUP_HOME=/opt/rustwide/rustup-home" "-e" "CARGO_TARGET_DIR=/opt/rustwide/target" "-e" "CARGO_INCREMENTAL=0" "-e" "RUST_BACKTRACE=full" "-e" "RUSTFLAGS=--cap-lints=warn" "-e" "RUSTDOCFLAGS=--cap-lints=warn" "-w" "/opt/rustwide/workdir" "--user" "0:0" "43acbee1e72e78819ba9f3783eae15891b7b685dfd93c405db61c48c367e318f" "/opt/rustwide/cargo-home/bin/cargo" "+1.99.0-beta.8" "test" "--frozen" "--no-run" "--message-format=json" "--release", kill_on_drop: false }`
[INFO] [stderr] warning: Cargo.toml: `package.edition` is unspecified, defaulting to `2015` while the latest is `2024`
[INFO] [stderr] warning: `discord_bots` (manifest) generated 1 warning
[INFO] [stdout] warning: non-local `impl` definition, `impl` blocks should be written at the same level as their item
[INFO] [stdout]   --> src/lib.rs:29:17
[INFO] [stdout]    |
[INFO] [stdout] 29 | #[derive(Debug, Fail)]
[INFO] [stdout]    |                 ^---
[INFO] [stdout]    |                 |
[INFO] [stdout]    |                 `Fail` is not local
[INFO] [stdout]    |                 move the `impl` block outside of this constant `_DERIVE_failure_Fail_FOR_ParamError`
[INFO] [stdout] 30 | #[fail(display = "Error parsing parameter")]
[INFO] [stdout] 31 | pub struct ParamError;
[INFO] [stdout]    |            ---------- `ParamError` is not local
[INFO] [stdout]    |
[INFO] [stdout]    = note: the derive macro `Fail` defines the non-local `impl`, and may need to be changed
[INFO] [stdout]    = note: the derive macro `Fail` may come from an old version of the `failure_derive` crate, try updating your dependency with `cargo update -p failure_derive`
[INFO] [stdout]    = note: an `impl` is never scoped, even when it is nested inside an item, as it may impact type checking outside of that item, which can be the case if neither the trait or the self type are at the same nesting level as the `impl`
[INFO] [stdout]    = note: items in an anonymous const item (`const _: () = { ... }`) are treated as in the same scope as the anonymous const's declaration for the purpose of this lint
[INFO] [stdout]    = note: `#[warn(non_local_definitions)]` on by default
[INFO] [stdout]    = note: this warning originates in the derive macro `Fail` (in Nightly builds, run with -Z macro-backtrace for more info)
[INFO] [stdout] 
[INFO] [stdout] 
[INFO] [stdout] warning: non-local `impl` definition, `impl` blocks should be written at the same level as their item
[INFO] [stdout]   --> src/lib.rs:29:17
[INFO] [stdout]    |
[INFO] [stdout] 29 | #[derive(Debug, Fail)]
[INFO] [stdout]    |                 ^---
[INFO] [stdout]    |                 |
[INFO] [stdout]    |                 `Display` is not local
[INFO] [stdout]    |                 move the `impl` block outside of this constant `_DERIVE_failure_core_fmt_Display_FOR_ParamError`
[INFO] [stdout] 30 | #[fail(display = "Error parsing parameter")]
[INFO] [stdout] 31 | pub struct ParamError;
[INFO] [stdout]    |            ---------- `ParamError` is not local
[INFO] [stdout]    |
[INFO] [stdout]    = note: the derive macro `Fail` defines the non-local `impl`, and may need to be changed
[INFO] [stdout]    = note: the derive macro `Fail` may come from an old version of the `failure_derive` crate, try updating your dependency with `cargo update -p failure_derive`
[INFO] [stdout]    = note: an `impl` is never scoped, even when it is nested inside an item, as it may impact type checking outside of that item, which can be the case if neither the trait or the self type are at the same nesting level as the `impl`
[INFO] [stdout]    = note: items in an anonymous const item (`const _: () = { ... }`) are treated as in the same scope as the anonymous const's declaration for the purpose of this lint
[INFO] [stdout]    = note: this warning originates in the derive macro `Fail` (in Nightly builds, run with -Z macro-backtrace for more info)
[INFO] [stdout] 
[INFO] [stdout] 
[INFO] [stdout] warning: non-local `impl` definition, `impl` blocks should be written at the same level as their item
[INFO] [stdout]   --> src/lib.rs:34:17
[INFO] [stdout]    |
[INFO] [stdout] 34 | #[derive(Debug, Fail)]
[INFO] [stdout]    |                 ^---
[INFO] [stdout]    |                 |
[INFO] [stdout]    |                 `Fail` is not local
[INFO] [stdout]    |                 move the `impl` block outside of this constant `_DERIVE_failure_Fail_FOR_StatusError`
[INFO] [stdout] 35 | #[fail(display = "Error parsing parameter")]
[INFO] [stdout] 36 | pub struct StatusError(reqwest::StatusCode);
[INFO] [stdout]    |            ----------- `StatusError` is not local
[INFO] [stdout]    |
[INFO] [stdout]    = note: the derive macro `Fail` defines the non-local `impl`, and may need to be changed
[INFO] [stdout]    = note: the derive macro `Fail` may come from an old version of the `failure_derive` crate, try updating your dependency with `cargo update -p failure_derive`
[INFO] [stdout]    = note: an `impl` is never scoped, even when it is nested inside an item, as it may impact type checking outside of that item, which can be the case if neither the trait or the self type are at the same nesting level as the `impl`
[INFO] [stdout]    = note: items in an anonymous const item (`const _: () = { ... }`) are treated as in the same scope as the anonymous const's declaration for the purpose of this lint
[INFO] [stdout]    = note: this warning originates in the derive macro `Fail` (in Nightly builds, run with -Z macro-backtrace for more info)
[INFO] [stdout] 
[INFO] [stdout] 
[INFO] [stdout] warning: non-local `impl` definition, `impl` blocks should be written at the same level as their item
[INFO] [stdout]   --> src/lib.rs:34:17
[INFO] [stdout]    |
[INFO] [stdout] 34 | #[derive(Debug, Fail)]
[INFO] [stdout]    |                 ^---
[INFO] [stdout]    |                 |
[INFO] [stdout]    |                 `Display` is not local
[INFO] [stdout]    |                 move the `impl` block outside of this constant `_DERIVE_failure_core_fmt_Display_FOR_StatusError`
[INFO] [stdout] 35 | #[fail(display = "Error parsing parameter")]
[INFO] [stdout] 36 | pub struct StatusError(reqwest::StatusCode);
[INFO] [stdout]    |            ----------- `StatusError` is not local
[INFO] [stdout]    |
[INFO] [stdout]    = note: the derive macro `Fail` defines the non-local `impl`, and may need to be changed
[INFO] [stdout]    = note: the derive macro `Fail` may come from an old version of the `failure_derive` crate, try updating your dependency with `cargo update -p failure_derive`
[INFO] [stdout]    = note: an `impl` is never scoped, even when it is nested inside an item, as it may impact type checking outside of that item, which can be the case if neither the trait or the self type are at the same nesting level as the `impl`
[INFO] [stdout]    = note: items in an anonymous const item (`const _: () = { ... }`) are treated as in the same scope as the anonymous const's declaration for the purpose of this lint
[INFO] [stdout]    = note: this warning originates in the derive macro `Fail` (in Nightly builds, run with -Z macro-backtrace for more info)
[INFO] [stdout] 
[INFO] [stdout] 
[INFO] [stderr]    Compiling discord_bots v1.0.0 (/opt/rustwide/workdir)
[INFO] [stdout] warning: non-local `impl` definition, `impl` blocks should be written at the same level as their item
[INFO] [stdout]   --> src/lib.rs:29:17
[INFO] [stdout]    |
[INFO] [stdout] 29 | #[derive(Debug, Fail)]
[INFO] [stdout]    |                 ^---
[INFO] [stdout]    |                 |
[INFO] [stdout]    |                 `Fail` is not local
[INFO] [stdout]    |                 move the `impl` block outside of this constant `_DERIVE_failure_Fail_FOR_ParamError`
[INFO] [stdout] 30 | #[fail(display = "Error parsing parameter")]
[INFO] [stdout] 31 | pub struct ParamError;
[INFO] [stdout]    |            ---------- `ParamError` is not local
[INFO] [stdout]    |
[INFO] [stdout]    = note: the derive macro `Fail` defines the non-local `impl`, and may need to be changed
[INFO] [stdout]    = note: the derive macro `Fail` may come from an old version of the `failure_derive` crate, try updating your dependency with `cargo update -p failure_derive`
[INFO] [stdout]    = note: an `impl` is never scoped, even when it is nested inside an item, as it may impact type checking outside of that item, which can be the case if neither the trait or the self type are at the same nesting level as the `impl`
[INFO] [stdout]    = note: items in an anonymous const item (`const _: () = { ... }`) are treated as in the same scope as the anonymous const's declaration for the purpose of this lint
[INFO] [stdout]    = note: `#[warn(non_local_definitions)]` on by default
[INFO] [stdout]    = note: this warning originates in the derive macro `Fail` (in Nightly builds, run with -Z macro-backtrace for more info)
[INFO] [stdout] 
[INFO] [stdout] 
[INFO] [stdout] warning: non-local `impl` definition, `impl` blocks should be written at the same level as their item
[INFO] [stdout]   --> src/lib.rs:29:17
[INFO] [stdout]    |
[INFO] [stdout] 29 | #[derive(Debug, Fail)]
[INFO] [stdout]    |                 ^---
[INFO] [stdout]    |                 |
[INFO] [stdout]    |                 `Display` is not local
[INFO] [stdout]    |                 move the `impl` block outside of this constant `_DERIVE_failure_core_fmt_Display_FOR_ParamError`
[INFO] [stdout] 30 | #[fail(display = "Error parsing parameter")]
[INFO] [stdout] 31 | pub struct ParamError;
[INFO] [stdout]    |            ---------- `ParamError` is not local
[INFO] [stdout]    |
[INFO] [stdout]    = note: the derive macro `Fail` defines the non-local `impl`, and may need to be changed
[INFO] [stdout]    = note: the derive macro `Fail` may come from an old version of the `failure_derive` crate, try updating your dependency with `cargo update -p failure_derive`
[INFO] [stdout]    = note: an `impl` is never scoped, even when it is nested inside an item, as it may impact type checking outside of that item, which can be the case if neither the trait or the self type are at the same nesting level as the `impl`
[INFO] [stdout]    = note: items in an anonymous const item (`const _: () = { ... }`) are treated as in the same scope as the anonymous const's declaration for the purpose of this lint
[INFO] [stdout]    = note: this warning originates in the derive macro `Fail` (in Nightly builds, run with -Z macro-backtrace for more info)
[INFO] [stdout] 
[INFO] [stdout] 
[INFO] [stdout] warning: non-local `impl` definition, `impl` blocks should be written at the same level as their item
[INFO] [stdout]   --> src/lib.rs:34:17
[INFO] [stdout]    |
[INFO] [stdout] 34 | #[derive(Debug, Fail)]
[INFO] [stdout]    |                 ^---
[INFO] [stdout]    |                 |
[INFO] [stdout]    |                 `Fail` is not local
[INFO] [stdout]    |                 move the `impl` block outside of this constant `_DERIVE_failure_Fail_FOR_StatusError`
[INFO] [stdout] 35 | #[fail(display = "Error parsing parameter")]
[INFO] [stdout] 36 | pub struct StatusError(reqwest::StatusCode);
[INFO] [stdout]    |            ----------- `StatusError` is not local
[INFO] [stdout]    |
[INFO] [stdout]    = note: the derive macro `Fail` defines the non-local `impl`, and may need to be changed
[INFO] [stdout]    = note: the derive macro `Fail` may come from an old version of the `failure_derive` crate, try updating your dependency with `cargo update -p failure_derive`
[INFO] [stdout]    = note: an `impl` is never scoped, even when it is nested inside an item, as it may impact type checking outside of that item, which can be the case if neither the trait or the self type are at the same nesting level as the `impl`
[INFO] [stdout]    = note: items in an anonymous const item (`const _: () = { ... }`) are treated as in the same scope as the anonymous const's declaration for the purpose of this lint
[INFO] [stdout]    = note: this warning originates in the derive macro `Fail` (in Nightly builds, run with -Z macro-backtrace for more info)
[INFO] [stdout] 
[INFO] [stdout] 
[INFO] [stdout] warning: non-local `impl` definition, `impl` blocks should be written at the same level as their item
[INFO] [stdout]   --> src/lib.rs:34:17
[INFO] [stdout]    |
[INFO] [stdout] 34 | #[derive(Debug, Fail)]
[INFO] [stdout]    |                 ^---
[INFO] [stdout]    |                 |
[INFO] [stdout]    |                 `Display` is not local
[INFO] [stdout]    |                 move the `impl` block outside of this constant `_DERIVE_failure_core_fmt_Display_FOR_StatusError`
[INFO] [stdout] 35 | #[fail(display = "Error parsing parameter")]
[INFO] [stdout] 36 | pub struct StatusError(reqwest::StatusCode);
[INFO] [stdout]    |            ----------- `StatusError` is not local
[INFO] [stdout]    |
[INFO] [stdout]    = note: the derive macro `Fail` defines the non-local `impl`, and may need to be changed
[INFO] [stdout]    = note: the derive macro `Fail` may come from an old version of the `failure_derive` crate, try updating your dependency with `cargo update -p failure_derive`
[INFO] [stdout]    = note: an `impl` is never scoped, even when it is nested inside an item, as it may impact type checking outside of that item, which can be the case if neither the trait or the self type are at the same nesting level as the `impl`
[INFO] [stdout]    = note: items in an anonymous const item (`const _: () = { ... }`) are treated as in the same scope as the anonymous const's declaration for the purpose of this lint
[INFO] [stdout]    = note: this warning originates in the derive macro `Fail` (in Nightly builds, run with -Z macro-backtrace for more info)
[INFO] [stdout] 
[INFO] [stdout] 
[INFO] [stderr]     Finished `release` profile [optimized] target(s) in 4.34s
[INFO] running `Command { std: "docker" "inspect" "43acbee1e72e78819ba9f3783eae15891b7b685dfd93c405db61c48c367e318f", kill_on_drop: false }`
[INFO] running `Command { std: "docker" "exec" "-e" "SOURCE_DIR=/opt/rustwide/workdir" "-e" "CARGO_HOME=/opt/rustwide/cargo-home" "-e" "RUSTUP_HOME=/opt/rustwide/rustup-home" "-e" "CARGO_TARGET_DIR=/opt/rustwide/target" "-e" "CARGO_INCREMENTAL=0" "-e" "RUST_BACKTRACE=full" "-e" "RUSTFLAGS=--cap-lints=warn" "-e" "RUSTDOCFLAGS=--cap-lints=warn" "-w" "/opt/rustwide/workdir" "--user" "0:0" "43acbee1e72e78819ba9f3783eae15891b7b685dfd93c405db61c48c367e318f" "/opt/rustwide/cargo-home/bin/cargo" "+1.99.0-beta.8" "test" "--frozen" "--release", kill_on_drop: false }`
[INFO] [stderr] warning: Cargo.toml: `package.edition` is unspecified, defaulting to `2015` while the latest is `2024`
[INFO] [stderr] warning: `discord_bots` (manifest) generated 1 warning
[INFO] [stderr] warning: non-local `impl` definition, `impl` blocks should be written at the same level as their item
[INFO] [stderr]   --> src/lib.rs:29:17
[INFO] [stderr]    |
[INFO] [stderr] 29 | #[derive(Debug, Fail)]
[INFO] [stderr]    |                 ^---
[INFO] [stderr]    |                 |
[INFO] [stderr]    |                 `Fail` is not local
[INFO] [stderr]    |                 move the `impl` block outside of this constant `_DERIVE_failure_Fail_FOR_ParamError`
[INFO] [stderr] 30 | #[fail(display = "Error parsing parameter")]
[INFO] [stderr] 31 | pub struct ParamError;
[INFO] [stderr]    |            ---------- `ParamError` is not local
[INFO] [stderr]    |
[INFO] [stderr]    = note: the derive macro `Fail` defines the non-local `impl`, and may need to be changed
[INFO] [stderr]    = note: the derive macro `Fail` may come from an old version of the `failure_derive` crate, try updating your dependency with `cargo update -p failure_derive`
[INFO] [stderr]    = note: an `impl` is never scoped, even when it is nested inside an item, as it may impact type checking outside of that item, which can be the case if neither the trait or the self type are at the same nesting level as the `impl`
[INFO] [stderr]    = note: items in an anonymous const item (`const _: () = { ... }`) are treated as in the same scope as the anonymous const's declaration for the purpose of this lint
[INFO] [stderr]    = note: `#[warn(non_local_definitions)]` on by default
[INFO] [stderr]    = note: this warning originates in the derive macro `Fail` (in Nightly builds, run with -Z macro-backtrace for more info)
[INFO] [stderr] 
[INFO] [stderr] warning: non-local `impl` definition, `impl` blocks should be written at the same level as their item
[INFO] [stderr]   --> src/lib.rs:29:17
[INFO] [stderr]    |
[INFO] [stderr] 29 | #[derive(Debug, Fail)]
[INFO] [stderr]    |                 ^---
[INFO] [stderr]    |                 |
[INFO] [stderr]    |                 `Display` is not local
[INFO] [stderr]    |                 move the `impl` block outside of this constant `_DERIVE_failure_core_fmt_Display_FOR_ParamError`
[INFO] [stderr] 30 | #[fail(display = "Error parsing parameter")]
[INFO] [stderr] 31 | pub struct ParamError;
[INFO] [stderr]    |            ---------- `ParamError` is not local
[INFO] [stderr]    |
[INFO] [stderr]    = note: the derive macro `Fail` defines the non-local `impl`, and may need to be changed
[INFO] [stderr]    = note: the derive macro `Fail` may come from an old version of the `failure_derive` crate, try updating your dependency with `cargo update -p failure_derive`
[INFO] [stderr]    = note: an `impl` is never scoped, even when it is nested inside an item, as it may impact type checking outside of that item, which can be the case if neither the trait or the self type are at the same nesting level as the `impl`
[INFO] [stderr]    = note: items in an anonymous const item (`const _: () = { ... }`) are treated as in the same scope as the anonymous const's declaration for the purpose of this lint
[INFO] [stderr]    = note: this warning originates in the derive macro `Fail` (in Nightly builds, run with -Z macro-backtrace for more info)
[INFO] [stderr] 
[INFO] [stderr] warning: non-local `impl` definition, `impl` blocks should be written at the same level as their item
[INFO] [stderr]   --> src/lib.rs:34:17
[INFO] [stderr]    |
[INFO] [stderr] 34 | #[derive(Debug, Fail)]
[INFO] [stderr]    |                 ^---
[INFO] [stderr]    |                 |
[INFO] [stderr]    |                 `Fail` is not local
[INFO] [stderr]    |                 move the `impl` block outside of this constant `_DERIVE_failure_Fail_FOR_StatusError`
[INFO] [stderr] 35 | #[fail(display = "Error parsing parameter")]
[INFO] [stderr] 36 | pub struct StatusError(reqwest::StatusCode);
[INFO] [stderr]    |            ----------- `StatusError` is not local
[INFO] [stderr]    |
[INFO] [stderr]    = note: the derive macro `Fail` defines the non-local `impl`, and may need to be changed
[INFO] [stderr]    = note: the derive macro `Fail` may come from an old version of the `failure_derive` crate, try updating your dependency with `cargo update -p failure_derive`
[INFO] [stderr]    = note: an `impl` is never scoped, even when it is nested inside an item, as it may impact type checking outside of that item, which can be the case if neither the trait or the self type are at the same nesting level as the `impl`
[INFO] [stderr]    = note: items in an anonymous const item (`const _: () = { ... }`) are treated as in the same scope as the anonymous const's declaration for the purpose of this lint
[INFO] [stderr]    = note: this warning originates in the derive macro `Fail` (in Nightly builds, run with -Z macro-backtrace for more info)
[INFO] [stderr] 
[INFO] [stderr] warning: non-local `impl` definition, `impl` blocks should be written at the same level as their item
[INFO] [stderr]   --> src/lib.rs:34:17
[INFO] [stderr]    |
[INFO] [stderr] 34 | #[derive(Debug, Fail)]
[INFO] [stderr]    |                 ^---
[INFO] [stderr]    |                 |
[INFO] [stderr]    |                 `Display` is not local
[INFO] [stderr]    |                 move the `impl` block outside of this constant `_DERIVE_failure_core_fmt_Display_FOR_StatusError`
[INFO] [stderr] 35 | #[fail(display = "Error parsing parameter")]
[INFO] [stderr] 36 | pub struct StatusError(reqwest::StatusCode);
[INFO] [stderr]    |            ----------- `StatusError` is not local
[INFO] [stderr]    |
[INFO] [stderr]    = note: the derive macro `Fail` defines the non-local `impl`, and may need to be changed
[INFO] [stderr]    = note: the derive macro `Fail` may come from an old version of the `failure_derive` crate, try updating your dependency with `cargo update -p failure_derive`
[INFO] [stderr]    = note: an `impl` is never scoped, even when it is nested inside an item, as it may impact type checking outside of that item, which can be the case if neither the trait or the self type are at the same nesting level as the `impl`
[INFO] [stderr]    = note: items in an anonymous const item (`const _: () = { ... }`) are treated as in the same scope as the anonymous const's declaration for the purpose of this lint
[INFO] [stderr]    = note: this warning originates in the derive macro `Fail` (in Nightly builds, run with -Z macro-backtrace for more info)
[INFO] [stderr] 
[INFO] [stderr] warning: `discord_bots` (lib) generated 4 warnings
[INFO] [stderr] warning: `discord_bots` (lib test) generated 4 warnings (4 duplicates)
[INFO] [stderr]     Finished `release` profile [optimized] target(s) in 0.18s
[INFO] [stderr]      Running unittests src/lib.rs (/opt/rustwide/target/release/deps/discord_bots-504962e65d42b28e)
[INFO] [stdout] 
[INFO] [stdout] running 5 tests
[INFO] [stdout] test tests::customize_widget ... ok
[INFO] [stdout] test tests::get_widget ... ok
[INFO] [stdout] test tests::get_bot_stats ... FAILED
[INFO] [stdout] test tests::get_bot ... FAILED
[INFO] [stdout] test tests::list_bots ... FAILED
[INFO] [stdout] 
[INFO] [stdout] failures:
[INFO] [stdout] 
[INFO] [stdout] ---- tests::get_bot_stats stdout ----
[INFO] [stdout] 
[INFO] [stdout] thread 'tests::get_bot_stats' (2444) panicked at src/lib.rs:578:51:
[INFO] [stdout] called `Result::unwrap()` on an `Err` value: Error(Hyper(Error(Connect, Custom { kind: Uncategorized, error: "failed to lookup address information: Temporary failure in name resolution" })), "https://discordbots.org/api/bots/510114241307607051/stats")
[INFO] [stdout] 
[INFO] [stdout]    0: <backtrace::capture::Backtrace>::create
[INFO] [stdout]    1: <failure::backtrace::Backtrace>::new
[INFO] [stdout]    2: <failure::error::error_impl::ErrorImpl as core::convert::From<reqwest::error::Error>>::from
[INFO] [stdout]    3: <discord_bots::Bot>::get_stats
[INFO] [stdout]    4: discord_bots::tests::get_bot_stats
[INFO] [stdout]    5: <discord_bots::tests::get_bot_stats::{closure#0} as core::ops::function::FnOnce<()>>::call_once
[INFO] [stdout]    6: test::__rust_begin_short_backtrace::<core::result::Result<(), alloc::string::String>, fn() -> core::result::Result<(), alloc::string::String>>
[INFO] [stdout]    7: test::run_test::{closure#0}
[INFO] [stdout]    8: std::sys::backtrace::__rust_begin_short_backtrace::<test::run_test::{closure#1}, ()>
[INFO] [stdout]    9: <std::thread::lifecycle::spawn_unchecked<test::run_test::{closure#1}, ()>::{closure#1} as core::ops::function::FnOnce<()>>::call_once::{shim:vtable#0}
[INFO] [stdout]   10: <std::sys::thread::unix::Thread>::new::thread_start
[INFO] [stdout]   11: <unknown>
[INFO] [stdout]   12: clone
[INFO] [stdout] 
[INFO] [stdout] stack backtrace:
[INFO] [stdout]    0:     0x59a36f099aa1 - <<std[70759c8f55707aa4]::sys::backtrace::BacktraceLock>::print::DisplayBacktrace as core[df12db4294e9bfd3]::fmt::Display>::fmt
[INFO] [stdout]    1:     0x59a36f0b089a - core[df12db4294e9bfd3]::fmt::write
[INFO] [stdout]    2:     0x59a36f09e4bc - <alloc[2182bb758b4b3781]::vec::Vec<u8> as core[df12db4294e9bfd3]::io::write::Write>::write_fmt
[INFO] [stdout]    3:     0x59a36f0749c6 - std[70759c8f55707aa4]::panicking::default_hook::{closure#0}
[INFO] [stdout]    4:     0x59a36f0918b9 - std[70759c8f55707aa4]::panicking::default_hook
[INFO] [stdout]    5:     0x59a36eebdfe0 - test[9d35eded1c95d3be]::test_main_inner::<test[9d35eded1c95d3be]::test_main_static::{closure#0}>::{closure#0}
[INFO] [stdout]    6:     0x59a36f091be2 - std[70759c8f55707aa4]::panicking::panic_with_hook
[INFO] [stdout]    7:     0x59a36f074a72 - std[70759c8f55707aa4]::panicking::panic_handler::{closure#0}
[INFO] [stdout]    8:     0x59a36f06d719 - std[70759c8f55707aa4]::sys::backtrace::__rust_end_short_backtrace::<std[70759c8f55707aa4]::panicking::panic_handler::{closure#0}, !>
[INFO] [stdout]    9:     0x59a36f07585d - __rustc[8fa7c3cbc660c2b3]::rust_begin_unwind
[INFO] [stdout]   10:     0x59a36f0b0ffc - core[df12db4294e9bfd3]::panicking::panic_fmt
[INFO] [stdout]   11:     0x59a36f0b0dd2 - core[df12db4294e9bfd3]::result::unwrap_failed
[INFO] [stdout]   12:     0x59a36eea9484 - discord_bots[eb0181431fd5f56b]::tests::get_bot_stats
[INFO] [stdout]   13:     0x59a36eea7f39 - <discord_bots[eb0181431fd5f56b]::tests::get_bot_stats::{closure#0} as core[df12db4294e9bfd3]::ops::function::FnOnce<()>>::call_once
[INFO] [stdout]   14:     0x59a36eeb12cb - test[9d35eded1c95d3be]::__rust_begin_short_backtrace::<core[df12db4294e9bfd3]::result::Result<(), alloc[2182bb758b4b3781]::string::String>, fn() -> core[df12db4294e9bfd3]::result::Result<(), alloc[2182bb758b4b3781]::string::String>>
[INFO] [stdout]   15:     0x59a36eebe935 - test[9d35eded1c95d3be]::run_test::{closure#0}
[INFO] [stdout]   16:     0x59a36eeb81f4 - std[70759c8f55707aa4]::sys::backtrace::__rust_begin_short_backtrace::<test[9d35eded1c95d3be]::run_test::{closure#1}, ()>
[INFO] [stdout]   17:     0x59a36eec1a92 - <std[70759c8f55707aa4]::thread::lifecycle::spawn_unchecked<test[9d35eded1c95d3be]::run_test::{closure#1}, ()>::{closure#1} as core[df12db4294e9bfd3]::ops::function::FnOnce<()>>::call_once::{shim:vtable#0}
[INFO] [stdout]   18:     0x59a36f098fc9 - <std[70759c8f55707aa4]::sys::thread::unix::Thread>::new::thread_start
[INFO] [stdout]   19:     0x7dd44506cdfa - <unknown>
[INFO] [stdout]   20:     0x7dd4451003d4 - clone
[INFO] [stdout]   21:                0x0 - <unknown>
[INFO] [stdout] 
[INFO] [stdout] ---- tests::get_bot stdout ----
[INFO] [stdout] 
[INFO] [stdout] thread 'tests::get_bot' (2443) panicked at src/lib.rs:572:54:
[INFO] [stdout] called `Result::unwrap()` on an `Err` value: Error(Hyper(Error(Connect, Custom { kind: Uncategorized, error: "failed to lookup address information: Temporary failure in name resolution" })), "https://discordbots.org/api/bots/510114241307607051")
[INFO] [stdout] 
[INFO] [stdout]    0: <backtrace::capture::Backtrace>::create
[INFO] [stdout]    1: <failure::backtrace::Backtrace>::new
[INFO] [stdout]    2: <failure::error::error_impl::ErrorImpl as core::convert::From<reqwest::error::Error>>::from
[INFO] [stdout]    3: <discord_bots::Bot>::get
[INFO] [stdout]    4: discord_bots::tests::get_bot
[INFO] [stdout]    5: <discord_bots::tests::get_bot::{closure#0} as core::ops::function::FnOnce<()>>::call_once
[INFO] [stdout]    6: test::__rust_begin_short_backtrace::<core::result::Result<(), alloc::string::String>, fn() -> core::result::Result<(), alloc::string::String>>
[INFO] [stdout]    7: test::run_test::{closure#0}
[INFO] [stdout]    8: std::sys::backtrace::__rust_begin_short_backtrace::<test::run_test::{closure#1}, ()>
[INFO] [stdout]    9: <std::thread::lifecycle::spawn_unchecked<test::run_test::{closure#1}, ()>::{closure#1} as core::ops::function::FnOnce<()>>::call_once::{shim:vtable#0}
[INFO] [stdout]   10: <std::sys::thread::unix::Thread>::new::thread_start
[INFO] [stdout]   11: <unknown>
[INFO] [stdout]   12: clone
[INFO] [stdout] 
[INFO] [stdout] stack backtrace:
[INFO] [stdout]    0:     0x59a36f099aa1 - <<std[70759c8f55707aa4]::sys::backtrace::BacktraceLock>::print::DisplayBacktrace as core[df12db4294e9bfd3]::fmt::Display>::fmt
[INFO] [stdout]    1:     0x59a36f0b089a - core[df12db4294e9bfd3]::fmt::write
[INFO] [stdout]    2:     0x59a36f09e4bc - <alloc[2182bb758b4b3781]::vec::Vec<u8> as core[df12db4294e9bfd3]::io::write::Write>::write_fmt
[INFO] [stdout]    3:     0x59a36f0749c6 - std[70759c8f55707aa4]::panicking::default_hook::{closure#0}
[INFO] [stdout]    4:     0x59a36f0918b9 - std[70759c8f55707aa4]::panicking::default_hook
[INFO] [stdout]    5:     0x59a36eebdfe0 - test[9d35eded1c95d3be]::test_main_inner::<test[9d35eded1c95d3be]::test_main_static::{closure#0}>::{closure#0}
[INFO] [stdout]    6:     0x59a36f091be2 - std[70759c8f55707aa4]::panicking::panic_with_hook
[INFO] [stdout]    7:     0x59a36f074a72 - std[70759c8f55707aa4]::panicking::panic_handler::{closure#0}
[INFO] [stdout]    8:     0x59a36f06d719 - std[70759c8f55707aa4]::sys::backtrace::__rust_end_short_backtrace::<std[70759c8f55707aa4]::panicking::panic_handler::{closure#0}, !>
[INFO] [stdout]    9:     0x59a36f07585d - __rustc[8fa7c3cbc660c2b3]::rust_begin_unwind
[INFO] [stdout]   10:     0x59a36f0b0ffc - core[df12db4294e9bfd3]::panicking::panic_fmt
[INFO] [stdout]   11:     0x59a36f0b0dd2 - core[df12db4294e9bfd3]::result::unwrap_failed
[INFO] [stdout]   12:     0x59a36eea9973 - discord_bots[eb0181431fd5f56b]::tests::get_bot
[INFO] [stdout]   13:     0x59a36eea7f79 - <discord_bots[eb0181431fd5f56b]::tests::get_bot::{closure#0} as core[df12db4294e9bfd3]::ops::function::FnOnce<()>>::call_once
[INFO] [stdout]   14:     0x59a36eeb12cb - test[9d35eded1c95d3be]::__rust_begin_short_backtrace::<core[df12db4294e9bfd3]::result::Result<(), alloc[2182bb758b4b3781]::string::String>, fn() -> core[df12db4294e9bfd3]::result::Result<(), alloc[2182bb758b4b3781]::string::String>>
[INFO] [stdout]   15:     0x59a36eebe935 - test[9d35eded1c95d3be]::run_test::{closure#0}
[INFO] [stdout]   16:     0x59a36eeb81f4 - std[70759c8f55707aa4]::sys::backtrace::__rust_begin_short_backtrace::<test[9d35eded1c95d3be]::run_test::{closure#1}, ()>
[INFO] [stdout]   17:     0x59a36eec1a92 - <std[70759c8f55707aa4]::thread::lifecycle::spawn_unchecked<test[9d35eded1c95d3be]::run_test::{closure#1}, ()>::{closure#1} as core[df12db4294e9bfd3]::ops::function::FnOnce<()>>::call_once::{shim:vtable#0}
[INFO] [stdout]   18:     0x59a36f098fc9 - <std[70759c8f55707aa4]::sys::thread::unix::Thread>::new::thread_start
[INFO] [stdout]   19:     0x7dd44506cdfa - <unknown>
[INFO] [stdout]   20:     0x7dd4451003d4 - clone
[INFO] [stdout]   21:                0x0 - <unknown>
[INFO] [stdout] 
[INFO] [stdout] ---- tests::list_bots stdout ----
[INFO] [stdout] 
[INFO] [stdout] thread 'tests::list_bots' (2446) panicked at src/lib.rs:608:71:
[INFO] [stdout] called `Result::unwrap()` on an `Err` value: Error(Hyper(Error(Connect, Custom { kind: Uncategorized, error: "failed to lookup address information: Temporary failure in name resolution" })), "https://discordbots.org/api/bots?limit=50&offset=0&search=shibe&sort=points&fields=")
[INFO] [stdout] 
[INFO] [stdout]    0: <backtrace::capture::Backtrace>::create
[INFO] [stdout]    1: <failure::backtrace::Backtrace>::new
[INFO] [stdout]    2: <failure::error::error_impl::ErrorImpl as core::convert::From<reqwest::error::Error>>::from
[INFO] [stdout]    3: <discord_bots::listing::BotListing>::exec
[INFO] [stdout]    4: discord_bots::tests::list_bots
[INFO] [stdout]    5: <discord_bots::tests::list_bots::{closure#0} as core::ops::function::FnOnce<()>>::call_once
[INFO] [stdout]    6: test::__rust_begin_short_backtrace::<core::result::Result<(), alloc::string::String>, fn() -> core::result::Result<(), alloc::string::String>>
[INFO] [stdout]    7: test::run_test::{closure#0}
[INFO] [stdout]    8: std::sys::backtrace::__rust_begin_short_backtrace::<test::run_test::{closure#1}, ()>
[INFO] [stdout]    9: <std::thread::lifecycle::spawn_unchecked<test::run_test::{closure#1}, ()>::{closure#1} as core::ops::function::FnOnce<()>>::call_once::{shim:vtable#0}
[INFO] [stdout]   10: <std::sys::thread::unix::Thread>::new::thread_start
[INFO] [stdout]   11: <unknown>
[INFO] [stdout]   12: clone
[INFO] [stdout] 
[INFO] [stdout] stack backtrace:
[INFO] [stdout]    0:     0x59a36f099aa1 - <<std[70759c8f55707aa4]::sys::backtrace::BacktraceLock>::print::DisplayBacktrace as core[df12db4294e9bfd3]::fmt::Display>::fmt
[INFO] [stdout]    1:     0x59a36f0b089a - core[df12db4294e9bfd3]::fmt::write
[INFO] [stdout]    2:     0x59a36f09e4bc - <alloc[2182bb758b4b3781]::vec::Vec<u8> as core[df12db4294e9bfd3]::io::write::Write>::write_fmt
[INFO] [stdout]    3:     0x59a36f0749c6 - std[70759c8f55707aa4]::panicking::default_hook::{closure#0}
[INFO] [stdout]    4:     0x59a36f0918b9 - std[70759c8f55707aa4]::panicking::default_hook
[INFO] [stdout]    5:     0x59a36eebdfe0 - test[9d35eded1c95d3be]::test_main_inner::<test[9d35eded1c95d3be]::test_main_static::{closure#0}>::{closure#0}
[INFO] [stdout]    6:     0x59a36f091be2 - std[70759c8f55707aa4]::panicking::panic_with_hook
[INFO] [stdout]    7:     0x59a36f074a72 - std[70759c8f55707aa4]::panicking::panic_handler::{closure#0}
[INFO] [stdout]    8:     0x59a36f06d719 - std[70759c8f55707aa4]::sys::backtrace::__rust_end_short_backtrace::<std[70759c8f55707aa4]::panicking::panic_handler::{closure#0}, !>
[INFO] [stdout]    9:     0x59a36f07585d - __rustc[8fa7c3cbc660c2b3]::rust_begin_unwind
[INFO] [stdout]   10:     0x59a36f0b0ffc - core[df12db4294e9bfd3]::panicking::panic_fmt
[INFO] [stdout]   11:     0x59a36f0b0dd2 - core[df12db4294e9bfd3]::result::unwrap_failed
[INFO] [stdout]   12:     0x59a36eea9e83 - discord_bots[eb0181431fd5f56b]::tests::list_bots
[INFO] [stdout]   13:     0x59a36eea7f99 - <discord_bots[eb0181431fd5f56b]::tests::list_bots::{closure#0} as core[df12db4294e9bfd3]::ops::function::FnOnce<()>>::call_once
[INFO] [stdout]   14:     0x59a36eeb12cb - test[9d35eded1c95d3be]::__rust_begin_short_backtrace::<core[df12db4294e9bfd3]::result::Result<(), alloc[2182bb758b4b3781]::string::String>, fn() -> core[df12db4294e9bfd3]::result::Result<(), alloc[2182bb758b4b3781]::string::String>>
[INFO] [stdout]   15:     0x59a36eebe935 - test[9d35eded1c95d3be]::run_test::{closure#0}
[INFO] [stdout]   16:     0x59a36eeb81f4 - std[70759c8f55707aa4]::sys::backtrace::__rust_begin_short_backtrace::<test[9d35eded1c95d3be]::run_test::{closure#1}, ()>
[INFO] [stdout]   17:     0x59a36eec1a92 - <std[70759c8f55707aa4]::thread::lifecycle::spawn_unchecked<test[9d35eded1c95d3be]::run_test::{closure#1}, ()>::{closure#1} as core[df12db4294e9bfd3]::ops::function::FnOnce<()>>::call_once::{shim:vtable#0}
[INFO] [stdout]   18:     0x59a36f098fc9 - <std[70759c8f55707aa4]::sys::thread::unix::Thread>::new::thread_start
[INFO] [stdout]   19:     0x7dd44506cdfa - <unknown>
[INFO] [stdout]   20:     0x7dd4451003d4 - clone
[INFO] [stdout]   21:                0x0 - <unknown>
[INFO] [stdout] 
[INFO] [stdout] 
[INFO] [stdout] failures:
[INFO] [stdout]     tests::get_bot
[INFO] [stdout]     tests::get_bot_stats
[INFO] [stdout]     tests::list_bots
[INFO] [stdout] 
[INFO] [stdout] test result: FAILED. 2 passed; 3 failed; 0 ignored; 0 measured; 0 filtered out; finished in 0.19s
[INFO] [stdout] 
[INFO] [stderr] error: test failed, to rerun pass `--lib`
[INFO] running `Command { std: "docker" "inspect" "43acbee1e72e78819ba9f3783eae15891b7b685dfd93c405db61c48c367e318f", kill_on_drop: false }`
[INFO] running `Command { std: "docker" "rm" "-f" "43acbee1e72e78819ba9f3783eae15891b7b685dfd93c405db61c48c367e318f", kill_on_drop: false }`
[INFO] [stdout] 43acbee1e72e78819ba9f3783eae15891b7b685dfd93c405db61c48c367e318f
