[INFO] fetching crate dirwalk 1.1.1...
[INFO] testing dirwalk-1.1.1 against 1.100.0-beta.1+cargoflags=--release for beta-release-1.100-2
[INFO] extracting crate dirwalk 1.1.1 into /workspace/builds/worker-7-tc2/source
[INFO] started tweaking crates.io crate dirwalk 1.1.1
[INFO] removed 0 missing tests
[INFO] finished tweaking crates.io crate dirwalk 1.1.1
[INFO] tweaked toml for crates.io crate dirwalk 1.1.1 written to /workspace/builds/worker-7-tc2/source/Cargo.toml
[INFO] validating manifest of crates.io crate dirwalk 1.1.1 on toolchain 1.100.0-beta.1
[INFO] running `Command { std: CARGO_HOME="/workspace/cargo-home" RUSTUP_HOME="/workspace/rustup-home" "/workspace/cargo-home/bin/cargo" "+1.100.0-beta.1" "metadata" "--manifest-path" "Cargo.toml" "--no-deps", kill_on_drop: false }`
[INFO] crate crates.io crate dirwalk 1.1.1 already has a lockfile, it will not be regenerated
[INFO] running `Command { std: CARGO_HOME="/workspace/cargo-home" RUSTUP_HOME="/workspace/rustup-home" "/workspace/cargo-home/bin/cargo" "+1.100.0-beta.1" "fetch" "--manifest-path" "Cargo.toml", kill_on_drop: false }`
[INFO] [stderr] warning: Cargo.toml: file `/workspace/builds/worker-7-tc2/source/src/main.rs` found to be present in multiple build targets:
[INFO] [stderr]   * `bin` target `dirwalk`
[INFO] [stderr]   * `bin` target `dw`
[INFO] [stderr] warning: `package.homepage` is redundant with `package.repository`
[INFO] [stderr]   --> Cargo.toml:82:12
[INFO] [stderr]    |
[INFO] [stderr] 82 | homepage = "https://codeberg.org/madk/dirwalk"
[INFO] [stderr]    |            ^^^^^^^^^^^^^^^^^^^^^^^^^^^^^^^^^^^
[INFO] [stderr] ...
[INFO] [stderr] 87 | repository = "https://codeberg.org/madk/dirwalk"
[INFO] [stderr]    |              -----------------------------------
[INFO] [stderr]    |
[INFO] [stderr]    = note: `cargo::redundant_homepage` is set to `warn` by default
[INFO] [stderr] help: consider removing `package.homepage`
[INFO] [stderr] warning: `dirwalk` (manifest) generated 2 warnings
[INFO] running `Command { std: "docker" "create" "-v" "/var/lib/crater-agent-workspace/builds/worker-7-tc2/source:/opt/rustwide/workdir:ro,Z" "-v" "/var/lib/crater-agent-workspace/builds/worker-7-tc2/target:/opt/rustwide/target:rw,Z" "-v" "/var/lib/crater-agent-workspace/cargo-home:/opt/rustwide/cargo-home:ro,Z" "-v" "/var/lib/crater-agent-workspace/rustup-home:/opt/rustwide/rustup-home:ro,Z" "-m" "1610612736" "--network" "none" "ghcr.io/rust-lang/crates-build-env/linux@sha256:77db811e55d90add9212f6832c23229e3de5f1c1f9905e8cb07319ea15df73ac" "sleep" "infinity", kill_on_drop: false }`
[INFO] [stdout] a25a99331206c3fd871a3891eaf9092a31b65740f13e6c93fae915e19d71a6ed
[INFO] running `Command { std: "docker" "start" "a25a99331206c3fd871a3891eaf9092a31b65740f13e6c93fae915e19d71a6ed", kill_on_drop: false }`
[INFO] running `Command { std: "docker" "inspect" "a25a99331206c3fd871a3891eaf9092a31b65740f13e6c93fae915e19d71a6ed", kill_on_drop: false }`
[INFO] running `Command { std: "docker" "exec" "-e" "SOURCE_DIR=/opt/rustwide/workdir" "-e" "CARGO_HOME=/opt/rustwide/cargo-home" "-e" "RUSTUP_HOME=/opt/rustwide/rustup-home" "-e" "CARGO_TARGET_DIR=/opt/rustwide/target" "-w" "/opt/rustwide/workdir" "--user" "0:0" "a25a99331206c3fd871a3891eaf9092a31b65740f13e6c93fae915e19d71a6ed" "/opt/rustwide/cargo-home/bin/cargo" "+1.100.0-beta.1" "metadata" "--no-deps" "--format-version=1", kill_on_drop: false }`
[INFO] running `Command { std: "docker" "inspect" "a25a99331206c3fd871a3891eaf9092a31b65740f13e6c93fae915e19d71a6ed", kill_on_drop: false }`
[INFO] running `Command { std: "docker" "exec" "-e" "SOURCE_DIR=/opt/rustwide/workdir" "-e" "CARGO_HOME=/opt/rustwide/cargo-home" "-e" "RUSTUP_HOME=/opt/rustwide/rustup-home" "-e" "CARGO_TARGET_DIR=/opt/rustwide/target" "-e" "CARGO_INCREMENTAL=0" "-e" "RUST_BACKTRACE=full" "-e" "RUSTFLAGS=--cap-lints=warn" "-e" "RUSTDOCFLAGS=--cap-lints=warn" "-w" "/opt/rustwide/workdir" "--user" "0:0" "a25a99331206c3fd871a3891eaf9092a31b65740f13e6c93fae915e19d71a6ed" "/opt/rustwide/cargo-home/bin/cargo" "+1.100.0-beta.1" "build" "--frozen" "--message-format=json" "--release", kill_on_drop: false }`
[INFO] [stderr] warning: Cargo.toml: file `/opt/rustwide/workdir/src/main.rs` found to be present in multiple build targets:
[INFO] [stderr]   * `bin` target `dirwalk`
[INFO] [stderr]   * `bin` target `dw`
[INFO] [stderr] warning: `package.homepage` is redundant with `package.repository`
[INFO] [stderr]   --> Cargo.toml:82:12
[INFO] [stderr]    |
[INFO] [stderr] 82 | homepage = "https://codeberg.org/madk/dirwalk"
[INFO] [stderr]    |            ^^^^^^^^^^^^^^^^^^^^^^^^^^^^^^^^^^^
[INFO] [stderr] ...
[INFO] [stderr] 87 | repository = "https://codeberg.org/madk/dirwalk"
[INFO] [stderr]    |              -----------------------------------
[INFO] [stderr]    |
[INFO] [stderr]    = note: `cargo::redundant_homepage` is set to `warn` by default
[INFO] [stderr] help: consider removing `package.homepage`
[INFO] [stderr] warning: `dirwalk` (manifest) generated 2 warnings
[INFO] [stderr]    Compiling regex-syntax v0.8.10
[INFO] [stderr]    Compiling either v1.15.0
[INFO] [stderr]    Compiling natord v1.0.9
[INFO] [stderr]    Compiling bstr v1.12.1
[INFO] [stderr]    Compiling rayon v1.11.0
[INFO] [stderr]    Compiling regex-automata v0.4.14
[INFO] [stderr]    Compiling globset v0.4.18
[INFO] [stderr]    Compiling ignore v0.4.25
[INFO] [stderr]    Compiling dirwalk v1.1.1 (/opt/rustwide/workdir)
[INFO] [stdout] warning: unused variable: `e`
[INFO] [stdout]    --> src/scan/linux.rs:145:13
[INFO] [stdout]     |
[INFO] [stdout] 145 |         Err(e) => {
[INFO] [stdout]     |             ^ help: if this is intentional, prefix it with an underscore: `_e`
[INFO] [stdout]     |
[INFO] [stdout]     = note: `#[warn(unused_variables)]` (part of `#[warn(unused)]`) on by default
[INFO] [stdout] 
[INFO] [stdout] 
[INFO] [stderr]     Finished `release` profile [optimized] target(s) in 22.52s
[INFO] running `Command { std: "docker" "inspect" "a25a99331206c3fd871a3891eaf9092a31b65740f13e6c93fae915e19d71a6ed", kill_on_drop: false }`
[INFO] running `Command { std: "docker" "exec" "-e" "SOURCE_DIR=/opt/rustwide/workdir" "-e" "CARGO_HOME=/opt/rustwide/cargo-home" "-e" "RUSTUP_HOME=/opt/rustwide/rustup-home" "-e" "CARGO_TARGET_DIR=/opt/rustwide/target" "-e" "CARGO_INCREMENTAL=0" "-e" "RUST_BACKTRACE=full" "-e" "RUSTFLAGS=--cap-lints=warn" "-e" "RUSTDOCFLAGS=--cap-lints=warn" "-w" "/opt/rustwide/workdir" "--user" "0:0" "a25a99331206c3fd871a3891eaf9092a31b65740f13e6c93fae915e19d71a6ed" "/opt/rustwide/cargo-home/bin/cargo" "+1.100.0-beta.1" "test" "--frozen" "--no-run" "--message-format=json" "--release", kill_on_drop: false }`
[INFO] [stderr] warning: Cargo.toml: file `/opt/rustwide/workdir/src/main.rs` found to be present in multiple build targets:
[INFO] [stderr]   * `bin` target `dirwalk`
[INFO] [stderr]   * `bin` target `dw`
[INFO] [stderr] warning: `package.homepage` is redundant with `package.repository`
[INFO] [stderr]   --> Cargo.toml:82:12
[INFO] [stderr]    |
[INFO] [stderr] 82 | homepage = "https://codeberg.org/madk/dirwalk"
[INFO] [stderr]    |            ^^^^^^^^^^^^^^^^^^^^^^^^^^^^^^^^^^^
[INFO] [stderr] ...
[INFO] [stderr] 87 | repository = "https://codeberg.org/madk/dirwalk"
[INFO] [stderr]    |              -----------------------------------
[INFO] [stderr]    |
[INFO] [stderr]    = note: `cargo::redundant_homepage` is set to `warn` by default
[INFO] [stderr] help: consider removing `package.homepage`
[INFO] [stderr] warning: `dirwalk` (manifest) generated 2 warnings
[INFO] [stderr]    Compiling once_cell v1.21.4
[INFO] [stdout] warning: unused variable: `e`
[INFO] [stdout]    --> src/scan/linux.rs:145:13
[INFO] [stdout]     |
[INFO] [stdout] 145 |         Err(e) => {
[INFO] [stdout]     |             ^ help: if this is intentional, prefix it with an underscore: `_e`
[INFO] [stdout]     |
[INFO] [stdout]     = note: `#[warn(unused_variables)]` (part of `#[warn(unused)]`) on by default
[INFO] [stdout] 
[INFO] [stdout] 
[INFO] [stderr]    Compiling tempfile v3.27.0
[INFO] [stderr]    Compiling dirwalk v1.1.1 (/opt/rustwide/workdir)
[INFO] [stdout] warning: unused variable: `e`
[INFO] [stdout]    --> src/scan/linux.rs:145:13
[INFO] [stdout]     |
[INFO] [stdout] 145 |         Err(e) => {
[INFO] [stdout]     |             ^ help: if this is intentional, prefix it with an underscore: `_e`
[INFO] [stdout]     |
[INFO] [stdout]     = note: `#[warn(unused_variables)]` (part of `#[warn(unused)]`) on by default
[INFO] [stdout] 
[INFO] [stdout] 
[INFO] [stderr]     Finished `release` profile [optimized] target(s) in 6.86s
[INFO] running `Command { std: "docker" "inspect" "a25a99331206c3fd871a3891eaf9092a31b65740f13e6c93fae915e19d71a6ed", kill_on_drop: false }`
[INFO] running `Command { std: "docker" "exec" "-e" "SOURCE_DIR=/opt/rustwide/workdir" "-e" "CARGO_HOME=/opt/rustwide/cargo-home" "-e" "RUSTUP_HOME=/opt/rustwide/rustup-home" "-e" "CARGO_TARGET_DIR=/opt/rustwide/target" "-e" "CARGO_INCREMENTAL=0" "-e" "RUST_BACKTRACE=full" "-e" "RUSTFLAGS=--cap-lints=warn" "-e" "RUSTDOCFLAGS=--cap-lints=warn" "-w" "/opt/rustwide/workdir" "--user" "0:0" "a25a99331206c3fd871a3891eaf9092a31b65740f13e6c93fae915e19d71a6ed" "/opt/rustwide/cargo-home/bin/cargo" "+1.100.0-beta.1" "test" "--frozen" "--release", kill_on_drop: false }`
[INFO] [stderr] warning: Cargo.toml: file `/opt/rustwide/workdir/src/main.rs` found to be present in multiple build targets:
[INFO] [stderr]   * `bin` target `dirwalk`
[INFO] [stderr]   * `bin` target `dw`
[INFO] [stderr] warning: `package.homepage` is redundant with `package.repository`
[INFO] [stderr]   --> Cargo.toml:82:12
[INFO] [stderr]    |
[INFO] [stderr] 82 | homepage = "https://codeberg.org/madk/dirwalk"
[INFO] [stderr]    |            ^^^^^^^^^^^^^^^^^^^^^^^^^^^^^^^^^^^
[INFO] [stderr] ...
[INFO] [stderr] 87 | repository = "https://codeberg.org/madk/dirwalk"
[INFO] [stderr]    |              -----------------------------------
[INFO] [stderr]    |
[INFO] [stderr]    = note: `cargo::redundant_homepage` is set to `warn` by default
[INFO] [stderr] help: consider removing `package.homepage`
[INFO] [stderr] warning: `dirwalk` (manifest) generated 2 warnings
[INFO] [stderr] warning: unused variable: `e`
[INFO] [stderr]    --> src/scan/linux.rs:145:13
[INFO] [stderr]     |
[INFO] [stderr] 145 |         Err(e) => {
[INFO] [stderr]     |             ^ help: if this is intentional, prefix it with an underscore: `_e`
[INFO] [stderr]     |
[INFO] [stderr]     = note: `#[warn(unused_variables)]` (part of `#[warn(unused)]`) on by default
[INFO] [stderr] 
[INFO] [stderr] warning: `dirwalk` (lib) generated 1 warning (run `cargo fix --lib -p dirwalk` to apply 1 suggestion)
[INFO] [stderr] warning: `dirwalk` (lib test) generated 1 warning (1 duplicate)
[INFO] [stderr]     Finished `release` profile [optimized] target(s) in 0.09s
[INFO] [stderr]      Running unittests src/lib.rs (/opt/rustwide/target/release/build/dirwalk/d9d3505ec55ed563/out/dirwalk-d9d3505ec55ed563)
[INFO] [stdout] 
[INFO] [stdout] running 20 tests
[INFO] [stdout] test entry::tests::name_forward_slash ... ok
[INFO] [stdout] test entry::tests::extension_trailing_dot ... ok
[INFO] [stdout] test util::tests::parent_dir_one_level_backslash ... ok
[INFO] [stdout] test util::tests::parent_dir_no_separator ... ok
[INFO] [stdout] test entry::tests::extension_in_subdirectory ... ok
[INFO] [stdout] test entry::tests::extension_hidden_file_with_ext ... ok
[INFO] [stdout] test entry::tests::name_nested ... ok
[INFO] [stdout] test entry::tests::name_no_separator ... ok
[INFO] [stdout] test entry::tests::name_backslash ... ok
[INFO] [stdout] test util::tests::parent_dir_deeply_nested ... ok
[INFO] [stdout] test util::tests::parent_dir_one_level_forward_slash ... ok
[INFO] [stdout] test walk::iter::tests::parallel_walk_duration_is_nonzero ... ok
[INFO] [stdout] test entry::tests::extension_simple ... ok
[INFO] [stdout] test entry::tests::extension_hidden_file_no_ext ... ok
[INFO] [stdout] test entry::tests::extension_preserves_case ... ok
[INFO] [stdout] test entry::tests::extension_multiple_dots ... ok
[INFO] [stdout] test entry::tests::extension_no_dot ... ok
[INFO] [stdout] test entry::tests::extension_dir_always_none ... ok
[INFO] [stdout] test util::tests::parent_dir_empty_string ... ok
[INFO] [stdout] test util::tests::parent_dir_nested ... ok
[INFO] [stdout] 
[INFO] [stdout] test result: ok. 20 passed; 0 failed; 0 ignored; 0 measured; 0 filtered out; finished in 0.01s
[INFO] [stdout] 
[INFO] [stderr]      Running tests/filter_sort_group.rs (/opt/rustwide/target/release/build/dirwalk/493bffa529875567/out/filter_sort_group-493bffa529875567)
[INFO] [stdout] 
[INFO] [stdout] running 16 tests
[INFO] [stdout] test sort_by_size ... ok
[INFO] [stdout] test sort_by_extension_order ... ok
[INFO] [stdout] test group_by_directory_correctness ... ok
[INFO] [stdout] test group_by_extension ... ok
[INFO] [stdout] test filter_by_glob ... ok
[INFO] [stdout] test filter_by_min_size ... ok
[INFO] [stdout] test filter_by_extension ... ok
[INFO] [stdout] test tree_reconstruction ... ok
[INFO] [stdout] test sort_dirs_first ... ok
[INFO] [stdout] test sort_by_modified ... ok
[INFO] [stdout] test filter_extensions_case_insensitive ... ok
[INFO] [stdout] test group_by_depth ... ok
[INFO] [stdout] test filter_by_extension_keeps_directories ... ok
[INFO] [stdout] test filter_multiple_extensions ... ok
[INFO] [stderr]      Running tests/fixture.rs (/opt/rustwide/target/release/build/dirwalk/1fc950ce8610fc8e/out/fixture-1fc950ce8610fc8e)
[INFO] [stdout] test sort_by_name_natural ... ok
[INFO] [stdout] test parallel_walk_same_count_as_sequential ... ok
[INFO] [stdout] 
[INFO] [stdout] test result: ok. 16 passed; 0 failed; 0 ignored; 0 measured; 0 filtered out; finished in 0.04s
[INFO] [stdout] 
[INFO] [stdout] 
[INFO] [stdout] running 43 tests
[INFO] [stdout] test error_display_and_source ... ok
[INFO] [stdout] test follow_links_descends_symlinked_dir ... ok
[INFO] [stdout] test scan_dir_invalid_path ... ok
[INFO] [stdout] test filter_by_extension ... FAILED
[INFO] [stdout] test scan_dir_returns_entries ... FAILED
[INFO] [stdout] test filter_gitignore ... ok
[INFO] [stdout] test filter_by_extension_keeps_dirs ... FAILED
[INFO] [stdout] test scan_dir_excludes_dot_entries ... FAILED
[INFO] [stdout] test group_by_depth ... FAILED
[INFO] [stdout] test group_by_directory ... FAILED
[INFO] [stdout] test parallel_matches_sequential ... FAILED
[INFO] [stdout] test group_by_extension ... FAILED
[INFO] [stdout] test scan_dir_metadata ... FAILED
[INFO] [stdout] test filter_by_size ... FAILED
[INFO] [stdout] test filter_by_multiple_extensions ... FAILED
[INFO] [stdout] test sort_by_extension ... FAILED
[INFO] [stdout] test sort_by_extension_case_ordering ... ok
[INFO] [stdout] test follow_links_resolves_symlink ... FAILED
[INFO] [stdout] test filter_malformed_gitignore ... ok
[INFO] [stdout] test sort_by_name ... FAILED
[INFO] [stdout] test sort_by_modified ... FAILED
[INFO] [stdout] test sort_dirs_first ... FAILED
[INFO] [stdout] test filter_by_extension_case_insensitive ... ok
[INFO] [stdout] test tree_empty ... ok
[INFO] [stdout] test walk_empty_dir ... FAILED
[INFO] [stdout] test follow_links_cycle_detection ... ok
[INFO] [stdout] test walk_invalid_path ... ok
[INFO] [stdout] test sort_by_size ... FAILED
[INFO] [stdout] test filter_by_glob ... FAILED
[INFO] [stdout] test threads_from_str_invalid ... ok
[INFO] [stdout] test tree_structure ... FAILED
[INFO] [stdout] test threads_from_str_valid ... ok
[INFO] [stdout] test sort_unicode_filenames ... ok
[INFO] [stdout] test walk_full ... FAILED
[INFO] [stdout] test walk_hidden_excluded_by_default ... FAILED
[INFO] [stdout] test walk_hidden_toggle ... FAILED
[INFO] [stdout] test walk_max_depth ... FAILED
[INFO] [stdout] test walk_max_depth_limits_recursion ... FAILED
[INFO] [stdout] test walk_relative_paths ... FAILED
[INFO] [stdout] test walk_iter_collects_all_entries ... FAILED
[INFO] [stdout] test sort_by_name_per_parent_group ... ok
[INFO] [stdout] test walk_iter_stats ... FAILED
[INFO] [stdout] test threads_zero_auto ... FAILED
[INFO] [stdout] 
[INFO] [stdout] failures:
[INFO] [stdout] 
[INFO] [stdout] ---- filter_by_extension stdout ----
[INFO] [stdout] 
[INFO] [stdout] thread 'filter_by_extension' (849) panicked at tests/common/mod.rs:25:5:
[INFO] [stdout] test fixture not found at /opt/rustwide/workdir/tests/fixtures. Run `just test-fixtures` first.
[INFO] [stdout] stack backtrace:
[INFO] [stdout]    0:     0x5876a89f0971 - <<std[617be2ca0a6fd877]::sys::backtrace::BacktraceLock>::print::DisplayBacktrace as core[a373ad73a504971]::fmt::Display>::fmt
[INFO] [stdout]    1:     0x5876a8a06f2a - core[a373ad73a504971]::fmt::write
[INFO] [stdout]    2:     0x5876a89f4ecc - <alloc[2e1b2a31b91974c5]::vec::Vec<u8> as core[a373ad73a504971]::io::write::Write>::write_fmt
[INFO] [stdout]    3:     0x5876a89caf06 - std[617be2ca0a6fd877]::panicking::default_hook::{closure#0}
[INFO] [stdout]    4:     0x5876a89e8099 - std[617be2ca0a6fd877]::panicking::default_hook
[INFO] [stdout]    5:     0x5876a8880140 - test[aada8e7e76ba119b]::test_main_inner::{closure#0}
[INFO] [stdout]    6:     0x5876a89e83c2 - std[617be2ca0a6fd877]::panicking::panic_with_hook
[INFO] [stdout]    7:     0x5876a89cafb2 - std[617be2ca0a6fd877]::panicking::panic_handler::{closure#0}
[INFO] [stdout]    8:     0x5876a89c3aa9 - std[617be2ca0a6fd877]::sys::backtrace::__rust_end_short_backtrace::<std[617be2ca0a6fd877]::panicking::panic_handler::{closure#0}, !>
[INFO] [stdout]    9:     0x5876a89cbcad - __rustc[ea4f61d10b84890b]::rust_begin_unwind
[INFO] [stdout]   10:     0x5876a8a0770c - core[a373ad73a504971]::panicking::panic_fmt
[INFO] [stdout]   11:     0x5876a886cddf - fixture[275c9b540a516042]::common::fixture_path
[INFO] [stdout]   12:     0x5876a8860487 - <fixture[275c9b540a516042]::filter_by_extension::{closure#0} as core[a373ad73a504971]::ops::function::FnOnce<()>>::call_once
[INFO] [stdout]   13:     0x5876a887358b - test[aada8e7e76ba119b]::__rust_begin_short_backtrace::<core[a373ad73a504971]::result::Result<(), alloc[2e1b2a31b91974c5]::string::String>, fn() -> core[a373ad73a504971]::result::Result<(), alloc[2e1b2a31b91974c5]::string::String>>
[INFO] [stdout]   14:     0x5876a8880765 - test[aada8e7e76ba119b]::run_test::{closure#0}
[INFO] [stdout]   15:     0x5876a887a054 - std[617be2ca0a6fd877]::sys::backtrace::__rust_begin_short_backtrace::<test[aada8e7e76ba119b]::run_test::{closure#1}, ()>
[INFO] [stdout]   16:     0x5876a88837f2 - <std[617be2ca0a6fd877]::thread::lifecycle::spawn_unchecked<test[aada8e7e76ba119b]::run_test::{closure#1}, ()>::{closure#1} as core[a373ad73a504971]::ops::function::FnOnce<()>>::call_once::{shim:vtable#0}
[INFO] [stdout]   17:     0x5876a89effdf - <std[617be2ca0a6fd877]::sys::thread::unix::Thread>::new::thread_start
[INFO] [stdout]   18:     0x72dd85e83dfa - <unknown>
[INFO] [stdout]   19:     0x72dd85f173d4 - clone
[INFO] [stdout]   20:                0x0 - <unknown>
[INFO] [stdout] 
[INFO] [stdout] ---- scan_dir_returns_entries stdout ----
[INFO] [stdout] 
[INFO] [stdout] thread 'scan_dir_returns_entries' (935) panicked at tests/common/mod.rs:25:5:
[INFO] [stdout] test fixture not found at /opt/rustwide/workdir/tests/fixtures. Run `just test-fixtures` first.
[INFO] [stdout] stack backtrace:
[INFO] [stdout]    0:     0x5876a89f0971 - <<std[617be2ca0a6fd877]::sys::backtrace::BacktraceLock>::print::DisplayBacktrace as core[a373ad73a504971]::fmt::Display>::fmt
[INFO] [stdout]    1:     0x5876a8a06f2a - core[a373ad73a504971]::fmt::write
[INFO] [stdout]    2:     0x5876a89f4ecc - <alloc[2e1b2a31b91974c5]::vec::Vec<u8> as core[a373ad73a504971]::io::write::Write>::write_fmt
[INFO] [stdout]    3:     0x5876a89caf06 - std[617be2ca0a6fd877]::panicking::default_hook::{closure#0}
[INFO] [stdout]    4:     0x5876a89e8099 - std[617be2ca0a6fd877]::panicking::default_hook
[INFO] [stdout]    5:     0x5876a8880140 - test[aada8e7e76ba119b]::test_main_inner::{closure#0}
[INFO] [stdout]    6:     0x5876a89e83c2 - std[617be2ca0a6fd877]::panicking::panic_with_hook
[INFO] [stdout]    7:     0x5876a89cafb2 - std[617be2ca0a6fd877]::panicking::panic_handler::{closure#0}
[INFO] [stdout]    8:     0x5876a89c3aa9 - std[617be2ca0a6fd877]::sys::backtrace::__rust_end_short_backtrace::<std[617be2ca0a6fd877]::panicking::panic_handler::{closure#0}, !>
[INFO] [stdout]    9:     0x5876a89cbcad - __rustc[ea4f61d10b84890b]::rust_begin_unwind
[INFO] [stdout]   10:     0x5876a8a0770c - core[a373ad73a504971]::panicking::panic_fmt
[INFO] [stdout]   11:     0x5876a886cddf - fixture[275c9b540a516042]::common::fixture_path
[INFO] [stdout]   12:     0x5876a8861aab - <fixture[275c9b540a516042]::scan_dir_returns_entries::{closure#0} as core[a373ad73a504971]::ops::function::FnOnce<()>>::call_once
[INFO] [stdout]   13:     0x5876a887358b - test[aada8e7e76ba119b]::__rust_begin_short_backtrace::<core[a373ad73a504971]::result::Result<(), alloc[2e1b2a31b91974c5]::string::String>, fn() -> core[a373ad73a504971]::result::Result<(), alloc[2e1b2a31b91974c5]::string::String>>
[INFO] [stdout]   14:     0x5876a8880765 - test[aada8e7e76ba119b]::run_test::{closure#0}
[INFO] [stdout]   15:     0x5876a887a054 - std[617be2ca0a6fd877]::sys::backtrace::__rust_begin_short_backtrace::<test[aada8e7e76ba119b]::run_test::{closure#1}, ()>
[INFO] [stdout]   16:     0x5876a88837f2 - <std[617be2ca0a6fd877]::thread::lifecycle::spawn_unchecked<test[aada8e7e76ba119b]::run_test::{closure#1}, ()>::{closure#1} as core[a373ad73a504971]::ops::function::FnOnce<()>>::call_once::{shim:vtable#0}
[INFO] [stdout]   17:     0x5876a89effdf - <std[617be2ca0a6fd877]::sys::thread::unix::Thread>::new::thread_start
[INFO] [stdout]   18:     0x72dd85e83dfa - <unknown>
[INFO] [stdout]   19:     0x72dd85f173d4 - clone
[INFO] [stdout]   20:                0x0 - <unknown>
[INFO] [stdout] 
[INFO] [stdout] ---- filter_by_extension_keeps_dirs stdout ----
[INFO] [stdout] 
[INFO] [stdout] thread 'filter_by_extension_keeps_dirs' (851) panicked at tests/common/mod.rs:25:5:
[INFO] [stdout] test fixture not found at /opt/rustwide/workdir/tests/fixtures. Run `just test-fixtures` first.
[INFO] [stdout] stack backtrace:
[INFO] [stdout]    0:     0x5876a89f0971 - <<std[617be2ca0a6fd877]::sys::backtrace::BacktraceLock>::print::DisplayBacktrace as core[a373ad73a504971]::fmt::Display>::fmt
[INFO] [stdout]    1:     0x5876a8a06f2a - core[a373ad73a504971]::fmt::write
[INFO] [stdout]    2:     0x5876a89f4ecc - <alloc[2e1b2a31b91974c5]::vec::Vec<u8> as core[a373ad73a504971]::io::write::Write>::write_fmt
[INFO] [stdout]    3:     0x5876a89caf06 - std[617be2ca0a6fd877]::panicking::default_hook::{closure#0}
[INFO] [stdout]    4:     0x5876a89e8099 - std[617be2ca0a6fd877]::panicking::default_hook
[INFO] [stdout]    5:     0x5876a8880140 - test[aada8e7e76ba119b]::test_main_inner::{closure#0}
[INFO] [stdout]    6:     0x5876a89e83c2 - std[617be2ca0a6fd877]::panicking::panic_with_hook
[INFO] [stdout]    7:     0x5876a89cafb2 - std[617be2ca0a6fd877]::panicking::panic_handler::{closure#0}
[INFO] [stdout]    8:     0x5876a89c3aa9 - std[617be2ca0a6fd877]::sys::backtrace::__rust_end_short_backtrace::<std[617be2ca0a6fd877]::panicking::panic_handler::{closure#0}, !>
[INFO] [stdout]    9:     0x5876a89cbcad - __rustc[ea4f61d10b84890b]::rust_begin_unwind
[INFO] [stdout]   10:     0x5876a8a0770c - core[a373ad73a504971]::panicking::panic_fmt
[INFO] [stdout]   11:     0x5876a886cddf - fixture[275c9b540a516042]::common::fixture_path
[INFO] [stdout]   12:     0x5876a886470b - <fixture[275c9b540a516042]::filter_by_extension_keeps_dirs::{closure#0} as core[a373ad73a504971]::ops::function::FnOnce<()>>::call_once
[INFO] [stdout]   13:     0x5876a887358b - test[aada8e7e76ba119b]::__rust_begin_short_backtrace::<core[a373ad73a504971]::result::Result<(), alloc[2e1b2a31b91974c5]::string::String>, fn() -> core[a373ad73a504971]::result::Result<(), alloc[2e1b2a31b91974c5]::string::String>>
[INFO] [stdout]   14:     0x5876a8880765 - test[aada8e7e76ba119b]::run_test::{closure#0}
[INFO] [stdout]   15:     0x5876a887a054 - std[617be2ca0a6fd877]::sys::backtrace::__rust_begin_short_backtrace::<test[aada8e7e76ba119b]::run_test::{closure#1}, ()>
[INFO] [stdout]   16:     0x5876a88837f2 - <std[617be2ca0a6fd877]::thread::lifecycle::spawn_unchecked<test[aada8e7e76ba119b]::run_test::{closure#1}, ()>::{closure#1} as core[a373ad73a504971]::ops::function::FnOnce<()>>::call_once::{shim:vtable#0}
[INFO] [stdout]   17:     0x5876a89effdf - <std[617be2ca0a6fd877]::sys::thread::unix::Thread>::new::thread_start
[INFO] [stdout]   18:     0x72dd85e83dfa - <unknown>
[INFO] [stdout]   19:     0x72dd85f173d4 - clone
[INFO] [stdout]   20:                0x0 - <unknown>
[INFO] [stdout] 
[INFO] [stdout] ---- scan_dir_excludes_dot_entries stdout ----
[INFO] [stdout] 
[INFO] [stdout] thread 'scan_dir_excludes_dot_entries' (889) panicked at tests/common/mod.rs:25:5:
[INFO] [stdout] test fixture not found at /opt/rustwide/workdir/tests/fixtures. Run `just test-fixtures` first.
[INFO] [stdout] stack backtrace:
[INFO] [stdout]    0:     0x5876a89f0971 - <<std[617be2ca0a6fd877]::sys::backtrace::BacktraceLock>::print::DisplayBacktrace as core[a373ad73a504971]::fmt::Display>::fmt
[INFO] [stdout]    1:     0x5876a8a06f2a - core[a373ad73a504971]::fmt::write
[INFO] [stdout]    2:     0x5876a89f4ecc - <alloc[2e1b2a31b91974c5]::vec::Vec<u8> as core[a373ad73a504971]::io::write::Write>::write_fmt
[INFO] [stdout]    3:     0x5876a89caf06 - std[617be2ca0a6fd877]::panicking::default_hook::{closure#0}
[INFO] [stdout]    4:     0x5876a89e8099 - std[617be2ca0a6fd877]::panicking::default_hook
[INFO] [stdout]    5:     0x5876a8880140 - test[aada8e7e76ba119b]::test_main_inner::{closure#0}
[INFO] [stdout]    6:     0x5876a89e83c2 - std[617be2ca0a6fd877]::panicking::panic_with_hook
[INFO] [stdout]    7:     0x5876a89cafb2 - std[617be2ca0a6fd877]::panicking::panic_handler::{closure#0}
[INFO] [stdout]    8:     0x5876a89c3aa9 - std[617be2ca0a6fd877]::sys::backtrace::__rust_end_short_backtrace::<std[617be2ca0a6fd877]::panicking::panic_handler::{closure#0}, !>
[INFO] [stdout]    9:     0x5876a89cbcad - __rustc[ea4f61d10b84890b]::rust_begin_unwind
[INFO] [stdout]   10:     0x5876a8a0770c - core[a373ad73a504971]::panicking::panic_fmt
[INFO] [stdout]   11:     0x5876a886cddf - fixture[275c9b540a516042]::common::fixture_path
[INFO] [stdout]   12:     0x5876a88639db - <fixture[275c9b540a516042]::scan_dir_excludes_dot_entries::{closure#0} as core[a373ad73a504971]::ops::function::FnOnce<()>>::call_once
[INFO] [stdout]   13:     0x5876a887358b - test[aada8e7e76ba119b]::__rust_begin_short_backtrace::<core[a373ad73a504971]::result::Result<(), alloc[2e1b2a31b91974c5]::string::String>, fn() -> core[a373ad73a504971]::result::Result<(), alloc[2e1b2a31b91974c5]::string::String>>
[INFO] [stdout]   14:     0x5876a8880765 - test[aada8e7e76ba119b]::run_test::{closure#0}
[INFO] [stdout]   15:     0x5876a887a054 - std[617be2ca0a6fd877]::sys::backtrace::__rust_begin_short_backtrace::<test[aada8e7e76ba119b]::run_test::{closure#1}, ()>
[INFO] [stdout]   16:     0x5876a88837f2 - <std[617be2ca0a6fd877]::thread::lifecycle::spawn_unchecked<test[aada8e7e76ba119b]::run_test::{closure#1}, ()>::{closure#1} as core[a373ad73a504971]::ops::function::FnOnce<()>>::call_once::{shim:vtable#0}
[INFO] [stdout]   17:     0x5876a89effdf - <std[617be2ca0a6fd877]::sys::thread::unix::Thread>::new::thread_start
[INFO] [stdout]   18:     0x72dd85e83dfa - <unknown>
[INFO] [stdout]   19:     0x72dd85f173d4 - clone
[INFO] [stdout]   20:                0x0 - <unknown>
[INFO] [stdout] 
[INFO] [stdout] ---- group_by_depth stdout ----
[INFO] [stdout] 
[INFO] [stdout] thread 'group_by_depth' (860) panicked at tests/common/mod.rs:25:5:
[INFO] [stdout] test fixture not found at /opt/rustwide/workdir/tests/fixtures. Run `just test-fixtures` first.
[INFO] [stdout] stack backtrace:
[INFO] [stdout]    0:     0x5876a89f0971 - <<std[617be2ca0a6fd877]::sys::backtrace::BacktraceLock>::print::DisplayBacktrace as core[a373ad73a504971]::fmt::Display>::fmt
[INFO] [stdout]    1:     0x5876a8a06f2a - core[a373ad73a504971]::fmt::write
[INFO] [stdout]    2:     0x5876a89f4ecc - <alloc[2e1b2a31b91974c5]::vec::Vec<u8> as core[a373ad73a504971]::io::write::Write>::write_fmt
[INFO] [stdout]    3:     0x5876a89caf06 - std[617be2ca0a6fd877]::panicking::default_hook::{closure#0}
[INFO] [stdout]    4:     0x5876a89e8099 - std[617be2ca0a6fd877]::panicking::default_hook
[INFO] [stdout]    5:     0x5876a8880140 - test[aada8e7e76ba119b]::test_main_inner::{closure#0}
[INFO] [stdout]    6:     0x5876a89e83c2 - std[617be2ca0a6fd877]::panicking::panic_with_hook
[INFO] [stdout]    7:     0x5876a89cafb2 - std[617be2ca0a6fd877]::panicking::panic_handler::{closure#0}
[INFO] [stdout]    8:     0x5876a89c3aa9 - std[617be2ca0a6fd877]::sys::backtrace::__rust_end_short_backtrace::<std[617be2ca0a6fd877]::panicking::panic_handler::{closure#0}, !>
[INFO] [stdout]    9:     0x5876a89cbcad - __rustc[ea4f61d10b84890b]::rust_begin_unwind
[INFO] [stdout]   10:     0x5876a8a0770c - core[a373ad73a504971]::panicking::panic_fmt
[INFO] [stdout]   11:     0x5876a886cddf - fixture[275c9b540a516042]::common::fixture_path
[INFO] [stdout]   12:     0x5876a885b991 - <fixture[275c9b540a516042]::group_by_depth::{closure#0} as core[a373ad73a504971]::ops::function::FnOnce<()>>::call_once
[INFO] [stdout]   13:     0x5876a887358b - test[aada8e7e76ba119b]::__rust_begin_short_backtrace::<core[a373ad73a504971]::result::Result<(), alloc[2e1b2a31b91974c5]::string::String>, fn() -> core[a373ad73a504971]::result::Result<(), alloc[2e1b2a31b91974c5]::string::String>>
[INFO] [stdout]   14:     0x5876a8880765 - test[aada8e7e76ba119b]::run_test::{closure#0}
[INFO] [stdout]   15:     0x5876a887a054 - std[617be2ca0a6fd877]::sys::backtrace::__rust_begin_short_backtrace::<test[aada8e7e76ba119b]::run_test::{closure#1}, ()>
[INFO] [stdout]   16:     0x5876a88837f2 - <std[617be2ca0a6fd877]::thread::lifecycle::spawn_unchecked<test[aada8e7e76ba119b]::run_test::{closure#1}, ()>::{closure#1} as core[a373ad73a504971]::ops::function::FnOnce<()>>::call_once::{shim:vtable#0}
[INFO] [stdout]   17:     0x5876a89effdf - <std[617be2ca0a6fd877]::sys::thread::unix::Thread>::new::thread_start
[INFO] [stdout]   18:     0x72dd85e83dfa - <unknown>
[INFO] [stdout]   19:     0x72dd85f173d4 - clone
[INFO] [stdout]   20:                0x0 - <unknown>
[INFO] [stdout] 
[INFO] [stdout] ---- group_by_directory stdout ----
[INFO] [stdout] 
[INFO] [stdout] thread 'group_by_directory' (861) panicked at tests/common/mod.rs:25:5:
[INFO] [stdout] test fixture not found at /opt/rustwide/workdir/tests/fixtures. Run `just test-fixtures` first.
[INFO] [stdout] stack backtrace:
[INFO] [stdout]    0:     0x5876a89f0971 - <<std[617be2ca0a6fd877]::sys::backtrace::BacktraceLock>::print::DisplayBacktrace as core[a373ad73a504971]::fmt::Display>::fmt
[INFO] [stdout]    1:     0x5876a8a06f2a - core[a373ad73a504971]::fmt::write
[INFO] [stdout]    2:     0x5876a89f4ecc - <alloc[2e1b2a31b91974c5]::vec::Vec<u8> as core[a373ad73a504971]::io::write::Write>::write_fmt
[INFO] [stdout]    3:     0x5876a89caf06 - std[617be2ca0a6fd877]::panicking::default_hook::{closure#0}
[INFO] [stdout]    4:     0x5876a89e8099 - std[617be2ca0a6fd877]::panicking::default_hook
[INFO] [stdout]    5:     0x5876a8880140 - test[aada8e7e76ba119b]::test_main_inner::{closure#0}
[INFO] [stdout]    6:     0x5876a89e83c2 - std[617be2ca0a6fd877]::panicking::panic_with_hook
[INFO] [stdout]    7:     0x5876a89cafb2 - std[617be2ca0a6fd877]::panicking::panic_handler::{closure#0}
[INFO] [stdout]    8:     0x5876a89c3aa9 - std[617be2ca0a6fd877]::sys::backtrace::__rust_end_short_backtrace::<std[617be2ca0a6fd877]::panicking::panic_handler::{closure#0}, !>
[INFO] [stdout]    9:     0x5876a89cbcad - __rustc[ea4f61d10b84890b]::rust_begin_unwind
[INFO] [stdout]   10:     0x5876a8a0770c - core[a373ad73a504971]::panicking::panic_fmt
[INFO] [stdout]   11:     0x5876a886cddf - fixture[275c9b540a516042]::common::fixture_path
[INFO] [stdout]   12:     0x5876a885ec36 - <fixture[275c9b540a516042]::group_by_directory::{closure#0} as core[a373ad73a504971]::ops::function::FnOnce<()>>::call_once
[INFO] [stdout]   13:     0x5876a887358b - test[aada8e7e76ba119b]::__rust_begin_short_backtrace::<core[a373ad73a504971]::result::Result<(), alloc[2e1b2a31b91974c5]::string::String>, fn() -> core[a373ad73a504971]::result::Result<(), alloc[2e1b2a31b91974c5]::string::String>>
[INFO] [stdout]   14:     0x5876a8880765 - test[aada8e7e76ba119b]::run_test::{closure#0}
[INFO] [stdout]   15:     0x5876a887a054 - std[617be2ca0a6fd877]::sys::backtrace::__rust_begin_short_backtrace::<test[aada8e7e76ba119b]::run_test::{closure#1}, ()>
[INFO] [stdout]   16:     0x5876a88837f2 - <std[617be2ca0a6fd877]::thread::lifecycle::spawn_unchecked<test[aada8e7e76ba119b]::run_test::{closure#1}, ()>::{closure#1} as core[a373ad73a504971]::ops::function::FnOnce<()>>::call_once::{shim:vtable#0}
[INFO] [stdout]   17:     0x5876a89effdf - <std[617be2ca0a6fd877]::sys::thread::unix::Thread>::new::thread_start
[INFO] [stdout]   18:     0x72dd85e83dfa - <unknown>
[INFO] [stdout]   19:     0x72dd85f173d4 - clone
[INFO] [stdout]   20:                0x0 - <unknown>
[INFO] [stdout] 
[INFO] [stdout] ---- parallel_matches_sequential stdout ----
[INFO] [stdout] 
[INFO] [stdout] thread 'parallel_matches_sequential' (863) panicked at tests/common/mod.rs:25:5:
[INFO] [stdout] test fixture not found at /opt/rustwide/workdir/tests/fixtures. Run `just test-fixtures` first.
[INFO] [stdout] stack backtrace:
[INFO] [stdout]    0:     0x5876a89f0971 - <<std[617be2ca0a6fd877]::sys::backtrace::BacktraceLock>::print::DisplayBacktrace as core[a373ad73a504971]::fmt::Display>::fmt
[INFO] [stdout]    1:     0x5876a8a06f2a - core[a373ad73a504971]::fmt::write
[INFO] [stdout]    2:     0x5876a89f4ecc - <alloc[2e1b2a31b91974c5]::vec::Vec<u8> as core[a373ad73a504971]::io::write::Write>::write_fmt
[INFO] [stdout]    3:     0x5876a89caf06 - std[617be2ca0a6fd877]::panicking::default_hook::{closure#0}
[INFO] [stdout]    4:     0x5876a89e8099 - std[617be2ca0a6fd877]::panicking::default_hook
[INFO] [stdout]    5:     0x5876a8880140 - test[aada8e7e76ba119b]::test_main_inner::{closure#0}
[INFO] [stdout]    6:     0x5876a89e83c2 - std[617be2ca0a6fd877]::panicking::panic_with_hook
[INFO] [stdout]    7:     0x5876a89cafb2 - std[617be2ca0a6fd877]::panicking::panic_handler::{closure#0}
[INFO] [stdout]    8:     0x5876a89c3aa9 - std[617be2ca0a6fd877]::sys::backtrace::__rust_end_short_backtrace::<std[617be2ca0a6fd877]::panicking::panic_handler::{closure#0}, !>
[INFO] [stdout]    9:     0x5876a89cbcad - __rustc[ea4f61d10b84890b]::rust_begin_unwind
[INFO] [stdout]   10:     0x5876a8a0770c - core[a373ad73a504971]::panicking::panic_fmt
[INFO] [stdout]   11:     0x5876a886cddf - fixture[275c9b540a516042]::common::fixture_path
[INFO] [stdout]   12:     0x5876a88622ae - <fixture[275c9b540a516042]::parallel_matches_sequential::{closure#0} as core[a373ad73a504971]::ops::function::FnOnce<()>>::call_once
[INFO] [stdout]   13:     0x5876a887358b - test[aada8e7e76ba119b]::__rust_begin_short_backtrace::<core[a373ad73a504971]::result::Result<(), alloc[2e1b2a31b91974c5]::string::String>, fn() -> core[a373ad73a504971]::result::Result<(), alloc[2e1b2a31b91974c5]::string::String>>
[INFO] [stdout]   14:     0x5876a8880765 - test[aada8e7e76ba119b]::run_test::{closure#0}
[INFO] [stdout]   15:     0x5876a887a054 - std[617be2ca0a6fd877]::sys::backtrace::__rust_begin_short_backtrace::<test[aada8e7e76ba119b]::run_test::{closure#1}, ()>
[INFO] [stdout]   16:     0x5876a88837f2 - <std[617be2ca0a6fd877]::thread::lifecycle::spawn_unchecked<test[aada8e7e76ba119b]::run_test::{closure#1}, ()>::{closure#1} as core[a373ad73a504971]::ops::function::FnOnce<()>>::call_once::{shim:vtable#0}
[INFO] [stdout]   17:     0x5876a89effdf - <std[617be2ca0a6fd877]::sys::thread::unix::Thread>::new::thread_start
[INFO] [stdout]   18:     0x72dd85e83dfa - <unknown>
[INFO] [stdout]   19:     0x72dd85f173d4 - clone
[INFO] [stdout]   20:                0x0 - <unknown>
[INFO] [stdout] 
[INFO] [stdout] ---- group_by_extension stdout ----
[INFO] [stdout] 
[INFO] [stdout] thread 'group_by_extension' (862) panicked at tests/common/mod.rs:25:5:
[INFO] [stdout] test fixture not found at /opt/rustwide/workdir/tests/fixtures. Run `just test-fixtures` first.
[INFO] [stdout] stack backtrace:
[INFO] [stdout]    0:     0x5876a89f0971 - <<std[617be2ca0a6fd877]::sys::backtrace::BacktraceLock>::print::DisplayBacktrace as core[a373ad73a504971]::fmt::Display>::fmt
[INFO] [stdout]    1:     0x5876a8a06f2a - core[a373ad73a504971]::fmt::write
[INFO] [stdout]    2:     0x5876a89f4ecc - <alloc[2e1b2a31b91974c5]::vec::Vec<u8> as core[a373ad73a504971]::io::write::Write>::write_fmt
[INFO] [stdout]    3:     0x5876a89caf06 - std[617be2ca0a6fd877]::panicking::default_hook::{closure#0}
[INFO] [stdout]    4:     0x5876a89e8099 - std[617be2ca0a6fd877]::panicking::default_hook
[INFO] [stdout]    5:     0x5876a8880140 - test[aada8e7e76ba119b]::test_main_inner::{closure#0}
[INFO] [stdout]    6:     0x5876a89e83c2 - std[617be2ca0a6fd877]::panicking::panic_with_hook
[INFO] [stdout]    7:     0x5876a89cafb2 - std[617be2ca0a6fd877]::panicking::panic_handler::{closure#0}
[INFO] [stdout]    8:     0x5876a89c3aa9 - std[617be2ca0a6fd877]::sys::backtrace::__rust_end_short_backtrace::<std[617be2ca0a6fd877]::panicking::panic_handler::{closure#0}, !>
[INFO] [stdout]    9:     0x5876a89cbcad - __rustc[ea4f61d10b84890b]::rust_begin_unwind
[INFO] [stdout]   10:     0x5876a8a0770c - core[a373ad73a504971]::panicking::panic_fmt
[INFO] [stdout]   11:     0x5876a886cddf - fixture[275c9b540a516042]::common::fixture_path
[INFO] [stdout]   12:     0x5876a885f506 - <fixture[275c9b540a516042]::group_by_extension::{closure#0} as core[a373ad73a504971]::ops::function::FnOnce<()>>::call_once
[INFO] [stdout]   13:     0x5876a887358b - test[aada8e7e76ba119b]::__rust_begin_short_backtrace::<core[a373ad73a504971]::result::Result<(), alloc[2e1b2a31b91974c5]::string::String>, fn() -> core[a373ad73a504971]::result::Result<(), alloc[2e1b2a31b91974c5]::string::String>>
[INFO] [stdout]   14:     0x5876a8880765 - test[aada8e7e76ba119b]::run_test::{closure#0}
[INFO] [stdout]   15:     0x5876a887a054 - std[617be2ca0a6fd877]::sys::backtrace::__rust_begin_short_backtrace::<test[aada8e7e76ba119b]::run_test::{closure#1}, ()>
[INFO] [stdout]   16:     0x5876a88837f2 - <std[617be2ca0a6fd877]::thread::lifecycle::spawn_unchecked<test[aada8e7e76ba119b]::run_test::{closure#1}, ()>::{closure#1} as core[a373ad73a504971]::ops::function::FnOnce<()>>::call_once::{shim:vtable#0}
[INFO] [stdout]   17:     0x5876a89effdf - <std[617be2ca0a6fd877]::sys::thread::unix::Thread>::new::thread_start
[INFO] [stdout]   18:     0x72dd85e83dfa - <unknown>
[INFO] [stdout]   19:     0x72dd85f173d4 - clone
[INFO] [stdout]   20:                0x0 - <unknown>
[INFO] [stdout] 
[INFO] [stdout] ---- scan_dir_metadata stdout ----
[INFO] [stdout] 
[INFO] [stdout] thread 'scan_dir_metadata' (934) panicked at tests/common/mod.rs:25:5:
[INFO] [stdout] test fixture not found at /opt/rustwide/workdir/tests/fixtures. Run `just test-fixtures` first.
[INFO] [stdout] stack backtrace:
[INFO] [stdout]    0:     0x5876a89f0971 - <<std[617be2ca0a6fd877]::sys::backtrace::BacktraceLock>::print::DisplayBacktrace as core[a373ad73a504971]::fmt::Display>::fmt
[INFO] [stdout]    1:     0x5876a8a06f2a - core[a373ad73a504971]::fmt::write
[INFO] [stdout]    2:     0x5876a89f4ecc - <alloc[2e1b2a31b91974c5]::vec::Vec<u8> as core[a373ad73a504971]::io::write::Write>::write_fmt
[INFO] [stdout]    3:     0x5876a89caf06 - std[617be2ca0a6fd877]::panicking::default_hook::{closure#0}
[INFO] [stdout]    4:     0x5876a89e8099 - std[617be2ca0a6fd877]::panicking::default_hook
[INFO] [stdout]    5:     0x5876a8880140 - test[aada8e7e76ba119b]::test_main_inner::{closure#0}
[INFO] [stdout]    6:     0x5876a89e83c2 - std[617be2ca0a6fd877]::panicking::panic_with_hook
[INFO] [stdout]    7:     0x5876a89cafb2 - std[617be2ca0a6fd877]::panicking::panic_handler::{closure#0}
[INFO] [stdout]    8:     0x5876a89c3aa9 - std[617be2ca0a6fd877]::sys::backtrace::__rust_end_short_backtrace::<std[617be2ca0a6fd877]::panicking::panic_handler::{closure#0}, !>
[INFO] [stdout]    9:     0x5876a89cbcad - __rustc[ea4f61d10b84890b]::rust_begin_unwind
[INFO] [stdout]   10:     0x5876a8a0770c - core[a373ad73a504971]::panicking::panic_fmt
[INFO] [stdout]   11:     0x5876a886cddf - fixture[275c9b540a516042]::common::fixture_path
[INFO] [stdout]   12:     0x5876a885dd0b - <fixture[275c9b540a516042]::scan_dir_metadata::{closure#0} as core[a373ad73a504971]::ops::function::FnOnce<()>>::call_once
[INFO] [stdout]   13:     0x5876a887358b - test[aada8e7e76ba119b]::__rust_begin_short_backtrace::<core[a373ad73a504971]::result::Result<(), alloc[2e1b2a31b91974c5]::string::String>, fn() -> core[a373ad73a504971]::result::Result<(), alloc[2e1b2a31b91974c5]::string::String>>
[INFO] [stdout]   14:     0x5876a8880765 - test[aada8e7e76ba119b]::run_test::{closure#0}
[INFO] [stdout]   15:     0x5876a887a054 - std[617be2ca0a6fd877]::sys::backtrace::__rust_begin_short_backtrace::<test[aada8e7e76ba119b]::run_test::{closure#1}, ()>
[INFO] [stdout]   16:     0x5876a88837f2 - <std[617be2ca0a6fd877]::thread::lifecycle::spawn_unchecked<test[aada8e7e76ba119b]::run_test::{closure#1}, ()>::{closure#1} as core[a373ad73a504971]::ops::function::FnOnce<()>>::call_once::{shim:vtable#0}
[INFO] [stdout]   17:     0x5876a89effdf - <std[617be2ca0a6fd877]::sys::thread::unix::Thread>::new::thread_start
[INFO] [stdout]   18:     0x72dd85e83dfa - <unknown>
[INFO] [stdout]   19:     0x72dd85f173d4 - clone
[INFO] [stdout]   20:                0x0 - <unknown>
[INFO] [stdout] 
[INFO] [stdout] ---- filter_by_size stdout ----
[INFO] [stdout] 
[INFO] [stdout] thread 'filter_by_size' (854) panicked at tests/common/mod.rs:25:5:
[INFO] [stdout] test fixture not found at /opt/rustwide/workdir/tests/fixtures. Run `just test-fixtures` first.
[INFO] [stdout] stack backtrace:
[INFO] [stdout]    0:     0x5876a89f0971 - <<std[617be2ca0a6fd877]::sys::backtrace::BacktraceLock>::print::DisplayBacktrace as core[a373ad73a504971]::fmt::Display>::fmt
[INFO] [stdout]    1:     0x5876a8a06f2a - core[a373ad73a504971]::fmt::write
[INFO] [stdout]    2:     0x5876a89f4ecc - <alloc[2e1b2a31b91974c5]::vec::Vec<u8> as core[a373ad73a504971]::io::write::Write>::write_fmt
[INFO] [stdout]    3:     0x5876a89caf06 - std[617be2ca0a6fd877]::panicking::default_hook::{closure#0}
[INFO] [stdout]    4:     0x5876a89e8099 - std[617be2ca0a6fd877]::panicking::default_hook
[INFO] [stdout]    5:     0x5876a8880140 - test[aada8e7e76ba119b]::test_main_inner::{closure#0}
[INFO] [stdout]    6:     0x5876a89e83c2 - std[617be2ca0a6fd877]::panicking::panic_with_hook
[INFO] [stdout]    7:     0x5876a89cafb2 - std[617be2ca0a6fd877]::panicking::panic_handler::{closure#0}
[INFO] [stdout]    8:     0x5876a89c3aa9 - std[617be2ca0a6fd877]::sys::backtrace::__rust_end_short_backtrace::<std[617be2ca0a6fd877]::panicking::panic_handler::{closure#0}, !>
[INFO] [stdout]    9:     0x5876a89cbcad - __rustc[ea4f61d10b84890b]::rust_begin_unwind
[INFO] [stdout]   10:     0x5876a8a0770c - core[a373ad73a504971]::panicking::panic_fmt
[INFO] [stdout]   11:     0x5876a886cddf - fixture[275c9b540a516042]::common::fixture_path
[INFO] [stdout]   12:     0x5876a885b5b7 - <fixture[275c9b540a516042]::filter_by_size::{closure#0} as core[a373ad73a504971]::ops::function::FnOnce<()>>::call_once
[INFO] [stdout]   13:     0x5876a887358b - test[aada8e7e76ba119b]::__rust_begin_short_backtrace::<core[a373ad73a504971]::result::Result<(), alloc[2e1b2a31b91974c5]::string::String>, fn() -> core[a373ad73a504971]::result::Result<(), alloc[2e1b2a31b91974c5]::string::String>>
[INFO] [stdout]   14:     0x5876a8880765 - test[aada8e7e76ba119b]::run_test::{closure#0}
[INFO] [stdout]   15:     0x5876a887a054 - std[617be2ca0a6fd877]::sys::backtrace::__rust_begin_short_backtrace::<test[aada8e7e76ba119b]::run_test::{closure#1}, ()>
[INFO] [stdout]   16:     0x5876a88837f2 - <std[617be2ca0a6fd877]::thread::lifecycle::spawn_unchecked<test[aada8e7e76ba119b]::run_test::{closure#1}, ()>::{closure#1} as core[a373ad73a504971]::ops::function::FnOnce<()>>::call_once::{shim:vtable#0}
[INFO] [stdout]   17:     0x5876a89effdf - <std[617be2ca0a6fd877]::sys::thread::unix::Thread>::new::thread_start
[INFO] [stdout]   18:     0x72dd85e83dfa - <unknown>
[INFO] [stdout]   19:     0x72dd85f173d4 - clone
[INFO] [stdout]   20:                0x0 - <unknown>
[INFO] [stdout] 
[INFO] [stdout] ---- filter_by_multiple_extensions stdout ----
[INFO] [stdout] 
[INFO] [stdout] thread 'filter_by_multiple_extensions' (853) panicked at tests/common/mod.rs:25:5:
[INFO] [stdout] test fixture not found at /opt/rustwide/workdir/tests/fixtures. Run `just test-fixtures` first.
[INFO] [stdout] stack backtrace:
[INFO] [stdout]    0:     0x5876a89f0971 - <<std[617be2ca0a6fd877]::sys::backtrace::BacktraceLock>::print::DisplayBacktrace as core[a373ad73a504971]::fmt::Display>::fmt
[INFO] [stdout]    1:     0x5876a8a06f2a - core[a373ad73a504971]::fmt::write
[INFO] [stdout]    2:     0x5876a89f4ecc - <alloc[2e1b2a31b91974c5]::vec::Vec<u8> as core[a373ad73a504971]::io::write::Write>::write_fmt
[INFO] [stdout]    3:     0x5876a89caf06 - std[617be2ca0a6fd877]::panicking::default_hook::{closure#0}
[INFO] [stdout]    4:     0x5876a89e8099 - std[617be2ca0a6fd877]::panicking::default_hook
[INFO] [stdout]    5:     0x5876a8880140 - test[aada8e7e76ba119b]::test_main_inner::{closure#0}
[INFO] [stdout]    6:     0x5876a89e83c2 - std[617be2ca0a6fd877]::panicking::panic_with_hook
[INFO] [stdout]    7:     0x5876a89cafb2 - std[617be2ca0a6fd877]::panicking::panic_handler::{closure#0}
[INFO] [stdout]    8:     0x5876a89c3aa9 - std[617be2ca0a6fd877]::sys::backtrace::__rust_end_short_backtrace::<std[617be2ca0a6fd877]::panicking::panic_handler::{closure#0}, !>
[INFO] [stdout]    9:     0x5876a89cbcad - __rustc[ea4f61d10b84890b]::rust_begin_unwind
[INFO] [stdout]   10:     0x5876a8a0770c - core[a373ad73a504971]::panicking::panic_fmt
[INFO] [stdout]   11:     0x5876a886cddf - fixture[275c9b540a516042]::common::fixture_path
[INFO] [stdout]   12:     0x5876a8862fa7 - <fixture[275c9b540a516042]::filter_by_multiple_extensions::{closure#0} as core[a373ad73a504971]::ops::function::FnOnce<()>>::call_once
[INFO] [stdout]   13:     0x5876a887358b - test[aada8e7e76ba119b]::__rust_begin_short_backtrace::<core[a373ad73a504971]::result::Result<(), alloc[2e1b2a31b91974c5]::string::String>, fn() -> core[a373ad73a504971]::result::Result<(), alloc[2e1b2a31b91974c5]::string::String>>
[INFO] [stdout]   14:     0x5876a8880765 - test[aada8e7e76ba119b]::run_test::{closure#0}
[INFO] [stdout]   15:     0x5876a887a054 - std[617be2ca0a6fd877]::sys::backtrace::__rust_begin_short_backtrace::<test[aada8e7e76ba119b]::run_test::{closure#1}, ()>
[INFO] [stdout]   16:     0x5876a88837f2 - <std[617be2ca0a6fd877]::thread::lifecycle::spawn_unchecked<test[aada8e7e76ba119b]::run_test::{closure#1}, ()>::{closure#1} as core[a373ad73a504971]::ops::function::FnOnce<()>>::call_once::{shim:vtable#0}
[INFO] [stdout]   17:     0x5876a89effdf - <std[617be2ca0a6fd877]::sys::thread::unix::Thread>::new::thread_start
[INFO] [stdout]   18:     0x72dd85e83dfa - <unknown>
[INFO] [stdout]   19:     0x72dd85f173d4 - clone
[INFO] [stdout]   20:                0x0 - <unknown>
[INFO] [stdout] 
[INFO] [stdout] ---- sort_by_extension stdout ----
[INFO] [stdout] 
[INFO] [stdout] thread 'sort_by_extension' (936) panicked at tests/common/mod.rs:25:5:
[INFO] [stdout] test fixture not found at /opt/rustwide/workdir/tests/fixtures. Run `just test-fixtures` first.
[INFO] [stdout] stack backtrace:
[INFO] [stdout]    0:     0x5876a89f0971 - <<std[617be2ca0a6fd877]::sys::backtrace::BacktraceLock>::print::DisplayBacktrace as core[a373ad73a504971]::fmt::Display>::fmt
[INFO] [stdout]    1:     0x5876a8a06f2a - core[a373ad73a504971]::fmt::write
[INFO] [stdout]    2:     0x5876a89f4ecc - <alloc[2e1b2a31b91974c5]::vec::Vec<u8> as core[a373ad73a504971]::io::write::Write>::write_fmt
[INFO] [stdout]    3:     0x5876a89caf06 - std[617be2ca0a6fd877]::panicking::default_hook::{closure#0}
[INFO] [stdout]    4:     0x5876a89e8099 - std[617be2ca0a6fd877]::panicking::default_hook
[INFO] [stdout]    5:     0x5876a8880140 - test[aada8e7e76ba119b]::test_main_inner::{closure#0}
[INFO] [stdout]    6:     0x5876a89e83c2 - std[617be2ca0a6fd877]::panicking::panic_with_hook
[INFO] [stdout]    7:     0x5876a89cafb2 - std[617be2ca0a6fd877]::panicking::panic_handler::{closure#0}
[INFO] [stdout]    8:     0x5876a89c3aa9 - std[617be2ca0a6fd877]::sys::backtrace::__rust_end_short_backtrace::<std[617be2ca0a6fd877]::panicking::panic_handler::{closure#0}, !>
[INFO] [stdout]    9:     0x5876a89cbcad - __rustc[ea4f61d10b84890b]::rust_begin_unwind
[INFO] [stdout]   10:     0x5876a8a0770c - core[a373ad73a504971]::panicking::panic_fmt
[INFO] [stdout]   11:     0x5876a886cddf - fixture[275c9b540a516042]::common::fixture_path
[INFO] [stdout]   12:     0x5876a885e450 - <fixture[275c9b540a516042]::sort_by_extension::{closure#0} as core[a373ad73a504971]::ops::function::FnOnce<()>>::call_once
[INFO] [stdout]   13:     0x5876a887358b - test[aada8e7e76ba119b]::__rust_begin_short_backtrace::<core[a373ad73a504971]::result::Result<(), alloc[2e1b2a31b91974c5]::string::String>, fn() -> core[a373ad73a504971]::result::Result<(), alloc[2e1b2a31b91974c5]::string::String>>
[INFO] [stdout]   14:     0x5876a8880765 - test[aada8e7e76ba119b]::run_test::{closure#0}
[INFO] [stdout]   15:     0x5876a887a054 - std[617be2ca0a6fd877]::sys::backtrace::__rust_begin_short_backtrace::<test[aada8e7e76ba119b]::run_test::{closure#1}, ()>
[INFO] [stdout]   16:     0x5876a88837f2 - <std[617be2ca0a6fd877]::thread::lifecycle::spawn_unchecked<test[aada8e7e76ba119b]::run_test::{closure#1}, ()>::{closure#1} as core[a373ad73a504971]::ops::function::FnOnce<()>>::call_once::{shim:vtable#0}
[INFO] [stdout]   17:     0x5876a89effdf - <std[617be2ca0a6fd877]::sys::thread::unix::Thread>::new::thread_start
[INFO] [stdout]   18:     0x72dd85e83dfa - <unknown>
[INFO] [stdout]   19:     0x72dd85f173d4 - clone
[INFO] [stdout]   20:                0x0 - <unknown>
[INFO] [stdout] 
[INFO] [stdout] ---- follow_links_resolves_symlink stdout ----
[INFO] [stdout] 
[INFO] [stdout] thread 'follow_links_resolves_symlink' (859) panicked at tests/common/mod.rs:25:5:
[INFO] [stdout] test fixture not found at /opt/rustwide/workdir/tests/fixtures. Run `just test-fixtures` first.
[INFO] [stdout] stack backtrace:
[INFO] [stdout]    0:     0x5876a89f0971 - <<std[617be2ca0a6fd877]::sys::backtrace::BacktraceLock>::print::DisplayBacktrace as core[a373ad73a504971]::fmt::Display>::fmt
[INFO] [stdout]    1:     0x5876a8a06f2a - core[a373ad73a504971]::fmt::write
[INFO] [stdout]    2:     0x5876a89f4ecc - <alloc[2e1b2a31b91974c5]::vec::Vec<u8> as core[a373ad73a504971]::io::write::Write>::write_fmt
[INFO] [stdout]    3:     0x5876a89caf06 - std[617be2ca0a6fd877]::panicking::default_hook::{closure#0}
[INFO] [stdout]    4:     0x5876a89e8099 - std[617be2ca0a6fd877]::panicking::default_hook
[INFO] [stdout]    5:     0x5876a8880140 - test[aada8e7e76ba119b]::test_main_inner::{closure#0}
[INFO] [stdout]    6:     0x5876a89e83c2 - std[617be2ca0a6fd877]::panicking::panic_with_hook
[INFO] [stdout]    7:     0x5876a89cafb2 - std[617be2ca0a6fd877]::panicking::panic_handler::{closure#0}
[INFO] [stdout]    8:     0x5876a89c3aa9 - std[617be2ca0a6fd877]::sys::backtrace::__rust_end_short_backtrace::<std[617be2ca0a6fd877]::panicking::panic_handler::{closure#0}, !>
[INFO] [stdout]    9:     0x5876a89cbcad - __rustc[ea4f61d10b84890b]::rust_begin_unwind
[INFO] [stdout]   10:     0x5876a8a0770c - core[a373ad73a504971]::panicking::panic_fmt
[INFO] [stdout]   11:     0x5876a886cddf - fixture[275c9b540a516042]::common::fixture_path
[INFO] [stdout]   12:     0x5876a88633bc - <fixture[275c9b540a516042]::follow_links_resolves_symlink::{closure#0} as core[a373ad73a504971]::ops::function::FnOnce<()>>::call_once
[INFO] [stdout]   13:     0x5876a887358b - test[aada8e7e76ba119b]::__rust_begin_short_backtrace::<core[a373ad73a504971]::result::Result<(), alloc[2e1b2a31b91974c5]::string::String>, fn() -> core[a373ad73a504971]::result::Result<(), alloc[2e1b2a31b91974c5]::string::String>>
[INFO] [stdout]   14:     0x5876a8880765 - test[aada8e7e76ba119b]::run_test::{closure#0}
[INFO] [stdout]   15:     0x5876a887a054 - std[617be2ca0a6fd877]::sys::backtrace::__rust_begin_short_backtrace::<test[aada8e7e76ba119b]::run_test::{closure#1}, ()>
[INFO] [stdout]   16:     0x5876a88837f2 - <std[617be2ca0a6fd877]::thread::lifecycle::spawn_unchecked<test[aada8e7e76ba119b]::run_test::{closure#1}, ()>::{closure#1} as core[a373ad73a504971]::ops::function::FnOnce<()>>::call_once::{shim:vtable#0}
[INFO] [stdout]   17:     0x5876a89effdf - <std[617be2ca0a6fd877]::sys::thread::unix::Thread>::new::thread_start
[INFO] [stdout]   18:     0x72dd85e83dfa - <unknown>
[INFO] [stdout]   19:     0x72dd85f173d4 - clone
[INFO] [stdout]   20:                0x0 - <unknown>
[INFO] [stdout] 
[INFO] [stdout] ---- sort_by_name stdout ----
[INFO] [stdout] 
[INFO] [stdout] thread 'sort_by_name' (977) panicked at tests/common/mod.rs:25:5:
[INFO] [stdout] test fixture not found at /opt/rustwide/workdir/tests/fixtures. Run `just test-fixtures` first.
[INFO] [stdout] stack backtrace:
[INFO] [stdout]    0:     0x5876a89f0971 - <<std[617be2ca0a6fd877]::sys::backtrace::BacktraceLock>::print::DisplayBacktrace as core[a373ad73a504971]::fmt::Display>::fmt
[INFO] [stdout]    1:     0x5876a8a06f2a - core[a373ad73a504971]::fmt::write
[INFO] [stdout]    2:     0x5876a89f4ecc - <alloc[2e1b2a31b91974c5]::vec::Vec<u8> as core[a373ad73a504971]::io::write::Write>::write_fmt
[INFO] [stdout]    3:     0x5876a89caf06 - std[617be2ca0a6fd877]::panicking::default_hook::{closure#0}
[INFO] [stdout]    4:     0x5876a89e8099 - std[617be2ca0a6fd877]::panicking::default_hook
[INFO] [stdout]    5:     0x5876a8880140 - test[aada8e7e76ba119b]::test_main_inner::{closure#0}
[INFO] [stdout]    6:     0x5876a89e83c2 - std[617be2ca0a6fd877]::panicking::panic_with_hook
[INFO] [stdout]    7:     0x5876a89cafb2 - std[617be2ca0a6fd877]::panicking::panic_handler::{closure#0}
[INFO] [stdout]    8:     0x5876a89c3aa9 - std[617be2ca0a6fd877]::sys::backtrace::__rust_end_short_backtrace::<std[617be2ca0a6fd877]::panicking::panic_handler::{closure#0}, !>
[INFO] [stdout]    9:     0x5876a89cbcad - __rustc[ea4f61d10b84890b]::rust_begin_unwind
[INFO] [stdout]   10:     0x5876a8a0770c - core[a373ad73a504971]::panicking::panic_fmt
[INFO] [stdout]   11:     0x5876a886cddf - fixture[275c9b540a516042]::common::fixture_path
[INFO] [stdout]   12:     0x5876a885a89e - <fixture[275c9b540a516042]::sort_by_name::{closure#0} as core[a373ad73a504971]::ops::function::FnOnce<()>>::call_once
[INFO] [stdout]   13:     0x5876a887358b - test[aada8e7e76ba119b]::__rust_begin_short_backtrace::<core[a373ad73a504971]::result::Result<(), alloc[2e1b2a31b91974c5]::string::String>, fn() -> core[a373ad73a504971]::result::Result<(), alloc[2e1b2a31b91974c5]::string::String>>
[INFO] [stdout]   14:     0x5876a8880765 - test[aada8e7e76ba119b]::run_test::{closure#0}
[INFO] [stdout]   15:     0x5876a887a054 - std[617be2ca0a6fd877]::sys::backtrace::__rust_begin_short_backtrace::<test[aada8e7e76ba119b]::run_test::{closure#1}, ()>
[INFO] [stdout]   16:     0x5876a88837f2 - <std[617be2ca0a6fd877]::thread::lifecycle::spawn_unchecked<test[aada8e7e76ba119b]::run_test::{closure#1}, ()>::{closure#1} as core[a373ad73a504971]::ops::function::FnOnce<()>>::call_once::{shim:vtable#0}
[INFO] [stdout]   17:     0x5876a89effdf - <std[617be2ca0a6fd877]::sys::thread::unix::Thread>::new::thread_start
[INFO] [stdout]   18:     0x72dd85e83dfa - <unknown>
[INFO] [stdout]   19:     0x72dd85f173d4 - clone
[INFO] [stdout]   20:                0x0 - <unknown>
[INFO] [stdout] 
[INFO] [stdout] ---- sort_by_modified stdout ----
[INFO] [stdout] 
[INFO] [stdout] thread 'sort_by_modified' (961) panicked at tests/common/mod.rs:25:5:
[INFO] [stdout] test fixture not found at /opt/rustwide/workdir/tests/fixtures. Run `just test-fixtures` first.
[INFO] [stdout] stack backtrace:
[INFO] [stdout]    0:     0x5876a89f0971 - <<std[617be2ca0a6fd877]::sys::backtrace::BacktraceLock>::print::DisplayBacktrace as core[a373ad73a504971]::fmt::Display>::fmt
[INFO] [stdout]    1:     0x5876a8a06f2a - core[a373ad73a504971]::fmt::write
[INFO] [stdout]    2:     0x5876a89f4ecc - <alloc[2e1b2a31b91974c5]::vec::Vec<u8> as core[a373ad73a504971]::io::write::Write>::write_fmt
[INFO] [stdout]    3:     0x5876a89caf06 - std[617be2ca0a6fd877]::panicking::default_hook::{closure#0}
[INFO] [stdout]    4:     0x5876a89e8099 - std[617be2ca0a6fd877]::panicking::default_hook
[INFO] [stdout]    5:     0x5876a8880140 - test[aada8e7e76ba119b]::test_main_inner::{closure#0}
[INFO] [stdout]    6:     0x5876a89e83c2 - std[617be2ca0a6fd877]::panicking::panic_with_hook
[INFO] [stdout]    7:     0x5876a89cafb2 - std[617be2ca0a6fd877]::panicking::panic_handler::{closure#0}
[INFO] [stdout]    8:     0x5876a89c3aa9 - std[617be2ca0a6fd877]::sys::backtrace::__rust_end_short_backtrace::<std[617be2ca0a6fd877]::panicking::panic_handler::{closure#0}, !>
[INFO] [stdout]    9:     0x5876a89cbcad - __rustc[ea4f61d10b84890b]::rust_begin_unwind
[INFO] [stdout]   10:     0x5876a8a0770c - core[a373ad73a504971]::panicking::panic_fmt
[INFO] [stdout]   11:     0x5876a886cddf - fixture[275c9b540a516042]::common::fixture_path
[INFO] [stdout]   12:     0x5876a885d9ab - <fixture[275c9b540a516042]::sort_by_modified::{closure#0} as core[a373ad73a504971]::ops::function::FnOnce<()>>::call_once
[INFO] [stdout]   13:     0x5876a887358b - test[aada8e7e76ba119b]::__rust_begin_short_backtrace::<core[a373ad73a504971]::result::Result<(), alloc[2e1b2a31b91974c5]::string::String>, fn() -> core[a373ad73a504971]::result::Result<(), alloc[2e1b2a31b91974c5]::string::String>>
[INFO] [stdout]   14:     0x5876a8880765 - test[aada8e7e76ba119b]::run_test::{closure#0}
[INFO] [stdout]   15:     0x5876a887a054 - std[617be2ca0a6fd877]::sys::backtrace::__rust_begin_short_backtrace::<test[aada8e7e76ba119b]::run_test::{closure#1}, ()>
[INFO] [stdout]   16:     0x5876a88837f2 - <std[617be2ca0a6fd877]::thread::lifecycle::spawn_unchecked<test[aada8e7e76ba119b]::run_test::{closure#1}, ()>::{closure#1} as core[a373ad73a504971]::ops::function::FnOnce<()>>::call_once::{shim:vtable#0}
[INFO] [stdout]   17:     0x5876a89effdf - <std[617be2ca0a6fd877]::sys::thread::unix::Thread>::new::thread_start
[INFO] [stdout]   18:     0x72dd85e83dfa - <unknown>
[INFO] [stdout]   19:     0x72dd85f173d4 - clone
[INFO] [stdout]   20:                0x0 - <unknown>
[INFO] [stdout] 
[INFO] [stdout] ---- sort_dirs_first stdout ----
[INFO] [stdout] 
[INFO] [stdout] thread 'sort_dirs_first' (986) panicked at tests/common/mod.rs:25:5:
[INFO] [stdout] test fixture not found at /opt/rustwide/workdir/tests/fixtures. Run `just test-fixtures` first.
[INFO] [stdout] stack backtrace:
[INFO] [stdout]    0:     0x5876a89f0971 - <<std[617be2ca0a6fd877]::sys::backtrace::BacktraceLock>::print::DisplayBacktrace as core[a373ad73a504971]::fmt::Display>::fmt
[INFO] [stdout]    1:     0x5876a8a06f2a - core[a373ad73a504971]::fmt::write
[INFO] [stdout]    2:     0x5876a89f4ecc - <alloc[2e1b2a31b91974c5]::vec::Vec<u8> as core[a373ad73a504971]::io::write::Write>::write_fmt
[INFO] [stdout]    3:     0x5876a89caf06 - std[617be2ca0a6fd877]::panicking::default_hook::{closure#0}
[INFO] [stdout]    4:     0x5876a89e8099 - std[617be2ca0a6fd877]::panicking::default_hook
[INFO] [stdout]    5:     0x5876a8880140 - test[aada8e7e76ba119b]::test_main_inner::{closure#0}
[INFO] [stdout]    6:     0x5876a89e83c2 - std[617be2ca0a6fd877]::panicking::panic_with_hook
[INFO] [stdout]    7:     0x5876a89cafb2 - std[617be2ca0a6fd877]::panicking::panic_handler::{closure#0}
[INFO] [stdout]    8:     0x5876a89c3aa9 - std[617be2ca0a6fd877]::sys::backtrace::__rust_end_short_backtrace::<std[617be2ca0a6fd877]::panicking::panic_handler::{closure#0}, !>
[INFO] [stdout]    9:     0x5876a89cbcad - __rustc[ea4f61d10b84890b]::rust_begin_unwind
[INFO] [stdout]   10:     0x5876a8a0770c - core[a373ad73a504971]::panicking::panic_fmt
[INFO] [stdout]   11:     0x5876a886cddf - fixture[275c9b540a516042]::common::fixture_path
[INFO] [stdout]   12:     0x5876a885ce97 - <fixture[275c9b540a516042]::sort_dirs_first::{closure#0} as core[a373ad73a504971]::ops::function::FnOnce<()>>::call_once
[INFO] [stdout]   13:     0x5876a887358b - test[aada8e7e76ba119b]::__rust_begin_short_backtrace::<core[a373ad73a504971]::result::Result<(), alloc[2e1b2a31b91974c5]::string::String>, fn() -> core[a373ad73a504971]::result::Result<(), alloc[2e1b2a31b91974c5]::string::String>>
[INFO] [stdout]   14:     0x5876a8880765 - test[aada8e7e76ba119b]::run_test::{closure#0}
[INFO] [stdout]   15:     0x5876a887a054 - std[617be2ca0a6fd877]::sys::backtrace::__rust_begin_short_backtrace::<test[aada8e7e76ba119b]::run_test::{closure#1}, ()>
[INFO] [stdout]   16:     0x5876a88837f2 - <std[617be2ca0a6fd877]::thread::lifecycle::spawn_unchecked<test[aada8e7e76ba119b]::run_test::{closure#1}, ()>::{closure#1} as core[a373ad73a504971]::ops::function::FnOnce<()>>::call_once::{shim:vtable#0}
[INFO] [stdout]   17:     0x5876a89effdf - <std[617be2ca0a6fd877]::sys::thread::unix::Thread>::new::thread_start
[INFO] [stdout]   18:     0x72dd85e83dfa - <unknown>
[INFO] [stdout]   19:     0x72dd85f173d4 - clone
[INFO] [stdout]   20:                0x0 - <unknown>
[INFO] [stdout] 
[INFO] [stdout] ---- walk_empty_dir stdout ----
[INFO] [stdout] 
[INFO] [stdout] thread 'walk_empty_dir' (993) panicked at tests/common/mod.rs:25:5:
[INFO] [stdout] test fixture not found at /opt/rustwide/workdir/tests/fixtures. Run `just test-fixtures` first.
[INFO] [stdout] stack backtrace:
[INFO] [stdout]    0:     0x5876a89f0971 - <<std[617be2ca0a6fd877]::sys::backtrace::BacktraceLock>::print::DisplayBacktrace as core[a373ad73a504971]::fmt::Display>::fmt
[INFO] [stdout]    1:     0x5876a8a06f2a - core[a373ad73a504971]::fmt::write
[INFO] [stdout]    2:     0x5876a89f4ecc - <alloc[2e1b2a31b91974c5]::vec::Vec<u8> as core[a373ad73a504971]::io::write::Write>::write_fmt
[INFO] [stdout]    3:     0x5876a89caf06 - std[617be2ca0a6fd877]::panicking::default_hook::{closure#0}
[INFO] [stdout]    4:     0x5876a89e8099 - std[617be2ca0a6fd877]::panicking::default_hook
[INFO] [stdout]    5:     0x5876a8880140 - test[aada8e7e76ba119b]::test_main_inner::{closure#0}
[INFO] [stdout]    6:     0x5876a89e83c2 - std[617be2ca0a6fd877]::panicking::panic_with_hook
[INFO] [stdout]    7:     0x5876a89cafb2 - std[617be2ca0a6fd877]::panicking::panic_handler::{closure#0}
[INFO] [stdout]    8:     0x5876a89c3aa9 - std[617be2ca0a6fd877]::sys::backtrace::__rust_end_short_backtrace::<std[617be2ca0a6fd877]::panicking::panic_handler::{closure#0}, !>
[INFO] [stdout]    9:     0x5876a89cbcad - __rustc[ea4f61d10b84890b]::rust_begin_unwind
[INFO] [stdout]   10:     0x5876a8a0770c - core[a373ad73a504971]::panicking::panic_fmt
[INFO] [stdout]   11:     0x5876a886cddf - fixture[275c9b540a516042]::common::fixture_path
[INFO] [stdout]   12:     0x5876a885c916 - <fixture[275c9b540a516042]::walk_empty_dir::{closure#0} as core[a373ad73a504971]::ops::function::FnOnce<()>>::call_once
[INFO] [stdout]   13:     0x5876a887358b - test[aada8e7e76ba119b]::__rust_begin_short_backtrace::<core[a373ad73a504971]::result::Result<(), alloc[2e1b2a31b91974c5]::string::String>, fn() -> core[a373ad73a504971]::result::Result<(), alloc[2e1b2a31b91974c5]::string::String>>
[INFO] [stdout]   14:     0x5876a8880765 - test[aada8e7e76ba119b]::run_test::{closure#0}
[INFO] [stdout]   15:     0x5876a887a054 - std[617be2ca0a6fd877]::sys::backtrace::__rust_begin_short_backtrace::<test[aada8e7e76ba119b]::run_test::{closure#1}, ()>
[INFO] [stdout]   16:     0x5876a88837f2 - <std[617be2ca0a6fd877]::thread::lifecycle::spawn_unchecked<test[aada8e7e76ba119b]::run_test::{closure#1}, ()>::{closure#1} as core[a373ad73a504971]::ops::function::FnOnce<()>>::call_once::{shim:vtable#0}
[INFO] [stdout]   17:     0x5876a89effdf - <std[617be2ca0a6fd877]::sys::thread::unix::Thread>::new::thread_start
[INFO] [stdout]   18:     0x72dd85e83dfa - <unknown>
[INFO] [stdout]   19:     0x72dd85f173d4 - clone
[INFO] [stdout]   20:                0x0 - <unknown>
[INFO] [stdout] 
[INFO] [stdout] ---- sort_by_size stdout ----
[INFO] [stdout] 
[INFO] [stdout] thread 'sort_by_size' (985) panicked at tests/common/mod.rs:25:5:
[INFO] [stdout] test fixture not found at /opt/rustwide/workdir/tests/fixtures. Run `just test-fixtures` first.
[INFO] [stdout] stack backtrace:
[INFO] [stdout]    0:     0x5876a89f0971 - <<std[617be2ca0a6fd877]::sys::backtrace::BacktraceLock>::print::DisplayBacktrace as core[a373ad73a504971]::fmt::Display>::fmt
[INFO] [stdout]    1:     0x5876a8a06f2a - core[a373ad73a504971]::fmt::write
[INFO] [stdout]    2:     0x5876a89f4ecc - <alloc[2e1b2a31b91974c5]::vec::Vec<u8> as core[a373ad73a504971]::io::write::Write>::write_fmt
[INFO] [stdout]    3:     0x5876a89caf06 - std[617be2ca0a6fd877]::panicking::default_hook::{closure#0}
[INFO] [stdout]    4:     0x5876a89e8099 - std[617be2ca0a6fd877]::panicking::default_hook
[INFO] [stdout]    5:     0x5876a8880140 - test[aada8e7e76ba119b]::test_main_inner::{closure#0}
[INFO] [stdout]    6:     0x5876a89e83c2 - std[617be2ca0a6fd877]::panicking::panic_with_hook
[INFO] [stdout]    7:     0x5876a89cafb2 - std[617be2ca0a6fd877]::panicking::panic_handler::{closure#0}
[INFO] [stdout]    8:     0x5876a89c3aa9 - std[617be2ca0a6fd877]::sys::backtrace::__rust_end_short_backtrace::<std[617be2ca0a6fd877]::panicking::panic_handler::{closure#0}, !>
[INFO] [stdout]    9:     0x5876a89cbcad - __rustc[ea4f61d10b84890b]::rust_begin_unwind
[INFO] [stdout]   10:     0x5876a8a0770c - core[a373ad73a504971]::panicking::panic_fmt
[INFO] [stdout]   11:     0x5876a886cddf - fixture[275c9b540a516042]::common::fixture_path
[INFO] [stdout]   12:     0x5876a885ac9c - <fixture[275c9b540a516042]::sort_by_size::{closure#0} as core[a373ad73a504971]::ops::function::FnOnce<()>>::call_once
[INFO] [stdout]   13:     0x5876a887358b - test[aada8e7e76ba119b]::__rust_begin_short_backtrace::<core[a373ad73a504971]::result::Result<(), alloc[2e1b2a31b91974c5]::string::String>, fn() -> core[a373ad73a504971]::result::Result<(), alloc[2e1b2a31b91974c5]::string::String>>
[INFO] [stdout]   14:     0x5876a8880765 - test[aada8e7e76ba119b]::run_test::{closure#0}
[INFO] [stdout]   15:     0x5876a887a054 - std[617be2ca0a6fd877]::sys::backtrace::__rust_begin_short_backtrace::<test[aada8e7e76ba119b]::run_test::{closure#1}, ()>
[INFO] [stdout]   16:     0x5876a88837f2 - <std[617be2ca0a6fd877]::thread::lifecycle::spawn_unchecked<test[aada8e7e76ba119b]::run_test::{closure#1}, ()>::{closure#1} as core[a373ad73a504971]::ops::function::FnOnce<()>>::call_once::{shim:vtable#0}
[INFO] [stdout]   17:     0x5876a89effdf - <std[617be2ca0a6fd877]::sys::thread::unix::Thread>::new::thread_start
[INFO] [stderr] error: test failed, to rerun pass `--test fixture`
[INFO] [stdout]   18:     0x72dd85e83dfa - <unknown>
[INFO] [stdout]   19:     0x72dd85f173d4 - clone
[INFO] [stdout]   20:                0x0 - <unknown>
[INFO] [stdout] 
[INFO] [stdout] ---- filter_by_glob stdout ----
[INFO] [stdout] 
[INFO] [stdout] thread 'filter_by_glob' (852) panicked at tests/common/mod.rs:25:5:
[INFO] [stdout] test fixture not found at /opt/rustwide/workdir/tests/fixtures. Run `just test-fixtures` first.
[INFO] [stdout] stack backtrace:
[INFO] [stdout]    0:     0x5876a89f0971 - <<std[617be2ca0a6fd877]::sys::backtrace::BacktraceLock>::print::DisplayBacktrace as core[a373ad73a504971]::fmt::Display>::fmt
[INFO] [stdout]    1:     0x5876a8a06f2a - core[a373ad73a504971]::fmt::write
[INFO] [stdout]    2:     0x5876a89f4ecc - <alloc[2e1b2a31b91974c5]::vec::Vec<u8> as core[a373ad73a504971]::io::write::Write>::write_fmt
[INFO] [stdout]    3:     0x5876a89caf06 - std[617be2ca0a6fd877]::panicking::default_hook::{closure#0}
[INFO] [stdout]    4:     0x5876a89e8099 - std[617be2ca0a6fd877]::panicking::default_hook
[INFO] [stdout]    5:     0x5876a8880140 - test[aada8e7e76ba119b]::test_main_inner::{closure#0}
[INFO] [stdout]    6:     0x5876a89e83c2 - std[617be2ca0a6fd877]::panicking::panic_with_hook
[INFO] [stdout]    7:     0x5876a89cafb2 - std[617be2ca0a6fd877]::panicking::panic_handler::{closure#0}
[INFO] [stdout]    8:     0x5876a89c3aa9 - std[617be2ca0a6fd877]::sys::backtrace::__rust_end_short_backtrace::<std[617be2ca0a6fd877]::panicking::panic_handler::{closure#0}, !>
[INFO] [stdout]    9:     0x5876a89cbcad - __rustc[ea4f61d10b84890b]::rust_begin_unwind
[INFO] [stdout]   10:     0x5876a8a0770c - core[a373ad73a504971]::panicking::panic_fmt
[INFO] [stdout]   11:     0x5876a886cddf - fixture[275c9b540a516042]::common::fixture_path
[INFO] [stdout]   12:     0x5876a885b1d9 - <fixture[275c9b540a516042]::filter_by_glob::{closure#0} as core[a373ad73a504971]::ops::function::FnOnce<()>>::call_once
[INFO] [stdout]   13:     0x5876a887358b - test[aada8e7e76ba119b]::__rust_begin_short_backtrace::<core[a373ad73a504971]::result::Result<(), alloc[2e1b2a31b91974c5]::string::String>, fn() -> core[a373ad73a504971]::result::Result<(), alloc[2e1b2a31b91974c5]::string::String>>
[INFO] [stdout]   14:     0x5876a8880765 - test[aada8e7e76ba119b]::run_test::{closure#0}
[INFO] [stdout]   15:     0x5876a887a054 - std[617be2ca0a6fd877]::sys::backtrace::__rust_begin_short_backtrace::<test[aada8e7e76ba119b]::run_test::{closure#1}, ()>
[INFO] [stdout]   16:     0x5876a88837f2 - <std[617be2ca0a6fd877]::thread::lifecycle::spawn_unchecked<test[aada8e7e76ba119b]::run_test::{closure#1}, ()>::{closure#1} as core[a373ad73a504971]::ops::function::FnOnce<()>>::call_once::{shim:vtable#0}
[INFO] [stdout]   17:     0x5876a89effdf - <std[617be2ca0a6fd877]::sys::thread::unix::Thread>::new::thread_start
[INFO] [stdout]   18:     0x72dd85e83dfa - <unknown>
[INFO] [stdout]   19:     0x72dd85f173d4 - clone
[INFO] [stdout]   20:                0x0 - <unknown>
[INFO] [stdout] 
[INFO] [stdout] ---- tree_structure stdout ----
[INFO] [stdout] 
[INFO] [stdout] thread 'tree_structure' (992) panicked at tests/common/mod.rs:25:5:
[INFO] [stdout] test fixture not found at /opt/rustwide/workdir/tests/fixtures. Run `just test-fixtures` first.
[INFO] [stdout] stack backtrace:
[INFO] [stdout]    0:     0x5876a89f0971 - <<std[617be2ca0a6fd877]::sys::backtrace::BacktraceLock>::print::DisplayBacktrace as core[a373ad73a504971]::fmt::Display>::fmt
[INFO] [stdout]    1:     0x5876a8a06f2a - core[a373ad73a504971]::fmt::write
[INFO] [stdout]    2:     0x5876a89f4ecc - <alloc[2e1b2a31b91974c5]::vec::Vec<u8> as core[a373ad73a504971]::io::write::Write>::write_fmt
[INFO] [stdout]    3:     0x5876a89caf06 - std[617be2ca0a6fd877]::panicking::default_hook::{closure#0}
[INFO] [stdout]    4:     0x5876a89e8099 - std[617be2ca0a6fd877]::panicking::default_hook
[INFO] [stdout]    5:     0x5876a8880140 - test[aada8e7e76ba119b]::test_main_inner::{closure#0}
[INFO] [stdout]    6:     0x5876a89e83c2 - std[617be2ca0a6fd877]::panicking::panic_with_hook
[INFO] [stdout]    7:     0x5876a89cafb2 - std[617be2ca0a6fd877]::panicking::panic_handler::{closure#0}
[INFO] [stdout]    8:     0x5876a89c3aa9 - std[617be2ca0a6fd877]::sys::backtrace::__rust_end_short_backtrace::<std[617be2ca0a6fd877]::panicking::panic_handler::{closure#0}, !>
[INFO] [stdout]    9:     0x5876a89cbcad - __rustc[ea4f61d10b84890b]::rust_begin_unwind
[INFO] [stdout]   10:     0x5876a8a0770c - core[a373ad73a504971]::panicking::panic_fmt
[INFO] [stdout]   11:     0x5876a886cddf - fixture[275c9b540a516042]::common::fixture_path
[INFO] [stdout]   12:     0x5876a885c1de - <fixture[275c9b540a516042]::tree_structure::{closure#0} as core[a373ad73a504971]::ops::function::FnOnce<()>>::call_once
[INFO] [stdout]   13:     0x5876a887358b - test[aada8e7e76ba119b]::__rust_begin_short_backtrace::<core[a373ad73a504971]::result::Result<(), alloc[2e1b2a31b91974c5]::string::String>, fn() -> core[a373ad73a504971]::result::Result<(), alloc[2e1b2a31b91974c5]::string::String>>
[INFO] [stdout]   14:     0x5876a8880765 - test[aada8e7e76ba119b]::run_test::{closure#0}
[INFO] [stdout]   15:     0x5876a887a054 - std[617be2ca0a6fd877]::sys::backtrace::__rust_begin_short_backtrace::<test[aada8e7e76ba119b]::run_test::{closure#1}, ()>
[INFO] [stdout]   16:     0x5876a88837f2 - <std[617be2ca0a6fd877]::thread::lifecycle::spawn_unchecked<test[aada8e7e76ba119b]::run_test::{closure#1}, ()>::{closure#1} as core[a373ad73a504971]::ops::function::FnOnce<()>>::call_once::{shim:vtable#0}
[INFO] [stdout]   17:     0x5876a89effdf - <std[617be2ca0a6fd877]::sys::thread::unix::Thread>::new::thread_start
[INFO] [stdout]   18:     0x72dd85e83dfa - <unknown>
[INFO] [stdout]   19:     0x72dd85f173d4 - clone
[INFO] [stdout]   20:                0x0 - <unknown>
[INFO] [stdout] 
[INFO] [stdout] ---- walk_full stdout ----
[INFO] [stdout] 
[INFO] [stdout] thread 'walk_full' (994) panicked at tests/common/mod.rs:25:5:
[INFO] [stdout] test fixture not found at /opt/rustwide/workdir/tests/fixtures. Run `just test-fixtures` first.
[INFO] [stdout] stack backtrace:
[INFO] [stdout]    0:     0x5876a89f0971 - <<std[617be2ca0a6fd877]::sys::backtrace::BacktraceLock>::print::DisplayBacktrace as core[a373ad73a504971]::fmt::Display>::fmt
[INFO] [stdout]    1:     0x5876a8a06f2a - core[a373ad73a504971]::fmt::write
[INFO] [stdout]    2:     0x5876a89f4ecc - <alloc[2e1b2a31b91974c5]::vec::Vec<u8> as core[a373ad73a504971]::io::write::Write>::write_fmt
[INFO] [stdout]    3:     0x5876a89caf06 - std[617be2ca0a6fd877]::panicking::default_hook::{closure#0}
[INFO] [stdout]    4:     0x5876a89e8099 - std[617be2ca0a6fd877]::panicking::default_hook
[INFO] [stdout]    5:     0x5876a8880140 - test[aada8e7e76ba119b]::test_main_inner::{closure#0}
[INFO] [stdout]    6:     0x5876a89e83c2 - std[617be2ca0a6fd877]::panicking::panic_with_hook
[INFO] [stdout]    7:     0x5876a89cafb2 - std[617be2ca0a6fd877]::panicking::panic_handler::{closure#0}
[INFO] [stdout]    8:     0x5876a89c3aa9 - std[617be2ca0a6fd877]::sys::backtrace::__rust_end_short_backtrace::<std[617be2ca0a6fd877]::panicking::panic_handler::{closure#0}, !>
[INFO] [stdout]    9:     0x5876a89cbcad - __rustc[ea4f61d10b84890b]::rust_begin_unwind
[INFO] [stdout]   10:     0x5876a8a0770c - core[a373ad73a504971]::panicking::panic_fmt
[INFO] [stdout]   11:     0x5876a886cddf - fixture[275c9b540a516042]::common::fixture_path
[INFO] [stdout]   12:     0x5876a8866639 - <fixture[275c9b540a516042]::walk_full::{closure#0} as core[a373ad73a504971]::ops::function::FnOnce<()>>::call_once
[INFO] [stdout]   13:     0x5876a887358b - test[aada8e7e76ba119b]::__rust_begin_short_backtrace::<core[a373ad73a504971]::result::Result<(), alloc[2e1b2a31b91974c5]::string::String>, fn() -> core[a373ad73a504971]::result::Result<(), alloc[2e1b2a31b91974c5]::string::String>>
[INFO] [stdout]   14:     0x5876a8880765 - test[aada8e7e76ba119b]::run_test::{closure#0}
[INFO] [stdout]   15:     0x5876a887a054 - std[617be2ca0a6fd877]::sys::backtrace::__rust_begin_short_backtrace::<test[aada8e7e76ba119b]::run_test::{closure#1}, ()>
[INFO] [stdout]   16:     0x5876a88837f2 - <std[617be2ca0a6fd877]::thread::lifecycle::spawn_unchecked<test[aada8e7e76ba119b]::run_test::{closure#1}, ()>::{closure#1} as core[a373ad73a504971]::ops::function::FnOnce<()>>::call_once::{shim:vtable#0}
[INFO] [stdout]   17:     0x5876a89effdf - <std[617be2ca0a6fd877]::sys::thread::unix::Thread>::new::thread_start
[INFO] [stdout]   18:     0x72dd85e83dfa - <unknown>
[INFO] [stdout]   19:     0x72dd85f173d4 - clone
[INFO] [stdout]   20:                0x0 - <unknown>
[INFO] [stdout] 
[INFO] [stdout] ---- walk_hidden_excluded_by_default stdout ----
[INFO] [stdout] 
[INFO] [stdout] thread 'walk_hidden_excluded_by_default' (995) panicked at tests/common/mod.rs:25:5:
[INFO] [stdout] test fixture not found at /opt/rustwide/workdir/tests/fixtures. Run `just test-fixtures` first.
[INFO] [stdout] stack backtrace:
[INFO] [stdout]    0:     0x5876a89f0971 - <<std[617be2ca0a6fd877]::sys::backtrace::BacktraceLock>::print::DisplayBacktrace as core[a373ad73a504971]::fmt::Display>::fmt
[INFO] [stdout]    1:     0x5876a8a06f2a - core[a373ad73a504971]::fmt::write
[INFO] [stdout]    2:     0x5876a89f4ecc - <alloc[2e1b2a31b91974c5]::vec::Vec<u8> as core[a373ad73a504971]::io::write::Write>::write_fmt
[INFO] [stdout]    3:     0x5876a89caf06 - std[617be2ca0a6fd877]::panicking::default_hook::{closure#0}
[INFO] [stdout]    4:     0x5876a89e8099 - std[617be2ca0a6fd877]::panicking::default_hook
[INFO] [stdout]    5:     0x5876a8880140 - test[aada8e7e76ba119b]::test_main_inner::{closure#0}
[INFO] [stdout]    6:     0x5876a89e83c2 - std[617be2ca0a6fd877]::panicking::panic_with_hook
[INFO] [stdout]    7:     0x5876a89cafb2 - std[617be2ca0a6fd877]::panicking::panic_handler::{closure#0}
[INFO] [stdout]    8:     0x5876a89c3aa9 - std[617be2ca0a6fd877]::sys::backtrace::__rust_end_short_backtrace::<std[617be2ca0a6fd877]::panicking::panic_handler::{closure#0}, !>
[INFO] [stdout]    9:     0x5876a89cbcad - __rustc[ea4f61d10b84890b]::rust_begin_unwind
[INFO] [stdout]   10:     0x5876a8a0770c - core[a373ad73a504971]::panicking::panic_fmt
[INFO] [stdout]   11:     0x5876a886cddf - fixture[275c9b540a516042]::common::fixture_path
[INFO] [stdout]   12:     0x5876a88653ac - <fixture[275c9b540a516042]::walk_hidden_excluded_by_default::{closure#0} as core[a373ad73a504971]::ops::function::FnOnce<()>>::call_once
[INFO] [stdout]   13:     0x5876a887358b - test[aada8e7e76ba119b]::__rust_begin_short_backtrace::<core[a373ad73a504971]::result::Result<(), alloc[2e1b2a31b91974c5]::string::String>, fn() -> core[a373ad73a504971]::result::Result<(), alloc[2e1b2a31b91974c5]::string::String>>
[INFO] [stdout]   14:     0x5876a8880765 - test[aada8e7e76ba119b]::run_test::{closure#0}
[INFO] [stdout]   15:     0x5876a887a054 - std[617be2ca0a6fd877]::sys::backtrace::__rust_begin_short_backtrace::<test[aada8e7e76ba119b]::run_test::{closure#1}, ()>
[INFO] [stdout]   16:     0x5876a88837f2 - <std[617be2ca0a6fd877]::thread::lifecycle::spawn_unchecked<test[aada8e7e76ba119b]::run_test::{closure#1}, ()>::{closure#1} as core[a373ad73a504971]::ops::function::FnOnce<()>>::call_once::{shim:vtable#0}
[INFO] [stdout]   17:     0x5876a89effdf - <std[617be2ca0a6fd877]::sys::thread::unix::Thread>::new::thread_start
[INFO] [stdout]   18:     0x72dd85e83dfa - <unknown>
[INFO] [stdout]   19:     0x72dd85f173d4 - clone
[INFO] [stdout]   20:                0x0 - <unknown>
[INFO] [stdout] 
[INFO] [stdout] ---- walk_hidden_toggle stdout ----
[INFO] [stdout] 
[INFO] [stdout] thread 'walk_hidden_toggle' (996) panicked at tests/common/mod.rs:25:5:
[INFO] [stdout] test fixture not found at /opt/rustwide/workdir/tests/fixtures. Run `just test-fixtures` first.
[INFO] [stdout] stack backtrace:
[INFO] [stdout]    0:     0x5876a89f0971 - <<std[617be2ca0a6fd877]::sys::backtrace::BacktraceLock>::print::DisplayBacktrace as core[a373ad73a504971]::fmt::Display>::fmt
[INFO] [stdout]    1:     0x5876a8a06f2a - core[a373ad73a504971]::fmt::write
[INFO] [stdout]    2:     0x5876a89f4ecc - <alloc[2e1b2a31b91974c5]::vec::Vec<u8> as core[a373ad73a504971]::io::write::Write>::write_fmt
[INFO] [stdout]    3:     0x5876a89caf06 - std[617be2ca0a6fd877]::panicking::default_hook::{closure#0}
[INFO] [stdout]    4:     0x5876a89e8099 - std[617be2ca0a6fd877]::panicking::default_hook
[INFO] [stdout]    5:     0x5876a8880140 - test[aada8e7e76ba119b]::test_main_inner::{closure#0}
[INFO] [stdout]    6:     0x5876a89e83c2 - std[617be2ca0a6fd877]::panicking::panic_with_hook
[INFO] [stdout]    7:     0x5876a89cafb2 - std[617be2ca0a6fd877]::panicking::panic_handler::{closure#0}
[INFO] [stdout]    8:     0x5876a89c3aa9 - std[617be2ca0a6fd877]::sys::backtrace::__rust_end_short_backtrace::<std[617be2ca0a6fd877]::panicking::panic_handler::{closure#0}, !>
[INFO] [stdout]    9:     0x5876a89cbcad - __rustc[ea4f61d10b84890b]::rust_begin_unwind
[INFO] [stdout]   10:     0x5876a8a0770c - core[a373ad73a504971]::panicking::panic_fmt
[INFO] [stdout]   11:     0x5876a886cddf - fixture[275c9b540a516042]::common::fixture_path
[INFO] [stdout]   12:     0x5876a885fe6e - <fixture[275c9b540a516042]::walk_hidden_toggle::{closure#0} as core[a373ad73a504971]::ops::function::FnOnce<()>>::call_once
[INFO] [stdout]   13:     0x5876a887358b - test[aada8e7e76ba119b]::__rust_begin_short_backtrace::<core[a373ad73a504971]::result::Result<(), alloc[2e1b2a31b91974c5]::string::String>, fn() -> core[a373ad73a504971]::result::Result<(), alloc[2e1b2a31b91974c5]::string::String>>
[INFO] [stdout]   14:     0x5876a8880765 - test[aada8e7e76ba119b]::run_test::{closure#0}
[INFO] [stdout]   15:     0x5876a887a054 - std[617be2ca0a6fd877]::sys::backtrace::__rust_begin_short_backtrace::<test[aada8e7e76ba119b]::run_test::{closure#1}, ()>
[INFO] [stdout]   16:     0x5876a88837f2 - <std[617be2ca0a6fd877]::thread::lifecycle::spawn_unchecked<test[aada8e7e76ba119b]::run_test::{closure#1}, ()>::{closure#1} as core[a373ad73a504971]::ops::function::FnOnce<()>>::call_once::{shim:vtable#0}
[INFO] [stdout]   17:     0x5876a89effdf - <std[617be2ca0a6fd877]::sys::thread::unix::Thread>::new::thread_start
[INFO] [stdout]   18:     0x72dd85e83dfa - <unknown>
[INFO] [stdout]   19:     0x72dd85f173d4 - clone
[INFO] [stdout]   20:                0x0 - <unknown>
[INFO] [stdout] 
[INFO] [stdout] ---- walk_max_depth stdout ----
[INFO] [stdout] 
[INFO] [stdout] thread 'walk_max_depth' (1032) panicked at tests/common/mod.rs:25:5:
[INFO] [stdout] test fixture not found at /opt/rustwide/workdir/tests/fixtures. Run `just test-fixtures` first.
[INFO] [stdout] stack backtrace:
[INFO] [stdout]    0:     0x5876a89f0971 - <<std[617be2ca0a6fd877]::sys::backtrace::BacktraceLock>::print::DisplayBacktrace as core[a373ad73a504971]::fmt::Display>::fmt
[INFO] [stdout]    1:     0x5876a8a06f2a - core[a373ad73a504971]::fmt::write
[INFO] [stdout]    2:     0x5876a89f4ecc - <alloc[2e1b2a31b91974c5]::vec::Vec<u8> as core[a373ad73a504971]::io::write::Write>::write_fmt
[INFO] [stdout]    3:     0x5876a89caf06 - std[617be2ca0a6fd877]::panicking::default_hook::{closure#0}
[INFO] [stdout]    4:     0x5876a89e8099 - std[617be2ca0a6fd877]::panicking::default_hook
[INFO] [stdout]    5:     0x5876a8880140 - test[aada8e7e76ba119b]::test_main_inner::{closure#0}
[INFO] [stdout]    6:     0x5876a89e83c2 - std[617be2ca0a6fd877]::panicking::panic_with_hook
[INFO] [stdout]    7:     0x5876a89cafb2 - std[617be2ca0a6fd877]::panicking::panic_handler::{closure#0}
[INFO] [stdout]    8:     0x5876a89c3aa9 - std[617be2ca0a6fd877]::sys::backtrace::__rust_end_short_backtrace::<std[617be2ca0a6fd877]::panicking::panic_handler::{closure#0}, !>
[INFO] [stdout]    9:     0x5876a89cbcad - __rustc[ea4f61d10b84890b]::rust_begin_unwind
[INFO] [stdout]   10:     0x5876a8a0770c - core[a373ad73a504971]::panicking::panic_fmt
[INFO] [stdout]   11:     0x5876a886cddf - fixture[275c9b540a516042]::common::fixture_path
[INFO] [stdout]   12:     0x5876a885cab7 - <fixture[275c9b540a516042]::walk_max_depth::{closure#0} as core[a373ad73a504971]::ops::function::FnOnce<()>>::call_once
[INFO] [stdout]   13:     0x5876a887358b - test[aada8e7e76ba119b]::__rust_begin_short_backtrace::<core[a373ad73a504971]::result::Result<(), alloc[2e1b2a31b91974c5]::string::String>, fn() -> core[a373ad73a504971]::result::Result<(), alloc[2e1b2a31b91974c5]::string::String>>
[INFO] [stdout]   14:     0x5876a8880765 - test[aada8e7e76ba119b]::run_test::{closure#0}
[INFO] [stdout]   15:     0x5876a887a054 - std[617be2ca0a6fd877]::sys::backtrace::__rust_begin_short_backtrace::<test[aada8e7e76ba119b]::run_test::{closure#1}, ()>
[INFO] [stdout]   16:     0x5876a88837f2 - <std[617be2ca0a6fd877]::thread::lifecycle::spawn_unchecked<test[aada8e7e76ba119b]::run_test::{closure#1}, ()>::{closure#1} as core[a373ad73a504971]::ops::function::FnOnce<()>>::call_once::{shim:vtable#0}
[INFO] [stdout]   17:     0x5876a89effdf - <std[617be2ca0a6fd877]::sys::thread::unix::Thread>::new::thread_start
[INFO] [stdout]   18:     0x72dd85e83dfa - <unknown>
[INFO] [stdout]   19:     0x72dd85f173d4 - clone
[INFO] [stdout]   20:                0x0 - <unknown>
[INFO] [stdout] 
[INFO] [stdout] ---- walk_max_depth_limits_recursion stdout ----
[INFO] [stdout] 
[INFO] [stdout] thread 'walk_max_depth_limits_recursion' (1033) panicked at tests/common/mod.rs:25:5:
[INFO] [stdout] test fixture not found at /opt/rustwide/workdir/tests/fixtures. Run `just test-fixtures` first.
[INFO] [stdout] stack backtrace:
[INFO] [stdout]    0:     0x5876a89f0971 - <<std[617be2ca0a6fd877]::sys::backtrace::BacktraceLock>::print::DisplayBacktrace as core[a373ad73a504971]::fmt::Display>::fmt
[INFO] [stdout]    1:     0x5876a8a06f2a - core[a373ad73a504971]::fmt::write
[INFO] [stdout]    2:     0x5876a89f4ecc - <alloc[2e1b2a31b91974c5]::vec::Vec<u8> as core[a373ad73a504971]::io::write::Write>::write_fmt
[INFO] [stdout]    3:     0x5876a89caf06 - std[617be2ca0a6fd877]::panicking::default_hook::{closure#0}
[INFO] [stdout]    4:     0x5876a89e8099 - std[617be2ca0a6fd877]::panicking::default_hook
[INFO] [stdout]    5:     0x5876a8880140 - test[aada8e7e76ba119b]::test_main_inner::{closure#0}
[INFO] [stdout]    6:     0x5876a89e83c2 - std[617be2ca0a6fd877]::panicking::panic_with_hook
[INFO] [stdout]    7:     0x5876a89cafb2 - std[617be2ca0a6fd877]::panicking::panic_handler::{closure#0}
[INFO] [stdout]    8:     0x5876a89c3aa9 - std[617be2ca0a6fd877]::sys::backtrace::__rust_end_short_backtrace::<std[617be2ca0a6fd877]::panicking::panic_handler::{closure#0}, !>
[INFO] [stdout]    9:     0x5876a89cbcad - __rustc[ea4f61d10b84890b]::rust_begin_unwind
[INFO] [stdout]   10:     0x5876a8a0770c - core[a373ad73a504971]::panicking::panic_fmt
[INFO] [stdout]   11:     0x5876a886cddf - fixture[275c9b540a516042]::common::fixture_path
[INFO] [stdout]   12:     0x5876a8865699 - <fixture[275c9b540a516042]::walk_max_depth_limits_recursion::{closure#0} as core[a373ad73a504971]::ops::function::FnOnce<()>>::call_once
[INFO] [stdout]   13:     0x5876a887358b - test[aada8e7e76ba119b]::__rust_begin_short_backtrace::<core[a373ad73a504971]::result::Result<(), alloc[2e1b2a31b91974c5]::string::String>, fn() -> core[a373ad73a504971]::result::Result<(), alloc[2e1b2a31b91974c5]::string::String>>
[INFO] [stdout]   14:     0x5876a8880765 - test[aada8e7e76ba119b]::run_test::{closure#0}
[INFO] [stdout]   15:     0x5876a887a054 - std[617be2ca0a6fd877]::sys::backtrace::__rust_begin_short_backtrace::<test[aada8e7e76ba119b]::run_test::{closure#1}, ()>
[INFO] [stdout]   16:     0x5876a88837f2 - <std[617be2ca0a6fd877]::thread::lifecycle::spawn_unchecked<test[aada8e7e76ba119b]::run_test::{closure#1}, ()>::{closure#1} as core[a373ad73a504971]::ops::function::FnOnce<()>>::call_once::{shim:vtable#0}
[INFO] [stdout]   17:     0x5876a89effdf - <std[617be2ca0a6fd877]::sys::thread::unix::Thread>::new::thread_start
[INFO] [stdout]   18:     0x72dd85e83dfa - <unknown>
[INFO] [stdout]   19:     0x72dd85f173d4 - clone
[INFO] [stdout]   20:                0x0 - <unknown>
[INFO] [stdout] 
[INFO] [stdout] ---- walk_relative_paths stdout ----
[INFO] [stdout] 
[INFO] [stdout] thread 'walk_relative_paths' (1034) panicked at tests/common/mod.rs:25:5:
[INFO] [stdout] test fixture not found at /opt/rustwide/workdir/tests/fixtures. Run `just test-fixtures` first.
[INFO] [stdout] stack backtrace:
[INFO] [stdout]    0:     0x5876a89f0971 - <<std[617be2ca0a6fd877]::sys::backtrace::BacktraceLock>::print::DisplayBacktrace as core[a373ad73a504971]::fmt::Display>::fmt
[INFO] [stdout]    1:     0x5876a8a06f2a - core[a373ad73a504971]::fmt::write
[INFO] [stdout]    2:     0x5876a89f4ecc - <alloc[2e1b2a31b91974c5]::vec::Vec<u8> as core[a373ad73a504971]::io::write::Write>::write_fmt
[INFO] [stdout]    3:     0x5876a89caf06 - std[617be2ca0a6fd877]::panicking::default_hook::{closure#0}
[INFO] [stdout]    4:     0x5876a89e8099 - std[617be2ca0a6fd877]::panicking::default_hook
[INFO] [stdout]    5:     0x5876a8880140 - test[aada8e7e76ba119b]::test_main_inner::{closure#0}
[INFO] [stdout]    6:     0x5876a89e83c2 - std[617be2ca0a6fd877]::panicking::panic_with_hook
[INFO] [stdout]    7:     0x5876a89cafb2 - std[617be2ca0a6fd877]::panicking::panic_handler::{closure#0}
[INFO] [stdout]    8:     0x5876a89c3aa9 - std[617be2ca0a6fd877]::sys::backtrace::__rust_end_short_backtrace::<std[617be2ca0a6fd877]::panicking::panic_handler::{closure#0}, !>
[INFO] [stdout]    9:     0x5876a89cbcad - __rustc[ea4f61d10b84890b]::rust_begin_unwind
[INFO] [stdout]   10:     0x5876a8a0770c - core[a373ad73a504971]::panicking::panic_fmt
[INFO] [stdout]   11:     0x5876a886cddf - fixture[275c9b540a516042]::common::fixture_path
[INFO] [stdout]   12:     0x5876a886084a - <fixture[275c9b540a516042]::walk_relative_paths::{closure#0} as core[a373ad73a504971]::ops::function::FnOnce<()>>::call_once
[INFO] [stdout]   13:     0x5876a887358b - test[aada8e7e76ba119b]::__rust_begin_short_backtrace::<core[a373ad73a504971]::result::Result<(), alloc[2e1b2a31b91974c5]::string::String>, fn() -> core[a373ad73a504971]::result::Result<(), alloc[2e1b2a31b91974c5]::string::String>>
[INFO] [stdout]   14:     0x5876a8880765 - test[aada8e7e76ba119b]::run_test::{closure#0}
[INFO] [stdout]   15:     0x5876a887a054 - std[617be2ca0a6fd877]::sys::backtrace::__rust_begin_short_backtrace::<test[aada8e7e76ba119b]::run_test::{closure#1}, ()>
[INFO] [stdout]   16:     0x5876a88837f2 - <std[617be2ca0a6fd877]::thread::lifecycle::spawn_unchecked<test[aada8e7e76ba119b]::run_test::{closure#1}, ()>::{closure#1} as core[a373ad73a504971]::ops::function::FnOnce<()>>::call_once::{shim:vtable#0}
[INFO] [stdout]   17:     0x5876a89effdf - <std[617be2ca0a6fd877]::sys::thread::unix::Thread>::new::thread_start
[INFO] [stdout]   18:     0x72dd85e83dfa - <unknown>
[INFO] [stdout]   19:     0x72dd85f173d4 - clone
[INFO] [stdout]   20:                0x0 - <unknown>
[INFO] [stdout] 
[INFO] [stdout] ---- walk_iter_collects_all_entries stdout ----
[INFO] [stdout] 
[INFO] [stdout] thread 'walk_iter_collects_all_entries' (1014) panicked at tests/common/mod.rs:25:5:
[INFO] [stdout] test fixture not found at /opt/rustwide/workdir/tests/fixtures. Run `just test-fixtures` first.
[INFO] [stdout] stack backtrace:
[INFO] [stdout]    0:     0x5876a89f0971 - <<std[617be2ca0a6fd877]::sys::backtrace::BacktraceLock>::print::DisplayBacktrace as core[a373ad73a504971]::fmt::Display>::fmt
[INFO] [stdout]    1:     0x5876a8a06f2a - core[a373ad73a504971]::fmt::write
[INFO] [stdout]    2:     0x5876a89f4ecc - <alloc[2e1b2a31b91974c5]::vec::Vec<u8> as core[a373ad73a504971]::io::write::Write>::write_fmt
[INFO] [stdout]    3:     0x5876a89caf06 - std[617be2ca0a6fd877]::panicking::default_hook::{closure#0}
[INFO] [stdout]    4:     0x5876a89e8099 - std[617be2ca0a6fd877]::panicking::default_hook
[INFO] [stdout]    5:     0x5876a8880140 - test[aada8e7e76ba119b]::test_main_inner::{closure#0}
[INFO] [stdout]    6:     0x5876a89e83c2 - std[617be2ca0a6fd877]::panicking::panic_with_hook
[INFO] [stdout]    7:     0x5876a89cafb2 - std[617be2ca0a6fd877]::panicking::panic_handler::{closure#0}
[INFO] [stdout]    8:     0x5876a89c3aa9 - std[617be2ca0a6fd877]::sys::backtrace::__rust_end_short_backtrace::<std[617be2ca0a6fd877]::panicking::panic_handler::{closure#0}, !>
[INFO] [stdout]    9:     0x5876a89cbcad - __rustc[ea4f61d10b84890b]::rust_begin_unwind
[INFO] [stdout]   10:     0x5876a8a0770c - core[a373ad73a504971]::panicking::panic_fmt
[INFO] [stdout]   11:     0x5876a886cddf - fixture[275c9b540a516042]::common::fixture_path
[INFO] [stdout]   12:     0x5876a8864a8e - <fixture[275c9b540a516042]::walk_iter_collects_all_entries::{closure#0} as core[a373ad73a504971]::ops::function::FnOnce<()>>::call_once
[INFO] [stdout]   13:     0x5876a887358b - test[aada8e7e76ba119b]::__rust_begin_short_backtrace::<core[a373ad73a504971]::result::Result<(), alloc[2e1b2a31b91974c5]::string::String>, fn() -> core[a373ad73a504971]::result::Result<(), alloc[2e1b2a31b91974c5]::string::String>>
[INFO] [stdout]   14:     0x5876a8880765 - test[aada8e7e76ba119b]::run_test::{closure#0}
[INFO] [stdout]   15:     0x5876a887a054 - std[617be2ca0a6fd877]::sys::backtrace::__rust_begin_short_backtrace::<test[aada8e7e76ba119b]::run_test::{closure#1}, ()>
[INFO] [stdout]   16:     0x5876a88837f2 - <std[617be2ca0a6fd877]::thread::lifecycle::spawn_unchecked<test[aada8e7e76ba119b]::run_test::{closure#1}, ()>::{closure#1} as core[a373ad73a504971]::ops::function::FnOnce<()>>::call_once::{shim:vtable#0}
[INFO] [stdout]   17:     0x5876a89effdf - <std[617be2ca0a6fd877]::sys::thread::unix::Thread>::new::thread_start
[INFO] [stdout]   18:     0x72dd85e83dfa - <unknown>
[INFO] [stdout]   19:     0x72dd85f173d4 - clone
[INFO] [stdout]   20:                0x0 - <unknown>
[INFO] [stdout] 
[INFO] [stdout] ---- walk_iter_stats stdout ----
[INFO] [stdout] 
[INFO] [stdout] thread 'walk_iter_stats' (1015) panicked at tests/common/mod.rs:25:5:
[INFO] [stdout] test fixture not found at /opt/rustwide/workdir/tests/fixtures. Run `just test-fixtures` first.
[INFO] [stdout] stack backtrace:
[INFO] [stdout]    0:     0x5876a89f0971 - <<std[617be2ca0a6fd877]::sys::backtrace::BacktraceLock>::print::DisplayBacktrace as core[a373ad73a504971]::fmt::Display>::fmt
[INFO] [stdout]    1:     0x5876a8a06f2a - core[a373ad73a504971]::fmt::write
[INFO] [stdout]    2:     0x5876a89f4ecc - <alloc[2e1b2a31b91974c5]::vec::Vec<u8> as core[a373ad73a504971]::io::write::Write>::write_fmt
[INFO] [stdout]    3:     0x5876a89caf06 - std[617be2ca0a6fd877]::panicking::default_hook::{closure#0}
[INFO] [stdout]    4:     0x5876a89e8099 - std[617be2ca0a6fd877]::panicking::default_hook
[INFO] [stdout]    5:     0x5876a8880140 - test[aada8e7e76ba119b]::test_main_inner::{closure#0}
[INFO] [stdout]    6:     0x5876a89e83c2 - std[617be2ca0a6fd877]::panicking::panic_with_hook
[INFO] [stdout]    7:     0x5876a89cafb2 - std[617be2ca0a6fd877]::panicking::panic_handler::{closure#0}
[INFO] [stdout]    8:     0x5876a89c3aa9 - std[617be2ca0a6fd877]::sys::backtrace::__rust_end_short_backtrace::<std[617be2ca0a6fd877]::panicking::panic_handler::{closure#0}, !>
[INFO] [stdout]    9:     0x5876a89cbcad - __rustc[ea4f61d10b84890b]::rust_begin_unwind
[INFO] [stdout]   10:     0x5876a8a0770c - core[a373ad73a504971]::panicking::panic_fmt
[INFO] [stdout]   11:     0x5876a886cddf - fixture[275c9b540a516042]::common::fixture_path
[INFO] [stdout]   12:     0x5876a885d11e - <fixture[275c9b540a516042]::walk_iter_stats::{closure#0} as core[a373ad73a504971]::ops::function::FnOnce<()>>::call_once
[INFO] [stdout]   13:     0x5876a887358b - test[aada8e7e76ba119b]::__rust_begin_short_backtrace::<core[a373ad73a504971]::result::Result<(), alloc[2e1b2a31b91974c5]::string::String>, fn() -> core[a373ad73a504971]::result::Result<(), alloc[2e1b2a31b91974c5]::string::String>>
[INFO] [stdout]   14:     0x5876a8880765 - test[aada8e7e76ba119b]::run_test::{closure#0}
[INFO] [stdout]   15:     0x5876a887a054 - std[617be2ca0a6fd877]::sys::backtrace::__rust_begin_short_backtrace::<test[aada8e7e76ba119b]::run_test::{closure#1}, ()>
[INFO] [stdout]   16:     0x5876a88837f2 - <std[617be2ca0a6fd877]::thread::lifecycle::spawn_unchecked<test[aada8e7e76ba119b]::run_test::{closure#1}, ()>::{closure#1} as core[a373ad73a504971]::ops::function::FnOnce<()>>::call_once::{shim:vtable#0}
[INFO] [stdout]   17:     0x5876a89effdf - <std[617be2ca0a6fd877]::sys::thread::unix::Thread>::new::thread_start
[INFO] [stdout]   18:     0x72dd85e83dfa - <unknown>
[INFO] [stdout]   19:     0x72dd85f173d4 - clone
[INFO] [stdout]   20:                0x0 - <unknown>
[INFO] [stdout] 
[INFO] [stdout] ---- threads_zero_auto stdout ----
[INFO] [stdout] 
[INFO] [stdout] thread 'threads_zero_auto' (990) panicked at tests/common/mod.rs:25:5:
[INFO] [stdout] test fixture not found at /opt/rustwide/workdir/tests/fixtures. Run `just test-fixtures` first.
[INFO] [stdout] stack backtrace:
[INFO] [stdout]    0:     0x5876a89f0971 - <<std[617be2ca0a6fd877]::sys::backtrace::BacktraceLock>::print::DisplayBacktrace as core[a373ad73a504971]::fmt::Display>::fmt
[INFO] [stdout]    1:     0x5876a8a06f2a - core[a373ad73a504971]::fmt::write
[INFO] [stdout]    2:     0x5876a89f4ecc - <alloc[2e1b2a31b91974c5]::vec::Vec<u8> as core[a373ad73a504971]::io::write::Write>::write_fmt
[INFO] [stdout]    3:     0x5876a89caf06 - std[617be2ca0a6fd877]::panicking::default_hook::{closure#0}
[INFO] [stdout]    4:     0x5876a89e8099 - std[617be2ca0a6fd877]::panicking::default_hook
[INFO] [stdout]    5:     0x5876a8880140 - test[aada8e7e76ba119b]::test_main_inner::{closure#0}
[INFO] [stdout]    6:     0x5876a89e83c2 - std[617be2ca0a6fd877]::panicking::panic_with_hook
[INFO] [stdout]    7:     0x5876a89cafb2 - std[617be2ca0a6fd877]::panicking::panic_handler::{closure#0}
[INFO] [stdout]    8:     0x5876a89c3aa9 - std[617be2ca0a6fd877]::sys::backtrace::__rust_end_short_backtrace::<std[617be2ca0a6fd877]::panicking::panic_handler::{closure#0}, !>
[INFO] [stdout]    9:     0x5876a89cbcad - __rustc[ea4f61d10b84890b]::rust_begin_unwind
[INFO] [stdout]   10:     0x5876a8a0770c - core[a373ad73a504971]::panicking::panic_fmt
[INFO] [stdout]   11:     0x5876a886cddf - fixture[275c9b540a516042]::common::fixture_path
[INFO] [stdout]   12:     0x5876a885e8e7 - <fixture[275c9b540a516042]::threads_zero_auto::{closure#0} as core[a373ad73a504971]::ops::function::FnOnce<()>>::call_once
[INFO] [stdout]   13:     0x5876a887358b - test[aada8e7e76ba119b]::__rust_begin_short_backtrace::<core[a373ad73a504971]::result::Result<(), alloc[2e1b2a31b91974c5]::string::String>, fn() -> core[a373ad73a504971]::result::Result<(), alloc[2e1b2a31b91974c5]::string::String>>
[INFO] [stdout]   14:     0x5876a8880765 - test[aada8e7e76ba119b]::run_test::{closure#0}
[INFO] [stdout]   15:     0x5876a887a054 - std[617be2ca0a6fd877]::sys::backtrace::__rust_begin_short_backtrace::<test[aada8e7e76ba119b]::run_test::{closure#1}, ()>
[INFO] [stdout]   16:     0x5876a88837f2 - <std[617be2ca0a6fd877]::thread::lifecycle::spawn_unchecked<test[aada8e7e76ba119b]::run_test::{closure#1}, ()>::{closure#1} as core[a373ad73a504971]::ops::function::FnOnce<()>>::call_once::{shim:vtable#0}
[INFO] [stdout]   17:     0x5876a89effdf - <std[617be2ca0a6fd877]::sys::thread::unix::Thread>::new::thread_start
[INFO] [stdout]   18:     0x72dd85e83dfa - <unknown>
[INFO] [stdout]   19:     0x72dd85f173d4 - clone
[INFO] [stdout]   20:                0x0 - <unknown>
[INFO] [stdout] 
[INFO] [stdout] 
[INFO] [stdout] failures:
[INFO] [stdout]     filter_by_extension
[INFO] [stdout]     filter_by_extension_keeps_dirs
[INFO] [stdout]     filter_by_glob
[INFO] [stdout]     filter_by_multiple_extensions
[INFO] [stdout]     filter_by_size
[INFO] [stdout]     follow_links_resolves_symlink
[INFO] [stdout]     group_by_depth
[INFO] [stdout]     group_by_directory
[INFO] [stdout]     group_by_extension
[INFO] [stdout]     parallel_matches_sequential
[INFO] [stdout]     scan_dir_excludes_dot_entries
[INFO] [stdout]     scan_dir_metadata
[INFO] [stdout]     scan_dir_returns_entries
[INFO] [stdout]     sort_by_extension
[INFO] [stdout]     sort_by_modified
[INFO] [stdout]     sort_by_name
[INFO] [stdout]     sort_by_size
[INFO] [stdout]     sort_dirs_first
[INFO] [stdout]     threads_zero_auto
[INFO] [stdout]     tree_structure
[INFO] [stdout]     walk_empty_dir
[INFO] [stdout]     walk_full
[INFO] [stdout]     walk_hidden_excluded_by_default
[INFO] [stdout]     walk_hidden_toggle
[INFO] [stdout]     walk_iter_collects_all_entries
[INFO] [stdout]     walk_iter_stats
[INFO] [stdout]     walk_max_depth
[INFO] [stdout]     walk_max_depth_limits_recursion
[INFO] [stdout]     walk_relative_paths
[INFO] [stdout] 
[INFO] [stdout] test result: FAILED. 14 passed; 29 failed; 0 ignored; 0 measured; 0 filtered out; finished in 0.04s
[INFO] [stdout] 
[INFO] running `Command { std: "docker" "inspect" "a25a99331206c3fd871a3891eaf9092a31b65740f13e6c93fae915e19d71a6ed", kill_on_drop: false }`
[INFO] running `Command { std: "docker" "rm" "-f" "a25a99331206c3fd871a3891eaf9092a31b65740f13e6c93fae915e19d71a6ed", kill_on_drop: false }`
[INFO] [stdout] a25a99331206c3fd871a3891eaf9092a31b65740f13e6c93fae915e19d71a6ed
