[INFO] fetching crate dirstats-core 0.1.0...
[INFO] testing dirstats-core-0.1.0 against 1.99.0-beta.8+cargoflags=--release for beta-release-1.100-2
[INFO] extracting crate dirstats-core 0.1.0 into /workspace/builds/worker-5-tc1/source
[INFO] started tweaking crates.io crate dirstats-core 0.1.0
[INFO] removed 0 missing examples
[INFO] finished tweaking crates.io crate dirstats-core 0.1.0
[INFO] tweaked toml for crates.io crate dirstats-core 0.1.0 written to /workspace/builds/worker-5-tc1/source/Cargo.toml
[INFO] validating manifest of crates.io crate dirstats-core 0.1.0 on toolchain 1.99.0-beta.8
[INFO] running `Command { std: CARGO_HOME="/workspace/cargo-home" RUSTUP_HOME="/workspace/rustup-home" "/workspace/cargo-home/bin/cargo" "+1.99.0-beta.8" "metadata" "--manifest-path" "Cargo.toml" "--no-deps", kill_on_drop: false }`
[INFO] crate crates.io crate dirstats-core 0.1.0 already has a lockfile, it will not be regenerated
[INFO] running `Command { std: CARGO_HOME="/workspace/cargo-home" RUSTUP_HOME="/workspace/rustup-home" "/workspace/cargo-home/bin/cargo" "+1.99.0-beta.8" "fetch" "--manifest-path" "Cargo.toml", kill_on_drop: false }`
[INFO] [stderr]     Updating crates.io index
[INFO] [stderr]  Downloading crates ...
[INFO] [stderr]   Downloaded windows-implement v0.56.0
[INFO] [stderr]   Downloaded trash v5.2.5
[INFO] [stderr]   Downloaded windows-interface v0.56.0
[INFO] [stderr]   Downloaded windows-core v0.56.0
[INFO] [stderr]   Downloaded crossbeam v0.8.5
[INFO] [stderr]   Downloaded dua-core v4.1.0
[INFO] [stderr]   Downloaded dirstats-treemap v0.1.0
[INFO] [stderr]   Downloaded dirstats-scan v0.1.0
[INFO] [stderr]   Downloaded dirstats-ntfs v0.1.0
[INFO] [stderr]   Downloaded windows v0.56.0
[INFO] running `Command { std: "docker" "create" "-v" "/var/lib/crater-agent-workspace/builds/worker-5-tc1/source:/opt/rustwide/workdir:ro,Z" "-v" "/var/lib/crater-agent-workspace/builds/worker-5-tc1/target:/opt/rustwide/target:rw,Z" "-v" "/var/lib/crater-agent-workspace/cargo-home:/opt/rustwide/cargo-home:ro,Z" "-v" "/var/lib/crater-agent-workspace/rustup-home:/opt/rustwide/rustup-home:ro,Z" "-m" "1610612736" "--network" "none" "ghcr.io/rust-lang/crates-build-env/linux@sha256:77db811e55d90add9212f6832c23229e3de5f1c1f9905e8cb07319ea15df73ac" "sleep" "infinity", kill_on_drop: false }`
[INFO] [stdout] 62ee544d5ebcdc3401f1d3e35b43cfbc8023c080c8c59505f0893d196e2e3f36
[INFO] running `Command { std: "docker" "start" "62ee544d5ebcdc3401f1d3e35b43cfbc8023c080c8c59505f0893d196e2e3f36", kill_on_drop: false }`
[INFO] running `Command { std: "docker" "inspect" "62ee544d5ebcdc3401f1d3e35b43cfbc8023c080c8c59505f0893d196e2e3f36", kill_on_drop: false }`
[INFO] running `Command { std: "docker" "exec" "-e" "SOURCE_DIR=/opt/rustwide/workdir" "-e" "CARGO_HOME=/opt/rustwide/cargo-home" "-e" "RUSTUP_HOME=/opt/rustwide/rustup-home" "-e" "CARGO_TARGET_DIR=/opt/rustwide/target" "-w" "/opt/rustwide/workdir" "--user" "0:0" "62ee544d5ebcdc3401f1d3e35b43cfbc8023c080c8c59505f0893d196e2e3f36" "/opt/rustwide/cargo-home/bin/cargo" "+1.99.0-beta.8" "metadata" "--no-deps" "--format-version=1", kill_on_drop: false }`
[INFO] running `Command { std: "docker" "inspect" "62ee544d5ebcdc3401f1d3e35b43cfbc8023c080c8c59505f0893d196e2e3f36", kill_on_drop: false }`
[INFO] running `Command { std: "docker" "exec" "-e" "SOURCE_DIR=/opt/rustwide/workdir" "-e" "CARGO_HOME=/opt/rustwide/cargo-home" "-e" "RUSTUP_HOME=/opt/rustwide/rustup-home" "-e" "CARGO_TARGET_DIR=/opt/rustwide/target" "-e" "CARGO_INCREMENTAL=0" "-e" "RUST_BACKTRACE=full" "-e" "RUSTFLAGS=--cap-lints=warn" "-e" "RUSTDOCFLAGS=--cap-lints=warn" "-w" "/opt/rustwide/workdir" "--user" "0:0" "62ee544d5ebcdc3401f1d3e35b43cfbc8023c080c8c59505f0893d196e2e3f36" "/opt/rustwide/cargo-home/bin/cargo" "+1.99.0-beta.8" "build" "--frozen" "--message-format=json" "--release", kill_on_drop: false }`
[INFO] [stderr]    Compiling crossbeam-queue v0.3.14
[INFO] [stderr]    Compiling crossbeam-channel v0.5.17
[INFO] [stderr]    Compiling foldhash v0.1.5
[INFO] [stderr]    Compiling either v1.18.0
[INFO] [stderr]    Compiling rayon v1.12.0
[INFO] [stderr]    Compiling crossbeam v0.8.5
[INFO] [stderr]    Compiling dua-core v4.1.0
[INFO] [stderr]    Compiling dirstats-scan v0.1.0
[INFO] [stderr]    Compiling dirstats-treemap v0.1.0
[INFO] [stderr]    Compiling dirstats-core v0.1.0 (/opt/rustwide/workdir)
[INFO] [stderr]     Finished `release` profile [optimized] target(s) in 7.48s
[INFO] running `Command { std: "docker" "inspect" "62ee544d5ebcdc3401f1d3e35b43cfbc8023c080c8c59505f0893d196e2e3f36", kill_on_drop: false }`
[INFO] running `Command { std: "docker" "exec" "-e" "SOURCE_DIR=/opt/rustwide/workdir" "-e" "CARGO_HOME=/opt/rustwide/cargo-home" "-e" "RUSTUP_HOME=/opt/rustwide/rustup-home" "-e" "CARGO_TARGET_DIR=/opt/rustwide/target" "-e" "CARGO_INCREMENTAL=0" "-e" "RUST_BACKTRACE=full" "-e" "RUSTFLAGS=--cap-lints=warn" "-e" "RUSTDOCFLAGS=--cap-lints=warn" "-w" "/opt/rustwide/workdir" "--user" "0:0" "62ee544d5ebcdc3401f1d3e35b43cfbc8023c080c8c59505f0893d196e2e3f36" "/opt/rustwide/cargo-home/bin/cargo" "+1.99.0-beta.8" "test" "--frozen" "--no-run" "--message-format=json" "--release", kill_on_drop: false }`
[INFO] [stderr]    Compiling bitflags v2.13.2
[INFO] [stderr]    Compiling rustix v1.1.4
[INFO] [stderr]    Compiling tempfile v3.27.0
[INFO] [stderr]    Compiling dirstats-core v0.1.0 (/opt/rustwide/workdir)
[INFO] [stderr]     Finished `release` profile [optimized] target(s) in 5.78s
[INFO] running `Command { std: "docker" "inspect" "62ee544d5ebcdc3401f1d3e35b43cfbc8023c080c8c59505f0893d196e2e3f36", kill_on_drop: false }`
[INFO] running `Command { std: "docker" "exec" "-e" "SOURCE_DIR=/opt/rustwide/workdir" "-e" "CARGO_HOME=/opt/rustwide/cargo-home" "-e" "RUSTUP_HOME=/opt/rustwide/rustup-home" "-e" "CARGO_TARGET_DIR=/opt/rustwide/target" "-e" "CARGO_INCREMENTAL=0" "-e" "RUST_BACKTRACE=full" "-e" "RUSTFLAGS=--cap-lints=warn" "-e" "RUSTDOCFLAGS=--cap-lints=warn" "-w" "/opt/rustwide/workdir" "--user" "0:0" "62ee544d5ebcdc3401f1d3e35b43cfbc8023c080c8c59505f0893d196e2e3f36" "/opt/rustwide/cargo-home/bin/cargo" "+1.99.0-beta.8" "test" "--frozen" "--release", kill_on_drop: false }`
[INFO] [stderr]     Finished `release` profile [optimized] target(s) in 0.09s
[INFO] [stderr]      Running unittests src/lib.rs (/opt/rustwide/target/release/deps/dirstats_core-104bcaf614cc70f8)
[INFO] [stdout] 
[INFO] [stdout] running 15 tests
[INFO] [stdout] test backup::tests::backup_paths ... ok
[INFO] [stdout] test format::tests::sizes ... ok
[INFO] [stdout] test locations::tests::full_disk_access_probe_is_quiet ... ok
[INFO] [stdout] test cloud::tests::plain_files_are_local ... ok
[INFO] [stdout] test cloud::tests::directory_state_comes_from_sizes ... ok
[INFO] [stdout] test backup::tests::dated_names ... ok
[INFO] [stdout] test locations::tests::unescapes_octal ... ok
[INFO] [stdout] test backup::tests::ordinary_folders_are_not_backups ... ok
[INFO] [stdout] test tests::path_check_refuses_roots_and_home ... ok
[INFO] [stdout] test locations::tests::lists_home_and_volumes ... FAILED
[INFO] [stdout] test nav::tests::zooms_and_reveals_deep_nodes ... ok
[INFO] [stdout] test tests::refuses_to_remove_the_scan_root_and_home ... ok
[INFO] [stdout] test nav::tests::tree_rows_follow_expansion ... ok
[INFO] [stdout] test tests::trashed_state_covers_descendants_and_clears_on_rescan ... ok
[INFO] [stdout] test nav::tests::navigates_in_and_out ... ok
[INFO] [stdout] 
[INFO] [stdout] failures:
[INFO] [stdout] 
[INFO] [stdout] ---- locations::tests::lists_home_and_volumes stdout ----
[INFO] [stdout] 
[INFO] [stdout] thread 'locations::tests::lists_home_and_volumes' (349) panicked at src/locations.rs:292:13:
[INFO] [stdout] /etc/resolv.conf exists
[INFO] [stdout] stack backtrace:
[INFO] [stdout]    0:     0x63f3c8311231 - <<std[70759c8f55707aa4]::sys::backtrace::BacktraceLock>::print::DisplayBacktrace as core[df12db4294e9bfd3]::fmt::Display>::fmt
[INFO] [stdout]    1:     0x63f3c832597a - core[df12db4294e9bfd3]::fmt::write
[INFO] [stdout]    2:     0x63f3c83159bc - <alloc[2182bb758b4b3781]::vec::Vec<u8> as core[df12db4294e9bfd3]::io::write::Write>::write_fmt
[INFO] [stdout]    3:     0x63f3c82eb346 - std[70759c8f55707aa4]::panicking::default_hook::{closure#0}
[INFO] [stdout]    4:     0x63f3c83088e9 - std[70759c8f55707aa4]::panicking::default_hook
[INFO] [stdout]    5:     0x63f3c828a540 - test[9d35eded1c95d3be]::test_main_inner::<test[9d35eded1c95d3be]::test_main_static::{closure#0}>::{closure#0}
[INFO] [stdout]    6:     0x63f3c8308aa2 - std[70759c8f55707aa4]::panicking::panic_with_hook
[INFO] [stdout]    7:     0x63f3c82eb3f2 - std[70759c8f55707aa4]::panicking::panic_handler::{closure#0}
[INFO] [stdout]    8:     0x63f3c82e3e29 - std[70759c8f55707aa4]::sys::backtrace::__rust_end_short_backtrace::<std[70759c8f55707aa4]::panicking::panic_handler::{closure#0}, !>
[INFO] [stdout]    9:     0x63f3c82ebfed - __rustc[8fa7c3cbc660c2b3]::rust_begin_unwind
[INFO] [stdout]   10:     0x63f3c83260ac - core[df12db4294e9bfd3]::panicking::panic_fmt
[INFO] [stdout]   11:     0x63f3c826a07a - dirstats_core[d4d2c0f5269ad5aa]::locations::tests::lists_home_and_volumes
[INFO] [stdout]   12:     0x63f3c827a5c9 - <dirstats_core[d4d2c0f5269ad5aa]::locations::tests::lists_home_and_volumes::{closure#0} as core[df12db4294e9bfd3]::ops::function::FnOnce<()>>::call_once
[INFO] [stdout]   13:     0x63f3c827d82b - test[9d35eded1c95d3be]::__rust_begin_short_backtrace::<core[df12db4294e9bfd3]::result::Result<(), alloc[2182bb758b4b3781]::string::String>, fn() -> core[df12db4294e9bfd3]::result::Result<(), alloc[2182bb758b4b3781]::string::String>>
[INFO] [stdout]   14:     0x63f3c828ae95 - test[9d35eded1c95d3be]::run_test::{closure#0}
[INFO] [stdout]   15:     0x63f3c8284754 - std[70759c8f55707aa4]::sys::backtrace::__rust_begin_short_backtrace::<test[9d35eded1c95d3be]::run_test::{closure#1}, ()>
[INFO] [stdout]   16:     0x63f3c828dff2 - <std[70759c8f55707aa4]::thread::lifecycle::spawn_unchecked<test[9d35eded1c95d3be]::run_test::{closure#1}, ()>::{closure#1} as core[df12db4294e9bfd3]::ops::function::FnOnce<()>>::call_once::{shim:vtable#0}
[INFO] [stdout]   17:     0x63f3c83105a9 - <std[70759c8f55707aa4]::sys::thread::unix::Thread>::new::thread_start
[INFO] [stdout]   18:     0x70cbdc2b5dfa - <unknown>
[INFO] [stdout]   19:     0x70cbdc3493d4 - clone
[INFO] [stdout]   20:                0x0 - <unknown>
[INFO] [stdout] 
[INFO] [stdout] 
[INFO] [stdout] failures:
[INFO] [stdout]     locations::tests::lists_home_and_volumes
[INFO] [stdout] 
[INFO] [stdout] test result: FAILED. 14 passed; 1 failed; 0 ignored; 0 measured; 0 filtered out; finished in 0.02s
[INFO] [stdout] 
[INFO] [stderr] error: test failed, to rerun pass `--lib`
[INFO] running `Command { std: "docker" "inspect" "62ee544d5ebcdc3401f1d3e35b43cfbc8023c080c8c59505f0893d196e2e3f36", kill_on_drop: false }`
[INFO] running `Command { std: "docker" "rm" "-f" "62ee544d5ebcdc3401f1d3e35b43cfbc8023c080c8c59505f0893d196e2e3f36", kill_on_drop: false }`
[INFO] [stdout] 62ee544d5ebcdc3401f1d3e35b43cfbc8023c080c8c59505f0893d196e2e3f36
