[INFO] fetching crate dirsize 0.5.0...
[INFO] testing dirsize-0.5.0 against 1.99.0-beta.8+cargoflags=--release for beta-release-1.100-2
[INFO] extracting crate dirsize 0.5.0 into /workspace/builds/worker-3-tc1/source
[INFO] started tweaking crates.io crate dirsize 0.5.0
[INFO] finished tweaking crates.io crate dirsize 0.5.0
[INFO] tweaked toml for crates.io crate dirsize 0.5.0 written to /workspace/builds/worker-3-tc1/source/Cargo.toml
[INFO] validating manifest of crates.io crate dirsize 0.5.0 on toolchain 1.99.0-beta.8
[INFO] running `Command { std: CARGO_HOME="/workspace/cargo-home" RUSTUP_HOME="/workspace/rustup-home" "/workspace/cargo-home/bin/cargo" "+1.99.0-beta.8" "metadata" "--manifest-path" "Cargo.toml" "--no-deps", kill_on_drop: false }`
[INFO] crate crates.io crate dirsize 0.5.0 already has a lockfile, it will not be regenerated
[INFO] running `Command { std: CARGO_HOME="/workspace/cargo-home" RUSTUP_HOME="/workspace/rustup-home" "/workspace/cargo-home/bin/cargo" "+1.99.0-beta.8" "fetch" "--manifest-path" "Cargo.toml", kill_on_drop: false }`
[INFO] [stderr]     Updating crates.io index
[INFO] [stderr]  Downloading crates ...
[INFO] [stderr]   Downloaded memoffset v0.8.0
[INFO] [stderr]   Downloaded opener v0.5.2
[INFO] [stderr]   Downloaded is-terminal v0.4.3
[INFO] [stderr]   Downloaded crossbeam-epoch v0.9.14
[INFO] [stderr]   Downloaded clap_derive v4.1.8
[INFO] [stderr]   Downloaded errno v0.2.8
[INFO] [stderr]   Downloaded signal-hook-mio v0.2.3
[INFO] [stderr]   Downloaded clap_lex v0.3.2
[INFO] [stderr]   Downloaded windows-targets v0.42.1
[INFO] [stderr]   Downloaded io-lifetimes v1.0.5
[INFO] [stderr]   Downloaded proc-macro2 v1.0.52
[INFO] [stderr]   Downloaded signal-hook v0.3.15
[INFO] [stderr]   Downloaded crossbeam-channel v0.5.7
[INFO] [stderr]   Downloaded serde v1.0.156
[INFO] [stderr]   Downloaded crossterm v0.26.0
[INFO] [stderr]   Downloaded clap v4.1.8
[INFO] [stderr]   Downloaded bstr v1.3.0
[INFO] [stderr]   Downloaded rustix v0.36.8
[INFO] [stderr]   Downloaded windows_aarch64_gnullvm v0.42.1
[INFO] [stderr]   Downloaded windows_x86_64_gnullvm v0.42.1
[INFO] [stderr]   Downloaded windows_aarch64_msvc v0.42.1
[INFO] [stderr]   Downloaded windows_x86_64_gnu v0.42.1
[INFO] [stderr]   Downloaded windows_x86_64_msvc v0.42.1
[INFO] [stderr]   Downloaded windows_i686_msvc v0.42.1
[INFO] [stderr]   Downloaded windows_i686_gnu v0.42.1
[INFO] [stderr]   Downloaded linux-raw-sys v0.1.4
[INFO] running `Command { std: "docker" "create" "-v" "/var/lib/crater-agent-workspace/builds/worker-3-tc1/source:/opt/rustwide/workdir:ro,Z" "-v" "/var/lib/crater-agent-workspace/builds/worker-3-tc1/target:/opt/rustwide/target:rw,Z" "-v" "/var/lib/crater-agent-workspace/cargo-home:/opt/rustwide/cargo-home:ro,Z" "-v" "/var/lib/crater-agent-workspace/rustup-home:/opt/rustwide/rustup-home:ro,Z" "-m" "1610612736" "--network" "none" "ghcr.io/rust-lang/crates-build-env/linux@sha256:77db811e55d90add9212f6832c23229e3de5f1c1f9905e8cb07319ea15df73ac" "sleep" "infinity", kill_on_drop: false }`
[INFO] [stdout] 9d2dcf720b07563d55047ec52575f3addd477123101973e69c9abf091b1036e1
[INFO] running `Command { std: "docker" "start" "9d2dcf720b07563d55047ec52575f3addd477123101973e69c9abf091b1036e1", kill_on_drop: false }`
[INFO] running `Command { std: "docker" "inspect" "9d2dcf720b07563d55047ec52575f3addd477123101973e69c9abf091b1036e1", kill_on_drop: false }`
[INFO] running `Command { std: "docker" "exec" "-e" "SOURCE_DIR=/opt/rustwide/workdir" "-e" "CARGO_HOME=/opt/rustwide/cargo-home" "-e" "RUSTUP_HOME=/opt/rustwide/rustup-home" "-e" "CARGO_TARGET_DIR=/opt/rustwide/target" "-w" "/opt/rustwide/workdir" "--user" "0:0" "9d2dcf720b07563d55047ec52575f3addd477123101973e69c9abf091b1036e1" "/opt/rustwide/cargo-home/bin/cargo" "+1.99.0-beta.8" "metadata" "--no-deps" "--format-version=1", kill_on_drop: false }`
[INFO] running `Command { std: "docker" "inspect" "9d2dcf720b07563d55047ec52575f3addd477123101973e69c9abf091b1036e1", kill_on_drop: false }`
[INFO] running `Command { std: "docker" "exec" "-e" "SOURCE_DIR=/opt/rustwide/workdir" "-e" "CARGO_HOME=/opt/rustwide/cargo-home" "-e" "RUSTUP_HOME=/opt/rustwide/rustup-home" "-e" "CARGO_TARGET_DIR=/opt/rustwide/target" "-e" "CARGO_INCREMENTAL=0" "-e" "RUST_BACKTRACE=full" "-e" "RUSTFLAGS=--cap-lints=warn" "-e" "RUSTDOCFLAGS=--cap-lints=warn" "-w" "/opt/rustwide/workdir" "--user" "0:0" "9d2dcf720b07563d55047ec52575f3addd477123101973e69c9abf091b1036e1" "/opt/rustwide/cargo-home/bin/cargo" "+1.99.0-beta.8" "build" "--frozen" "--message-format=json" "--release", kill_on_drop: false }`
[INFO] [stderr]    Compiling libc v0.2.139
[INFO] [stderr]    Compiling version_check v0.9.4
[INFO] [stderr]    Compiling proc-macro2 v1.0.52
[INFO] [stderr]    Compiling quote v1.0.26
[INFO] [stderr]    Compiling unicode-ident v1.0.8
[INFO] [stderr]    Compiling crossbeam-utils v0.8.15
[INFO] [stderr]    Compiling memoffset v0.8.0
[INFO] [stderr]    Compiling log v0.4.17
[INFO] [stderr]    Compiling io-lifetimes v1.0.5
[INFO] [stderr]    Compiling crossbeam-epoch v0.9.14
[INFO] [stderr]    Compiling rustix v0.36.8
[INFO] [stderr]    Compiling syn v1.0.109
[INFO] [stderr]    Compiling lock_api v0.4.9
[INFO] [stderr]    Compiling parking_lot_core v0.9.7
[INFO] [stderr]    Compiling linux-raw-sys v0.1.4
[INFO] [stderr]    Compiling signal-hook v0.3.15
[INFO] [stderr]    Compiling smallvec v1.10.0
[INFO] [stderr]    Compiling once_cell v1.17.1
[INFO] [stderr]    Compiling rayon-core v1.11.0
[INFO] [stderr]    Compiling termcolor v1.2.0
[INFO] [stderr]    Compiling regex-automata v0.1.10
[INFO] [stderr]    Compiling proc-macro-error-attr v1.0.4
[INFO] [stderr]    Compiling proc-macro-error v1.0.4
[INFO] [stderr]    Compiling regex-syntax v0.6.28
[INFO] [stderr]    Compiling heck v0.4.1
[INFO] [stderr]    Compiling clap_lex v0.3.2
[INFO] [stderr]    Compiling strsim v0.10.0
[INFO] [stderr]    Compiling humantime v2.1.0
[INFO] [stderr]    Compiling either v1.8.1
[INFO] [stderr]    Compiling crossbeam-channel v0.5.7
[INFO] [stderr]    Compiling bstr v1.3.0
[INFO] [stderr]    Compiling opener v0.5.2
[INFO] [stderr]    Compiling crossbeam-deque v0.8.3
[INFO] [stderr]    Compiling signal-hook-registry v1.4.1
[INFO] [stderr]    Compiling num_cpus v1.15.0
[INFO] [stderr]    Compiling mio v0.8.6
[INFO] [stderr]    Compiling parking_lot v0.12.1
[INFO] [stderr]    Compiling rayon v1.7.0
[INFO] [stderr]    Compiling signal-hook-mio v0.2.3
[INFO] [stderr]    Compiling crossterm v0.26.0
[INFO] [stderr]    Compiling regex v1.7.1
[INFO] [stderr]    Compiling is-terminal v0.4.3
[INFO] [stderr]    Compiling env_logger v0.10.0
[INFO] [stderr]    Compiling clap_derive v4.1.8
[INFO] [stderr]    Compiling clap v4.1.8
[INFO] [stderr]    Compiling dirsize v0.5.0 (/opt/rustwide/workdir)
[INFO] [stderr]     Finished `release` profile [optimized] target(s) in 31.93s
[INFO] running `Command { std: "docker" "inspect" "9d2dcf720b07563d55047ec52575f3addd477123101973e69c9abf091b1036e1", kill_on_drop: false }`
[INFO] running `Command { std: "docker" "exec" "-e" "SOURCE_DIR=/opt/rustwide/workdir" "-e" "CARGO_HOME=/opt/rustwide/cargo-home" "-e" "RUSTUP_HOME=/opt/rustwide/rustup-home" "-e" "CARGO_TARGET_DIR=/opt/rustwide/target" "-e" "CARGO_INCREMENTAL=0" "-e" "RUST_BACKTRACE=full" "-e" "RUSTFLAGS=--cap-lints=warn" "-e" "RUSTDOCFLAGS=--cap-lints=warn" "-w" "/opt/rustwide/workdir" "--user" "0:0" "9d2dcf720b07563d55047ec52575f3addd477123101973e69c9abf091b1036e1" "/opt/rustwide/cargo-home/bin/cargo" "+1.99.0-beta.8" "test" "--frozen" "--no-run" "--message-format=json" "--release", kill_on_drop: false }`
[INFO] [stderr]    Compiling dirsize v0.5.0 (/opt/rustwide/workdir)
[INFO] [stderr]     Finished `release` profile [optimized] target(s) in 1.00s
[INFO] running `Command { std: "docker" "inspect" "9d2dcf720b07563d55047ec52575f3addd477123101973e69c9abf091b1036e1", kill_on_drop: false }`
[INFO] running `Command { std: "docker" "exec" "-e" "SOURCE_DIR=/opt/rustwide/workdir" "-e" "CARGO_HOME=/opt/rustwide/cargo-home" "-e" "RUSTUP_HOME=/opt/rustwide/rustup-home" "-e" "CARGO_TARGET_DIR=/opt/rustwide/target" "-e" "CARGO_INCREMENTAL=0" "-e" "RUST_BACKTRACE=full" "-e" "RUSTFLAGS=--cap-lints=warn" "-e" "RUSTDOCFLAGS=--cap-lints=warn" "-w" "/opt/rustwide/workdir" "--user" "0:0" "9d2dcf720b07563d55047ec52575f3addd477123101973e69c9abf091b1036e1" "/opt/rustwide/cargo-home/bin/cargo" "+1.99.0-beta.8" "test" "--frozen" "--release", kill_on_drop: false }`
[INFO] [stderr]     Finished `release` profile [optimized] target(s) in 0.11s
[INFO] [stderr]      Running unittests src/lib.rs (/opt/rustwide/target/release/deps/dirsize-24b2518cdbc175dd)
[INFO] [stdout] 
[INFO] [stdout] running 6 tests
[INFO] [stdout] test scanning::bench::benchmark_make_dir_tree ... ignored
[INFO] [stdout] test scanning::bench::benchmark_make_dir_tree_parallel ... ignored
[INFO] [stdout] test scanning::test::test_make_dir_tree ... ok
[INFO] [stdout] test structs::test::test_dir_find ... ok
[INFO] [stdout] test scanning::test::test_make_dir_tree_parallel ... ok
[INFO] [stdout] test structs::test::test_filter_size ... FAILED
[INFO] [stdout] 
[INFO] [stdout] failures:
[INFO] [stdout] 
[INFO] [stdout] ---- structs::test::test_filter_size stdout ----
[INFO] [stdout] 
[INFO] [stdout] thread 'structs::test::test_filter_size' (1344) panicked at src/structs.rs:201:30:
[INFO] [stdout] called `Option::unwrap()` on a `None` value
[INFO] [stdout] stack backtrace:
[INFO] [stdout]    0:     0x5d831c5e5d41 - <<std[70759c8f55707aa4]::sys::backtrace::BacktraceLock>::print::DisplayBacktrace as core[df12db4294e9bfd3]::fmt::Display>::fmt
[INFO] [stdout]    1:     0x5d831c5faa7a - core[df12db4294e9bfd3]::fmt::write
[INFO] [stdout]    2:     0x5d831c5ea5ec - <alloc[2182bb758b4b3781]::vec::Vec<u8> as core[df12db4294e9bfd3]::io::write::Write>::write_fmt
[INFO] [stdout]    3:     0x5d831c5c19d6 - std[70759c8f55707aa4]::panicking::default_hook::{closure#0}
[INFO] [stdout]    4:     0x5d831c5de119 - std[70759c8f55707aa4]::panicking::default_hook
[INFO] [stdout]    5:     0x5d831c56cea0 - test[9d35eded1c95d3be]::test_main_inner::<test[9d35eded1c95d3be]::test_main_static::{closure#0}>::{closure#0}
[INFO] [stdout]    6:     0x5d831c5de442 - std[70759c8f55707aa4]::panicking::panic_with_hook
[INFO] [stdout]    7:     0x5d831c5c1ab4 - std[70759c8f55707aa4]::panicking::panic_handler::{closure#0}
[INFO] [stdout]    8:     0x5d831c5ba739 - std[70759c8f55707aa4]::sys::backtrace::__rust_end_short_backtrace::<std[70759c8f55707aa4]::panicking::panic_handler::{closure#0}, !>
[INFO] [stdout]    9:     0x5d831c5c267d - __rustc[8fa7c3cbc660c2b3]::rust_begin_unwind
[INFO] [stdout]   10:     0x5d831c5fb1ac - core[df12db4294e9bfd3]::panicking::panic_fmt
[INFO] [stdout]   11:     0x5d831c5fb172 - core[df12db4294e9bfd3]::panicking::panic
[INFO] [stdout]   12:     0x5d831c5faf29 - core[df12db4294e9bfd3]::option::unwrap_failed
[INFO] [stdout]   13:     0x5d831c55ee9a - dirsize[a774512dd02231b]::structs::test::test_filter_size
[INFO] [stdout]   14:     0x5d831c560079 - <dirsize[a774512dd02231b]::structs::test::test_filter_size::{closure#0} as core[df12db4294e9bfd3]::ops::function::FnOnce<()>>::call_once
[INFO] [stdout]   15:     0x5d831c56018b - test[9d35eded1c95d3be]::__rust_begin_short_backtrace::<core[df12db4294e9bfd3]::result::Result<(), alloc[2182bb758b4b3781]::string::String>, fn() -> core[df12db4294e9bfd3]::result::Result<(), alloc[2182bb758b4b3781]::string::String>>
[INFO] [stdout]   16:     0x5d831c56d7f5 - test[9d35eded1c95d3be]::run_test::{closure#0}
[INFO] [stdout]   17:     0x5d831c5670b4 - std[70759c8f55707aa4]::sys::backtrace::__rust_begin_short_backtrace::<test[9d35eded1c95d3be]::run_test::{closure#1}, ()>
[INFO] [stdout]   18:     0x5d831c570952 - <std[70759c8f55707aa4]::thread::lifecycle::spawn_unchecked<test[9d35eded1c95d3be]::run_test::{closure#1}, ()>::{closure#1} as core[df12db4294e9bfd3]::ops::function::FnOnce<()>>::call_once::{shim:vtable#0}
[INFO] [stdout]   19:     0x5d831c5e5609 - <std[70759c8f55707aa4]::sys::thread::unix::Thread>::new::thread_start
[INFO] [stdout]   20:     0x71be5f9e9dfa - <unknown>
[INFO] [stdout]   21:     0x71be5fa7d3d4 - clone
[INFO] [stdout]   22:                0x0 - <unknown>
[INFO] [stdout] 
[INFO] [stdout] 
[INFO] [stdout] failures:
[INFO] [stdout]     structs::test::test_filter_size
[INFO] [stdout] 
[INFO] [stdout] test result: FAILED. 3 passed; 1 failed; 2 ignored; 0 measured; 0 filtered out; finished in 0.24s
[INFO] [stdout] 
[INFO] [stderr] error: test failed, to rerun pass `--lib`
[INFO] running `Command { std: "docker" "inspect" "9d2dcf720b07563d55047ec52575f3addd477123101973e69c9abf091b1036e1", kill_on_drop: false }`
[INFO] running `Command { std: "docker" "rm" "-f" "9d2dcf720b07563d55047ec52575f3addd477123101973e69c9abf091b1036e1", kill_on_drop: false }`
[INFO] [stdout] 9d2dcf720b07563d55047ec52575f3addd477123101973e69c9abf091b1036e1
