[INFO] fetching crate dircpy 0.3.21...
[INFO] testing dircpy-0.3.21 against 1.100.0-beta.1+cargoflags=--release for beta-release-1.100-2
[INFO] extracting crate dircpy 0.3.21 into /workspace/builds/worker-2-tc2/source
[INFO] started tweaking crates.io crate dircpy 0.3.21
[INFO] finished tweaking crates.io crate dircpy 0.3.21
[INFO] tweaked toml for crates.io crate dircpy 0.3.21 written to /workspace/builds/worker-2-tc2/source/Cargo.toml
[INFO] validating manifest of crates.io crate dircpy 0.3.21 on toolchain 1.100.0-beta.1
[INFO] running `Command { std: CARGO_HOME="/workspace/cargo-home" RUSTUP_HOME="/workspace/rustup-home" "/workspace/cargo-home/bin/cargo" "+1.100.0-beta.1" "metadata" "--manifest-path" "Cargo.toml" "--no-deps", kill_on_drop: false }`
[INFO] crate crates.io crate dircpy 0.3.21 already has a lockfile, it will not be regenerated
[INFO] running `Command { std: CARGO_HOME="/workspace/cargo-home" RUSTUP_HOME="/workspace/rustup-home" "/workspace/cargo-home/bin/cargo" "+1.100.0-beta.1" "fetch" "--manifest-path" "Cargo.toml", kill_on_drop: false }`
[INFO] running `Command { std: "docker" "create" "-v" "/var/lib/crater-agent-workspace/builds/worker-2-tc2/source:/opt/rustwide/workdir:ro,Z" "-v" "/var/lib/crater-agent-workspace/builds/worker-2-tc2/target:/opt/rustwide/target:rw,Z" "-v" "/var/lib/crater-agent-workspace/cargo-home:/opt/rustwide/cargo-home:ro,Z" "-v" "/var/lib/crater-agent-workspace/rustup-home:/opt/rustwide/rustup-home:ro,Z" "-m" "1610612736" "--network" "none" "ghcr.io/rust-lang/crates-build-env/linux@sha256:77db811e55d90add9212f6832c23229e3de5f1c1f9905e8cb07319ea15df73ac" "sleep" "infinity", kill_on_drop: false }`
[INFO] [stdout] 7242af32441c76e6d7629cfff22ea0f6f679e463d984d00f79667c06c1bad7c2
[INFO] running `Command { std: "docker" "start" "7242af32441c76e6d7629cfff22ea0f6f679e463d984d00f79667c06c1bad7c2", kill_on_drop: false }`
[INFO] running `Command { std: "docker" "inspect" "7242af32441c76e6d7629cfff22ea0f6f679e463d984d00f79667c06c1bad7c2", kill_on_drop: false }`
[INFO] running `Command { std: "docker" "exec" "-e" "SOURCE_DIR=/opt/rustwide/workdir" "-e" "CARGO_HOME=/opt/rustwide/cargo-home" "-e" "RUSTUP_HOME=/opt/rustwide/rustup-home" "-e" "CARGO_TARGET_DIR=/opt/rustwide/target" "-w" "/opt/rustwide/workdir" "--user" "0:0" "7242af32441c76e6d7629cfff22ea0f6f679e463d984d00f79667c06c1bad7c2" "/opt/rustwide/cargo-home/bin/cargo" "+1.100.0-beta.1" "metadata" "--no-deps" "--format-version=1", kill_on_drop: false }`
[INFO] running `Command { std: "docker" "inspect" "7242af32441c76e6d7629cfff22ea0f6f679e463d984d00f79667c06c1bad7c2", kill_on_drop: false }`
[INFO] running `Command { std: "docker" "exec" "-e" "SOURCE_DIR=/opt/rustwide/workdir" "-e" "CARGO_HOME=/opt/rustwide/cargo-home" "-e" "RUSTUP_HOME=/opt/rustwide/rustup-home" "-e" "CARGO_TARGET_DIR=/opt/rustwide/target" "-e" "CARGO_INCREMENTAL=0" "-e" "RUST_BACKTRACE=full" "-e" "RUSTFLAGS=--cap-lints=warn" "-e" "RUSTDOCFLAGS=--cap-lints=warn" "-w" "/opt/rustwide/workdir" "--user" "0:0" "7242af32441c76e6d7629cfff22ea0f6f679e463d984d00f79667c06c1bad7c2" "/opt/rustwide/cargo-home/bin/cargo" "+1.100.0-beta.1" "build" "--frozen" "--message-format=json" "--release", kill_on_drop: false }`
[INFO] [stderr]    Compiling dircpy v0.3.21 (/opt/rustwide/workdir)
[INFO] [stderr]     Finished `release` profile [optimized] target(s) in 1.67s
[INFO] running `Command { std: "docker" "inspect" "7242af32441c76e6d7629cfff22ea0f6f679e463d984d00f79667c06c1bad7c2", kill_on_drop: false }`
[INFO] running `Command { std: "docker" "exec" "-e" "SOURCE_DIR=/opt/rustwide/workdir" "-e" "CARGO_HOME=/opt/rustwide/cargo-home" "-e" "RUSTUP_HOME=/opt/rustwide/rustup-home" "-e" "CARGO_TARGET_DIR=/opt/rustwide/target" "-e" "CARGO_INCREMENTAL=0" "-e" "RUST_BACKTRACE=full" "-e" "RUSTFLAGS=--cap-lints=warn" "-e" "RUSTDOCFLAGS=--cap-lints=warn" "-w" "/opt/rustwide/workdir" "--user" "0:0" "7242af32441c76e6d7629cfff22ea0f6f679e463d984d00f79667c06c1bad7c2" "/opt/rustwide/cargo-home/bin/cargo" "+1.100.0-beta.1" "test" "--frozen" "--no-run" "--message-format=json" "--release", kill_on_drop: false }`
[INFO] [stderr]    Compiling libc v0.2.183
[INFO] [stderr]    Compiling aws-lc-rs v1.16.1
[INFO] [stderr]    Compiling mio v1.1.1
[INFO] [stderr]    Compiling socket2 v0.6.3
[INFO] [stderr]    Compiling zerocopy v0.8.42
[INFO] [stderr]    Compiling rustls v0.23.37
[INFO] [stderr]    Compiling syn v2.0.117
[INFO] [stderr]    Compiling futures-util v0.3.32
[INFO] [stderr]    Compiling regex-syntax v0.8.10
[INFO] [stderr]    Compiling num-traits v0.2.19
[INFO] [stderr]    Compiling time v0.1.45
[INFO] [stderr]    Compiling plotters-backend v0.3.7
[INFO] [stderr]    Compiling ciborium-io v0.2.2
[INFO] [stderr]    Compiling clap_builder v4.6.0
[INFO] [stderr]    Compiling serde_json v1.0.149
[INFO] [stderr]    Compiling itertools v0.10.5
[INFO] [stderr]    Compiling podio v0.1.7
[INFO] [stderr]    Compiling iri-string v0.7.10
[INFO] [stderr]    Compiling bitflags v2.11.0
[INFO] [stderr]    Compiling plotters-svg v0.3.7
[INFO] [stderr]    Compiling cast v0.3.0
[INFO] [stderr]    Compiling anstream v0.6.21
[INFO] [stderr]    Compiling tokio v1.50.0
[INFO] [stderr]    Compiling msdos_time v0.1.6
[INFO] [stderr]    Compiling http-body-util v0.1.3
[INFO] [stderr]    Compiling is-terminal v0.4.17
[INFO] [stderr]    Compiling transformation-pipeline v0.1.0
[INFO] [stderr]    Compiling anes v0.1.6
[INFO] [stderr]    Compiling oorandom v11.1.5
[INFO] [stderr]    Compiling jiff v0.2.23
[INFO] [stderr]    Compiling dircpy v0.3.21 (/opt/rustwide/workdir)
[INFO] [stderr]    Compiling jobserver v0.1.34
[INFO] [stderr]    Compiling plotters v0.3.7
[INFO] [stderr]    Compiling cc v1.2.57
[INFO] [stderr]    Compiling criterion-plot v0.5.0
[INFO] [stderr]    Compiling clap v4.6.0
[INFO] [stderr]    Compiling regex-automata v0.4.14
[INFO] [stderr]    Compiling cmake v0.1.57
[INFO] [stderr]    Compiling bzip2-sys v0.1.13+1.0.8
[INFO] [stderr]    Compiling aws-lc-sys v0.38.0
[INFO] [stderr]    Compiling bzip2 v0.3.3
[INFO] [stderr]    Compiling zip v0.2.8
[INFO] [stderr]    Compiling unzip v0.1.0
[INFO] [stderr]    Compiling synstructure v0.13.2
[INFO] [stderr]    Compiling zerofrom-derive v0.1.6
[INFO] [stderr]    Compiling yoke-derive v0.8.1
[INFO] [stderr]    Compiling zerovec-derive v0.11.2
[INFO] [stderr]    Compiling displaydoc v0.2.5
[INFO] [stderr]    Compiling tokio-util v0.7.18
[INFO] [stderr]    Compiling zerocopy-derive v0.8.42
[INFO] [stderr]    Compiling serde_derive v1.0.228
[INFO] [stderr]    Compiling regex v1.12.3
[INFO] [stderr]    Compiling h2 v0.4.13
[INFO] [stderr]    Compiling tower v0.5.3
[INFO] [stderr]    Compiling zerofrom v0.1.6
[INFO] [stderr]    Compiling yoke v0.8.1
[INFO] [stderr]    Compiling zerovec v0.11.5
[INFO] [stderr]    Compiling zerotrie v0.2.3
[INFO] [stderr]    Compiling tower-http v0.6.8
[INFO] [stderr]    Compiling env_filter v1.0.0
[INFO] [stderr]    Compiling env_logger v0.11.9
[INFO] [stderr]    Compiling tinystr v0.8.2
[INFO] [stderr]    Compiling icu_locale_core v2.1.1
[INFO] [stderr]    Compiling potential_utf v0.1.4
[INFO] [stderr]    Compiling icu_collections v2.1.1
[INFO] [stderr]    Compiling serde v1.0.228
[INFO] [stderr]    Compiling tinytemplate v1.2.1
[INFO] [stderr]    Compiling icu_provider v2.1.1
[INFO] [stderr]    Compiling icu_normalizer v2.1.1
[INFO] [stderr]    Compiling icu_properties v2.1.2
[INFO] [stderr]    Compiling hyper v1.8.1
[INFO] [stderr]    Compiling idna_adapter v1.2.1
[INFO] [stderr]    Compiling idna v1.1.0
[INFO] [stderr]    Compiling url v2.5.8
[INFO] [stderr]    Compiling hyper-util v0.1.20
[INFO] [stderr]    Compiling half v2.7.1
[INFO] [stderr]    Compiling ciborium-ll v0.2.2
[INFO] [stderr]    Compiling ciborium v0.2.2
[INFO] [stderr]    Compiling criterion v0.5.1
[INFO] [stderr]    Compiling rustls-webpki v0.103.9
[INFO] [stderr]    Compiling tokio-rustls v0.26.4
[INFO] [stderr]    Compiling rustls-platform-verifier v0.6.2
[INFO] [stderr]    Compiling hyper-rustls v0.27.7
[INFO] [stderr]    Compiling reqwest v0.13.2
[INFO] [stderr]     Finished `release` profile [optimized] target(s) in 2m 42s
[INFO] running `Command { std: "docker" "inspect" "7242af32441c76e6d7629cfff22ea0f6f679e463d984d00f79667c06c1bad7c2", kill_on_drop: false }`
[INFO] running `Command { std: "docker" "exec" "-e" "SOURCE_DIR=/opt/rustwide/workdir" "-e" "CARGO_HOME=/opt/rustwide/cargo-home" "-e" "RUSTUP_HOME=/opt/rustwide/rustup-home" "-e" "CARGO_TARGET_DIR=/opt/rustwide/target" "-e" "CARGO_INCREMENTAL=0" "-e" "RUST_BACKTRACE=full" "-e" "RUSTFLAGS=--cap-lints=warn" "-e" "RUSTDOCFLAGS=--cap-lints=warn" "-w" "/opt/rustwide/workdir" "--user" "0:0" "7242af32441c76e6d7629cfff22ea0f6f679e463d984d00f79667c06c1bad7c2" "/opt/rustwide/cargo-home/bin/cargo" "+1.100.0-beta.1" "test" "--frozen" "--release", kill_on_drop: false }`
[INFO] [stderr]     Finished `release` profile [optimized] target(s) in 0.33s
[INFO] [stderr]      Running unittests src/lib.rs (/opt/rustwide/target/release/build/dircpy/550faa7656db0b9f/out/dircpy-550faa7656db0b9f)
[INFO] [stdout] 
[INFO] [stdout] running 26 tests
[INFO] [stdout] test tests::conditional_overwrite_skips_unchanged ... FAILED
[INFO] [stdout] test tests::copy_include ... FAILED
[INFO] [stdout] test tests::copy_basic ... FAILED
[INFO] [stdout] test tests::copy_file_new_does_not_follow_symlink ... FAILED
[INFO] [stdout] test tests::copy_keeps_permissions ... FAILED
[INFO] [stdout] test tests::copy_empty_include ... FAILED
[INFO] [stdout] test tests::copy_exclude ... FAILED
[INFO] [stdout] test tests::errors_contain_path ... FAILED
[INFO] [stdout] test tests::overwrite_does_not_follow_dest_symlink ... FAILED
[INFO] [stdout] test tests::filters_apply_to_directories ... FAILED
[INFO] [stdout] test tests::copy_subdir ... FAILED
[INFO] [stdout] test tests::overwrite_or_newer_same_size ... FAILED
[INFO] [stdout] test tests::file_source_fails ... FAILED
[INFO] [stdout] test tests::overwrite_existing_symlink ... FAILED
[INFO] [stdout] test tests::missing_source_does_not_create_dest ... ok
[INFO] [stdout] test tests::overwrite_all_with_conditional_flags ... FAILED
[INFO] [stdout] test tests::progress_reports_all_entries ... FAILED
[INFO] [stdout] test tests::filters_match_relative_path ... FAILED
[INFO] [stdout] test tests::copy_overwrite ... FAILED
[INFO] [stdout] test tests::run_par_returns_errors ... FAILED
[INFO] [stdout] test tests::unreadable_source_dir_fails ... FAILED
[INFO] [stdout] test tests::skip_special_files ... FAILED
[INFO] [stdout] test tests::run_par_copies_like_run ... FAILED
[INFO] [stdout] test tests::overwrite_or_size_differs_not_newer ... FAILED
[INFO] [stdout] test tests::copy_cargo ... FAILED
[INFO] [stdout] test tests::copy_cargo_progress ... FAILED
[INFO] [stdout] 
[INFO] [stdout] failures:
[INFO] [stdout] 
[INFO] [stdout] ---- tests::conditional_overwrite_skips_unchanged stdout ----
[INFO] [stdout] 
[INFO] [stdout] thread 'tests::conditional_overwrite_skips_unchanged' (2858) panicked at src/tests.rs:787:49:
[INFO] [stdout] called `Result::unwrap()` on an `Err` value: Os { code: 30, kind: ReadOnlyFilesystem, message: "Read-only file system" }
[INFO] [stdout] stack backtrace:
[INFO] [stdout]    0:     0x5a5591ec8b91 - <<std[617be2ca0a6fd877]::sys::backtrace::BacktraceLock>::print::DisplayBacktrace as core[a373ad73a504971]::fmt::Display>::fmt
[INFO] [stdout]    1:     0x5a5591ee0f3a - core[a373ad73a504971]::fmt::write
[INFO] [stdout]    2:     0x5a5591ecf1dc - <alloc[2e1b2a31b91974c5]::vec::Vec<u8> as core[a373ad73a504971]::io::write::Write>::write_fmt
[INFO] [stdout]    3:     0x5a5591ea0776 - std[617be2ca0a6fd877]::panicking::default_hook::{closure#0}
[INFO] [stdout]    4:     0x5a5591ebec79 - std[617be2ca0a6fd877]::panicking::default_hook
[INFO] [stdout]    5:     0x5a5591e52c00 - test[aada8e7e76ba119b]::test_main_inner::{closure#0}
[INFO] [stdout]    6:     0x5a5591ebefa2 - std[617be2ca0a6fd877]::panicking::panic_with_hook
[INFO] [stdout]    7:     0x5a5591ea0822 - std[617be2ca0a6fd877]::panicking::panic_handler::{closure#0}
[INFO] [stdout]    8:     0x5a5591e98da9 - std[617be2ca0a6fd877]::sys::backtrace::__rust_end_short_backtrace::<std[617be2ca0a6fd877]::panicking::panic_handler::{closure#0}, !>
[INFO] [stdout]    9:     0x5a5591ea186d - __rustc[ea4f61d10b84890b]::rust_begin_unwind
[INFO] [stdout]   10:     0x5a5591ee171c - core[a373ad73a504971]::panicking::panic_fmt
[INFO] [stdout]   11:     0x5a5591ee14f2 - core[a373ad73a504971]::result::unwrap_failed
[INFO] [stdout]   12:     0x5a5591959078 - <dircpy[c40e3a77eb805316]::tests::conditional_overwrite_skips_unchanged::{closure#0} as core[a373ad73a504971]::ops::function::FnOnce<()>>::call_once
[INFO] [stdout]   13:     0x5a5591e4604b - test[aada8e7e76ba119b]::__rust_begin_short_backtrace::<core[a373ad73a504971]::result::Result<(), alloc[2e1b2a31b91974c5]::string::String>, fn() -> core[a373ad73a504971]::result::Result<(), alloc[2e1b2a31b91974c5]::string::String>>
[INFO] [stdout]   14:     0x5a5591e53225 - test[aada8e7e76ba119b]::run_test::{closure#0}
[INFO] [stdout]   15:     0x5a5591e4cb14 - std[617be2ca0a6fd877]::sys::backtrace::__rust_begin_short_backtrace::<test[aada8e7e76ba119b]::run_test::{closure#1}, ()>
[INFO] [stdout]   16:     0x5a5591e562b2 - <std[617be2ca0a6fd877]::thread::lifecycle::spawn_unchecked<test[aada8e7e76ba119b]::run_test::{closure#1}, ()>::{closure#1} as core[a373ad73a504971]::ops::function::FnOnce<()>>::call_once::{shim:vtable#0}
[INFO] [stdout]   17:     0x5a5591ec7a3f - <std[617be2ca0a6fd877]::sys::thread::unix::Thread>::new::thread_start
[INFO] [stdout]   18:     0x78bbe2414dfa - <unknown>
[INFO] [stdout]   19:     0x78bbe24a83d4 - clone
[INFO] [stdout]   20:                0x0 - <unknown>
[INFO] [stdout] 
[INFO] [stdout] ---- tests::copy_include stdout ----
[INFO] [stdout] 
[INFO] [stdout] thread 'tests::copy_include' (2865) panicked at src/tests.rs:146:25:
[INFO] [stdout] called `Result::unwrap()` on an `Err` value: Os { code: 30, kind: ReadOnlyFilesystem, message: "Read-only file system" }
[INFO] [stdout] stack backtrace:
[INFO] [stdout]    0:     0x5a5591ec8b91 - <<std[617be2ca0a6fd877]::sys::backtrace::BacktraceLock>::print::DisplayBacktrace as core[a373ad73a504971]::fmt::Display>::fmt
[INFO] [stdout]    1:     0x5a5591ee0f3a - core[a373ad73a504971]::fmt::write
[INFO] [stdout]    2:     0x5a5591ecf1dc - <alloc[2e1b2a31b91974c5]::vec::Vec<u8> as core[a373ad73a504971]::io::write::Write>::write_fmt
[INFO] [stdout]    3:     0x5a5591ea0776 - std[617be2ca0a6fd877]::panicking::default_hook::{closure#0}
[INFO] [stdout]    4:     0x5a5591ebec79 - std[617be2ca0a6fd877]::panicking::default_hook
[INFO] [stdout]    5:     0x5a5591e52c00 - test[aada8e7e76ba119b]::test_main_inner::{closure#0}
[INFO] [stdout]    6:     0x5a5591ebefa2 - std[617be2ca0a6fd877]::panicking::panic_with_hook
[INFO] [stdout]    7:     0x5a5591ea0822 - std[617be2ca0a6fd877]::panicking::panic_handler::{closure#0}
[INFO] [stdout]    8:     0x5a5591e98da9 - std[617be2ca0a6fd877]::sys::backtrace::__rust_end_short_backtrace::<std[617be2ca0a6fd877]::panicking::panic_handler::{closure#0}, !>
[INFO] [stdout]    9:     0x5a5591ea186d - __rustc[ea4f61d10b84890b]::rust_begin_unwind
[INFO] [stdout]   10:     0x5a5591ee171c - core[a373ad73a504971]::panicking::panic_fmt
[INFO] [stdout]   11:     0x5a5591ee14f2 - core[a373ad73a504971]::result::unwrap_failed
[INFO] [stdout]   12:     0x5a559194dac6 - <dircpy[c40e3a77eb805316]::tests::copy_include::{closure#0} as core[a373ad73a504971]::ops::function::FnOnce<()>>::call_once
[INFO] [stdout]   13:     0x5a5591e4604b - test[aada8e7e76ba119b]::__rust_begin_short_backtrace::<core[a373ad73a504971]::result::Result<(), alloc[2e1b2a31b91974c5]::string::String>, fn() -> core[a373ad73a504971]::result::Result<(), alloc[2e1b2a31b91974c5]::string::String>>
[INFO] [stdout]   14:     0x5a5591e53225 - test[aada8e7e76ba119b]::run_test::{closure#0}
[INFO] [stdout]   15:     0x5a5591e4cb14 - std[617be2ca0a6fd877]::sys::backtrace::__rust_begin_short_backtrace::<test[aada8e7e76ba119b]::run_test::{closure#1}, ()>
[INFO] [stdout]   16:     0x5a5591e562b2 - <std[617be2ca0a6fd877]::thread::lifecycle::spawn_unchecked<test[aada8e7e76ba119b]::run_test::{closure#1}, ()>::{closure#1} as core[a373ad73a504971]::ops::function::FnOnce<()>>::call_once::{shim:vtable#0}
[INFO] [stdout]   17:     0x5a5591ec7a3f - <std[617be2ca0a6fd877]::sys::thread::unix::Thread>::new::thread_start
[INFO] [stdout]   18:     0x78bbe2414dfa - <unknown>
[INFO] [stdout]   19:     0x78bbe24a83d4 - clone
[INFO] [stdout]   20:                0x0 - <unknown>
[INFO] [stdout] 
[INFO] [stdout] ---- tests::copy_basic stdout ----
[INFO] [stdout] 
[INFO] [stdout] thread 'tests::copy_basic' (2859) panicked at src/tests.rs:16:59:
[INFO] [stdout] called `Result::unwrap()` on an `Err` value: Os { code: 30, kind: ReadOnlyFilesystem, message: "Read-only file system" }
[INFO] [stdout] stack backtrace:
[INFO] [stdout]    0:     0x5a5591ec8b91 - <<std[617be2ca0a6fd877]::sys::backtrace::BacktraceLock>::print::DisplayBacktrace as core[a373ad73a504971]::fmt::Display>::fmt
[INFO] [stdout]    1:     0x5a5591ee0f3a - core[a373ad73a504971]::fmt::write
[INFO] [stdout]    2:     0x5a5591ecf1dc - <alloc[2e1b2a31b91974c5]::vec::Vec<u8> as core[a373ad73a504971]::io::write::Write>::write_fmt
[INFO] [stdout]    3:     0x5a5591ea0776 - std[617be2ca0a6fd877]::panicking::default_hook::{closure#0}
[INFO] [stdout]    4:     0x5a5591ebec79 - std[617be2ca0a6fd877]::panicking::default_hook
[INFO] [stdout]    5:     0x5a5591e52c00 - test[aada8e7e76ba119b]::test_main_inner::{closure#0}
[INFO] [stdout]    6:     0x5a5591ebefa2 - std[617be2ca0a6fd877]::panicking::panic_with_hook
[INFO] [stdout]    7:     0x5a5591ea0822 - std[617be2ca0a6fd877]::panicking::panic_handler::{closure#0}
[INFO] [stdout]    8:     0x5a5591e98da9 - std[617be2ca0a6fd877]::sys::backtrace::__rust_end_short_backtrace::<std[617be2ca0a6fd877]::panicking::panic_handler::{closure#0}, !>
[INFO] [stdout]    9:     0x5a5591ea186d - __rustc[ea4f61d10b84890b]::rust_begin_unwind
[INFO] [stdout]   10:     0x5a5591ee171c - core[a373ad73a504971]::panicking::panic_fmt
[INFO] [stdout]   11:     0x5a5591ee14f2 - core[a373ad73a504971]::result::unwrap_failed
[INFO] [stdout]   12:     0x5a559194b6ac - <dircpy[c40e3a77eb805316]::tests::copy_basic::{closure#0} as core[a373ad73a504971]::ops::function::FnOnce<()>>::call_once
[INFO] [stdout]   13:     0x5a5591e4604b - test[aada8e7e76ba119b]::__rust_begin_short_backtrace::<core[a373ad73a504971]::result::Result<(), alloc[2e1b2a31b91974c5]::string::String>, fn() -> core[a373ad73a504971]::result::Result<(), alloc[2e1b2a31b91974c5]::string::String>>
[INFO] [stdout]   14:     0x5a5591e53225 - test[aada8e7e76ba119b]::run_test::{closure#0}
[INFO] [stdout]   15:     0x5a5591e4cb14 - std[617be2ca0a6fd877]::sys::backtrace::__rust_begin_short_backtrace::<test[aada8e7e76ba119b]::run_test::{closure#1}, ()>
[INFO] [stdout]   16:     0x5a5591e562b2 - <std[617be2ca0a6fd877]::thread::lifecycle::spawn_unchecked<test[aada8e7e76ba119b]::run_test::{closure#1}, ()>::{closure#1} as core[a373ad73a504971]::ops::function::FnOnce<()>>::call_once::{shim:vtable#0}
[INFO] [stdout]   17:     0x5a5591ec7a3f - <std[617be2ca0a6fd877]::sys::thread::unix::Thread>::new::thread_start
[INFO] [stdout]   18:     0x78bbe2414dfa - <unknown>
[INFO] [stdout]   19:     0x78bbe24a83d4 - clone
[INFO] [stdout]   20:                0x0 - <unknown>
[INFO] [stdout] 
[INFO] [stdout] ---- tests::copy_file_new_does_not_follow_symlink stdout ----
[INFO] [stdout] 
[INFO] [stdout] thread 'tests::copy_file_new_does_not_follow_symlink' (2864) panicked at src/tests.rs:882:25:
[INFO] [stdout] called `Result::unwrap()` on an `Err` value: Os { code: 30, kind: ReadOnlyFilesystem, message: "Read-only file system" }
[INFO] [stdout] stack backtrace:
[INFO] [stdout]    0:     0x5a5591ec8b91 - <<std[617be2ca0a6fd877]::sys::backtrace::BacktraceLock>::print::DisplayBacktrace as core[a373ad73a504971]::fmt::Display>::fmt
[INFO] [stdout]    1:     0x5a5591ee0f3a - core[a373ad73a504971]::fmt::write
[INFO] [stdout]    2:     0x5a5591ecf1dc - <alloc[2e1b2a31b91974c5]::vec::Vec<u8> as core[a373ad73a504971]::io::write::Write>::write_fmt
[INFO] [stdout]    3:     0x5a5591ea0776 - std[617be2ca0a6fd877]::panicking::default_hook::{closure#0}
[INFO] [stdout]    4:     0x5a5591ebec79 - std[617be2ca0a6fd877]::panicking::default_hook
[INFO] [stdout]    5:     0x5a5591e52c00 - test[aada8e7e76ba119b]::test_main_inner::{closure#0}
[INFO] [stdout]    6:     0x5a5591ebefa2 - std[617be2ca0a6fd877]::panicking::panic_with_hook
[INFO] [stdout]    7:     0x5a5591ea0822 - std[617be2ca0a6fd877]::panicking::panic_handler::{closure#0}
[INFO] [stdout]    8:     0x5a5591e98da9 - std[617be2ca0a6fd877]::sys::backtrace::__rust_end_short_backtrace::<std[617be2ca0a6fd877]::panicking::panic_handler::{closure#0}, !>
[INFO] [stdout]    9:     0x5a5591ea186d - __rustc[ea4f61d10b84890b]::rust_begin_unwind
[INFO] [stdout]   10:     0x5a5591ee171c - core[a373ad73a504971]::panicking::panic_fmt
[INFO] [stdout]   11:     0x5a5591ee14f2 - core[a373ad73a504971]::result::unwrap_failed
[INFO] [stdout]   12:     0x5a55919598c5 - <dircpy[c40e3a77eb805316]::tests::copy_file_new_does_not_follow_symlink::{closure#0} as core[a373ad73a504971]::ops::function::FnOnce<()>>::call_once
[INFO] [stdout]   13:     0x5a5591e4604b - test[aada8e7e76ba119b]::__rust_begin_short_backtrace::<core[a373ad73a504971]::result::Result<(), alloc[2e1b2a31b91974c5]::string::String>, fn() -> core[a373ad73a504971]::result::Result<(), alloc[2e1b2a31b91974c5]::string::String>>
[INFO] [stdout]   14:     0x5a5591e53225 - test[aada8e7e76ba119b]::run_test::{closure#0}
[INFO] [stdout]   15:     0x5a5591e4cb14 - std[617be2ca0a6fd877]::sys::backtrace::__rust_begin_short_backtrace::<test[aada8e7e76ba119b]::run_test::{closure#1}, ()>
[INFO] [stdout]   16:     0x5a5591e562b2 - <std[617be2ca0a6fd877]::thread::lifecycle::spawn_unchecked<test[aada8e7e76ba119b]::run_test::{closure#1}, ()>::{closure#1} as core[a373ad73a504971]::ops::function::FnOnce<()>>::call_once::{shim:vtable#0}
[INFO] [stdout]   17:     0x5a5591ec7a3f - <std[617be2ca0a6fd877]::sys::thread::unix::Thread>::new::thread_start
[INFO] [stdout]   18:     0x78bbe2414dfa - <unknown>
[INFO] [stdout]   19:     0x78bbe24a83d4 - clone
[INFO] [stdout]   20:                0x0 - <unknown>
[INFO] [stdout] 
[INFO] [stdout] ---- tests::copy_keeps_permissions stdout ----
[INFO] [stdout] 
[INFO] [stdout] thread 'tests::copy_keeps_permissions' (2866) panicked at src/tests.rs:828:49:
[INFO] [stdout] called `Result::unwrap()` on an `Err` value: Os { code: 30, kind: ReadOnlyFilesystem, message: "Read-only file system" }
[INFO] [stdout] stack backtrace:
[INFO] [stdout]    0:     0x5a5591ec8b91 - <<std[617be2ca0a6fd877]::sys::backtrace::BacktraceLock>::print::DisplayBacktrace as core[a373ad73a504971]::fmt::Display>::fmt
[INFO] [stdout]    1:     0x5a5591ee0f3a - core[a373ad73a504971]::fmt::write
[INFO] [stdout]    2:     0x5a5591ecf1dc - <alloc[2e1b2a31b91974c5]::vec::Vec<u8> as core[a373ad73a504971]::io::write::Write>::write_fmt
[INFO] [stdout]    3:     0x5a5591ea0776 - std[617be2ca0a6fd877]::panicking::default_hook::{closure#0}
[INFO] [stdout]    4:     0x5a5591ebec79 - std[617be2ca0a6fd877]::panicking::default_hook
[INFO] [stdout]    5:     0x5a5591e52c00 - test[aada8e7e76ba119b]::test_main_inner::{closure#0}
[INFO] [stdout]    6:     0x5a5591ebefa2 - std[617be2ca0a6fd877]::panicking::panic_with_hook
[INFO] [stdout]    7:     0x5a5591ea0822 - std[617be2ca0a6fd877]::panicking::panic_handler::{closure#0}
[INFO] [stdout]    8:     0x5a5591e98da9 - std[617be2ca0a6fd877]::sys::backtrace::__rust_end_short_backtrace::<std[617be2ca0a6fd877]::panicking::panic_handler::{closure#0}, !>
[INFO] [stdout]    9:     0x5a5591ea186d - __rustc[ea4f61d10b84890b]::rust_begin_unwind
[INFO] [stdout]   10:     0x5a5591ee171c - core[a373ad73a504971]::panicking::panic_fmt
[INFO] [stdout]   11:     0x5a5591ee14f2 - core[a373ad73a504971]::result::unwrap_failed
[INFO] [stdout]   12:     0x5a55919517b2 - <dircpy[c40e3a77eb805316]::tests::copy_keeps_permissions::{closure#0} as core[a373ad73a504971]::ops::function::FnOnce<()>>::call_once
[INFO] [stdout]   13:     0x5a5591e4604b - test[aada8e7e76ba119b]::__rust_begin_short_backtrace::<core[a373ad73a504971]::result::Result<(), alloc[2e1b2a31b91974c5]::string::String>, fn() -> core[a373ad73a504971]::result::Result<(), alloc[2e1b2a31b91974c5]::string::String>>
[INFO] [stdout]   14:     0x5a5591e53225 - test[aada8e7e76ba119b]::run_test::{closure#0}
[INFO] [stdout]   15:     0x5a5591e4cb14 - std[617be2ca0a6fd877]::sys::backtrace::__rust_begin_short_backtrace::<test[aada8e7e76ba119b]::run_test::{closure#1}, ()>
[INFO] [stdout]   16:     0x5a5591e562b2 - <std[617be2ca0a6fd877]::thread::lifecycle::spawn_unchecked<test[aada8e7e76ba119b]::run_test::{closure#1}, ()>::{closure#1} as core[a373ad73a504971]::ops::function::FnOnce<()>>::call_once::{shim:vtable#0}
[INFO] [stdout]   17:     0x5a5591ec7a3f - <std[617be2ca0a6fd877]::sys::thread::unix::Thread>::new::thread_start
[INFO] [stdout]   18:     0x78bbe2414dfa - <unknown>
[INFO] [stdout]   19:     0x78bbe24a83d4 - clone
[INFO] [stdout]   20:                0x0 - <unknown>
[INFO] [stdout] 
[INFO] [stdout] ---- tests::copy_empty_include stdout ----
[INFO] [stdout] 
[INFO] [stdout] thread 'tests::copy_empty_include' (2862) panicked at src/tests.rs:176:25:
[INFO] [stdout] called `Result::unwrap()` on an `Err` value: Os { code: 30, kind: ReadOnlyFilesystem, message: "Read-only file system" }
[INFO] [stdout] stack backtrace:
[INFO] [stdout]    0:     0x5a5591ec8b91 - <<std[617be2ca0a6fd877]::sys::backtrace::BacktraceLock>::print::DisplayBacktrace as core[a373ad73a504971]::fmt::Display>::fmt
[INFO] [stdout]    1:     0x5a5591ee0f3a - core[a373ad73a504971]::fmt::write
[INFO] [stdout]    2:     0x5a5591ecf1dc - <alloc[2e1b2a31b91974c5]::vec::Vec<u8> as core[a373ad73a504971]::io::write::Write>::write_fmt
[INFO] [stdout]    3:     0x5a5591ea0776 - std[617be2ca0a6fd877]::panicking::default_hook::{closure#0}
[INFO] [stdout]    4:     0x5a5591ebec79 - std[617be2ca0a6fd877]::panicking::default_hook
[INFO] [stdout]    5:     0x5a5591e52c00 - test[aada8e7e76ba119b]::test_main_inner::{closure#0}
[INFO] [stdout]    6:     0x5a5591ebefa2 - std[617be2ca0a6fd877]::panicking::panic_with_hook
[INFO] [stdout]    7:     0x5a5591ea0822 - std[617be2ca0a6fd877]::panicking::panic_handler::{closure#0}
[INFO] [stdout]    8:     0x5a5591e98da9 - std[617be2ca0a6fd877]::sys::backtrace::__rust_end_short_backtrace::<std[617be2ca0a6fd877]::panicking::panic_handler::{closure#0}, !>
[INFO] [stdout]    9:     0x5a5591ea186d - __rustc[ea4f61d10b84890b]::rust_begin_unwind
[INFO] [stdout]   10:     0x5a5591ee171c - core[a373ad73a504971]::panicking::panic_fmt
[INFO] [stdout]   11:     0x5a5591ee14f2 - core[a373ad73a504971]::result::unwrap_failed
[INFO] [stdout]   12:     0x5a559194efee - <dircpy[c40e3a77eb805316]::tests::copy_empty_include::{closure#0} as core[a373ad73a504971]::ops::function::FnOnce<()>>::call_once
[INFO] [stdout]   13:     0x5a5591e4604b - test[aada8e7e76ba119b]::__rust_begin_short_backtrace::<core[a373ad73a504971]::result::Result<(), alloc[2e1b2a31b91974c5]::string::String>, fn() -> core[a373ad73a504971]::result::Result<(), alloc[2e1b2a31b91974c5]::string::String>>
[INFO] [stdout]   14:     0x5a5591e53225 - test[aada8e7e76ba119b]::run_test::{closure#0}
[INFO] [stdout]   15:     0x5a5591e4cb14 - std[617be2ca0a6fd877]::sys::backtrace::__rust_begin_short_backtrace::<test[aada8e7e76ba119b]::run_test::{closure#1}, ()>
[INFO] [stdout]   16:     0x5a5591e562b2 - <std[617be2ca0a6fd877]::thread::lifecycle::spawn_unchecked<test[aada8e7e76ba119b]::run_test::{closure#1}, ()>::{closure#1} as core[a373ad73a504971]::ops::function::FnOnce<()>>::call_once::{shim:vtable#0}
[INFO] [stdout]   17:     0x5a5591ec7a3f - <std[617be2ca0a6fd877]::sys::thread::unix::Thread>::new::thread_start
[INFO] [stdout]   18:     0x78bbe2414dfa - <unknown>
[INFO] [stdout]   19:     0x78bbe24a83d4 - clone
[INFO] [stdout]   20:                0x0 - <unknown>
[INFO] [stdout] 
[INFO] [stdout] ---- tests::copy_exclude stdout ----
[INFO] [stdout] 
[INFO] [stdout] thread 'tests::copy_exclude' (2863) panicked at src/tests.rs:120:25:
[INFO] [stdout] called `Result::unwrap()` on an `Err` value: Os { code: 30, kind: ReadOnlyFilesystem, message: "Read-only file system" }
[INFO] [stdout] stack backtrace:
[INFO] [stdout]    0:     0x5a5591ec8b91 - <<std[617be2ca0a6fd877]::sys::backtrace::BacktraceLock>::print::DisplayBacktrace as core[a373ad73a504971]::fmt::Display>::fmt
[INFO] [stdout]    1:     0x5a5591ee0f3a - core[a373ad73a504971]::fmt::write
[INFO] [stdout]    2:     0x5a5591ecf1dc - <alloc[2e1b2a31b91974c5]::vec::Vec<u8> as core[a373ad73a504971]::io::write::Write>::write_fmt
[INFO] [stdout]    3:     0x5a5591ea0776 - std[617be2ca0a6fd877]::panicking::default_hook::{closure#0}
[INFO] [stdout]    4:     0x5a5591ebec79 - std[617be2ca0a6fd877]::panicking::default_hook
[INFO] [stdout]    5:     0x5a5591e52c00 - test[aada8e7e76ba119b]::test_main_inner::{closure#0}
[INFO] [stdout]    6:     0x5a5591ebefa2 - std[617be2ca0a6fd877]::panicking::panic_with_hook
[INFO] [stdout]    7:     0x5a5591ea0822 - std[617be2ca0a6fd877]::panicking::panic_handler::{closure#0}
[INFO] [stdout]    8:     0x5a5591e98da9 - std[617be2ca0a6fd877]::sys::backtrace::__rust_end_short_backtrace::<std[617be2ca0a6fd877]::panicking::panic_handler::{closure#0}, !>
[INFO] [stdout]    9:     0x5a5591ea186d - __rustc[ea4f61d10b84890b]::rust_begin_unwind
[INFO] [stdout]   10:     0x5a5591ee171c - core[a373ad73a504971]::panicking::panic_fmt
[INFO] [stdout]   11:     0x5a5591ee14f2 - core[a373ad73a504971]::result::unwrap_failed
[INFO] [stdout]   12:     0x5a559194d32b - <dircpy[c40e3a77eb805316]::tests::copy_exclude::{closure#0} as core[a373ad73a504971]::ops::function::FnOnce<()>>::call_once
[INFO] [stdout]   13:     0x5a5591e4604b - test[aada8e7e76ba119b]::__rust_begin_short_backtrace::<core[a373ad73a504971]::result::Result<(), alloc[2e1b2a31b91974c5]::string::String>, fn() -> core[a373ad73a504971]::result::Result<(), alloc[2e1b2a31b91974c5]::string::String>>
[INFO] [stdout]   14:     0x5a5591e53225 - test[aada8e7e76ba119b]::run_test::{closure#0}
[INFO] [stdout]   15:     0x5a5591e4cb14 - std[617be2ca0a6fd877]::sys::backtrace::__rust_begin_short_backtrace::<test[aada8e7e76ba119b]::run_test::{closure#1}, ()>
[INFO] [stdout]   16:     0x5a5591e562b2 - <std[617be2ca0a6fd877]::thread::lifecycle::spawn_unchecked<test[aada8e7e76ba119b]::run_test::{closure#1}, ()>::{closure#1} as core[a373ad73a504971]::ops::function::FnOnce<()>>::call_once::{shim:vtable#0}
[INFO] [stdout]   17:     0x5a5591ec7a3f - <std[617be2ca0a6fd877]::sys::thread::unix::Thread>::new::thread_start
[INFO] [stdout]   18:     0x78bbe2414dfa - <unknown>
[INFO] [stdout]   19:     0x78bbe24a83d4 - clone
[INFO] [stdout]   20:                0x0 - <unknown>
[INFO] [stdout] 
[INFO] [stdout] ---- tests::errors_contain_path stdout ----
[INFO] [stdout] 
[INFO] [stdout] thread 'tests::errors_contain_path' (2871) panicked at src/tests.rs:732:32:
[INFO] [stdout] called `Result::unwrap()` on an `Err` value: Os { code: 30, kind: ReadOnlyFilesystem, message: "Read-only file system" }
[INFO] [stdout] stack backtrace:
[INFO] [stdout]    0:     0x5a5591ec8b91 - <<std[617be2ca0a6fd877]::sys::backtrace::BacktraceLock>::print::DisplayBacktrace as core[a373ad73a504971]::fmt::Display>::fmt
[INFO] [stdout]    1:     0x5a5591ee0f3a - core[a373ad73a504971]::fmt::write
[INFO] [stdout]    2:     0x5a5591ecf1dc - <alloc[2e1b2a31b91974c5]::vec::Vec<u8> as core[a373ad73a504971]::io::write::Write>::write_fmt
[INFO] [stdout]    3:     0x5a5591ea0776 - std[617be2ca0a6fd877]::panicking::default_hook::{closure#0}
[INFO] [stdout]    4:     0x5a5591ebec79 - std[617be2ca0a6fd877]::panicking::default_hook
[INFO] [stdout]    5:     0x5a5591e52c00 - test[aada8e7e76ba119b]::test_main_inner::{closure#0}
[INFO] [stdout]    6:     0x5a5591ebefa2 - std[617be2ca0a6fd877]::panicking::panic_with_hook
[INFO] [stdout]    7:     0x5a5591ea0822 - std[617be2ca0a6fd877]::panicking::panic_handler::{closure#0}
[INFO] [stdout]    8:     0x5a5591e98da9 - std[617be2ca0a6fd877]::sys::backtrace::__rust_end_short_backtrace::<std[617be2ca0a6fd877]::panicking::panic_handler::{closure#0}, !>
[INFO] [stdout]    9:     0x5a5591ea186d - __rustc[ea4f61d10b84890b]::rust_begin_unwind
[INFO] [stdout]   10:     0x5a5591ee171c - core[a373ad73a504971]::panicking::panic_fmt
[INFO] [stdout]   11:     0x5a5591ee14f2 - core[a373ad73a504971]::result::unwrap_failed
[INFO] [stdout]   12:     0x5a5591950bba - <dircpy[c40e3a77eb805316]::tests::errors_contain_path::{closure#0} as core[a373ad73a504971]::ops::function::FnOnce<()>>::call_once
[INFO] [stdout]   13:     0x5a5591e4604b - test[aada8e7e76ba119b]::__rust_begin_short_backtrace::<core[a373ad73a504971]::result::Result<(), alloc[2e1b2a31b91974c5]::string::String>, fn() -> core[a373ad73a504971]::result::Result<(), alloc[2e1b2a31b91974c5]::string::String>>
[INFO] [stdout]   14:     0x5a5591e53225 - test[aada8e7e76ba119b]::run_test::{closure#0}
[INFO] [stdout]   15:     0x5a5591e4cb14 - std[617be2ca0a6fd877]::sys::backtrace::__rust_begin_short_backtrace::<test[aada8e7e76ba119b]::run_test::{closure#1}, ()>
[INFO] [stdout]   16:     0x5a5591e562b2 - <std[617be2ca0a6fd877]::thread::lifecycle::spawn_unchecked<test[aada8e7e76ba119b]::run_test::{closure#1}, ()>::{closure#1} as core[a373ad73a504971]::ops::function::FnOnce<()>>::call_once::{shim:vtable#0}
[INFO] [stdout]   17:     0x5a5591ec7a3f - <std[617be2ca0a6fd877]::sys::thread::unix::Thread>::new::thread_start
[INFO] [stdout]   18:     0x78bbe2414dfa - <unknown>
[INFO] [stdout]   19:     0x78bbe24a83d4 - clone
[INFO] [stdout]   20:                0x0 - <unknown>
[INFO] [stdout] 
[INFO] [stdout] ---- tests::overwrite_does_not_follow_dest_symlink stdout ----
[INFO] [stdout] 
[INFO] [stdout] thread 'tests::overwrite_does_not_follow_dest_symlink' (2877) panicked at src/tests.rs:380:32:
[INFO] [stdout] called `Result::unwrap()` on an `Err` value: Os { code: 30, kind: ReadOnlyFilesystem, message: "Read-only file system" }
[INFO] [stdout] stack backtrace:
[INFO] [stdout]    0:     0x5a5591ec8b91 - <<std[617be2ca0a6fd877]::sys::backtrace::BacktraceLock>::print::DisplayBacktrace as core[a373ad73a504971]::fmt::Display>::fmt
[INFO] [stdout]    1:     0x5a5591ee0f3a - core[a373ad73a504971]::fmt::write
[INFO] [stdout]    2:     0x5a5591ecf1dc - <alloc[2e1b2a31b91974c5]::vec::Vec<u8> as core[a373ad73a504971]::io::write::Write>::write_fmt
[INFO] [stdout]    3:     0x5a5591ea0776 - std[617be2ca0a6fd877]::panicking::default_hook::{closure#0}
[INFO] [stdout]    4:     0x5a5591ebec79 - std[617be2ca0a6fd877]::panicking::default_hook
[INFO] [stdout]    5:     0x5a5591e52c00 - test[aada8e7e76ba119b]::test_main_inner::{closure#0}
[INFO] [stdout]    6:     0x5a5591ebefa2 - std[617be2ca0a6fd877]::panicking::panic_with_hook
[INFO] [stdout]    7:     0x5a5591ea0822 - std[617be2ca0a6fd877]::panicking::panic_handler::{closure#0}
[INFO] [stdout]    8:     0x5a5591e98da9 - std[617be2ca0a6fd877]::sys::backtrace::__rust_end_short_backtrace::<std[617be2ca0a6fd877]::panicking::panic_handler::{closure#0}, !>
[INFO] [stdout]    9:     0x5a5591ea186d - __rustc[ea4f61d10b84890b]::rust_begin_unwind
[INFO] [stdout]   10:     0x5a5591ee171c - core[a373ad73a504971]::panicking::panic_fmt
[INFO] [stdout]   11:     0x5a5591ee14f2 - core[a373ad73a504971]::result::unwrap_failed
[INFO] [stdout]   12:     0x5a559195a5ec - <dircpy[c40e3a77eb805316]::tests::overwrite_does_not_follow_dest_symlink::{closure#0} as core[a373ad73a504971]::ops::function::FnOnce<()>>::call_once
[INFO] [stdout]   13:     0x5a5591e4604b - test[aada8e7e76ba119b]::__rust_begin_short_backtrace::<core[a373ad73a504971]::result::Result<(), alloc[2e1b2a31b91974c5]::string::String>, fn() -> core[a373ad73a504971]::result::Result<(), alloc[2e1b2a31b91974c5]::string::String>>
[INFO] [stdout]   14:     0x5a5591e53225 - test[aada8e7e76ba119b]::run_test::{closure#0}
[INFO] [stdout]   15:     0x5a5591e4cb14 - std[617be2ca0a6fd877]::sys::backtrace::__rust_begin_short_backtrace::<test[aada8e7e76ba119b]::run_test::{closure#1}, ()>
[INFO] [stdout]   16:     0x5a5591e562b2 - <std[617be2ca0a6fd877]::thread::lifecycle::spawn_unchecked<test[aada8e7e76ba119b]::run_test::{closure#1}, ()>::{closure#1} as core[a373ad73a504971]::ops::function::FnOnce<()>>::call_once::{shim:vtable#0}
[INFO] [stdout]   17:     0x5a5591ec7a3f - <std[617be2ca0a6fd877]::sys::thread::unix::Thread>::new::thread_start
[INFO] [stdout]   18:     0x78bbe2414dfa - <unknown>
[INFO] [stdout]   19:     0x78bbe24a83d4 - clone
[INFO] [stdout]   20:                0x0 - <unknown>
[INFO] [stdout] 
[INFO] [stdout] ---- tests::filters_apply_to_directories stdout ----
[INFO] [stdout] 
[INFO] [stdout] thread 'tests::filters_apply_to_directories' (2873) panicked at src/tests.rs:668:59:
[INFO] [stdout] called `Result::unwrap()` on an `Err` value: Os { code: 30, kind: ReadOnlyFilesystem, message: "Read-only file system" }
[INFO] [stdout] stack backtrace:
[INFO] [stdout]    0:     0x5a5591ec8b91 - <<std[617be2ca0a6fd877]::sys::backtrace::BacktraceLock>::print::DisplayBacktrace as core[a373ad73a504971]::fmt::Display>::fmt
[INFO] [stdout]    1:     0x5a5591ee0f3a - core[a373ad73a504971]::fmt::write
[INFO] [stdout]    2:     0x5a5591ecf1dc - <alloc[2e1b2a31b91974c5]::vec::Vec<u8> as core[a373ad73a504971]::io::write::Write>::write_fmt
[INFO] [stdout]    3:     0x5a5591ea0776 - std[617be2ca0a6fd877]::panicking::default_hook::{closure#0}
[INFO] [stdout]    4:     0x5a5591ebec79 - std[617be2ca0a6fd877]::panicking::default_hook
[INFO] [stdout]    5:     0x5a5591e52c00 - test[aada8e7e76ba119b]::test_main_inner::{closure#0}
[INFO] [stdout]    6:     0x5a5591ebefa2 - std[617be2ca0a6fd877]::panicking::panic_with_hook
[INFO] [stdout]    7:     0x5a5591ea0822 - std[617be2ca0a6fd877]::panicking::panic_handler::{closure#0}
[INFO] [stdout]    8:     0x5a5591e98da9 - std[617be2ca0a6fd877]::sys::backtrace::__rust_end_short_backtrace::<std[617be2ca0a6fd877]::panicking::panic_handler::{closure#0}, !>
[INFO] [stdout]    9:     0x5a5591ea186d - __rustc[ea4f61d10b84890b]::rust_begin_unwind
[INFO] [stdout]   10:     0x5a5591ee171c - core[a373ad73a504971]::panicking::panic_fmt
[INFO] [stdout]   11:     0x5a5591ee14f2 - core[a373ad73a504971]::result::unwrap_failed
[INFO] [stdout]   12:     0x5a55919556a4 - <dircpy[c40e3a77eb805316]::tests::filters_apply_to_directories::{closure#0} as core[a373ad73a504971]::ops::function::FnOnce<()>>::call_once
[INFO] [stdout]   13:     0x5a5591e4604b - test[aada8e7e76ba119b]::__rust_begin_short_backtrace::<core[a373ad73a504971]::result::Result<(), alloc[2e1b2a31b91974c5]::string::String>, fn() -> core[a373ad73a504971]::result::Result<(), alloc[2e1b2a31b91974c5]::string::String>>
[INFO] [stdout]   14:     0x5a5591e53225 - test[aada8e7e76ba119b]::run_test::{closure#0}
[INFO] [stdout]   15:     0x5a5591e4cb14 - std[617be2ca0a6fd877]::sys::backtrace::__rust_begin_short_backtrace::<test[aada8e7e76ba119b]::run_test::{closure#1}, ()>
[INFO] [stdout]   16:     0x5a5591e562b2 - <std[617be2ca0a6fd877]::thread::lifecycle::spawn_unchecked<test[aada8e7e76ba119b]::run_test::{closure#1}, ()>::{closure#1} as core[a373ad73a504971]::ops::function::FnOnce<()>>::call_once::{shim:vtable#0}
[INFO] [stdout]   17:     0x5a5591ec7a3f - <std[617be2ca0a6fd877]::sys::thread::unix::Thread>::new::thread_start
[INFO] [stdout]   18:     0x78bbe2414dfa - <unknown>
[INFO] [stdout]   19:     0x78bbe24a83d4 - clone
[INFO] [stdout]   20:                0x0 - <unknown>
[INFO] [stdout] 
[INFO] [stdout] ---- tests::copy_subdir stdout ----
[INFO] [stdout] 
[INFO] [stdout] thread 'tests::copy_subdir' (2870) panicked at src/tests.rs:67:37:
[INFO] [stdout] called `Result::unwrap()` on an `Err` value: Os { code: 30, kind: ReadOnlyFilesystem, message: "Read-only file system" }
[INFO] [stdout] stack backtrace:
[INFO] [stdout]    0:     0x5a5591ec8b91 - <<std[617be2ca0a6fd877]::sys::backtrace::BacktraceLock>::print::DisplayBacktrace as core[a373ad73a504971]::fmt::Display>::fmt
[INFO] [stdout]    1:     0x5a5591ee0f3a - core[a373ad73a504971]::fmt::write
[INFO] [stdout]    2:     0x5a5591ecf1dc - <alloc[2e1b2a31b91974c5]::vec::Vec<u8> as core[a373ad73a504971]::io::write::Write>::write_fmt
[INFO] [stdout]    3:     0x5a5591ea0776 - std[617be2ca0a6fd877]::panicking::default_hook::{closure#0}
[INFO] [stdout]    4:     0x5a5591ebec79 - std[617be2ca0a6fd877]::panicking::default_hook
[INFO] [stdout]    5:     0x5a5591e52c00 - test[aada8e7e76ba119b]::test_main_inner::{closure#0}
[INFO] [stdout]    6:     0x5a5591ebefa2 - std[617be2ca0a6fd877]::panicking::panic_with_hook
[INFO] [stdout]    7:     0x5a5591ea0822 - std[617be2ca0a6fd877]::panicking::panic_handler::{closure#0}
[INFO] [stdout]    8:     0x5a5591e98da9 - std[617be2ca0a6fd877]::sys::backtrace::__rust_end_short_backtrace::<std[617be2ca0a6fd877]::panicking::panic_handler::{closure#0}, !>
[INFO] [stdout]    9:     0x5a5591ea186d - __rustc[ea4f61d10b84890b]::rust_begin_unwind
[INFO] [stdout]   10:     0x5a5591ee171c - core[a373ad73a504971]::panicking::panic_fmt
[INFO] [stdout]   11:     0x5a5591ee14f2 - core[a373ad73a504971]::result::unwrap_failed
[INFO] [stdout]   12:     0x5a559194ccea - <dircpy[c40e3a77eb805316]::tests::copy_subdir::{closure#0} as core[a373ad73a504971]::ops::function::FnOnce<()>>::call_once
[INFO] [stdout]   13:     0x5a5591e4604b - test[aada8e7e76ba119b]::__rust_begin_short_backtrace::<core[a373ad73a504971]::result::Result<(), alloc[2e1b2a31b91974c5]::string::String>, fn() -> core[a373ad73a504971]::result::Result<(), alloc[2e1b2a31b91974c5]::string::String>>
[INFO] [stdout]   14:     0x5a5591e53225 - test[aada8e7e76ba119b]::run_test::{closure#0}
[INFO] [stdout]   15:     0x5a5591e4cb14 - std[617be2ca0a6fd877]::sys::backtrace::__rust_begin_short_backtrace::<test[aada8e7e76ba119b]::run_test::{closure#1}, ()>
[INFO] [stdout]   16:     0x5a5591e562b2 - <std[617be2ca0a6fd877]::thread::lifecycle::spawn_unchecked<test[aada8e7e76ba119b]::run_test::{closure#1}, ()>::{closure#1} as core[a373ad73a504971]::ops::function::FnOnce<()>>::call_once::{shim:vtable#0}
[INFO] [stdout]   17:     0x5a5591ec7a3f - <std[617be2ca0a6fd877]::sys::thread::unix::Thread>::new::thread_start
[INFO] [stdout]   18:     0x78bbe2414dfa - <unknown>
[INFO] [stdout]   19:     0x78bbe24a83d4 - clone
[INFO] [stdout]   20:                0x0 - <unknown>
[INFO] [stdout] 
[INFO] [stdout] ---- tests::overwrite_or_newer_same_size stdout ----
[INFO] [stdout] 
[INFO] [stdout] thread 'tests::overwrite_or_newer_same_size' (2879) panicked at src/tests.rs:338:33:
[INFO] [stdout] called `Result::unwrap()` on an `Err` value: Os { code: 30, kind: ReadOnlyFilesystem, message: "Read-only file system" }
[INFO] [stdout] stack backtrace:
[INFO] [stdout]    0:     0x5a5591ec8b91 - <<std[617be2ca0a6fd877]::sys::backtrace::BacktraceLock>::print::DisplayBacktrace as core[a373ad73a504971]::fmt::Display>::fmt
[INFO] [stdout]    1:     0x5a5591ee0f3a - core[a373ad73a504971]::fmt::write
[INFO] [stdout]    2:     0x5a5591ecf1dc - <alloc[2e1b2a31b91974c5]::vec::Vec<u8> as core[a373ad73a504971]::io::write::Write>::write_fmt
[INFO] [stdout]    3:     0x5a5591ea0776 - std[617be2ca0a6fd877]::panicking::default_hook::{closure#0}
[INFO] [stdout]    4:     0x5a5591ebec79 - std[617be2ca0a6fd877]::panicking::default_hook
[INFO] [stdout]    5:     0x5a5591e52c00 - test[aada8e7e76ba119b]::test_main_inner::{closure#0}
[INFO] [stdout]    6:     0x5a5591ebefa2 - std[617be2ca0a6fd877]::panicking::panic_with_hook
[INFO] [stdout]    7:     0x5a5591ea0822 - std[617be2ca0a6fd877]::panicking::panic_handler::{closure#0}
[INFO] [stdout]    8:     0x5a5591e98da9 - std[617be2ca0a6fd877]::sys::backtrace::__rust_end_short_backtrace::<std[617be2ca0a6fd877]::panicking::panic_handler::{closure#0}, !>
[INFO] [stdout]    9:     0x5a5591ea186d - __rustc[ea4f61d10b84890b]::rust_begin_unwind
[INFO] [stdout]   10:     0x5a5591ee171c - core[a373ad73a504971]::panicking::panic_fmt
[INFO] [stdout]   11:     0x5a5591ee14f2 - core[a373ad73a504971]::result::unwrap_failed
[INFO] [stdout]   12:     0x5a55919561c1 - <dircpy[c40e3a77eb805316]::tests::overwrite_or_newer_same_size::{closure#0} as core[a373ad73a504971]::ops::function::FnOnce<()>>::call_once
[INFO] [stdout]   13:     0x5a5591e4604b - test[aada8e7e76ba119b]::__rust_begin_short_backtrace::<core[a373ad73a504971]::result::Result<(), alloc[2e1b2a31b91974c5]::string::String>, fn() -> core[a373ad73a504971]::result::Result<(), alloc[2e1b2a31b91974c5]::string::String>>
[INFO] [stdout]   14:     0x5a5591e53225 - test[aada8e7e76ba119b]::run_test::{closure#0}
[INFO] [stdout]   15:     0x5a5591e4cb14 - std[617be2ca0a6fd877]::sys::backtrace::__rust_begin_short_backtrace::<test[aada8e7e76ba119b]::run_test::{closure#1}, ()>
[INFO] [stdout]   16:     0x5a5591e562b2 - <std[617be2ca0a6fd877]::thread::lifecycle::spawn_unchecked<test[aada8e7e76ba119b]::run_test::{closure#1}, ()>::{closure#1} as core[a373ad73a504971]::ops::function::FnOnce<()>>::call_once::{shim:vtable#0}
[INFO] [stdout]   17:     0x5a5591ec7a3f - <std[617be2ca0a6fd877]::sys::thread::unix::Thread>::new::thread_start
[INFO] [stdout]   18:     0x78bbe2414dfa - <unknown>
[INFO] [stdout]   19:     0x78bbe24a83d4 - clone
[INFO] [stdout]   20:                0x0 - <unknown>
[INFO] [stdout] 
[INFO] [stdout] ---- tests::file_source_fails stdout ----
[INFO] [stdout] 
[INFO] [stdout] thread 'tests::file_source_fails' (2872) panicked at src/tests.rs:649:31:
[INFO] [stdout] called `Result::unwrap()` on an `Err` value: Os { code: 30, kind: ReadOnlyFilesystem, message: "Read-only file system" }
[INFO] [stdout] stack backtrace:
[INFO] [stdout]    0:     0x5a5591ec8b91 - <<std[617be2ca0a6fd877]::sys::backtrace::BacktraceLock>::print::DisplayBacktrace as core[a373ad73a504971]::fmt::Display>::fmt
[INFO] [stdout]    1:     0x5a5591ee0f3a - core[a373ad73a504971]::fmt::write
[INFO] [stdout]    2:     0x5a5591ecf1dc - <alloc[2e1b2a31b91974c5]::vec::Vec<u8> as core[a373ad73a504971]::io::write::Write>::write_fmt
[INFO] [stdout]    3:     0x5a5591ea0776 - std[617be2ca0a6fd877]::panicking::default_hook::{closure#0}
[INFO] [stdout]    4:     0x5a5591ebec79 - std[617be2ca0a6fd877]::panicking::default_hook
[INFO] [stdout]    5:     0x5a5591e52c00 - test[aada8e7e76ba119b]::test_main_inner::{closure#0}
[INFO] [stdout]    6:     0x5a5591ebefa2 - std[617be2ca0a6fd877]::panicking::panic_with_hook
[INFO] [stdout]    7:     0x5a5591ea0822 - std[617be2ca0a6fd877]::panicking::panic_handler::{closure#0}
[INFO] [stdout]    8:     0x5a5591e98da9 - std[617be2ca0a6fd877]::sys::backtrace::__rust_end_short_backtrace::<std[617be2ca0a6fd877]::panicking::panic_handler::{closure#0}, !>
[INFO] [stdout]    9:     0x5a5591ea186d - __rustc[ea4f61d10b84890b]::rust_begin_unwind
[INFO] [stdout]   10:     0x5a5591ee171c - core[a373ad73a504971]::panicking::panic_fmt
[INFO] [stdout]   11:     0x5a5591ee14f2 - core[a373ad73a504971]::result::unwrap_failed
[INFO] [stdout]   12:     0x5a559194e9f5 - <dircpy[c40e3a77eb805316]::tests::file_source_fails::{closure#0} as core[a373ad73a504971]::ops::function::FnOnce<()>>::call_once
[INFO] [stdout]   13:     0x5a5591e4604b - test[aada8e7e76ba119b]::__rust_begin_short_backtrace::<core[a373ad73a504971]::result::Result<(), alloc[2e1b2a31b91974c5]::string::String>, fn() -> core[a373ad73a504971]::result::Result<(), alloc[2e1b2a31b91974c5]::string::String>>
[INFO] [stdout]   14:     0x5a5591e53225 - test[aada8e7e76ba119b]::run_test::{closure#0}
[INFO] [stdout]   15:     0x5a5591e4cb14 - std[617be2ca0a6fd877]::sys::backtrace::__rust_begin_short_backtrace::<test[aada8e7e76ba119b]::run_test::{closure#1}, ()>
[INFO] [stdout]   16:     0x5a5591e562b2 - <std[617be2ca0a6fd877]::thread::lifecycle::spawn_unchecked<test[aada8e7e76ba119b]::run_test::{closure#1}, ()>::{closure#1} as core[a373ad73a504971]::ops::function::FnOnce<()>>::call_once::{shim:vtable#0}
[INFO] [stdout]   17:     0x5a5591ec7a3f - <std[617be2ca0a6fd877]::sys::thread::unix::Thread>::new::thread_start
[INFO] [stdout]   18:     0x78bbe2414dfa - <unknown>
[INFO] [stdout]   19:     0x78bbe24a83d4 - clone
[INFO] [stdout]   20:                0x0 - <unknown>
[INFO] [stdout] 
[INFO] [stdout] ---- tests::overwrite_existing_symlink stdout ----
[INFO] [stdout] 
[INFO] [stdout] thread 'tests::overwrite_existing_symlink' (2878) panicked at src/tests.rs:438:32:
[INFO] [stdout] called `Result::unwrap()` on an `Err` value: Os { code: 30, kind: ReadOnlyFilesystem, message: "Read-only file system" }
[INFO] [stdout] stack backtrace:
[INFO] [stdout]    0:     0x5a5591ec8b91 - <<std[617be2ca0a6fd877]::sys::backtrace::BacktraceLock>::print::DisplayBacktrace as core[a373ad73a504971]::fmt::Display>::fmt
[INFO] [stdout]    1:     0x5a5591ee0f3a - core[a373ad73a504971]::fmt::write
[INFO] [stdout]    2:     0x5a5591ecf1dc - <alloc[2e1b2a31b91974c5]::vec::Vec<u8> as core[a373ad73a504971]::io::write::Write>::write_fmt
[INFO] [stdout]    3:     0x5a5591ea0776 - std[617be2ca0a6fd877]::panicking::default_hook::{closure#0}
[INFO] [stdout]    4:     0x5a5591ebec79 - std[617be2ca0a6fd877]::panicking::default_hook
[INFO] [stdout]    5:     0x5a5591e52c00 - test[aada8e7e76ba119b]::test_main_inner::{closure#0}
[INFO] [stdout]    6:     0x5a5591ebefa2 - std[617be2ca0a6fd877]::panicking::panic_with_hook
[INFO] [stdout]    7:     0x5a5591ea0822 - std[617be2ca0a6fd877]::panicking::panic_handler::{closure#0}
[INFO] [stdout]    8:     0x5a5591e98da9 - std[617be2ca0a6fd877]::sys::backtrace::__rust_end_short_backtrace::<std[617be2ca0a6fd877]::panicking::panic_handler::{closure#0}, !>
[INFO] [stdout]    9:     0x5a5591ea186d - __rustc[ea4f61d10b84890b]::rust_begin_unwind
[INFO] [stdout]   10:     0x5a5591ee171c - core[a373ad73a504971]::panicking::panic_fmt
[INFO] [stdout]   11:     0x5a5591ee14f2 - core[a373ad73a504971]::result::unwrap_failed
[INFO] [stdout]   12:     0x5a55919531ee - <dircpy[c40e3a77eb805316]::tests::overwrite_existing_symlink::{closure#0} as core[a373ad73a504971]::ops::function::FnOnce<()>>::call_once
[INFO] [stdout]   13:     0x5a5591e4604b - test[aada8e7e76ba119b]::__rust_begin_short_backtrace::<core[a373ad73a504971]::result::Result<(), alloc[2e1b2a31b91974c5]::string::String>, fn() -> core[a373ad73a504971]::result::Result<(), alloc[2e1b2a31b91974c5]::string::String>>
[INFO] [stdout]   14:     0x5a5591e53225 - test[aada8e7e76ba119b]::run_test::{closure#0}
[INFO] [stdout]   15:     0x5a5591e4cb14 - std[617be2ca0a6fd877]::sys::backtrace::__rust_begin_short_backtrace::<test[aada8e7e76ba119b]::run_test::{closure#1}, ()>
[INFO] [stdout]   16:     0x5a5591e562b2 - <std[617be2ca0a6fd877]::thread::lifecycle::spawn_unchecked<test[aada8e7e76ba119b]::run_test::{closure#1}, ()>::{closure#1} as core[a373ad73a504971]::ops::function::FnOnce<()>>::call_once::{shim:vtable#0}
[INFO] [stdout]   17:     0x5a5591ec7a3f - <std[617be2ca0a6fd877]::sys::thread::unix::Thread>::new::thread_start
[INFO] [stdout]   18:     0x78bbe2414dfa - <unknown>
[INFO] [stdout]   19:     0x78bbe24a83d4 - clone
[INFO] [stdout]   20:                0x0 - <unknown>
[INFO] [stdout] 
[INFO] [stdout] ---- tests::overwrite_all_with_conditional_flags stdout ----
[INFO] [stdout] 
[INFO] [stdout] thread 'tests::overwrite_all_with_conditional_flags' (2876) panicked at src/tests.rs:479:32:
[INFO] [stdout] called `Result::unwrap()` on an `Err` value: Os { code: 30, kind: ReadOnlyFilesystem, message: "Read-only file system" }
[INFO] [stdout] stack backtrace:
[INFO] [stdout]    0:     0x5a5591ec8b91 - <<std[617be2ca0a6fd877]::sys::backtrace::BacktraceLock>::print::DisplayBacktrace as core[a373ad73a504971]::fmt::Display>::fmt
[INFO] [stdout]    1:     0x5a5591ee0f3a - core[a373ad73a504971]::fmt::write
[INFO] [stdout]    2:     0x5a5591ecf1dc - <alloc[2e1b2a31b91974c5]::vec::Vec<u8> as core[a373ad73a504971]::io::write::Write>::write_fmt
[INFO] [stdout]    3:     0x5a5591ea0776 - std[617be2ca0a6fd877]::panicking::default_hook::{closure#0}
[INFO] [stdout]    4:     0x5a5591ebec79 - std[617be2ca0a6fd877]::panicking::default_hook
[INFO] [stdout]    5:     0x5a5591e52c00 - test[aada8e7e76ba119b]::test_main_inner::{closure#0}
[INFO] [stdout]    6:     0x5a5591ebefa2 - std[617be2ca0a6fd877]::panicking::panic_with_hook
[INFO] [stdout]    7:     0x5a5591ea0822 - std[617be2ca0a6fd877]::panicking::panic_handler::{closure#0}
[INFO] [stdout]    8:     0x5a5591e98da9 - std[617be2ca0a6fd877]::sys::backtrace::__rust_end_short_backtrace::<std[617be2ca0a6fd877]::panicking::panic_handler::{closure#0}, !>
[INFO] [stdout]    9:     0x5a5591ea186d - __rustc[ea4f61d10b84890b]::rust_begin_unwind
[INFO] [stdout]   10:     0x5a5591ee171c - core[a373ad73a504971]::panicking::panic_fmt
[INFO] [stdout]   11:     0x5a5591ee14f2 - core[a373ad73a504971]::result::unwrap_failed
[INFO] [stdout]   12:     0x5a55919585ea - <dircpy[c40e3a77eb805316]::tests::overwrite_all_with_conditional_flags::{closure#0} as core[a373ad73a504971]::ops::function::FnOnce<()>>::call_once
[INFO] [stdout]   13:     0x5a5591e4604b - test[aada8e7e76ba119b]::__rust_begin_short_backtrace::<core[a373ad73a504971]::result::Result<(), alloc[2e1b2a31b91974c5]::string::String>, fn() -> core[a373ad73a504971]::result::Result<(), alloc[2e1b2a31b91974c5]::string::String>>
[INFO] [stdout]   14:     0x5a5591e53225 - test[aada8e7e76ba119b]::run_test::{closure#0}
[INFO] [stdout]   15:     0x5a5591e4cb14 - std[617be2ca0a6fd877]::sys::backtrace::__rust_begin_short_backtrace::<test[aada8e7e76ba119b]::run_test::{closure#1}, ()>
[INFO] [stdout]   16:     0x5a5591e562b2 - <std[617be2ca0a6fd877]::thread::lifecycle::spawn_unchecked<test[aada8e7e76ba119b]::run_test::{closure#1}, ()>::{closure#1} as core[a373ad73a504971]::ops::function::FnOnce<()>>::call_once::{shim:vtable#0}
[INFO] [stdout]   17:     0x5a5591ec7a3f - <std[617be2ca0a6fd877]::sys::thread::unix::Thread>::new::thread_start
[INFO] [stdout]   18:     0x78bbe2414dfa - <unknown>
[INFO] [stdout]   19:     0x78bbe24a83d4 - clone
[INFO] [stdout]   20:                0x0 - <unknown>
[INFO] [stdout] 
[INFO] [stdout] ---- tests::progress_reports_all_entries stdout ----
[INFO] [stdout] 
[INFO] [stdout] thread 'tests::progress_reports_all_entries' (2881) panicked at src/tests.rs:903:65:
[INFO] [stdout] called `Result::unwrap()` on an `Err` value: Os { code: 30, kind: ReadOnlyFilesystem, message: "Read-only file system" }
[INFO] [stdout] stack backtrace:
[INFO] [stdout]    0:     0x5a5591ec8b91 - <<std[617be2ca0a6fd877]::sys::backtrace::BacktraceLock>::print::DisplayBacktrace as core[a373ad73a504971]::fmt::Display>::fmt
[INFO] [stdout]    1:     0x5a5591ee0f3a - core[a373ad73a504971]::fmt::write
[INFO] [stdout]    2:     0x5a5591ecf1dc - <alloc[2e1b2a31b91974c5]::vec::Vec<u8> as core[a373ad73a504971]::io::write::Write>::write_fmt
[INFO] [stdout]    3:     0x5a5591ea0776 - std[617be2ca0a6fd877]::panicking::default_hook::{closure#0}
[INFO] [stdout]    4:     0x5a5591ebec79 - std[617be2ca0a6fd877]::panicking::default_hook
[INFO] [stdout]    5:     0x5a5591e52c00 - test[aada8e7e76ba119b]::test_main_inner::{closure#0}
[INFO] [stdout]    6:     0x5a5591ebefa2 - std[617be2ca0a6fd877]::panicking::panic_with_hook
[INFO] [stdout]    7:     0x5a5591ea0822 - std[617be2ca0a6fd877]::panicking::panic_handler::{closure#0}
[INFO] [stdout]    8:     0x5a5591e98da9 - std[617be2ca0a6fd877]::sys::backtrace::__rust_end_short_backtrace::<std[617be2ca0a6fd877]::panicking::panic_handler::{closure#0}, !>
[INFO] [stdout]    9:     0x5a5591ea186d - __rustc[ea4f61d10b84890b]::rust_begin_unwind
[INFO] [stdout]   10:     0x5a5591ee171c - core[a373ad73a504971]::panicking::panic_fmt
[INFO] [stdout]   11:     0x5a5591ee14f2 - core[a373ad73a504971]::result::unwrap_failed
[INFO] [stdout]   12:     0x5a5591949ab6 - dircpy[c40e3a77eb805316]::tests::create_tree
[INFO] [stdout]   13:     0x5a55919566a1 - <dircpy[c40e3a77eb805316]::tests::progress_reports_all_entries::{closure#0} as core[a373ad73a504971]::ops::function::FnOnce<()>>::call_once
[INFO] [stdout]   14:     0x5a5591e4604b - test[aada8e7e76ba119b]::__rust_begin_short_backtrace::<core[a373ad73a504971]::result::Result<(), alloc[2e1b2a31b91974c5]::string::String>, fn() -> core[a373ad73a504971]::result::Result<(), alloc[2e1b2a31b91974c5]::string::String>>
[INFO] [stdout]   15:     0x5a5591e53225 - test[aada8e7e76ba119b]::run_test::{closure#0}
[INFO] [stdout]   16:     0x5a5591e4cb14 - std[617be2ca0a6fd877]::sys::backtrace::__rust_begin_short_backtrace::<test[aada8e7e76ba119b]::run_test::{closure#1}, ()>
[INFO] [stdout]   17:     0x5a5591e562b2 - <std[617be2ca0a6fd877]::thread::lifecycle::spawn_unchecked<test[aada8e7e76ba119b]::run_test::{closure#1}, ()>::{closure#1} as core[a373ad73a504971]::ops::function::FnOnce<()>>::call_once::{shim:vtable#0}
[INFO] [stdout]   18:     0x5a5591ec7a3f - <std[617be2ca0a6fd877]::sys::thread::unix::Thread>::new::thread_start
[INFO] [stdout]   19:     0x78bbe2414dfa - <unknown>
[INFO] [stdout]   20:     0x78bbe24a83d4 - clone
[INFO] [stdout]   21:                0x0 - <unknown>
[INFO] [stdout] 
[INFO] [stdout] ---- tests::filters_match_relative_path stdout ----
[INFO] [stdout] 
[INFO] [stdout] thread 'tests::filters_match_relative_path' (2874) panicked at src/tests.rs:594:49:
[INFO] [stdout] called `Result::unwrap()` on an `Err` value: Os { code: 30, kind: ReadOnlyFilesystem, message: "Read-only file system" }
[INFO] [stdout] stack backtrace:
[INFO] [stdout]    0:     0x5a5591ec8b91 - <<std[617be2ca0a6fd877]::sys::backtrace::BacktraceLock>::print::DisplayBacktrace as core[a373ad73a504971]::fmt::Display>::fmt
[INFO] [stdout]    1:     0x5a5591ee0f3a - core[a373ad73a504971]::fmt::write
[INFO] [stdout]    2:     0x5a5591ecf1dc - <alloc[2e1b2a31b91974c5]::vec::Vec<u8> as core[a373ad73a504971]::io::write::Write>::write_fmt
[INFO] [stdout]    3:     0x5a5591ea0776 - std[617be2ca0a6fd877]::panicking::default_hook::{closure#0}
[INFO] [stdout]    4:     0x5a5591ebec79 - std[617be2ca0a6fd877]::panicking::default_hook
[INFO] [stdout]    5:     0x5a5591e52c00 - test[aada8e7e76ba119b]::test_main_inner::{closure#0}
[INFO] [stdout]    6:     0x5a5591ebefa2 - std[617be2ca0a6fd877]::panicking::panic_with_hook
[INFO] [stdout]    7:     0x5a5591ea0822 - std[617be2ca0a6fd877]::panicking::panic_handler::{closure#0}
[INFO] [stdout]    8:     0x5a5591e98da9 - std[617be2ca0a6fd877]::sys::backtrace::__rust_end_short_backtrace::<std[617be2ca0a6fd877]::panicking::panic_handler::{closure#0}, !>
[INFO] [stdout]    9:     0x5a5591ea186d - __rustc[ea4f61d10b84890b]::rust_begin_unwind
[INFO] [stderr] error: test failed, to rerun pass `--lib`
[INFO] [stdout]   10:     0x5a5591ee171c - core[a373ad73a504971]::panicking::panic_fmt
[INFO] [stdout]   11:     0x5a5591ee14f2 - core[a373ad73a504971]::result::unwrap_failed
[INFO] [stdout]   12:     0x5a5591953fd8 - <dircpy[c40e3a77eb805316]::tests::filters_match_relative_path::{closure#0} as core[a373ad73a504971]::ops::function::FnOnce<()>>::call_once
[INFO] [stdout]   13:     0x5a5591e4604b - test[aada8e7e76ba119b]::__rust_begin_short_backtrace::<core[a373ad73a504971]::result::Result<(), alloc[2e1b2a31b91974c5]::string::String>, fn() -> core[a373ad73a504971]::result::Result<(), alloc[2e1b2a31b91974c5]::string::String>>
[INFO] [stdout]   14:     0x5a5591e53225 - test[aada8e7e76ba119b]::run_test::{closure#0}
[INFO] [stdout]   15:     0x5a5591e4cb14 - std[617be2ca0a6fd877]::sys::backtrace::__rust_begin_short_backtrace::<test[aada8e7e76ba119b]::run_test::{closure#1}, ()>
[INFO] [stdout]   16:     0x5a5591e562b2 - <std[617be2ca0a6fd877]::thread::lifecycle::spawn_unchecked<test[aada8e7e76ba119b]::run_test::{closure#1}, ()>::{closure#1} as core[a373ad73a504971]::ops::function::FnOnce<()>>::call_once::{shim:vtable#0}
[INFO] [stdout]   17:     0x5a5591ec7a3f - <std[617be2ca0a6fd877]::sys::thread::unix::Thread>::new::thread_start
[INFO] [stdout]   18:     0x78bbe2414dfa - <unknown>
[INFO] [stdout]   19:     0x78bbe24a83d4 - clone
[INFO] [stdout]   20:                0x0 - <unknown>
[INFO] [stdout] 
[INFO] [stdout] ---- tests::copy_overwrite stdout ----
[INFO] [stdout] 
[INFO] [stdout] thread 'tests::copy_overwrite' (2867) panicked at src/tests.rs:89:32:
[INFO] [stdout] called `Result::unwrap()` on an `Err` value: Os { code: 30, kind: ReadOnlyFilesystem, message: "Read-only file system" }
[INFO] [stdout] stack backtrace:
[INFO] [stdout]    0:     0x5a5591ec8b91 - <<std[617be2ca0a6fd877]::sys::backtrace::BacktraceLock>::print::DisplayBacktrace as core[a373ad73a504971]::fmt::Display>::fmt
[INFO] [stdout]    1:     0x5a5591ee0f3a - core[a373ad73a504971]::fmt::write
[INFO] [stdout]    2:     0x5a5591ecf1dc - <alloc[2e1b2a31b91974c5]::vec::Vec<u8> as core[a373ad73a504971]::io::write::Write>::write_fmt
[INFO] [stdout]    3:     0x5a5591ea0776 - std[617be2ca0a6fd877]::panicking::default_hook::{closure#0}
[INFO] [stdout]    4:     0x5a5591ebec79 - std[617be2ca0a6fd877]::panicking::default_hook
[INFO] [stdout]    5:     0x5a5591e52c00 - test[aada8e7e76ba119b]::test_main_inner::{closure#0}
[INFO] [stdout]    6:     0x5a5591ebefa2 - std[617be2ca0a6fd877]::panicking::panic_with_hook
[INFO] [stdout]    7:     0x5a5591ea0822 - std[617be2ca0a6fd877]::panicking::panic_handler::{closure#0}
[INFO] [stdout]    8:     0x5a5591e98da9 - std[617be2ca0a6fd877]::sys::backtrace::__rust_end_short_backtrace::<std[617be2ca0a6fd877]::panicking::panic_handler::{closure#0}, !>
[INFO] [stdout]    9:     0x5a5591ea186d - __rustc[ea4f61d10b84890b]::rust_begin_unwind
[INFO] [stdout]   10:     0x5a5591ee171c - core[a373ad73a504971]::panicking::panic_fmt
[INFO] [stdout]   11:     0x5a5591ee14f2 - core[a373ad73a504971]::result::unwrap_failed
[INFO] [stdout]   12:     0x5a559194e355 - <dircpy[c40e3a77eb805316]::tests::copy_overwrite::{closure#0} as core[a373ad73a504971]::ops::function::FnOnce<()>>::call_once
[INFO] [stdout]   13:     0x5a5591e4604b - test[aada8e7e76ba119b]::__rust_begin_short_backtrace::<core[a373ad73a504971]::result::Result<(), alloc[2e1b2a31b91974c5]::string::String>, fn() -> core[a373ad73a504971]::result::Result<(), alloc[2e1b2a31b91974c5]::string::String>>
[INFO] [stdout]   14:     0x5a5591e53225 - test[aada8e7e76ba119b]::run_test::{closure#0}
[INFO] [stdout]   15:     0x5a5591e4cb14 - std[617be2ca0a6fd877]::sys::backtrace::__rust_begin_short_backtrace::<test[aada8e7e76ba119b]::run_test::{closure#1}, ()>
[INFO] [stdout]   16:     0x5a5591e562b2 - <std[617be2ca0a6fd877]::thread::lifecycle::spawn_unchecked<test[aada8e7e76ba119b]::run_test::{closure#1}, ()>::{closure#1} as core[a373ad73a504971]::ops::function::FnOnce<()>>::call_once::{shim:vtable#0}
[INFO] [stdout]   17:     0x5a5591ec7a3f - <std[617be2ca0a6fd877]::sys::thread::unix::Thread>::new::thread_start
[INFO] [stdout]   18:     0x78bbe2414dfa - <unknown>
[INFO] [stdout]   19:     0x78bbe24a83d4 - clone
[INFO] [stdout]   20:                0x0 - <unknown>
[INFO] [stdout] 
[INFO] [stdout] ---- tests::run_par_returns_errors stdout ----
[INFO] [stdout] 
[INFO] [stdout] thread 'tests::run_par_returns_errors' (2883) panicked at src/tests.rs:903:65:
[INFO] [stdout] called `Result::unwrap()` on an `Err` value: Os { code: 30, kind: ReadOnlyFilesystem, message: "Read-only file system" }
[INFO] [stdout] stack backtrace:
[INFO] [stdout]    0:     0x5a5591ec8b91 - <<std[617be2ca0a6fd877]::sys::backtrace::BacktraceLock>::print::DisplayBacktrace as core[a373ad73a504971]::fmt::Display>::fmt
[INFO] [stdout]    1:     0x5a5591ee0f3a - core[a373ad73a504971]::fmt::write
[INFO] [stdout]    2:     0x5a5591ecf1dc - <alloc[2e1b2a31b91974c5]::vec::Vec<u8> as core[a373ad73a504971]::io::write::Write>::write_fmt
[INFO] [stdout]    3:     0x5a5591ea0776 - std[617be2ca0a6fd877]::panicking::default_hook::{closure#0}
[INFO] [stdout]    4:     0x5a5591ebec79 - std[617be2ca0a6fd877]::panicking::default_hook
[INFO] [stdout]    5:     0x5a5591e52c00 - test[aada8e7e76ba119b]::test_main_inner::{closure#0}
[INFO] [stdout]    6:     0x5a5591ebefa2 - std[617be2ca0a6fd877]::panicking::panic_with_hook
[INFO] [stdout]    7:     0x5a5591ea0822 - std[617be2ca0a6fd877]::panicking::panic_handler::{closure#0}
[INFO] [stdout]    8:     0x5a5591e98da9 - std[617be2ca0a6fd877]::sys::backtrace::__rust_end_short_backtrace::<std[617be2ca0a6fd877]::panicking::panic_handler::{closure#0}, !>
[INFO] [stdout]    9:     0x5a5591ea186d - __rustc[ea4f61d10b84890b]::rust_begin_unwind
[INFO] [stdout]   10:     0x5a5591ee171c - core[a373ad73a504971]::panicking::panic_fmt
[INFO] [stdout]   11:     0x5a5591ee14f2 - core[a373ad73a504971]::result::unwrap_failed
[INFO] [stdout]   12:     0x5a5591949ab6 - dircpy[c40e3a77eb805316]::tests::create_tree
[INFO] [stdout]   13:     0x5a5591951e05 - <dircpy[c40e3a77eb805316]::tests::run_par_returns_errors::{closure#0} as core[a373ad73a504971]::ops::function::FnOnce<()>>::call_once
[INFO] [stdout]   14:     0x5a5591e4604b - test[aada8e7e76ba119b]::__rust_begin_short_backtrace::<core[a373ad73a504971]::result::Result<(), alloc[2e1b2a31b91974c5]::string::String>, fn() -> core[a373ad73a504971]::result::Result<(), alloc[2e1b2a31b91974c5]::string::String>>
[INFO] [stdout]   15:     0x5a5591e53225 - test[aada8e7e76ba119b]::run_test::{closure#0}
[INFO] [stdout]   16:     0x5a5591e4cb14 - std[617be2ca0a6fd877]::sys::backtrace::__rust_begin_short_backtrace::<test[aada8e7e76ba119b]::run_test::{closure#1}, ()>
[INFO] [stdout]   17:     0x5a5591e562b2 - <std[617be2ca0a6fd877]::thread::lifecycle::spawn_unchecked<test[aada8e7e76ba119b]::run_test::{closure#1}, ()>::{closure#1} as core[a373ad73a504971]::ops::function::FnOnce<()>>::call_once::{shim:vtable#0}
[INFO] [stdout]   18:     0x5a5591ec7a3f - <std[617be2ca0a6fd877]::sys::thread::unix::Thread>::new::thread_start
[INFO] [stdout]   19:     0x78bbe2414dfa - <unknown>
[INFO] [stdout]   20:     0x78bbe24a83d4 - clone
[INFO] [stdout]   21:                0x0 - <unknown>
[INFO] [stdout] 
[INFO] [stdout] ---- tests::unreadable_source_dir_fails stdout ----
[INFO] [stdout] 
[INFO] [stdout] thread 'tests::unreadable_source_dir_fails' (2885) panicked at src/tests.rs:567:29:
[INFO] [stdout] called `Result::unwrap()` on an `Err` value: Os { code: 30, kind: ReadOnlyFilesystem, message: "Read-only file system" }
[INFO] [stdout] stack backtrace:
[INFO] [stdout]    0:     0x5a5591ec8b91 - <<std[617be2ca0a6fd877]::sys::backtrace::BacktraceLock>::print::DisplayBacktrace as core[a373ad73a504971]::fmt::Display>::fmt
[INFO] [stdout]    1:     0x5a5591ee0f3a - core[a373ad73a504971]::fmt::write
[INFO] [stdout]    2:     0x5a5591ecf1dc - <alloc[2e1b2a31b91974c5]::vec::Vec<u8> as core[a373ad73a504971]::io::write::Write>::write_fmt
[INFO] [stdout]    3:     0x5a5591ea0776 - std[617be2ca0a6fd877]::panicking::default_hook::{closure#0}
[INFO] [stdout]    4:     0x5a5591ebec79 - std[617be2ca0a6fd877]::panicking::default_hook
[INFO] [stdout]    5:     0x5a5591e52c00 - test[aada8e7e76ba119b]::test_main_inner::{closure#0}
[INFO] [stdout]    6:     0x5a5591ebefa2 - std[617be2ca0a6fd877]::panicking::panic_with_hook
[INFO] [stdout]    7:     0x5a5591ea0822 - std[617be2ca0a6fd877]::panicking::panic_handler::{closure#0}
[INFO] [stdout]    8:     0x5a5591e98da9 - std[617be2ca0a6fd877]::sys::backtrace::__rust_end_short_backtrace::<std[617be2ca0a6fd877]::panicking::panic_handler::{closure#0}, !>
[INFO] [stdout]    9:     0x5a5591ea186d - __rustc[ea4f61d10b84890b]::rust_begin_unwind
[INFO] [stdout]   10:     0x5a5591ee171c - core[a373ad73a504971]::panicking::panic_fmt
[INFO] [stdout]   11:     0x5a5591ee14f2 - core[a373ad73a504971]::result::unwrap_failed
[INFO] [stdout]   12:     0x5a55919547d1 - <dircpy[c40e3a77eb805316]::tests::unreadable_source_dir_fails::{closure#0} as core[a373ad73a504971]::ops::function::FnOnce<()>>::call_once
[INFO] [stdout]   13:     0x5a5591e4604b - test[aada8e7e76ba119b]::__rust_begin_short_backtrace::<core[a373ad73a504971]::result::Result<(), alloc[2e1b2a31b91974c5]::string::String>, fn() -> core[a373ad73a504971]::result::Result<(), alloc[2e1b2a31b91974c5]::string::String>>
[INFO] [stdout]   14:     0x5a5591e53225 - test[aada8e7e76ba119b]::run_test::{closure#0}
[INFO] [stdout]   15:     0x5a5591e4cb14 - std[617be2ca0a6fd877]::sys::backtrace::__rust_begin_short_backtrace::<test[aada8e7e76ba119b]::run_test::{closure#1}, ()>
[INFO] [stdout]   16:     0x5a5591e562b2 - <std[617be2ca0a6fd877]::thread::lifecycle::spawn_unchecked<test[aada8e7e76ba119b]::run_test::{closure#1}, ()>::{closure#1} as core[a373ad73a504971]::ops::function::FnOnce<()>>::call_once::{shim:vtable#0}
[INFO] [stdout]   17:     0x5a5591ec7a3f - <std[617be2ca0a6fd877]::sys::thread::unix::Thread>::new::thread_start
[INFO] [stdout]   18:     0x78bbe2414dfa - <unknown>
[INFO] [stdout]   19:     0x78bbe24a83d4 - clone
[INFO] [stdout]   20:                0x0 - <unknown>
[INFO] [stdout] 
[INFO] [stdout] ---- tests::skip_special_files stdout ----
[INFO] [stdout] 
[INFO] [stdout] thread 'tests::skip_special_files' (2884) panicked at src/tests.rs:524:32:
[INFO] [stdout] called `Result::unwrap()` on an `Err` value: Os { code: 30, kind: ReadOnlyFilesystem, message: "Read-only file system" }
[INFO] [stdout] stack backtrace:
[INFO] [stdout]    0:     0x5a5591ec8b91 - <<std[617be2ca0a6fd877]::sys::backtrace::BacktraceLock>::print::DisplayBacktrace as core[a373ad73a504971]::fmt::Display>::fmt
[INFO] [stdout]    1:     0x5a5591ee0f3a - core[a373ad73a504971]::fmt::write
[INFO] [stdout]    2:     0x5a5591ecf1dc - <alloc[2e1b2a31b91974c5]::vec::Vec<u8> as core[a373ad73a504971]::io::write::Write>::write_fmt
[INFO] [stdout]    3:     0x5a5591ea0776 - std[617be2ca0a6fd877]::panicking::default_hook::{closure#0}
[INFO] [stdout]    4:     0x5a5591ebec79 - std[617be2ca0a6fd877]::panicking::default_hook
[INFO] [stdout]    5:     0x5a5591e52c00 - test[aada8e7e76ba119b]::test_main_inner::{closure#0}
[INFO] [stdout]    6:     0x5a5591ebefa2 - std[617be2ca0a6fd877]::panicking::panic_with_hook
[INFO] [stdout]    7:     0x5a5591ea0822 - std[617be2ca0a6fd877]::panicking::panic_handler::{closure#0}
[INFO] [stdout]    8:     0x5a5591e98da9 - std[617be2ca0a6fd877]::sys::backtrace::__rust_end_short_backtrace::<std[617be2ca0a6fd877]::panicking::panic_handler::{closure#0}, !>
[INFO] [stdout]    9:     0x5a5591ea186d - __rustc[ea4f61d10b84890b]::rust_begin_unwind
[INFO] [stdout]   10:     0x5a5591ee171c - core[a373ad73a504971]::panicking::panic_fmt
[INFO] [stdout]   11:     0x5a5591ee14f2 - core[a373ad73a504971]::result::unwrap_failed
[INFO] [stdout]   12:     0x5a559194f6e2 - <dircpy[c40e3a77eb805316]::tests::skip_special_files::{closure#0} as core[a373ad73a504971]::ops::function::FnOnce<()>>::call_once
[INFO] [stdout]   13:     0x5a5591e4604b - test[aada8e7e76ba119b]::__rust_begin_short_backtrace::<core[a373ad73a504971]::result::Result<(), alloc[2e1b2a31b91974c5]::string::String>, fn() -> core[a373ad73a504971]::result::Result<(), alloc[2e1b2a31b91974c5]::string::String>>
[INFO] [stdout]   14:     0x5a5591e53225 - test[aada8e7e76ba119b]::run_test::{closure#0}
[INFO] [stdout]   15:     0x5a5591e4cb14 - std[617be2ca0a6fd877]::sys::backtrace::__rust_begin_short_backtrace::<test[aada8e7e76ba119b]::run_test::{closure#1}, ()>
[INFO] [stdout]   16:     0x5a5591e562b2 - <std[617be2ca0a6fd877]::thread::lifecycle::spawn_unchecked<test[aada8e7e76ba119b]::run_test::{closure#1}, ()>::{closure#1} as core[a373ad73a504971]::ops::function::FnOnce<()>>::call_once::{shim:vtable#0}
[INFO] [stdout]   17:     0x5a5591ec7a3f - <std[617be2ca0a6fd877]::sys::thread::unix::Thread>::new::thread_start
[INFO] [stdout]   18:     0x78bbe2414dfa - <unknown>
[INFO] [stdout]   19:     0x78bbe24a83d4 - clone
[INFO] [stdout]   20:                0x0 - <unknown>
[INFO] [stdout] 
[INFO] [stdout] ---- tests::run_par_copies_like_run stdout ----
[INFO] [stdout] 
[INFO] [stdout] thread 'tests::run_par_copies_like_run' (2882) panicked at src/tests.rs:903:65:
[INFO] [stdout] called `Result::unwrap()` on an `Err` value: Os { code: 30, kind: ReadOnlyFilesystem, message: "Read-only file system" }
[INFO] [stdout] stack backtrace:
[INFO] [stdout]    0:     0x5a5591ec8b91 - <<std[617be2ca0a6fd877]::sys::backtrace::BacktraceLock>::print::DisplayBacktrace as core[a373ad73a504971]::fmt::Display>::fmt
[INFO] [stdout]    1:     0x5a5591ee0f3a - core[a373ad73a504971]::fmt::write
[INFO] [stdout]    2:     0x5a5591ecf1dc - <alloc[2e1b2a31b91974c5]::vec::Vec<u8> as core[a373ad73a504971]::io::write::Write>::write_fmt
[INFO] [stdout]    3:     0x5a5591ea0776 - std[617be2ca0a6fd877]::panicking::default_hook::{closure#0}
[INFO] [stdout]    4:     0x5a5591ebec79 - std[617be2ca0a6fd877]::panicking::default_hook
[INFO] [stdout]    5:     0x5a5591e52c00 - test[aada8e7e76ba119b]::test_main_inner::{closure#0}
[INFO] [stdout]    6:     0x5a5591ebefa2 - std[617be2ca0a6fd877]::panicking::panic_with_hook
[INFO] [stdout]    7:     0x5a5591ea0822 - std[617be2ca0a6fd877]::panicking::panic_handler::{closure#0}
[INFO] [stdout]    8:     0x5a5591e98da9 - std[617be2ca0a6fd877]::sys::backtrace::__rust_end_short_backtrace::<std[617be2ca0a6fd877]::panicking::panic_handler::{closure#0}, !>
[INFO] [stdout]    9:     0x5a5591ea186d - __rustc[ea4f61d10b84890b]::rust_begin_unwind
[INFO] [stdout]   10:     0x5a5591ee171c - core[a373ad73a504971]::panicking::panic_fmt
[INFO] [stdout]   11:     0x5a5591ee14f2 - core[a373ad73a504971]::result::unwrap_failed
[INFO] [stdout]   12:     0x5a5591949ab6 - dircpy[c40e3a77eb805316]::tests::create_tree
[INFO] [stdout]   13:     0x5a55919523d9 - <dircpy[c40e3a77eb805316]::tests::run_par_copies_like_run::{closure#0} as core[a373ad73a504971]::ops::function::FnOnce<()>>::call_once
[INFO] [stdout]   14:     0x5a5591e4604b - test[aada8e7e76ba119b]::__rust_begin_short_backtrace::<core[a373ad73a504971]::result::Result<(), alloc[2e1b2a31b91974c5]::string::String>, fn() -> core[a373ad73a504971]::result::Result<(), alloc[2e1b2a31b91974c5]::string::String>>
[INFO] [stdout]   15:     0x5a5591e53225 - test[aada8e7e76ba119b]::run_test::{closure#0}
[INFO] [stdout]   16:     0x5a5591e4cb14 - std[617be2ca0a6fd877]::sys::backtrace::__rust_begin_short_backtrace::<test[aada8e7e76ba119b]::run_test::{closure#1}, ()>
[INFO] [stdout]   17:     0x5a5591e562b2 - <std[617be2ca0a6fd877]::thread::lifecycle::spawn_unchecked<test[aada8e7e76ba119b]::run_test::{closure#1}, ()>::{closure#1} as core[a373ad73a504971]::ops::function::FnOnce<()>>::call_once::{shim:vtable#0}
[INFO] [stdout]   18:     0x5a5591ec7a3f - <std[617be2ca0a6fd877]::sys::thread::unix::Thread>::new::thread_start
[INFO] [stdout]   19:     0x78bbe2414dfa - <unknown>
[INFO] [stdout]   20:     0x78bbe24a83d4 - clone
[INFO] [stdout]   21:                0x0 - <unknown>
[INFO] [stdout] 
[INFO] [stdout] ---- tests::overwrite_or_size_differs_not_newer stdout ----
[INFO] [stdout] 
[INFO] [stdout] thread 'tests::overwrite_or_size_differs_not_newer' (2880) panicked at src/tests.rs:298:33:
[INFO] [stdout] called `Result::unwrap()` on an `Err` value: Os { code: 30, kind: ReadOnlyFilesystem, message: "Read-only file system" }
[INFO] [stdout] stack backtrace:
[INFO] [stdout]    0:     0x5a5591ec8b91 - <<std[617be2ca0a6fd877]::sys::backtrace::BacktraceLock>::print::DisplayBacktrace as core[a373ad73a504971]::fmt::Display>::fmt
[INFO] [stdout]    1:     0x5a5591ee0f3a - core[a373ad73a504971]::fmt::write
[INFO] [stdout]    2:     0x5a5591ecf1dc - <alloc[2e1b2a31b91974c5]::vec::Vec<u8> as core[a373ad73a504971]::io::write::Write>::write_fmt
[INFO] [stdout]    3:     0x5a5591ea0776 - std[617be2ca0a6fd877]::panicking::default_hook::{closure#0}
[INFO] [stdout]    4:     0x5a5591ebec79 - std[617be2ca0a6fd877]::panicking::default_hook
[INFO] [stdout]    5:     0x5a5591e52c00 - test[aada8e7e76ba119b]::test_main_inner::{closure#0}
[INFO] [stdout]    6:     0x5a5591ebefa2 - std[617be2ca0a6fd877]::panicking::panic_with_hook
[INFO] [stdout]    7:     0x5a5591ea0822 - std[617be2ca0a6fd877]::panicking::panic_handler::{closure#0}
[INFO] [stdout]    8:     0x5a5591e98da9 - std[617be2ca0a6fd877]::sys::backtrace::__rust_end_short_backtrace::<std[617be2ca0a6fd877]::panicking::panic_handler::{closure#0}, !>
[INFO] [stdout]    9:     0x5a5591ea186d - __rustc[ea4f61d10b84890b]::rust_begin_unwind
[INFO] [stdout]   10:     0x5a5591ee171c - core[a373ad73a504971]::panicking::panic_fmt
[INFO] [stdout]   11:     0x5a5591ee14f2 - core[a373ad73a504971]::result::unwrap_failed
[INFO] [stdout]   12:     0x5a5591957baf - <dircpy[c40e3a77eb805316]::tests::overwrite_or_size_differs_not_newer::{closure#0} as core[a373ad73a504971]::ops::function::FnOnce<()>>::call_once
[INFO] [stdout]   13:     0x5a5591e4604b - test[aada8e7e76ba119b]::__rust_begin_short_backtrace::<core[a373ad73a504971]::result::Result<(), alloc[2e1b2a31b91974c5]::string::String>, fn() -> core[a373ad73a504971]::result::Result<(), alloc[2e1b2a31b91974c5]::string::String>>
[INFO] [stdout]   14:     0x5a5591e53225 - test[aada8e7e76ba119b]::run_test::{closure#0}
[INFO] [stdout]   15:     0x5a5591e4cb14 - std[617be2ca0a6fd877]::sys::backtrace::__rust_begin_short_backtrace::<test[aada8e7e76ba119b]::run_test::{closure#1}, ()>
[INFO] [stdout]   16:     0x5a5591e562b2 - <std[617be2ca0a6fd877]::thread::lifecycle::spawn_unchecked<test[aada8e7e76ba119b]::run_test::{closure#1}, ()>::{closure#1} as core[a373ad73a504971]::ops::function::FnOnce<()>>::call_once::{shim:vtable#0}
[INFO] [stdout]   17:     0x5a5591ec7a3f - <std[617be2ca0a6fd877]::sys::thread::unix::Thread>::new::thread_start
[INFO] [stdout]   18:     0x78bbe2414dfa - <unknown>
[INFO] [stdout]   19:     0x78bbe24a83d4 - clone
[INFO] [stdout]   20:                0x0 - <unknown>
[INFO] [stdout] 
[INFO] [stdout] ---- tests::copy_cargo stdout ----
[INFO] [stdout] 
[INFO] [stdout] thread 'tests::copy_cargo' (2860) panicked at src/tests.rs:206:48:
[INFO] [stdout] called `Result::unwrap()` on an `Err` value: reqwest::Error { kind: Request, url: "https://github.com/rust-lang/cargo/archive/master.zip", source: hyper_util::client::legacy::Error(Connect, ConnectError("dns error", Custom { kind: Uncategorized, error: "failed to lookup address information: Temporary failure in name resolution" })) }
[INFO] [stdout] stack backtrace:
[INFO] [stdout]    0:     0x5a5591ec8b91 - <<std[617be2ca0a6fd877]::sys::backtrace::BacktraceLock>::print::DisplayBacktrace as core[a373ad73a504971]::fmt::Display>::fmt
[INFO] [stdout]    1:     0x5a5591ee0f3a - core[a373ad73a504971]::fmt::write
[INFO] [stdout]    2:     0x5a5591ecf1dc - <alloc[2e1b2a31b91974c5]::vec::Vec<u8> as core[a373ad73a504971]::io::write::Write>::write_fmt
[INFO] [stdout]    3:     0x5a5591ea0776 - std[617be2ca0a6fd877]::panicking::default_hook::{closure#0}
[INFO] [stdout]    4:     0x5a5591ebec79 - std[617be2ca0a6fd877]::panicking::default_hook
[INFO] [stdout]    5:     0x5a5591e52c00 - test[aada8e7e76ba119b]::test_main_inner::{closure#0}
[INFO] [stdout]    6:     0x5a5591ebefa2 - std[617be2ca0a6fd877]::panicking::panic_with_hook
[INFO] [stdout]    7:     0x5a5591ea0822 - std[617be2ca0a6fd877]::panicking::panic_handler::{closure#0}
[INFO] [stdout]    8:     0x5a5591e98da9 - std[617be2ca0a6fd877]::sys::backtrace::__rust_end_short_backtrace::<std[617be2ca0a6fd877]::panicking::panic_handler::{closure#0}, !>
[INFO] [stdout]    9:     0x5a5591ea186d - __rustc[ea4f61d10b84890b]::rust_begin_unwind
[INFO] [stdout]   10:     0x5a5591ee171c - core[a373ad73a504971]::panicking::panic_fmt
[INFO] [stdout]   11:     0x5a5591ee14f2 - core[a373ad73a504971]::result::unwrap_failed
[INFO] [stdout]   12:     0x5a559194c57c - <dircpy[c40e3a77eb805316]::tests::copy_cargo::{closure#0} as core[a373ad73a504971]::ops::function::FnOnce<()>>::call_once
[INFO] [stdout]   13:     0x5a5591e4604b - test[aada8e7e76ba119b]::__rust_begin_short_backtrace::<core[a373ad73a504971]::result::Result<(), alloc[2e1b2a31b91974c5]::string::String>, fn() -> core[a373ad73a504971]::result::Result<(), alloc[2e1b2a31b91974c5]::string::String>>
[INFO] [stdout]   14:     0x5a5591e53225 - test[aada8e7e76ba119b]::run_test::{closure#0}
[INFO] [stdout]   15:     0x5a5591e4cb14 - std[617be2ca0a6fd877]::sys::backtrace::__rust_begin_short_backtrace::<test[aada8e7e76ba119b]::run_test::{closure#1}, ()>
[INFO] [stdout]   16:     0x5a5591e562b2 - <std[617be2ca0a6fd877]::thread::lifecycle::spawn_unchecked<test[aada8e7e76ba119b]::run_test::{closure#1}, ()>::{closure#1} as core[a373ad73a504971]::ops::function::FnOnce<()>>::call_once::{shim:vtable#0}
[INFO] [stdout]   17:     0x5a5591ec7a3f - <std[617be2ca0a6fd877]::sys::thread::unix::Thread>::new::thread_start
[INFO] [stdout]   18:     0x78bbe2414dfa - <unknown>
[INFO] [stdout]   19:     0x78bbe24a83d4 - clone
[INFO] [stdout]   20:                0x0 - <unknown>
[INFO] [stdout] 
[INFO] [stdout] ---- tests::copy_cargo_progress stdout ----
[INFO] [stdout] 
[INFO] [stdout] thread 'tests::copy_cargo_progress' (2861) panicked at src/tests.rs:250:48:
[INFO] [stdout] called `Result::unwrap()` on an `Err` value: reqwest::Error { kind: Request, url: "https://github.com/rust-lang/cargo/archive/master.zip", source: hyper_util::client::legacy::Error(Connect, ConnectError("dns error", Custom { kind: Uncategorized, error: "failed to lookup address information: Temporary failure in name resolution" })) }
[INFO] [stdout] stack backtrace:
[INFO] [stdout]    0:     0x5a5591ec8b91 - <<std[617be2ca0a6fd877]::sys::backtrace::BacktraceLock>::print::DisplayBacktrace as core[a373ad73a504971]::fmt::Display>::fmt
[INFO] [stdout]    1:     0x5a5591ee0f3a - core[a373ad73a504971]::fmt::write
[INFO] [stdout]    2:     0x5a5591ecf1dc - <alloc[2e1b2a31b91974c5]::vec::Vec<u8> as core[a373ad73a504971]::io::write::Write>::write_fmt
[INFO] [stdout]    3:     0x5a5591ea0776 - std[617be2ca0a6fd877]::panicking::default_hook::{closure#0}
[INFO] [stdout]    4:     0x5a5591ebec79 - std[617be2ca0a6fd877]::panicking::default_hook
[INFO] [stdout]    5:     0x5a5591e52c00 - test[aada8e7e76ba119b]::test_main_inner::{closure#0}
[INFO] [stdout]    6:     0x5a5591ebefa2 - std[617be2ca0a6fd877]::panicking::panic_with_hook
[INFO] [stdout]    7:     0x5a5591ea0822 - std[617be2ca0a6fd877]::panicking::panic_handler::{closure#0}
[INFO] [stdout]    8:     0x5a5591e98da9 - std[617be2ca0a6fd877]::sys::backtrace::__rust_end_short_backtrace::<std[617be2ca0a6fd877]::panicking::panic_handler::{closure#0}, !>
[INFO] [stdout]    9:     0x5a5591ea186d - __rustc[ea4f61d10b84890b]::rust_begin_unwind
[INFO] [stdout]   10:     0x5a5591ee171c - core[a373ad73a504971]::panicking::panic_fmt
[INFO] [stdout]   11:     0x5a5591ee14f2 - core[a373ad73a504971]::result::unwrap_failed
[INFO] [stdout]   12:     0x5a5591950293 - <dircpy[c40e3a77eb805316]::tests::copy_cargo_progress::{closure#0} as core[a373ad73a504971]::ops::function::FnOnce<()>>::call_once
[INFO] [stdout]   13:     0x5a5591e4604b - test[aada8e7e76ba119b]::__rust_begin_short_backtrace::<core[a373ad73a504971]::result::Result<(), alloc[2e1b2a31b91974c5]::string::String>, fn() -> core[a373ad73a504971]::result::Result<(), alloc[2e1b2a31b91974c5]::string::String>>
[INFO] [stdout]   14:     0x5a5591e53225 - test[aada8e7e76ba119b]::run_test::{closure#0}
[INFO] [stdout]   15:     0x5a5591e4cb14 - std[617be2ca0a6fd877]::sys::backtrace::__rust_begin_short_backtrace::<test[aada8e7e76ba119b]::run_test::{closure#1}, ()>
[INFO] [stdout]   16:     0x5a5591e562b2 - <std[617be2ca0a6fd877]::thread::lifecycle::spawn_unchecked<test[aada8e7e76ba119b]::run_test::{closure#1}, ()>::{closure#1} as core[a373ad73a504971]::ops::function::FnOnce<()>>::call_once::{shim:vtable#0}
[INFO] [stdout]   17:     0x5a5591ec7a3f - <std[617be2ca0a6fd877]::sys::thread::unix::Thread>::new::thread_start
[INFO] [stdout]   18:     0x78bbe2414dfa - <unknown>
[INFO] [stdout]   19:     0x78bbe24a83d4 - clone
[INFO] [stdout]   20:                0x0 - <unknown>
[INFO] [stdout] 
[INFO] [stdout] 
[INFO] [stdout] failures:
[INFO] [stdout]     tests::conditional_overwrite_skips_unchanged
[INFO] [stdout]     tests::copy_basic
[INFO] [stdout]     tests::copy_cargo
[INFO] [stdout]     tests::copy_cargo_progress
[INFO] [stdout]     tests::copy_empty_include
[INFO] [stdout]     tests::copy_exclude
[INFO] [stdout]     tests::copy_file_new_does_not_follow_symlink
[INFO] [stdout]     tests::copy_include
[INFO] [stdout]     tests::copy_keeps_permissions
[INFO] [stdout]     tests::copy_overwrite
[INFO] [stdout]     tests::copy_subdir
[INFO] [stdout]     tests::errors_contain_path
[INFO] [stdout]     tests::file_source_fails
[INFO] [stdout]     tests::filters_apply_to_directories
[INFO] [stdout]     tests::filters_match_relative_path
[INFO] [stdout]     tests::overwrite_all_with_conditional_flags
[INFO] [stdout]     tests::overwrite_does_not_follow_dest_symlink
[INFO] [stdout]     tests::overwrite_existing_symlink
[INFO] [stdout]     tests::overwrite_or_newer_same_size
[INFO] [stdout]     tests::overwrite_or_size_differs_not_newer
[INFO] [stdout]     tests::progress_reports_all_entries
[INFO] [stdout]     tests::run_par_copies_like_run
[INFO] [stdout]     tests::run_par_returns_errors
[INFO] [stdout]     tests::skip_special_files
[INFO] [stdout]     tests::unreadable_source_dir_fails
[INFO] [stdout] 
[INFO] [stdout] test result: FAILED. 1 passed; 25 failed; 0 ignored; 0 measured; 0 filtered out; finished in 0.09s
[INFO] [stdout] 
[INFO] running `Command { std: "docker" "inspect" "7242af32441c76e6d7629cfff22ea0f6f679e463d984d00f79667c06c1bad7c2", kill_on_drop: false }`
[INFO] running `Command { std: "docker" "rm" "-f" "7242af32441c76e6d7629cfff22ea0f6f679e463d984d00f79667c06c1bad7c2", kill_on_drop: false }`
[INFO] [stdout] 7242af32441c76e6d7629cfff22ea0f6f679e463d984d00f79667c06c1bad7c2
