[INFO] fetching crate dioxuscut-media 0.2.0...
[INFO] testing dioxuscut-media-0.2.0 against 1.100.0-beta.1+cargoflags=--release for beta-release-1.100-2
[INFO] extracting crate dioxuscut-media 0.2.0 into /workspace/builds/worker-1-tc2/source
[INFO] started tweaking crates.io crate dioxuscut-media 0.2.0
[INFO] finished tweaking crates.io crate dioxuscut-media 0.2.0
[INFO] tweaked toml for crates.io crate dioxuscut-media 0.2.0 written to /workspace/builds/worker-1-tc2/source/Cargo.toml
[INFO] validating manifest of crates.io crate dioxuscut-media 0.2.0 on toolchain 1.100.0-beta.1
[INFO] running `Command { std: CARGO_HOME="/workspace/cargo-home" RUSTUP_HOME="/workspace/rustup-home" "/workspace/cargo-home/bin/cargo" "+1.100.0-beta.1" "metadata" "--manifest-path" "Cargo.toml" "--no-deps", kill_on_drop: false }`
[INFO] crate crates.io crate dioxuscut-media 0.2.0 already has a lockfile, it will not be regenerated
[INFO] running `Command { std: CARGO_HOME="/workspace/cargo-home" RUSTUP_HOME="/workspace/rustup-home" "/workspace/cargo-home/bin/cargo" "+1.100.0-beta.1" "fetch" "--manifest-path" "Cargo.toml", kill_on_drop: false }`
[INFO] running `Command { std: "docker" "create" "-v" "/var/lib/crater-agent-workspace/builds/worker-1-tc2/source:/opt/rustwide/workdir:ro,Z" "-v" "/var/lib/crater-agent-workspace/builds/worker-1-tc2/target:/opt/rustwide/target:rw,Z" "-v" "/var/lib/crater-agent-workspace/cargo-home:/opt/rustwide/cargo-home:ro,Z" "-v" "/var/lib/crater-agent-workspace/rustup-home:/opt/rustwide/rustup-home:ro,Z" "-m" "1610612736" "--network" "none" "ghcr.io/rust-lang/crates-build-env/linux@sha256:77db811e55d90add9212f6832c23229e3de5f1c1f9905e8cb07319ea15df73ac" "sleep" "infinity", kill_on_drop: false }`
[INFO] [stdout] 3163b98156d64ae46268f02109a6145c5f8046d07cc9dc7a25b3badaefe231c3
[INFO] running `Command { std: "docker" "start" "3163b98156d64ae46268f02109a6145c5f8046d07cc9dc7a25b3badaefe231c3", kill_on_drop: false }`
[INFO] running `Command { std: "docker" "inspect" "3163b98156d64ae46268f02109a6145c5f8046d07cc9dc7a25b3badaefe231c3", kill_on_drop: false }`
[INFO] running `Command { std: "docker" "exec" "-e" "SOURCE_DIR=/opt/rustwide/workdir" "-e" "CARGO_HOME=/opt/rustwide/cargo-home" "-e" "RUSTUP_HOME=/opt/rustwide/rustup-home" "-e" "CARGO_TARGET_DIR=/opt/rustwide/target" "-w" "/opt/rustwide/workdir" "--user" "0:0" "3163b98156d64ae46268f02109a6145c5f8046d07cc9dc7a25b3badaefe231c3" "/opt/rustwide/cargo-home/bin/cargo" "+1.100.0-beta.1" "metadata" "--no-deps" "--format-version=1", kill_on_drop: false }`
[INFO] running `Command { std: "docker" "inspect" "3163b98156d64ae46268f02109a6145c5f8046d07cc9dc7a25b3badaefe231c3", kill_on_drop: false }`
[INFO] running `Command { std: "docker" "exec" "-e" "SOURCE_DIR=/opt/rustwide/workdir" "-e" "CARGO_HOME=/opt/rustwide/cargo-home" "-e" "RUSTUP_HOME=/opt/rustwide/rustup-home" "-e" "CARGO_TARGET_DIR=/opt/rustwide/target" "-e" "CARGO_INCREMENTAL=0" "-e" "RUST_BACKTRACE=full" "-e" "RUSTFLAGS=--cap-lints=warn" "-e" "RUSTDOCFLAGS=--cap-lints=warn" "-w" "/opt/rustwide/workdir" "--user" "0:0" "3163b98156d64ae46268f02109a6145c5f8046d07cc9dc7a25b3badaefe231c3" "/opt/rustwide/cargo-home/bin/cargo" "+1.100.0-beta.1" "build" "--frozen" "--message-format=json" "--release", kill_on_drop: false }`
[INFO] [stderr]    Compiling bytemuck v1.25.2
[INFO] [stderr]    Compiling arrayvec v0.7.8
[INFO] [stderr]    Compiling num-traits v0.2.19
[INFO] [stderr]    Compiling libc v0.2.187
[INFO] [stderr]    Compiling proc-macro2 v1.0.107
[INFO] [stderr]    Compiling simd-adler32 v0.3.10
[INFO] [stderr]    Compiling crossbeam-epoch v0.9.20
[INFO] [stderr]    Compiling crossbeam-deque v0.8.7
[INFO] [stderr]    Compiling miniz_oxide v0.8.9
[INFO] [stderr]    Compiling futures-core v0.3.33
[INFO] [stderr]    Compiling symphonia-core v0.5.5
[INFO] [stderr]    Compiling wasm-bindgen-shared v0.2.126
[INFO] [stderr]    Compiling float-cmp v0.9.0
[INFO] [stderr]    Compiling futures-util v0.3.33
[INFO] [stderr]    Compiling quote v1.0.47
[INFO] [stderr]    Compiling rayon-core v1.13.0
[INFO] [stderr]    Compiling syn v2.0.119
[INFO] [stderr]    Compiling syn v3.0.2
[INFO] [stderr]    Compiling flate2 v1.1.9
[INFO] [stderr]    Compiling parking_lot_core v0.9.12
[INFO] [stderr]    Compiling num-integer v0.1.46
[INFO] [stderr]    Compiling strict-num v0.1.1
[INFO] [stderr]    Compiling fdeflate v0.3.7
[INFO] [stderr]    Compiling either v1.16.0
[INFO] [stderr]    Compiling konst_macro_rules v0.2.19
[INFO] [stderr]    Compiling konst v0.2.20
[INFO] [stderr]    Compiling num-bigint v0.4.8
[INFO] [stderr]    Compiling const_format_proc_macros v0.2.34
[INFO] [stderr]    Compiling parking_lot v0.12.5
[INFO] [stderr]    Compiling zerocopy v0.8.55
[INFO] [stderr]    Compiling as-slice v0.2.1
[INFO] [stderr]    Compiling symphonia-metadata v0.5.5
[INFO] [stderr]    Compiling rayon v1.12.0
[INFO] [stderr]    Compiling const_format v0.2.36
[INFO] [stderr]    Compiling futures-channel v0.3.33
[INFO] [stderr]    Compiling dioxus-core-types v0.6.2
[INFO] [stderr]    Compiling built v0.8.1
[INFO] [stderr]    Compiling av-scenechange v0.14.1
[INFO] [stderr]    Compiling aligned v0.4.3
[INFO] [stderr]    Compiling core_maths v0.1.1
[INFO] [stderr]    Compiling nom v8.0.0
[INFO] [stderr]    Compiling no_std_io2 v0.9.4
[INFO] [stderr]    Compiling rav1e v0.8.1
[INFO] [stderr]    Compiling pulp v0.22.3
[INFO] [stderr]    Compiling y4m v0.8.0
[INFO] [stderr]    Compiling quick-error v2.0.1
[INFO] [stderr]    Compiling pastey v0.1.1
[INFO] [stderr]    Compiling convert_case v0.6.0
[INFO] [stderr]    Compiling bitstream-io v4.10.0
[INFO] [stderr]    Compiling ttf-parser v0.25.1
[INFO] [stderr]    Compiling num-rational v0.4.2
[INFO] [stderr]    Compiling darling_core v0.21.3
[INFO] [stderr]    Compiling serde_derive v1.0.229
[INFO] [stderr]    Compiling thiserror-impl v2.0.19
[INFO] [stderr]    Compiling maybe-rayon v0.1.1
[INFO] [stderr]    Compiling proc-macro2-diagnostics v0.10.1
[INFO] [stderr]    Compiling png v0.18.1
[INFO] [stderr]    Compiling tracing-attributes v0.1.31
[INFO] [stderr]    Compiling equator-macro v0.4.2
[INFO] [stderr]    Compiling tracing v0.1.44
[INFO] [stderr]    Compiling pin-project-internal v1.1.13
[INFO] [stderr]    Compiling equator v0.4.2
[INFO] [stderr]    Compiling warnings-macro v0.2.0
[INFO] [stderr]    Compiling generational-box v0.6.2
[INFO] [stderr]    Compiling aligned-vec v0.6.4
[INFO] [stderr]    Compiling v_frame v0.3.9
[INFO] [stderr]    Compiling thiserror v2.0.19
[INFO] [stderr]    Compiling zerocopy-derive v0.8.55
[INFO] [stderr]    Compiling darling_macro v0.21.3
[INFO] [stderr]    Compiling arg_enum_proc_macro v0.3.4
[INFO] [stderr]    Compiling profiling-procmacros v1.0.18
[INFO] [stderr]    Compiling darling v0.21.3
[INFO] [stderr]    Compiling av1-grain v0.2.5
[INFO] [stderr]    Compiling profiling v1.0.18
[INFO] [stderr]    Compiling serde v1.0.229
[INFO] [stderr]    Compiling num-derive v0.4.2
[INFO] [stderr]    Compiling pin-project v1.1.13
[INFO] [stderr]    Compiling warnings v0.2.1
[INFO] [stderr]    Compiling itertools v0.14.0
[INFO] [stderr]    Compiling tiny-skia-path v0.11.4
[INFO] [stderr]    Compiling slotmap v1.1.1
[INFO] [stderr]    Compiling num-complex v0.4.6
[INFO] [stderr]    Compiling simd_helpers v0.1.0
[INFO] [stderr]    Compiling rgb v0.8.53
[INFO] [stderr]    Compiling dioxus-core v0.6.3
[INFO] [stderr]    Compiling kurbo v0.11.3
[INFO] [stderr]    Compiling raw-cpuid v11.6.0
[INFO] [stderr]    Compiling pulp-wasm-simd-flag v0.1.1
[INFO] [stderr]    Compiling weezl v0.1.12
[INFO] [stderr]    Compiling zune-core v0.5.1
[INFO] [stderr]    Compiling imgref v1.12.2
[INFO] [stderr]    Compiling bumpalo v3.20.3
[INFO] [stderr]    Compiling noop_proc_macro v0.3.0
[INFO] [stderr]    Compiling reborrow v0.5.5
[INFO] [stderr]    Compiling loop9 v0.1.5
[INFO] [stderr]    Compiling svgtypes v0.15.3
[INFO] [stderr]    Compiling wasm-bindgen-macro-support v0.2.126
[INFO] [stderr]    Compiling zune-jpeg v0.5.15
[INFO] [stderr]    Compiling dioxus-signals v0.6.3
[INFO] [stderr]    Compiling enumset_derive v0.15.0
[INFO] [stderr]    Compiling half v2.7.1
[INFO] [stderr]    Compiling dioxus-rsx v0.6.2
[INFO] [stderr]    Compiling symphonia-utils-xiph v0.5.5
[INFO] [stderr]    Compiling png v0.17.16
[INFO] [stderr]    Compiling tiny-skia-path v0.12.0
[INFO] [stderr]    Compiling avif-serialize v0.8.9
[INFO] [stderr]    Compiling zune-inflate v0.2.54
[INFO] [stderr]    Compiling wasm-bindgen v0.2.126
[INFO] [stderr]    Compiling simplecss v0.2.2
[INFO] [stderr]    Compiling fax v0.2.7
[INFO] [stderr]    Compiling byteorder-lite v0.1.0
[INFO] [stderr]    Compiling bit_field v0.10.3
[INFO] [stderr]    Compiling xmlwriter v0.1.0
[INFO] [stderr]    Compiling roxmltree v0.20.0
[INFO] [stderr]    Compiling pxfm v0.1.30
[INFO] [stderr]    Compiling lazy-js-bundle v0.6.2
[INFO] [stderr]    Compiling imagesize v0.13.0
[INFO] [stderr]    Compiling data-url v0.3.2
[INFO] [stderr]    Compiling pico-args v0.5.0
[INFO] [stderr]    Compiling lebe v0.5.3
[INFO] [stderr]    Compiling gif v0.14.2
[INFO] [stderr]    Compiling exr v1.74.2
[INFO] [stderr]    Compiling usvg v0.45.1
[INFO] [stderr]    Compiling dioxus-document v0.6.3
[INFO] [stderr]    Compiling ravif v0.13.0
[INFO] [stderr]    Compiling symphonia-format-riff v0.5.5
[INFO] [stderr]    Compiling image-webp v0.2.4
[INFO] [stderr]    Compiling tiff v0.11.3
[INFO] [stderr]    Compiling dioxus-core-macro v0.6.3
[INFO] [stderr]    Compiling moxcms v0.8.1
[INFO] [stderr]    Compiling wasm-bindgen-macro v0.2.126
[INFO] [stderr]    Compiling tiny-skia v0.11.4
[INFO] [stderr]    Compiling tiny-skia v0.12.0
[INFO] [stderr]    Compiling enumset v1.1.14
[INFO] [stderr]    Compiling symphonia-format-isomp4 v0.5.5
[INFO] [stderr]    Compiling dioxus-hooks v0.6.2
[INFO] [stderr]    Compiling getrandom v0.4.3
[INFO] [stderr]    Compiling owned_ttf_parser v0.25.1
[INFO] [stderr]    Compiling thiserror-impl v1.0.69
[INFO] [stderr]    Compiling dioxus-html-internal-macro v0.6.2
[INFO] [stderr]    Compiling async-trait v0.1.91
[INFO] [stderr]    Compiling symphonia-bundle-mp3 v0.5.5
[INFO] [stderr]    Compiling symphonia-codec-aac v0.5.5
[INFO] [stderr]    Compiling symphonia-codec-pcm v0.5.5
[INFO] [stderr]    Compiling euclid v0.22.14
[INFO] [stderr]    Compiling qoi v0.4.1
[INFO] [stderr]    Compiling keyboard-types v0.7.0
[INFO] [stderr]    Compiling ab_glyph_rasterizer v0.1.10
[INFO] [stderr]    Compiling unicode-properties v0.1.4
[INFO] [stderr]    Compiling unicode-bidi-mirroring v0.4.0
[INFO] [stderr]    Compiling unicode-script v0.5.8
[INFO] [stderr]    Compiling unicode-ccc v0.4.0
[INFO] [stderr]    Compiling rustybuzz v0.20.1
[INFO] [stderr]    Compiling tempfile v3.27.0
[INFO] [stderr]    Compiling rasterlottie v0.2.2
[INFO] [stderr]    Compiling ab_glyph v0.2.32
[INFO] [stderr]    Compiling dioxus-html v0.6.3
[INFO] [stderr]    Compiling image v0.25.10
[INFO] [stderr]    Compiling symphonia v0.5.5
[INFO] [stderr]    Compiling thiserror v1.0.69
[INFO] [stderr]    Compiling resvg v0.45.1
[INFO] [stderr]    Compiling ordered-float v4.6.0
[INFO] [stderr]    Compiling unicode-linebreak v0.1.5
[INFO] [stderr]    Compiling grid v1.0.1
[INFO] [stderr]    Compiling dioxuscut-animation v0.2.0
[INFO] [stderr]    Compiling taffy v0.12.2
[INFO] [stderr]    Compiling dioxuscut-rasterizer v0.2.0
[INFO] [stderr]    Compiling js-sys v0.3.103
[INFO] [stderr]    Compiling dioxus-history v0.6.2
[INFO] [stderr]    Compiling dioxus-config-macro v0.6.2
[INFO] [stderr]    Compiling dioxus v0.6.3
[INFO] [stderr]    Compiling dioxuscut-composition v0.2.0
[INFO] [stderr]    Compiling web-sys v0.3.103
[INFO] [stderr]    Compiling dioxuscut-core v0.2.0
[INFO] [stderr]    Compiling dioxuscut-media v0.2.0 (/opt/rustwide/workdir)
[INFO] [stderr]     Finished `release` profile [optimized] target(s) in 8m 13s
[INFO] running `Command { std: "docker" "inspect" "3163b98156d64ae46268f02109a6145c5f8046d07cc9dc7a25b3badaefe231c3", kill_on_drop: false }`
[INFO] running `Command { std: "docker" "exec" "-e" "SOURCE_DIR=/opt/rustwide/workdir" "-e" "CARGO_HOME=/opt/rustwide/cargo-home" "-e" "RUSTUP_HOME=/opt/rustwide/rustup-home" "-e" "CARGO_TARGET_DIR=/opt/rustwide/target" "-e" "CARGO_INCREMENTAL=0" "-e" "RUST_BACKTRACE=full" "-e" "RUSTFLAGS=--cap-lints=warn" "-e" "RUSTDOCFLAGS=--cap-lints=warn" "-w" "/opt/rustwide/workdir" "--user" "0:0" "3163b98156d64ae46268f02109a6145c5f8046d07cc9dc7a25b3badaefe231c3" "/opt/rustwide/cargo-home/bin/cargo" "+1.100.0-beta.1" "test" "--frozen" "--no-run" "--message-format=json" "--release", kill_on_drop: false }`
[INFO] [stderr]    Compiling dioxuscut-media v0.2.0 (/opt/rustwide/workdir)
[INFO] [stderr]     Finished `release` profile [optimized] target(s) in 20.25s
[INFO] running `Command { std: "docker" "inspect" "3163b98156d64ae46268f02109a6145c5f8046d07cc9dc7a25b3badaefe231c3", kill_on_drop: false }`
[INFO] running `Command { std: "docker" "exec" "-e" "SOURCE_DIR=/opt/rustwide/workdir" "-e" "CARGO_HOME=/opt/rustwide/cargo-home" "-e" "RUSTUP_HOME=/opt/rustwide/rustup-home" "-e" "CARGO_TARGET_DIR=/opt/rustwide/target" "-e" "CARGO_INCREMENTAL=0" "-e" "RUST_BACKTRACE=full" "-e" "RUSTFLAGS=--cap-lints=warn" "-e" "RUSTDOCFLAGS=--cap-lints=warn" "-w" "/opt/rustwide/workdir" "--user" "0:0" "3163b98156d64ae46268f02109a6145c5f8046d07cc9dc7a25b3badaefe231c3" "/opt/rustwide/cargo-home/bin/cargo" "+1.100.0-beta.1" "test" "--frozen" "--release", kill_on_drop: false }`
[INFO] [stderr]     Finished `release` profile [optimized] target(s) in 0.23s
[INFO] [stderr]      Running unittests src/lib.rs (/opt/rustwide/target/release/build/dioxuscut-media/5e64c773ad175adc/out/dioxuscut_media-5e64c773ad175adc)
[INFO] [stdout] 
[INFO] [stdout] running 20 tests
[INFO] [stdout] test audio_viz::tests::test_visualize_audio_empty_data ... ok
[INFO] [stdout] test audio_viz::tests::test_waveform_portion_length ... ok
[INFO] [stdout] test ducking::tests::test_calculate_ducking_envelope ... ok
[INFO] [stdout] test ducking::tests::test_merge_speech_intervals ... ok
[INFO] [stdout] test metadata::tests::test_image_dimensions ... FAILED
[INFO] [stdout] test metadata::tests::test_parse_media_returns_image_variant ... FAILED
[INFO] [stdout] test audio_viz::tests::test_visualize_audio_waveform_is_frame_centered ... ok
[INFO] [stdout] test sample::tests::presentation_timestamp_applies_composition_offset ... ok
[INFO] [stdout] test audio_viz::tests::test_waveform_channel_selection_preserves_stereo_data ... ok
[INFO] [stdout] test sample::tests::reads_ordered_sample_batch ... ok
[INFO] [stdout] test sample::tests::serializes_with_browser_wire_names ... ok
[INFO] [stdout] test scene::tests::gif_emitter_applies_timeline_and_playback_contract ... ok
[INFO] [stdout] test scene::tests::image_and_audio_emit_shared_scene_nodes ... ok
[INFO] [stdout] test audio_viz::tests::test_visualize_audio_returns_correct_length ... ok
[INFO] [stdout] test scene::tests::video_emitter_applies_trim_rate_and_active_window ... ok
[INFO] [stdout] test audio_viz::tests::test_create_smooth_svg_path_not_empty ... ok
[INFO] [stdout] test metadata::tests::test_parse_r_frame_rate ... ok
[INFO] [stdout] test metadata::tests::test_read_media_range_is_bounded_and_half_open ... FAILED
[INFO] [stdout] test metadata::tests::test_static_file_resolution ... ok
[INFO] [stderr] error: test failed, to rerun pass `--lib`
[INFO] [stdout] test audio_viz::tests::test_waveform_bars_match_remotion_range_and_padding_contract ... ok
[INFO] [stdout] 
[INFO] [stdout] failures:
[INFO] [stdout] 
[INFO] [stdout] ---- metadata::tests::test_image_dimensions stdout ----
[INFO] [stdout] 
[INFO] [stdout] thread 'metadata::tests::test_image_dimensions' (3145) panicked at src/metadata.rs:395:53:
[INFO] [stdout] called `Result::unwrap()` on an `Err` value: FileNotFound("/opt/rustwide/workdir/../../assets/logo.png")
[INFO] [stdout] stack backtrace:
[INFO] [stdout]    0:     0x61f0cae1d041 - <<std[617be2ca0a6fd877]::sys::backtrace::BacktraceLock>::print::DisplayBacktrace as core[a373ad73a504971]::fmt::Display>::fmt
[INFO] [stdout]    1:     0x61f0cae336ea - core[a373ad73a504971]::fmt::write
[INFO] [stdout]    2:     0x61f0cae2141c - <alloc[2e1b2a31b91974c5]::vec::Vec<u8> as core[a373ad73a504971]::io::write::Write>::write_fmt
[INFO] [stdout]    3:     0x61f0cadf8a36 - std[617be2ca0a6fd877]::panicking::default_hook::{closure#0}
[INFO] [stdout]    4:     0x61f0cae15419 - std[617be2ca0a6fd877]::panicking::default_hook
[INFO] [stdout]    5:     0x61f0cacfe4f0 - test[aada8e7e76ba119b]::test_main_inner::{closure#0}
[INFO] [stdout]    6:     0x61f0cae155d2 - std[617be2ca0a6fd877]::panicking::panic_with_hook
[INFO] [stdout]    7:     0x61f0cadf8ae2 - std[617be2ca0a6fd877]::panicking::panic_handler::{closure#0}
[INFO] [stdout]    8:     0x61f0cadf1719 - std[617be2ca0a6fd877]::sys::backtrace::__rust_end_short_backtrace::<std[617be2ca0a6fd877]::panicking::panic_handler::{closure#0}, !>
[INFO] [stdout]    9:     0x61f0cadf96ed - __rustc[ea4f61d10b84890b]::rust_begin_unwind
[INFO] [stdout]   10:     0x61f0cae33e1c - core[a373ad73a504971]::panicking::panic_fmt
[INFO] [stdout]   11:     0x61f0cae33bf2 - core[a373ad73a504971]::result::unwrap_failed
[INFO] [stdout]   12:     0x61f0cacca9da - <dioxuscut_media[69d599ecb2d0aedd]::metadata::tests::test_image_dimensions::{closure#0} as core[a373ad73a504971]::ops::function::FnOnce<()>>::call_once
[INFO] [stdout]   13:     0x61f0cacf193b - test[aada8e7e76ba119b]::__rust_begin_short_backtrace::<core[a373ad73a504971]::result::Result<(), alloc[2e1b2a31b91974c5]::string::String>, fn() -> core[a373ad73a504971]::result::Result<(), alloc[2e1b2a31b91974c5]::string::String>>
[INFO] [stdout]   14:     0x61f0cacfeb15 - test[aada8e7e76ba119b]::run_test::{closure#0}
[INFO] [stdout]   15:     0x61f0cacf8404 - std[617be2ca0a6fd877]::sys::backtrace::__rust_begin_short_backtrace::<test[aada8e7e76ba119b]::run_test::{closure#1}, ()>
[INFO] [stdout]   16:     0x61f0cad01ba2 - <std[617be2ca0a6fd877]::thread::lifecycle::spawn_unchecked<test[aada8e7e76ba119b]::run_test::{closure#1}, ()>::{closure#1} as core[a373ad73a504971]::ops::function::FnOnce<()>>::call_once::{shim:vtable#0}
[INFO] [stdout]   17:     0x61f0cae1c6bf - <std[617be2ca0a6fd877]::sys::thread::unix::Thread>::new::thread_start
[INFO] [stdout]   18:     0x7e1c6761ddfa - <unknown>
[INFO] [stdout]   19:     0x7e1c676b13d4 - clone
[INFO] [stdout]   20:                0x0 - <unknown>
[INFO] [stdout] 
[INFO] [stdout] ---- metadata::tests::test_parse_media_returns_image_variant stdout ----
[INFO] [stdout] 
[INFO] [stdout] thread 'metadata::tests::test_parse_media_returns_image_variant' (3146) panicked at src/metadata.rs:403:46:
[INFO] [stdout] called `Result::unwrap()` on an `Err` value: FileNotFound("/opt/rustwide/workdir/../../assets/logo.png")
[INFO] [stdout] stack backtrace:
[INFO] [stdout]    0:     0x61f0cae1d041 - <<std[617be2ca0a6fd877]::sys::backtrace::BacktraceLock>::print::DisplayBacktrace as core[a373ad73a504971]::fmt::Display>::fmt
[INFO] [stdout]    1:     0x61f0cae336ea - core[a373ad73a504971]::fmt::write
[INFO] [stdout]    2:     0x61f0cae2141c - <alloc[2e1b2a31b91974c5]::vec::Vec<u8> as core[a373ad73a504971]::io::write::Write>::write_fmt
[INFO] [stdout]    3:     0x61f0cadf8a36 - std[617be2ca0a6fd877]::panicking::default_hook::{closure#0}
[INFO] [stdout]    4:     0x61f0cae15419 - std[617be2ca0a6fd877]::panicking::default_hook
[INFO] [stdout]    5:     0x61f0cacfe4f0 - test[aada8e7e76ba119b]::test_main_inner::{closure#0}
[INFO] [stdout]    6:     0x61f0cae155d2 - std[617be2ca0a6fd877]::panicking::panic_with_hook
[INFO] [stdout]    7:     0x61f0cadf8ae2 - std[617be2ca0a6fd877]::panicking::panic_handler::{closure#0}
[INFO] [stdout]    8:     0x61f0cadf1719 - std[617be2ca0a6fd877]::sys::backtrace::__rust_end_short_backtrace::<std[617be2ca0a6fd877]::panicking::panic_handler::{closure#0}, !>
[INFO] [stdout]    9:     0x61f0cadf96ed - __rustc[ea4f61d10b84890b]::rust_begin_unwind
[INFO] [stdout]   10:     0x61f0cae33e1c - core[a373ad73a504971]::panicking::panic_fmt
[INFO] [stdout]   11:     0x61f0cae33bf2 - core[a373ad73a504971]::result::unwrap_failed
[INFO] [stdout]   12:     0x61f0caccad22 - <dioxuscut_media[69d599ecb2d0aedd]::metadata::tests::test_parse_media_returns_image_variant::{closure#0} as core[a373ad73a504971]::ops::function::FnOnce<()>>::call_once
[INFO] [stdout]   13:     0x61f0cacf193b - test[aada8e7e76ba119b]::__rust_begin_short_backtrace::<core[a373ad73a504971]::result::Result<(), alloc[2e1b2a31b91974c5]::string::String>, fn() -> core[a373ad73a504971]::result::Result<(), alloc[2e1b2a31b91974c5]::string::String>>
[INFO] [stdout]   14:     0x61f0cacfeb15 - test[aada8e7e76ba119b]::run_test::{closure#0}
[INFO] [stdout]   15:     0x61f0cacf8404 - std[617be2ca0a6fd877]::sys::backtrace::__rust_begin_short_backtrace::<test[aada8e7e76ba119b]::run_test::{closure#1}, ()>
[INFO] [stdout]   16:     0x61f0cad01ba2 - <std[617be2ca0a6fd877]::thread::lifecycle::spawn_unchecked<test[aada8e7e76ba119b]::run_test::{closure#1}, ()>::{closure#1} as core[a373ad73a504971]::ops::function::FnOnce<()>>::call_once::{shim:vtable#0}
[INFO] [stdout]   17:     0x61f0cae1c6bf - <std[617be2ca0a6fd877]::sys::thread::unix::Thread>::new::thread_start
[INFO] [stdout]   18:     0x7e1c6761ddfa - <unknown>
[INFO] [stdout]   19:     0x7e1c676b13d4 - clone
[INFO] [stdout]   20:                0x0 - <unknown>
[INFO] [stdout] 
[INFO] [stdout] ---- metadata::tests::test_read_media_range_is_bounded_and_half_open stdout ----
[INFO] [stdout] 
[INFO] [stdout] thread 'metadata::tests::test_read_media_range_is_bounded_and_half_open' (3148) panicked at src/metadata.rs:413:51:
[INFO] [stdout] called `Result::unwrap()` on an `Err` value: FileNotFound("/opt/rustwide/workdir/../../Cargo.toml: No such file or directory (os error 2)")
[INFO] [stdout] stack backtrace:
[INFO] [stdout]    0:     0x61f0cae1d041 - <<std[617be2ca0a6fd877]::sys::backtrace::BacktraceLock>::print::DisplayBacktrace as core[a373ad73a504971]::fmt::Display>::fmt
[INFO] [stdout]    1:     0x61f0cae336ea - core[a373ad73a504971]::fmt::write
[INFO] [stdout]    2:     0x61f0cae2141c - <alloc[2e1b2a31b91974c5]::vec::Vec<u8> as core[a373ad73a504971]::io::write::Write>::write_fmt
[INFO] [stdout]    3:     0x61f0cadf8a36 - std[617be2ca0a6fd877]::panicking::default_hook::{closure#0}
[INFO] [stdout]    4:     0x61f0cae15419 - std[617be2ca0a6fd877]::panicking::default_hook
[INFO] [stdout]    5:     0x61f0cacfe4f0 - test[aada8e7e76ba119b]::test_main_inner::{closure#0}
[INFO] [stdout]    6:     0x61f0cae155d2 - std[617be2ca0a6fd877]::panicking::panic_with_hook
[INFO] [stdout]    7:     0x61f0cadf8ae2 - std[617be2ca0a6fd877]::panicking::panic_handler::{closure#0}
[INFO] [stdout]    8:     0x61f0cadf1719 - std[617be2ca0a6fd877]::sys::backtrace::__rust_end_short_backtrace::<std[617be2ca0a6fd877]::panicking::panic_handler::{closure#0}, !>
[INFO] [stdout]    9:     0x61f0cadf96ed - __rustc[ea4f61d10b84890b]::rust_begin_unwind
[INFO] [stdout]   10:     0x61f0cae33e1c - core[a373ad73a504971]::panicking::panic_fmt
[INFO] [stdout]   11:     0x61f0cae33bf2 - core[a373ad73a504971]::result::unwrap_failed
[INFO] [stdout]   12:     0x61f0caccaf0c - <dioxuscut_media[69d599ecb2d0aedd]::metadata::tests::test_read_media_range_is_bounded_and_half_open::{closure#0} as core[a373ad73a504971]::ops::function::FnOnce<()>>::call_once
[INFO] [stdout]   13:     0x61f0cacf193b - test[aada8e7e76ba119b]::__rust_begin_short_backtrace::<core[a373ad73a504971]::result::Result<(), alloc[2e1b2a31b91974c5]::string::String>, fn() -> core[a373ad73a504971]::result::Result<(), alloc[2e1b2a31b91974c5]::string::String>>
[INFO] [stdout]   14:     0x61f0cacfeb15 - test[aada8e7e76ba119b]::run_test::{closure#0}
[INFO] [stdout]   15:     0x61f0cacf8404 - std[617be2ca0a6fd877]::sys::backtrace::__rust_begin_short_backtrace::<test[aada8e7e76ba119b]::run_test::{closure#1}, ()>
[INFO] [stdout]   16:     0x61f0cad01ba2 - <std[617be2ca0a6fd877]::thread::lifecycle::spawn_unchecked<test[aada8e7e76ba119b]::run_test::{closure#1}, ()>::{closure#1} as core[a373ad73a504971]::ops::function::FnOnce<()>>::call_once::{shim:vtable#0}
[INFO] [stdout]   17:     0x61f0cae1c6bf - <std[617be2ca0a6fd877]::sys::thread::unix::Thread>::new::thread_start
[INFO] [stdout]   18:     0x7e1c6761ddfa - <unknown>
[INFO] [stdout]   19:     0x7e1c676b13d4 - clone
[INFO] [stdout]   20:                0x0 - <unknown>
[INFO] [stdout] 
[INFO] [stdout] 
[INFO] [stdout] failures:
[INFO] [stdout]     metadata::tests::test_image_dimensions
[INFO] [stdout]     metadata::tests::test_parse_media_returns_image_variant
[INFO] [stdout]     metadata::tests::test_read_media_range_is_bounded_and_half_open
[INFO] [stdout] 
[INFO] [stdout] test result: FAILED. 17 passed; 3 failed; 0 ignored; 0 measured; 0 filtered out; finished in 0.01s
[INFO] [stdout] 
[INFO] running `Command { std: "docker" "inspect" "3163b98156d64ae46268f02109a6145c5f8046d07cc9dc7a25b3badaefe231c3", kill_on_drop: false }`
[INFO] running `Command { std: "docker" "rm" "-f" "3163b98156d64ae46268f02109a6145c5f8046d07cc9dc7a25b3badaefe231c3", kill_on_drop: false }`
[INFO] [stdout] 3163b98156d64ae46268f02109a6145c5f8046d07cc9dc7a25b3badaefe231c3
