[INFO] fetching crate dioxus 0.8.0-alpha.2...
[INFO] testing dioxus-0.8.0-alpha.2 against 1.100.0-beta.1+cargoflags=--release for beta-release-1.100-2
[INFO] extracting crate dioxus 0.8.0-alpha.2 into /workspace/builds/worker-5-tc2/source
[INFO] started tweaking crates.io crate dioxus 0.8.0-alpha.2
[INFO] finished tweaking crates.io crate dioxus 0.8.0-alpha.2
[INFO] tweaked toml for crates.io crate dioxus 0.8.0-alpha.2 written to /workspace/builds/worker-5-tc2/source/Cargo.toml
[INFO] validating manifest of crates.io crate dioxus 0.8.0-alpha.2 on toolchain 1.100.0-beta.1
[INFO] running `Command { std: CARGO_HOME="/workspace/cargo-home" RUSTUP_HOME="/workspace/rustup-home" "/workspace/cargo-home/bin/cargo" "+1.100.0-beta.1" "metadata" "--manifest-path" "Cargo.toml" "--no-deps", kill_on_drop: false }`
[INFO] crate crates.io crate dioxus 0.8.0-alpha.2 already has a lockfile, it will not be regenerated
[INFO] running `Command { std: CARGO_HOME="/workspace/cargo-home" RUSTUP_HOME="/workspace/rustup-home" "/workspace/cargo-home/bin/cargo" "+1.100.0-beta.1" "fetch" "--manifest-path" "Cargo.toml", kill_on_drop: false }`
[INFO] [stderr]     Blocking waiting for file lock on package cache
[INFO] running `Command { std: "docker" "create" "-v" "/var/lib/crater-agent-workspace/builds/worker-5-tc2/source:/opt/rustwide/workdir:ro,Z" "-v" "/var/lib/crater-agent-workspace/builds/worker-5-tc2/target:/opt/rustwide/target:rw,Z" "-v" "/var/lib/crater-agent-workspace/cargo-home:/opt/rustwide/cargo-home:ro,Z" "-v" "/var/lib/crater-agent-workspace/rustup-home:/opt/rustwide/rustup-home:ro,Z" "-m" "1610612736" "--network" "none" "ghcr.io/rust-lang/crates-build-env/linux@sha256:77db811e55d90add9212f6832c23229e3de5f1c1f9905e8cb07319ea15df73ac" "sleep" "infinity", kill_on_drop: false }`
[INFO] [stdout] 015b07536083bc84bba84cb2e554c47996d1c44d6dc7f60af532254cb2ff45db
[INFO] running `Command { std: "docker" "start" "015b07536083bc84bba84cb2e554c47996d1c44d6dc7f60af532254cb2ff45db", kill_on_drop: false }`
[INFO] running `Command { std: "docker" "inspect" "015b07536083bc84bba84cb2e554c47996d1c44d6dc7f60af532254cb2ff45db", kill_on_drop: false }`
[INFO] running `Command { std: "docker" "exec" "-e" "SOURCE_DIR=/opt/rustwide/workdir" "-e" "CARGO_HOME=/opt/rustwide/cargo-home" "-e" "RUSTUP_HOME=/opt/rustwide/rustup-home" "-e" "CARGO_TARGET_DIR=/opt/rustwide/target" "-w" "/opt/rustwide/workdir" "--user" "0:0" "015b07536083bc84bba84cb2e554c47996d1c44d6dc7f60af532254cb2ff45db" "/opt/rustwide/cargo-home/bin/cargo" "+1.100.0-beta.1" "metadata" "--no-deps" "--format-version=1", kill_on_drop: false }`
[INFO] running `Command { std: "docker" "inspect" "015b07536083bc84bba84cb2e554c47996d1c44d6dc7f60af532254cb2ff45db", kill_on_drop: false }`
[INFO] running `Command { std: "docker" "exec" "-e" "SOURCE_DIR=/opt/rustwide/workdir" "-e" "CARGO_HOME=/opt/rustwide/cargo-home" "-e" "RUSTUP_HOME=/opt/rustwide/rustup-home" "-e" "CARGO_TARGET_DIR=/opt/rustwide/target" "-e" "CARGO_INCREMENTAL=0" "-e" "RUST_BACKTRACE=full" "-e" "RUSTFLAGS=--cap-lints=warn" "-e" "RUSTDOCFLAGS=--cap-lints=warn" "-w" "/opt/rustwide/workdir" "--user" "0:0" "015b07536083bc84bba84cb2e554c47996d1c44d6dc7f60af532254cb2ff45db" "/opt/rustwide/cargo-home/bin/cargo" "+1.100.0-beta.1" "build" "--frozen" "--message-format=json" "--release", kill_on_drop: false }`
[INFO] [stderr]    Compiling proc-macro2 v1.0.106
[INFO] [stderr]    Compiling unicode-ident v1.0.24
[INFO] [stderr]    Compiling quote v1.0.45
[INFO] [stderr]    Compiling version_check v0.9.5
[INFO] [stderr]    Compiling cfg-if v1.0.4
[INFO] [stderr]    Compiling libc v0.2.186
[INFO] [stderr]    Compiling serde_core v1.0.228
[INFO] [stderr]    Compiling serde v1.0.228
[INFO] [stderr]    Compiling dioxus-const-vec v0.8.0-alpha.2
[INFO] [stderr]    Compiling thiserror v2.0.18
[INFO] [stderr]    Compiling once_cell v1.21.4
[INFO] [stderr]    Compiling pin-project-lite v0.2.17
[INFO] [stderr]    Compiling unicode-segmentation v1.13.2
[INFO] [stderr]    Compiling parking_lot_core v0.9.12
[INFO] [stderr]    Compiling rustversion v1.0.22
[INFO] [stderr]    Compiling scopeguard v1.2.0
[INFO] [stderr]    Compiling smallvec v1.16.3
[INFO] [stderr]    Compiling xxhash-rust v0.8.15
[INFO] [stderr]    Compiling lock_api v0.4.14
[INFO] [stderr]    Compiling unicode-xid v0.2.6
[INFO] [stderr]    Compiling dioxus-core-types v0.8.0-alpha.2
[INFO] [stderr]    Compiling futures-core v0.3.32
[INFO] [stderr]    Compiling tracing-core v0.1.36
[INFO] [stderr]    Compiling dioxus-core-template v0.8.0-alpha.2
[INFO] [stderr]    Compiling konst_macro_rules v0.2.19
[INFO] [stderr]    Compiling anyhow v1.0.102
[INFO] [stderr]    Compiling proc-macro2-diagnostics v0.10.1
[INFO] [stderr]    Compiling slotmap v1.1.1
[INFO] [stderr]    Compiling libloading v0.8.9
[INFO] [stderr]    Compiling slab v0.4.12
[INFO] [stderr]    Compiling futures-task v0.3.32
[INFO] [stderr]    Compiling futures-channel v0.3.32
[INFO] [stderr]    Compiling konst v0.2.20
[INFO] [stderr]    Compiling convert_case v0.8.0
[INFO] [stderr]    Compiling longest-increasing-subsequence v0.1.0
[INFO] [stderr]    Compiling rustc-hash v2.1.2
[INFO] [stderr]    Compiling futures-util v0.3.32
[INFO] [stderr]    Compiling generic-array v0.14.7
[INFO] [stderr]    Compiling zerocopy v0.8.48
[INFO] [stderr]    Compiling ident_case v1.0.1
[INFO] [stderr]    Compiling fnv v1.0.7
[INFO] [stderr]    Compiling typenum v1.20.0
[INFO] [stderr]    Compiling getrandom v0.3.4
[INFO] [stderr]    Compiling autocfg v1.5.0
[INFO] [stderr]    Compiling itoa v1.0.18
[INFO] [stderr]    Compiling bytes v1.11.1
[INFO] [stderr]    Compiling zmij v1.0.21
[INFO] [stderr]    Compiling serde_json v1.0.149
[INFO] [stderr]    Compiling dioxus-cli-config v0.8.0-alpha.2
[INFO] [stderr]    Compiling regex-syntax v0.8.10
[INFO] [stderr]    Compiling httparse v1.10.1
[INFO] [stderr]    Compiling cpufeatures v0.2.17
[INFO] [stderr]    Compiling num-traits v0.2.19
[INFO] [stderr]    Compiling lazy-js-bundle v0.8.0-alpha.2
[INFO] [stderr]    Compiling syn v2.0.117
[INFO] [stderr]    Compiling memchr v2.8.0
[INFO] [stderr]    Compiling const_format_proc_macros v0.2.34
[INFO] [stderr]    Compiling bitflags v2.11.1
[INFO] [stderr]    Compiling lazy_static v1.5.0
[INFO] [stderr]    Compiling winnow v0.7.15
[INFO] [stderr]    Compiling sharded-slab v0.1.7
[INFO] [stderr]    Compiling http v1.4.0
[INFO] [stderr]    Compiling keyboard-types v0.7.0
[INFO] [stderr]    Compiling dioxus-document v0.8.0-alpha.2
[INFO] [stderr]    Compiling const_format v0.2.36
[INFO] [stderr]    Compiling memmap2 v0.9.11
[INFO] [stderr]    Compiling parking_lot v0.12.5
[INFO] [stderr]    Compiling rand_core v0.9.5
[INFO] [stderr]    Compiling regex-automata v0.4.14
[INFO] [stderr]    Compiling euclid v0.22.14
[INFO] [stderr]    Compiling thread_local v1.1.9
[INFO] [stderr]    Compiling log v0.4.29
[INFO] [stderr]    Compiling dunce v1.0.5
[INFO] [stderr]    Compiling utf-8 v0.7.6
[INFO] [stderr]    Compiling data-encoding v2.11.0
[INFO] [stderr]    Compiling block-buffer v0.10.4
[INFO] [stderr]    Compiling crypto-common v0.1.7
[INFO] [stderr]    Compiling digest v0.10.7
[INFO] [stderr]    Compiling dioxus-config-macro v0.8.0-alpha.2
[INFO] [stderr]    Compiling dioxus-config-macros v0.8.0-alpha.2
[INFO] [stderr]    Compiling sha1 v0.10.6
[INFO] [stderr]    Compiling darling_core v0.21.3
[INFO] [stderr]    Compiling macro-string v0.1.4
[INFO] [stderr]    Compiling dioxus-rsx v0.8.0-alpha.2
[INFO] [stderr]    Compiling matchers v0.2.0
[INFO] [stderr]    Compiling serde_derive v1.0.228
[INFO] [stderr]    Compiling thiserror-impl v2.0.18
[INFO] [stderr]    Compiling tracing-attributes v0.1.31
[INFO] [stderr]    Compiling pin-project-internal v1.1.13
[INFO] [stderr]    Compiling warnings-macro v0.2.0
[INFO] [stderr]    Compiling const-serialize-macro v0.8.0-alpha.2
[INFO] [stderr]    Compiling async-trait v0.1.89
[INFO] [stderr]    Compiling dioxus-html-internal-macro v0.8.0-alpha.2
[INFO] [stderr]    Compiling dioxus-stores-macro v0.8.0-alpha.2
[INFO] [stderr]    Compiling ppv-lite86 v0.2.21
[INFO] [stderr]    Compiling rand_chacha v0.9.0
[INFO] [stderr]    Compiling rand v0.9.4
[INFO] [stderr]    Compiling dioxus-core-macro v0.8.0-alpha.2
[INFO] [stderr]    Compiling pin-project v1.1.13
[INFO] [stderr]    Compiling tracing v0.1.44
[INFO] [stderr]    Compiling dioxus-asset-resolver v0.8.0-alpha.2
[INFO] [stderr]    Compiling generational-box v0.8.0-alpha.2
[INFO] [stderr]    Compiling warnings v0.2.1
[INFO] [stderr]    Compiling tracing-subscriber v0.3.23
[INFO] [stderr]    Compiling tungstenite v0.28.0
[INFO] [stderr]    Compiling darling_macro v0.21.3
[INFO] [stderr]    Compiling darling v0.21.3
[INFO] [stderr]    Compiling enumset_derive v0.15.0
[INFO] [stderr]    Compiling dioxus-logger v0.8.0-alpha.2
[INFO] [stderr]    Compiling subsecond-types v0.8.0-alpha.2
[INFO] [stderr]    Compiling subsecond v0.8.0-alpha.2
[INFO] [stderr]    Compiling const-serialize v0.8.0-alpha.2
[INFO] [stderr]    Compiling enumset v1.1.13
[INFO] [stderr]    Compiling manganis-core v0.8.0-alpha.2
[INFO] [stderr]    Compiling dioxus-core v0.8.0-alpha.2
[INFO] [stderr]    Compiling manganis-macro v0.8.0-alpha.2
[INFO] [stderr]    Compiling manganis v0.8.0-alpha.2
[INFO] [stderr]    Compiling dioxus-signals v0.8.0-alpha.2
[INFO] [stderr]    Compiling dioxus-devtools-types v0.8.0-alpha.2
[INFO] [stderr]    Compiling dioxus-history v0.8.0-alpha.2
[INFO] [stderr]    Compiling dioxus-hooks v0.8.0-alpha.2
[INFO] [stderr]    Compiling dioxus-stores v0.8.0-alpha.2
[INFO] [stderr]    Compiling dioxus-devtools v0.8.0-alpha.2
[INFO] [stderr]    Compiling dioxus-html v0.8.0-alpha.2
[INFO] [stderr]    Compiling dioxus v0.8.0-alpha.2 (/opt/rustwide/workdir)
[INFO] [stderr]     Finished `release` profile [optimized] target(s) in 1m 12s
[INFO] running `Command { std: "docker" "inspect" "015b07536083bc84bba84cb2e554c47996d1c44d6dc7f60af532254cb2ff45db", kill_on_drop: false }`
[INFO] running `Command { std: "docker" "exec" "-e" "SOURCE_DIR=/opt/rustwide/workdir" "-e" "CARGO_HOME=/opt/rustwide/cargo-home" "-e" "RUSTUP_HOME=/opt/rustwide/rustup-home" "-e" "CARGO_TARGET_DIR=/opt/rustwide/target" "-e" "CARGO_INCREMENTAL=0" "-e" "RUST_BACKTRACE=full" "-e" "RUSTFLAGS=--cap-lints=warn" "-e" "RUSTDOCFLAGS=--cap-lints=warn" "-w" "/opt/rustwide/workdir" "--user" "0:0" "015b07536083bc84bba84cb2e554c47996d1c44d6dc7f60af532254cb2ff45db" "/opt/rustwide/cargo-home/bin/cargo" "+1.100.0-beta.1" "test" "--frozen" "--no-run" "--message-format=json" "--release", kill_on_drop: false }`
[INFO] [stderr]    Compiling dioxus v0.8.0-alpha.2 (/opt/rustwide/workdir)
[INFO] [stderr]     Finished `release` profile [optimized] target(s) in 0.84s
[INFO] running `Command { std: "docker" "inspect" "015b07536083bc84bba84cb2e554c47996d1c44d6dc7f60af532254cb2ff45db", kill_on_drop: false }`
[INFO] running `Command { std: "docker" "exec" "-e" "SOURCE_DIR=/opt/rustwide/workdir" "-e" "CARGO_HOME=/opt/rustwide/cargo-home" "-e" "RUSTUP_HOME=/opt/rustwide/rustup-home" "-e" "CARGO_TARGET_DIR=/opt/rustwide/target" "-e" "CARGO_INCREMENTAL=0" "-e" "RUST_BACKTRACE=full" "-e" "RUSTFLAGS=--cap-lints=warn" "-e" "RUSTDOCFLAGS=--cap-lints=warn" "-w" "/opt/rustwide/workdir" "--user" "0:0" "015b07536083bc84bba84cb2e554c47996d1c44d6dc7f60af532254cb2ff45db" "/opt/rustwide/cargo-home/bin/cargo" "+1.100.0-beta.1" "test" "--frozen" "--release", kill_on_drop: false }`
[INFO] [stderr]     Finished `release` profile [optimized] target(s) in 0.35s
[INFO] [stderr]      Running unittests src/lib.rs (/opt/rustwide/target/release/build/dioxus/60a6280ae237aaa9/out/dioxus-60a6280ae237aaa9)
[INFO] [stdout] 
[INFO] [stdout] running 0 tests
[INFO] [stdout] 
[INFO] [stdout] test result: ok. 0 passed; 0 failed; 0 ignored; 0 measured; 0 filtered out; finished in 0.00s
[INFO] [stdout] 
[INFO] [stderr]    Doc-tests dioxus
[INFO] [stdout] 
[INFO] [stdout] running 6 tests
[INFO] [stdout] test src/lib.rs - (line 76) ... ignored
[INFO] [stdout] test src/launch.rs - launch::LaunchBuilder::with_cfg (line 267) - compile ... FAILED
[INFO] [stdout] test src/launch.rs - launch::launch (line 42) - compile ... FAILED
[INFO] [stdout] test src/launch.rs - launch::LaunchBuilder::with_context (line 239) - compile ... FAILED
[INFO] [stdout] test src/launch.rs - launch::LaunchBuilder::with_context_provider (line 209) - compile ... FAILED
[INFO] [stdout] test src/launch.rs - launch::LaunchBuilder::custom (line 176) - compile ... FAILED
[INFO] [stdout] 
[INFO] [stdout] failures:
[INFO] [stdout] 
[INFO] [stdout] ---- src/launch.rs - launch::LaunchBuilder::with_cfg (line 267) stdout ----
[INFO] [stdout] error[E0432]: unresolved import `dioxus_desktop`
[INFO] [stdout]    --> src/launch.rs:270:5
[INFO] [stdout]     |
[INFO] [stdout] 270 | use dioxus_desktop::{Config, WindowBuilder};
[INFO] [stdout]     |     ^^^^^^^^^^^^^^ use of unresolved module or unlinked crate `dioxus_desktop`
[INFO] [stdout]     |
[INFO] [stdout]     = help: if you wanted to use a crate named `dioxus_desktop`, use `cargo add dioxus_desktop` to add it to your `Cargo.toml`
[INFO] [stdout] 
[INFO] [stdout] error[E0425]: cannot find function `into_vnode_cached` in module `dioxus_core::view`
[INFO] [stdout]    --> src/launch.rs:273:5
[INFO] [stdout]     |
[INFO] [stdout] 273 | /     rsx! {
[INFO] [stdout] 274 | |         div { "Hello, world!" }
[INFO] [stdout] 275 | |     }
[INFO] [stdout]     | |_____^ not found in `dioxus_core::view`
[INFO] [stdout]     |
[INFO] [stdout]     = note: this error originates in the macro `rsx` (in Nightly builds, run with -Z macro-backtrace for more info)
[INFO] [stdout] 
[INFO] [stdout] warning: use of deprecated associated function `dioxus::LaunchBuilder::new`: No renderer is enabled. You must enable a renderer feature on the dioxus crate before calling the launch function.
[INFO] [stdout]          Add `web`, `desktop`, `mobile`, or `fullstack` to the `features` of dioxus field in your Cargo.toml.
[INFO] [stdout]          # Example
[INFO] [stdout]          ```toml
[INFO] [stdout]          # ...
[INFO] [stdout]          [dependencies]
[INFO] [stdout]          dioxus = { version = "0.5.0", features = ["web"] }
[INFO] [stdout]          # ...
[INFO] [stdout]          ```
[INFO] [stdout]    --> src/launch.rs:278:24
[INFO] [stdout]     |
[INFO] [stdout] 278 | dioxus::LaunchBuilder::new()
[INFO] [stdout]     |                        ^^^
[INFO] [stdout]     |
[INFO] [stdout]     = note: `#[warn(deprecated)]` on by default
[INFO] [stdout] 
[INFO] [stdout] error: aborting due to 2 previous errors; 1 warning emitted
[INFO] [stdout] 
[INFO] [stdout] Some errors have detailed explanations: E0425, E0432.
[INFO] [stdout] For more information about an error, try `rustc --explain E0425`.
[INFO] [stdout] Couldn't compile the test.
[INFO] [stdout] ---- src/launch.rs - launch::launch (line 42) stdout ----
[INFO] [stdout] error[E0425]: cannot find function `into_vnode_cached` in module `dioxus_core::view`
[INFO] [stdout]   --> src/launch.rs:51:5
[INFO] [stdout]    |
[INFO] [stdout] 51 | /     rsx! {
[INFO] [stdout] 52 | |         div { "Hello, world!" }
[INFO] [stdout] 53 | |     }
[INFO] [stdout]    | |_____^ not found in `dioxus_core::view`
[INFO] [stdout]    |
[INFO] [stdout]    = note: this error originates in the macro `rsx` (in Nightly builds, run with -Z macro-backtrace for more info)
[INFO] [stdout] 
[INFO] [stdout] error: aborting due to 1 previous error
[INFO] [stdout] 
[INFO] [stdout] For more information about this error, try `rustc --explain E0425`.
[INFO] [stdout] Couldn't compile the test.
[INFO] [stdout] ---- src/launch.rs - launch::LaunchBuilder::with_context (line 239) stdout ----
[INFO] [stdout] error[E0425]: cannot find function `into_vnode_cached` in module `dioxus_core::view`
[INFO] [stdout]    --> src/launch.rs:250:5
[INFO] [stdout]     |
[INFO] [stdout] 250 | /     rsx! {
[INFO] [stdout] 251 | |         div { "Hello, world!" }
[INFO] [stdout] 252 | |     }
[INFO] [stdout]     | |_____^ not found in `dioxus_core::view`
[INFO] [stdout]     |
[INFO] [stdout]     = note: this error originates in the macro `rsx` (in Nightly builds, run with -Z macro-backtrace for more info)
[INFO] [stdout] 
[INFO] [stdout] warning: use of deprecated associated function `dioxus::LaunchBuilder::new`: No renderer is enabled. You must enable a renderer feature on the dioxus crate before calling the launch function.
[INFO] [stdout]          Add `web`, `desktop`, `mobile`, or `fullstack` to the `features` of dioxus field in your Cargo.toml.
[INFO] [stdout]          # Example
[INFO] [stdout]          ```toml
[INFO] [stdout]          # ...
[INFO] [stdout]          [dependencies]
[INFO] [stdout]          dioxus = { version = "0.5.0", features = ["web"] }
[INFO] [stdout]          # ...
[INFO] [stdout]          ```
[INFO] [stdout]    --> src/launch.rs:255:24
[INFO] [stdout]     |
[INFO] [stdout] 255 | dioxus::LaunchBuilder::new()
[INFO] [stdout]     |                        ^^^
[INFO] [stdout]     |
[INFO] [stdout]     = note: `#[warn(deprecated)]` on by default
[INFO] [stdout] 
[INFO] [stdout] error: aborting due to 1 previous error; 1 warning emitted
[INFO] [stdout] 
[INFO] [stdout] For more information about this error, try `rustc --explain E0425`.
[INFO] [stdout] Couldn't compile the test.
[INFO] [stdout] ---- src/launch.rs - launch::LaunchBuilder::with_context_provider (line 209) stdout ----
[INFO] [stdout] error[E0425]: cannot find function `into_vnode_cached` in module `dioxus_core::view`
[INFO] [stdout]    --> src/launch.rs:220:5
[INFO] [stdout]     |
[INFO] [stdout] 220 | /     rsx! {
[INFO] [stdout] 221 | |         div { "Hello, world!" }
[INFO] [stdout] 222 | |     }
[INFO] [stdout]     | |_____^ not found in `dioxus_core::view`
[INFO] [stdout]     |
[INFO] [stdout]     = note: this error originates in the macro `rsx` (in Nightly builds, run with -Z macro-backtrace for more info)
[INFO] [stdout] 
[INFO] [stdout] warning: use of deprecated associated function `dioxus::LaunchBuilder::new`: No renderer is enabled. You must enable a renderer feature on the dioxus crate before calling the launch function.
[INFO] [stdout]          Add `web`, `desktop`, `mobile`, or `fullstack` to the `features` of dioxus field in your Cargo.toml.
[INFO] [stdout]          # Example
[INFO] [stdout]          ```toml
[INFO] [stdout]          # ...
[INFO] [stdout]          [dependencies]
[INFO] [stdout]          dioxus = { version = "0.5.0", features = ["web"] }
[INFO] [stdout]          # ...
[INFO] [stdout]          ```
[INFO] [stdout]    --> src/launch.rs:225:24
[INFO] [stdout]     |
[INFO] [stdout] 225 | dioxus::LaunchBuilder::new()
[INFO] [stdout]     |                        ^^^
[INFO] [stdout]     |
[INFO] [stdout]     = note: `#[warn(deprecated)]` on by default
[INFO] [stdout] 
[INFO] [stdout] error: aborting due to 1 previous error; 1 warning emitted
[INFO] [stdout] 
[INFO] [stdout] For more information about this error, try `rustc --explain E0425`.
[INFO] [stdout] Couldn't compile the test.
[INFO] [stdout] ---- src/launch.rs - launch::LaunchBuilder::custom (line 176) stdout ----
[INFO] [stdout] error[E0425]: cannot find function `into_vnode_cached` in module `dioxus_core::view`
[INFO] [stdout]    --> src/launch.rs:192:5
[INFO] [stdout]     |
[INFO] [stdout] 192 | /     rsx! {
[INFO] [stdout] 193 | |         div { "Hello, world!" }
[INFO] [stdout] 194 | |     }
[INFO] [stdout]     | |_____^ not found in `dioxus_core::view`
[INFO] [stdout]     |
[INFO] [stdout]     = note: this error originates in the macro `rsx` (in Nightly builds, run with -Z macro-backtrace for more info)
[INFO] [stdout] 
[INFO] [stdout] error: aborting due to 1 previous error
[INFO] [stdout] 
[INFO] [stdout] For more information about this error, try `rustc --explain E0425`.
[INFO] [stdout] Couldn't compile the test.
[INFO] [stdout] 
[INFO] [stdout] failures:
[INFO] [stdout]     src/launch.rs - launch::LaunchBuilder::custom (line 176)
[INFO] [stdout]     src/launch.rs - launch::LaunchBuilder::with_cfg (line 267)
[INFO] [stdout]     src/launch.rs - launch::LaunchBuilder::with_context (line 239)
[INFO] [stdout]     src/launch.rs - launch::LaunchBuilder::with_context_provider (line 209)
[INFO] [stdout]     src/launch.rs - launch::launch (line 42)
[INFO] [stdout] 
[INFO] [stdout] test result: FAILED. 0 passed; 5 failed; 1 ignored; 0 measured; 0 filtered out; finished in 0.33s
[INFO] [stdout] 
[INFO] [stdout] all doctests ran in 0.61s; merged doctests compilation took 0.27s
[INFO] [stderr] error: doctest failed, to rerun pass `--doc`
[INFO] running `Command { std: "docker" "inspect" "015b07536083bc84bba84cb2e554c47996d1c44d6dc7f60af532254cb2ff45db", kill_on_drop: false }`
[INFO] running `Command { std: "docker" "rm" "-f" "015b07536083bc84bba84cb2e554c47996d1c44d6dc7f60af532254cb2ff45db", kill_on_drop: false }`
[INFO] [stdout] 015b07536083bc84bba84cb2e554c47996d1c44d6dc7f60af532254cb2ff45db
