[INFO] fetching crate dioxus-server 0.8.0-alpha.2...
[INFO] testing dioxus-server-0.8.0-alpha.2 against 1.100.0-beta.1+cargoflags=--release for beta-release-1.100-2
[INFO] extracting crate dioxus-server 0.8.0-alpha.2 into /workspace/builds/worker-4-tc2/source
[INFO] started tweaking crates.io crate dioxus-server 0.8.0-alpha.2
[INFO] finished tweaking crates.io crate dioxus-server 0.8.0-alpha.2
[INFO] tweaked toml for crates.io crate dioxus-server 0.8.0-alpha.2 written to /workspace/builds/worker-4-tc2/source/Cargo.toml
[INFO] validating manifest of crates.io crate dioxus-server 0.8.0-alpha.2 on toolchain 1.100.0-beta.1
[INFO] running `Command { std: CARGO_HOME="/workspace/cargo-home" RUSTUP_HOME="/workspace/rustup-home" "/workspace/cargo-home/bin/cargo" "+1.100.0-beta.1" "metadata" "--manifest-path" "Cargo.toml" "--no-deps", kill_on_drop: false }`
[INFO] crate crates.io crate dioxus-server 0.8.0-alpha.2 already has a lockfile, it will not be regenerated
[INFO] running `Command { std: CARGO_HOME="/workspace/cargo-home" RUSTUP_HOME="/workspace/rustup-home" "/workspace/cargo-home/bin/cargo" "+1.100.0-beta.1" "fetch" "--manifest-path" "Cargo.toml", kill_on_drop: false }`
[INFO] running `Command { std: "docker" "create" "-v" "/var/lib/crater-agent-workspace/builds/worker-4-tc2/source:/opt/rustwide/workdir:ro,Z" "-v" "/var/lib/crater-agent-workspace/builds/worker-4-tc2/target:/opt/rustwide/target:rw,Z" "-v" "/var/lib/crater-agent-workspace/cargo-home:/opt/rustwide/cargo-home:ro,Z" "-v" "/var/lib/crater-agent-workspace/rustup-home:/opt/rustwide/rustup-home:ro,Z" "-m" "1610612736" "--network" "none" "ghcr.io/rust-lang/crates-build-env/linux@sha256:77db811e55d90add9212f6832c23229e3de5f1c1f9905e8cb07319ea15df73ac" "sleep" "infinity", kill_on_drop: false }`
[INFO] [stdout] d3eb9fd419755733a6a199cb3ff6aa265b8c4369aaa3a9d96706a7092973f37c
[INFO] running `Command { std: "docker" "start" "d3eb9fd419755733a6a199cb3ff6aa265b8c4369aaa3a9d96706a7092973f37c", kill_on_drop: false }`
[INFO] running `Command { std: "docker" "inspect" "d3eb9fd419755733a6a199cb3ff6aa265b8c4369aaa3a9d96706a7092973f37c", kill_on_drop: false }`
[INFO] running `Command { std: "docker" "exec" "-e" "SOURCE_DIR=/opt/rustwide/workdir" "-e" "CARGO_HOME=/opt/rustwide/cargo-home" "-e" "RUSTUP_HOME=/opt/rustwide/rustup-home" "-e" "CARGO_TARGET_DIR=/opt/rustwide/target" "-w" "/opt/rustwide/workdir" "--user" "0:0" "d3eb9fd419755733a6a199cb3ff6aa265b8c4369aaa3a9d96706a7092973f37c" "/opt/rustwide/cargo-home/bin/cargo" "+1.100.0-beta.1" "metadata" "--no-deps" "--format-version=1", kill_on_drop: false }`
[INFO] running `Command { std: "docker" "inspect" "d3eb9fd419755733a6a199cb3ff6aa265b8c4369aaa3a9d96706a7092973f37c", kill_on_drop: false }`
[INFO] running `Command { std: "docker" "exec" "-e" "SOURCE_DIR=/opt/rustwide/workdir" "-e" "CARGO_HOME=/opt/rustwide/cargo-home" "-e" "RUSTUP_HOME=/opt/rustwide/rustup-home" "-e" "CARGO_TARGET_DIR=/opt/rustwide/target" "-e" "CARGO_INCREMENTAL=0" "-e" "RUST_BACKTRACE=full" "-e" "RUSTFLAGS=--cap-lints=warn" "-e" "RUSTDOCFLAGS=--cap-lints=warn" "-w" "/opt/rustwide/workdir" "--user" "0:0" "d3eb9fd419755733a6a199cb3ff6aa265b8c4369aaa3a9d96706a7092973f37c" "/opt/rustwide/cargo-home/bin/cargo" "+1.100.0-beta.1" "build" "--frozen" "--message-format=json" "--release", kill_on_drop: false }`
[INFO] [stderr]    Compiling proc-macro2 v1.0.106
[INFO] [stderr]    Compiling serde_core v1.0.228
[INFO] [stderr]    Compiling serde v1.0.228
[INFO] [stderr]    Compiling libc v0.2.186
[INFO] [stderr]    Compiling futures-core v0.3.32
[INFO] [stderr]    Compiling futures-sink v0.3.32
[INFO] [stderr]    Compiling memchr v2.8.0
[INFO] [stderr]    Compiling futures-io v0.3.32
[INFO] [stderr]    Compiling slab v0.4.12
[INFO] [stderr]    Compiling futures-task v0.3.32
[INFO] [stderr]    Compiling smallvec v1.16.3
[INFO] [stderr]    Compiling tracing-core v0.1.36
[INFO] [stderr]    Compiling zerocopy v0.8.48
[INFO] [stderr]    Compiling proc-macro2-diagnostics v0.10.1
[INFO] [stderr]    Compiling rustversion v1.0.22
[INFO] [stderr]    Compiling unicode-segmentation v1.13.2
[INFO] [stderr]    Compiling xxhash-rust v0.8.15
[INFO] [stderr]    Compiling futures-channel v0.3.32
[INFO] [stderr]    Compiling dioxus-const-vec v0.8.0-alpha.2
[INFO] [stderr]    Compiling slotmap v1.1.1
[INFO] [stderr]    Compiling anyhow v1.0.102
[INFO] [stderr]    Compiling konst_macro_rules v0.2.19
[INFO] [stderr]    Compiling dioxus-core-template v0.8.0-alpha.2
[INFO] [stderr]    Compiling libloading v0.8.9
[INFO] [stderr]    Compiling dioxus-core-types v0.8.0-alpha.2
[INFO] [stderr]    Compiling konst v0.2.20
[INFO] [stderr]    Compiling httparse v1.10.1
[INFO] [stderr]    Compiling typenum v1.20.0
[INFO] [stderr]    Compiling longest-increasing-subsequence v0.1.0
[INFO] [stderr]    Compiling rustc-hash v2.1.2
[INFO] [stderr]    Compiling getrandom v0.3.4
[INFO] [stderr]    Compiling convert_case v0.8.0
[INFO] [stderr]    Compiling num-traits v0.2.19
[INFO] [stderr]    Compiling litemap v0.8.2
[INFO] [stderr]    Compiling lazy-js-bundle v0.8.0-alpha.2
[INFO] [stderr]    Compiling writeable v0.6.4
[INFO] [stderr]    Compiling icu_properties_data v2.3.0
[INFO] [stderr]    Compiling serde_json v1.0.149
[INFO] [stderr]    Compiling icu_normalizer_data v2.3.0
[INFO] [stderr]    Compiling tower-service v0.3.3
[INFO] [stderr]    Compiling tower-layer v0.3.3
[INFO] [stderr]    Compiling bitflags v2.11.1
[INFO] [stderr]    Compiling data-encoding v2.11.0
[INFO] [stderr]    Compiling quote v1.0.45
[INFO] [stderr]    Compiling sync_wrapper v1.0.2
[INFO] [stderr]    Compiling keyboard-types v0.7.0
[INFO] [stderr]    Compiling dioxus-document v0.8.0-alpha.2
[INFO] [stderr]    Compiling syn v2.0.117
[INFO] [stderr]    Compiling syn v3.0.8
[INFO] [stderr]    Compiling form_urlencoded v1.2.2
[INFO] [stderr]    Compiling ciborium-io v0.2.2
[INFO] [stderr]    Compiling regex-syntax v0.8.10
[INFO] [stderr]    Compiling unicase v2.9.0
[INFO] [stderr]    Compiling multer v3.1.0
[INFO] [stderr]    Compiling crossbeam-utils v0.8.21
[INFO] [stderr]    Compiling const_format_proc_macros v0.2.34
[INFO] [stderr]    Compiling dioxus-cli-config v0.8.0-alpha.2
[INFO] [stderr]    Compiling mime_guess v2.0.5
[INFO] [stderr]    Compiling utf-8 v0.7.6
[INFO] [stderr]    Compiling dioxus-interpreter-js v0.8.0-alpha.2
[INFO] [stderr]    Compiling thread_local v1.1.9
[INFO] [stderr]    Compiling generic-array v0.14.7
[INFO] [stderr]    Compiling encoding_rs v0.8.35
[INFO] [stderr]    Compiling base16 v0.2.1
[INFO] [stderr]    Compiling spin v0.9.8
[INFO] [stderr]    Compiling parking_lot_core v0.9.12
[INFO] [stderr]    Compiling memmap2 v0.9.11
[INFO] [stderr]    Compiling mio v1.2.0
[INFO] [stderr]    Compiling socket2 v0.6.3
[INFO] [stderr]    Compiling euclid v0.22.14
[INFO] [stderr]    Compiling parking_lot v0.12.5
[INFO] [stderr]    Compiling const_format v0.2.36
[INFO] [stderr]    Compiling rand_core v0.9.5
[INFO] [stderr]    Compiling inventory v0.3.24
[INFO] [stderr]    Compiling ipnet v2.12.0
[INFO] [stderr]    Compiling ryu v1.0.23
[INFO] [stderr]    Compiling crypto-common v0.1.7
[INFO] [stderr]    Compiling block-buffer v0.10.4
[INFO] [stderr]    Compiling hashbrown v0.16.1
[INFO] [stderr]    Compiling digest v0.10.7
[INFO] [stderr]    Compiling askama_escape v0.13.0
[INFO] [stderr]    Compiling same-file v1.0.6
[INFO] [stderr]    Compiling matchit v0.8.4
[INFO] [stderr]    Compiling http-range-header v0.4.2
[INFO] [stderr]    Compiling sha1 v0.10.6
[INFO] [stderr]    Compiling serde_path_to_error v0.1.20
[INFO] [stderr]    Compiling regex-automata v0.4.14
[INFO] [stderr]    Compiling walkdir v2.5.0
[INFO] [stderr]    Compiling sha2 v0.10.9
[INFO] [stderr]    Compiling chrono v0.4.44
[INFO] [stderr]    Compiling dashmap v6.2.1
[INFO] [stderr]    Compiling lru v0.16.4
[INFO] [stderr]    Compiling zerovec-derive v0.11.6
[INFO] [stderr]    Compiling matchers v0.2.0
[INFO] [stderr]    Compiling synstructure v0.13.2
[INFO] [stderr]    Compiling darling_core v0.21.3
[INFO] [stderr]    Compiling dioxus-rsx v0.8.0-alpha.2
[INFO] [stderr]    Compiling serde_derive v1.0.228
[INFO] [stderr]    Compiling futures-macro v0.3.32
[INFO] [stderr]    Compiling tracing-attributes v0.1.31
[INFO] [stderr]    Compiling thiserror-impl v2.0.18
[INFO] [stderr]    Compiling zerofrom-derive v0.1.7
[INFO] [stderr]    Compiling zerocopy-derive v0.8.48
[INFO] [stderr]    Compiling yoke-derive v0.8.2
[INFO] [stderr]    Compiling tokio-macros v2.7.0
[INFO] [stderr]    Compiling displaydoc v0.2.5
[INFO] [stderr]    Compiling pin-project-internal v1.1.13
[INFO] [stderr]    Compiling warnings-macro v0.2.0
[INFO] [stderr]    Compiling async-trait v0.1.89
[INFO] [stderr]    Compiling dioxus-html-internal-macro v0.8.0-alpha.2
[INFO] [stderr]    Compiling axum-macros v0.5.1
[INFO] [stderr]    Compiling dioxus-router-macro v0.8.0-alpha.2
[INFO] [stderr]    Compiling futures-util v0.3.32
[INFO] [stderr]    Compiling dioxus-core-macro v0.8.0-alpha.2
[INFO] [stderr]    Compiling pin-project v1.1.13
[INFO] [stderr]    Compiling zerofrom v0.1.8
[INFO] [stderr]    Compiling tracing v0.1.44
[INFO] [stderr]    Compiling thiserror v2.0.18
[INFO] [stderr]    Compiling yoke v0.8.3
[INFO] [stderr]    Compiling zerovec v0.11.8
[INFO] [stderr]    Compiling zerotrie v0.2.5
[INFO] [stderr]    Compiling generational-box v0.8.0-alpha.2
[INFO] [stderr]    Compiling warnings v0.2.1
[INFO] [stderr]    Compiling tracing-subscriber v0.3.23
[INFO] [stderr]    Compiling tracing-futures v0.2.5
[INFO] [stderr]    Compiling darling_macro v0.21.3
[INFO] [stderr]    Compiling darling v0.21.3
[INFO] [stderr]    Compiling enumset_derive v0.15.0
[INFO] [stderr]    Compiling tinystr v0.8.4
[INFO] [stderr]    Compiling potential_utf v0.1.5
[INFO] [stderr]    Compiling icu_collections v2.3.0
[INFO] [stderr]    Compiling icu_locale_core v2.3.0
[INFO] [stderr]    Compiling icu_provider v2.3.1
[INFO] [stderr]    Compiling bytes v1.11.1
[INFO] [stderr]    Compiling subsecond-types v0.8.0-alpha.2
[INFO] [stderr]    Compiling serde_urlencoded v0.7.1
[INFO] [stderr]    Compiling serde_qs v0.15.0
[INFO] [stderr]    Compiling enumset v1.1.13
[INFO] [stderr]    Compiling subsecond v0.8.0-alpha.2
[INFO] [stderr]    Compiling icu_normalizer v2.3.0
[INFO] [stderr]    Compiling icu_properties v2.3.0
[INFO] [stderr]    Compiling http v1.4.0
[INFO] [stderr]    Compiling tokio v1.52.3
[INFO] [stderr]    Compiling dioxus-logger v0.8.0-alpha.2
[INFO] [stderr]    Compiling ppv-lite86 v0.2.21
[INFO] [stderr]    Compiling half v2.7.1
[INFO] [stderr]    Compiling dioxus-core v0.8.0-alpha.2
[INFO] [stderr]    Compiling futures-executor v0.3.32
[INFO] [stderr]    Compiling futures v0.3.32
[INFO] [stderr]    Compiling ciborium-ll v0.2.2
[INFO] [stderr]    Compiling idna_adapter v1.2.2
[INFO] [stderr]    Compiling ciborium v0.2.2
[INFO] [stderr]    Compiling idna v1.1.0
[INFO] [stderr]    Compiling rand_chacha v0.9.0
[INFO] [stderr]    Compiling http-body v1.0.1
[INFO] [stderr]    Compiling http-body-util v0.1.3
[INFO] [stderr]    Compiling rand v0.9.4
[INFO] [stderr]    Compiling axum-core v0.5.6
[INFO] [stderr]    Compiling url v2.5.8
[INFO] [stderr]    Compiling tungstenite v0.29.0
[INFO] [stderr]    Compiling tungstenite v0.28.0
[INFO] [stderr]    Compiling tokio-util v0.7.18
[INFO] [stderr]    Compiling tower v0.5.3
[INFO] [stderr]    Compiling tokio-tungstenite v0.29.0
[INFO] [stderr]    Compiling tokio-tungstenite v0.28.0
[INFO] [stderr]    Compiling h2 v0.4.14
[INFO] [stderr]    Compiling tower-http v0.6.11
[INFO] [stderr]    Compiling dioxus-signals v0.8.0-alpha.2
[INFO] [stderr]    Compiling dioxus-history v0.8.0-alpha.2
[INFO] [stderr]    Compiling dioxus-devtools-types v0.8.0-alpha.2
[INFO] [stderr]    Compiling dioxus-ssr v0.8.0-alpha.2
[INFO] [stderr]    Compiling dioxus-hooks v0.8.0-alpha.2
[INFO] [stderr]    Compiling dioxus-devtools v0.8.0-alpha.2
[INFO] [stderr]    Compiling dioxus-html v0.8.0-alpha.2
[INFO] [stderr]    Compiling hyper v1.9.0
[INFO] [stderr]    Compiling hyper-util v0.1.20
[INFO] [stderr]    Compiling dioxus-fullstack-core v0.8.0-alpha.2
[INFO] [stderr]    Compiling axum v0.8.9
[INFO] [stderr]    Compiling dioxus-router v0.8.0-alpha.2
[INFO] [stderr]    Compiling dioxus-server v0.8.0-alpha.2 (/opt/rustwide/workdir)
[INFO] [stdout] warning: unused import: `ServeDir`
[INFO] [stdout]    --> src/server.rs:406:32
[INFO] [stdout]     |
[INFO] [stdout] 406 |     use tower_http::services::{ServeDir, ServeFile};
[INFO] [stdout]     |                                ^^^^^^^^
[INFO] [stdout]     |
[INFO] [stdout]     = note: `#[warn(unused_imports)]` (part of `#[warn(unused)]`) on by default
[INFO] [stdout] 
[INFO] [stdout] 
[INFO] [stderr] warning: unused dependency `dashmap`
[INFO] [stderr]   --> Cargo.toml:25:15
[INFO] [stderr]    |
[INFO] [stderr] 25 | [dependencies.dashmap]
[INFO] [stderr]    |               ^^^^^^^^
[INFO] [stderr]    |
[INFO] [stderr]    = note: `cargo::unused_dependencies` is set to `warn` by default
[INFO] [stderr] help: consider removing the dependency on `dashmap`
[INFO] [stderr] warning: unused dependency `futures`
[INFO] [stderr]   --> Cargo.toml:82:15
[INFO] [stderr]    |
[INFO] [stderr] 82 | [dependencies.futures]
[INFO] [stderr]    |               ^^^^^^^^
[INFO] [stderr]    |
[INFO] [stderr] help: consider removing the dependency on `futures`
[INFO] [stderr] warning: unused dependency `serde_qs`
[INFO] [stderr]    --> Cargo.toml:153:15
[INFO] [stderr]     |
[INFO] [stderr] 153 | [dependencies.serde_qs]
[INFO] [stderr]     |               ^^^^^^^^^
[INFO] [stderr]     |
[INFO] [stderr] help: consider removing the dependency on `serde_qs`
[INFO] [stderr] warning: unused dependency `tokio-tungstenite`
[INFO] [stderr]    --> Cargo.toml:163:15
[INFO] [stderr]     |
[INFO] [stderr] 163 | [dependencies.tokio-tungstenite]
[INFO] [stderr]     |               ^^^^^^^^^^^^^^^^^^
[INFO] [stderr]     |
[INFO] [stderr] help: consider removing the dependency on `tokio-tungstenite`
[INFO] [stderr] warning: unused dependency `tracing-futures`
[INFO] [stderr]    --> Cargo.toml:185:15
[INFO] [stderr]     |
[INFO] [stderr] 185 | [dependencies.tracing-futures]
[INFO] [stderr]     |               ^^^^^^^^^^^^^^^^
[INFO] [stderr]     |
[INFO] [stderr] help: consider removing the dependency on `tracing-futures`
[INFO] [stderr] warning: `dioxus-server` (manifest) generated 5 warnings
[INFO] [stderr]     Finished `release` profile [optimized] target(s) in 2m 12s
[INFO] running `Command { std: "docker" "inspect" "d3eb9fd419755733a6a199cb3ff6aa265b8c4369aaa3a9d96706a7092973f37c", kill_on_drop: false }`
[INFO] running `Command { std: "docker" "exec" "-e" "SOURCE_DIR=/opt/rustwide/workdir" "-e" "CARGO_HOME=/opt/rustwide/cargo-home" "-e" "RUSTUP_HOME=/opt/rustwide/rustup-home" "-e" "CARGO_TARGET_DIR=/opt/rustwide/target" "-e" "CARGO_INCREMENTAL=0" "-e" "RUST_BACKTRACE=full" "-e" "RUSTFLAGS=--cap-lints=warn" "-e" "RUSTDOCFLAGS=--cap-lints=warn" "-w" "/opt/rustwide/workdir" "--user" "0:0" "d3eb9fd419755733a6a199cb3ff6aa265b8c4369aaa3a9d96706a7092973f37c" "/opt/rustwide/cargo-home/bin/cargo" "+1.100.0-beta.1" "test" "--frozen" "--no-run" "--message-format=json" "--release", kill_on_drop: false }`
[INFO] [stdout] warning: unused import: `ServeDir`
[INFO] [stdout]    --> src/server.rs:406:32
[INFO] [stdout]     |
[INFO] [stdout] 406 |     use tower_http::services::{ServeDir, ServeFile};
[INFO] [stdout]     |                                ^^^^^^^^
[INFO] [stdout]     |
[INFO] [stdout]     = note: `#[warn(unused_imports)]` (part of `#[warn(unused)]`) on by default
[INFO] [stdout] 
[INFO] [stdout] 
[INFO] [stderr]    Compiling dioxus-server v0.8.0-alpha.2 (/opt/rustwide/workdir)
[INFO] [stdout] warning: unused import: `ServeDir`
[INFO] [stdout]    --> src/server.rs:406:32
[INFO] [stdout]     |
[INFO] [stdout] 406 |     use tower_http::services::{ServeDir, ServeFile};
[INFO] [stdout]     |                                ^^^^^^^^
[INFO] [stdout]     |
[INFO] [stdout]     = note: `#[warn(unused_imports)]` (part of `#[warn(unused)]`) on by default
[INFO] [stdout] 
[INFO] [stdout] 
[INFO] [stderr] warning: unused dependency `dashmap`
[INFO] [stderr]   --> Cargo.toml:25:15
[INFO] [stderr]    |
[INFO] [stderr] 25 | [dependencies.dashmap]
[INFO] [stderr]    |               ^^^^^^^^
[INFO] [stderr]    |
[INFO] [stderr]    = note: `cargo::unused_dependencies` is set to `warn` by default
[INFO] [stderr] help: consider removing the dependency on `dashmap`
[INFO] [stderr] warning: unused dependency `futures`
[INFO] [stderr]   --> Cargo.toml:82:15
[INFO] [stderr]    |
[INFO] [stderr] 82 | [dependencies.futures]
[INFO] [stderr]    |               ^^^^^^^^
[INFO] [stderr]    |
[INFO] [stderr] help: consider removing the dependency on `futures`
[INFO] [stderr] warning: unused dependency `serde_qs`
[INFO] [stderr]    --> Cargo.toml:153:15
[INFO] [stderr]     |
[INFO] [stderr] 153 | [dependencies.serde_qs]
[INFO] [stderr]     |               ^^^^^^^^^
[INFO] [stderr]     |
[INFO] [stderr] help: consider removing the dependency on `serde_qs`
[INFO] [stderr] warning: unused dependency `tokio-tungstenite`
[INFO] [stderr]    --> Cargo.toml:163:15
[INFO] [stderr]     |
[INFO] [stderr] 163 | [dependencies.tokio-tungstenite]
[INFO] [stderr]     |               ^^^^^^^^^^^^^^^^^^
[INFO] [stderr]     |
[INFO] [stderr] help: consider removing the dependency on `tokio-tungstenite`
[INFO] [stderr] warning: unused dependency `tracing-futures`
[INFO] [stderr]    --> Cargo.toml:185:15
[INFO] [stderr]     |
[INFO] [stderr] 185 | [dependencies.tracing-futures]
[INFO] [stderr]     |               ^^^^^^^^^^^^^^^^
[INFO] [stderr]     |
[INFO] [stderr] help: consider removing the dependency on `tracing-futures`
[INFO] [stderr] warning: `dioxus-server` (manifest) generated 5 warnings
[INFO] [stderr]     Finished `release` profile [optimized] target(s) in 3.33s
[INFO] running `Command { std: "docker" "inspect" "d3eb9fd419755733a6a199cb3ff6aa265b8c4369aaa3a9d96706a7092973f37c", kill_on_drop: false }`
[INFO] running `Command { std: "docker" "exec" "-e" "SOURCE_DIR=/opt/rustwide/workdir" "-e" "CARGO_HOME=/opt/rustwide/cargo-home" "-e" "RUSTUP_HOME=/opt/rustwide/rustup-home" "-e" "CARGO_TARGET_DIR=/opt/rustwide/target" "-e" "CARGO_INCREMENTAL=0" "-e" "RUST_BACKTRACE=full" "-e" "RUSTFLAGS=--cap-lints=warn" "-e" "RUSTDOCFLAGS=--cap-lints=warn" "-w" "/opt/rustwide/workdir" "--user" "0:0" "d3eb9fd419755733a6a199cb3ff6aa265b8c4369aaa3a9d96706a7092973f37c" "/opt/rustwide/cargo-home/bin/cargo" "+1.100.0-beta.1" "test" "--frozen" "--release", kill_on_drop: false }`
[INFO] [stderr] warning: unused import: `ServeDir`
[INFO] [stderr]    --> src/server.rs:406:32
[INFO] [stderr]     |
[INFO] [stderr] 406 |     use tower_http::services::{ServeDir, ServeFile};
[INFO] [stderr]     |                                ^^^^^^^^
[INFO] [stderr]     |
[INFO] [stderr]     = note: `#[warn(unused_imports)]` (part of `#[warn(unused)]`) on by default
[INFO] [stderr] 
[INFO] [stderr] warning: `dioxus-server` (lib) generated 1 warning (run `cargo fix --lib -p dioxus-server` to apply 1 suggestion)
[INFO] [stderr] warning: `dioxus-server` (lib test) generated 1 warning (1 duplicate)
[INFO] [stderr] warning: unused dependency `dashmap`
[INFO] [stderr]   --> Cargo.toml:25:15
[INFO] [stderr]    |
[INFO] [stderr] 25 | [dependencies.dashmap]
[INFO] [stderr]    |               ^^^^^^^^
[INFO] [stderr]    |
[INFO] [stderr]    = note: `cargo::unused_dependencies` is set to `warn` by default
[INFO] [stderr] help: consider removing the dependency on `dashmap`
[INFO] [stderr] warning: unused dependency `futures`
[INFO] [stderr]   --> Cargo.toml:82:15
[INFO] [stderr]    |
[INFO] [stderr] 82 | [dependencies.futures]
[INFO] [stderr]    |               ^^^^^^^^
[INFO] [stderr]    |
[INFO] [stderr] help: consider removing the dependency on `futures`
[INFO] [stderr] warning: unused dependency `serde_qs`
[INFO] [stderr]    --> Cargo.toml:153:15
[INFO] [stderr]     |
[INFO] [stderr] 153 | [dependencies.serde_qs]
[INFO] [stderr]     |               ^^^^^^^^^
[INFO] [stderr]     |
[INFO] [stderr] help: consider removing the dependency on `serde_qs`
[INFO] [stderr] warning: unused dependency `tokio-tungstenite`
[INFO] [stderr]    --> Cargo.toml:163:15
[INFO] [stderr]     |
[INFO] [stderr] 163 | [dependencies.tokio-tungstenite]
[INFO] [stderr]     |               ^^^^^^^^^^^^^^^^^^
[INFO] [stderr]     |
[INFO] [stderr] help: consider removing the dependency on `tokio-tungstenite`
[INFO] [stderr] warning: unused dependency `tracing-futures`
[INFO] [stderr]    --> Cargo.toml:185:15
[INFO] [stderr]     |
[INFO] [stderr] 185 | [dependencies.tracing-futures]
[INFO] [stderr]     |               ^^^^^^^^^^^^^^^^
[INFO] [stderr]     |
[INFO] [stderr] help: consider removing the dependency on `tracing-futures`
[INFO] [stderr] warning: `dioxus-server` (manifest) generated 5 warnings
[INFO] [stderr]     Finished `release` profile [optimized] target(s) in 0.24s
[INFO] [stderr]      Running unittests src/lib.rs (/opt/rustwide/target/release/build/dioxus-server/49a180963e367c16/out/dioxus_server-49a180963e367c16)
[INFO] [stdout] 
[INFO] [stdout] running 1 test
[INFO] [stdout] test server::test_file_name_looks_immutable ... ok
[INFO] [stdout] 
[INFO] [stdout] test result: ok. 1 passed; 0 failed; 0 ignored; 0 measured; 0 filtered out; finished in 0.00s
[INFO] [stdout] 
[INFO] [stderr]    Doc-tests dioxus_server
[INFO] [stdout] 
[INFO] [stdout] running 17 tests
[INFO] [stdout] test src/../README.md - (line 34) - compile ... FAILED
[INFO] [stdout] test src/server.rs - server::DioxusRouterExt::serve_static_assets (line 26) - compile ... FAILED
[INFO] [stdout] test src/../README.md - (line 74) - compile ... FAILED
[INFO] [stdout] test src/isrg/mod.rs - isrg::IncrementalRenderer::get (line 98) ... ok
[INFO] [stdout] test src/config.rs - config::ServeConfig::enable_out_of_order_streaming (line 293) - compile ... FAILED
[INFO] [stdout] test src/config.rs - config::ServeConfig::context_providers (line 122) - compile ... FAILED
[INFO] [stdout] test src/isrg/mod.rs - isrg::IncrementalRenderer::cache (line 59) ... FAILED
[INFO] [stdout] test src/server.rs - server::DioxusRouterExt::serve_api_application (line 103) - compile ... FAILED
[INFO] [stdout] test src/server.rs - server::DioxusRouterExt::register_server_functions (line 79) - compile ... FAILED
[INFO] [stdout] test src/config.rs - config::ServeConfig::context (line 230) - compile ... FAILED
[INFO] [stdout] test src/isrg/mod.rs - isrg::IncrementalRenderer::get (line 85) ... FAILED
[INFO] [stdout] test src/server.rs - server::DioxusRouterExt::serve_dioxus_application (line 51) - compile ... FAILED
[INFO] [stdout] test src/server.rs - server::FullstackState::render_handler (line 293) - compile ... FAILED
[INFO] [stdout] test src/config.rs - config::ServeConfig::incremental (line 99) - compile ... FAILED
[INFO] [stdout] test src/config.rs - config::ServeConfig::streaming_mode (line 275) - compile ... FAILED
[INFO] [stdout] test src/server.rs - server::render_handler (line 179) - compile ... FAILED
[INFO] [stdout] test src/config.rs - config::ServeConfig::context_provider (line 181) - compile ... FAILED
[INFO] [stdout] 
[INFO] [stdout] failures:
[INFO] [stdout] 
[INFO] [stdout] ---- src/../README.md - (line 34) stdout ----
[INFO] [stdout] error[E0433]: cannot find module or crate `dioxus` in this scope
[INFO] [stdout]   --> src/../README.md:35:5
[INFO] [stdout]    |
[INFO] [stdout] 35 | use dioxus::prelude::*;
[INFO] [stdout]    |     ^^^^^^ use of unresolved module or unlinked crate `dioxus`
[INFO] [stdout]    |
[INFO] [stdout]    = help: if you wanted to use a crate named `dioxus`, use `cargo add dioxus` to add it to your `Cargo.toml`
[INFO] [stdout] 
[INFO] [stdout] error: cannot find attribute `get` in this scope
[INFO] [stdout]   --> src/../README.md:48:3
[INFO] [stdout]    |
[INFO] [stdout] 48 | #[get("/meaning/?of")]
[INFO] [stdout]    |   ^^^
[INFO] [stdout] 
[INFO] [stdout] error: cannot find macro `rsx` in this scope
[INFO] [stdout]   --> src/../README.md:41:9
[INFO] [stdout]    |
[INFO] [stdout] 41 |         rsx! {
[INFO] [stdout]    |         ^^^
[INFO] [stdout] 
[INFO] [stdout] error[E0107]: enum takes 2 generic arguments but 1 generic argument was supplied
[INFO] [stdout]   --> src/../README.md:49:37
[INFO] [stdout]    |
[INFO] [stdout] 49 | async fn get_meaning(of: String) -> Result<Option<u32>> {
[INFO] [stdout]    |                                     ^^^^^^ ----------- supplied 1 generic argument
[INFO] [stdout]    |                                     |
[INFO] [stdout]    |                                     expected 2 generic arguments
[INFO] [stdout]    |
[INFO] [stdout] help: add missing generic argument
[INFO] [stdout]    |
[INFO] [stdout] 49 | async fn get_meaning(of: String) -> Result<Option<u32>, E> {
[INFO] [stdout]    |                                                       +++
[INFO] [stdout] 
[INFO] [stdout] error[E0433]: cannot find module or crate `dioxus` in this scope
[INFO] [stdout]   --> src/../README.md:38:5
[INFO] [stdout]    |
[INFO] [stdout] 38 |     dioxus::launch(|| {
[INFO] [stdout]    |     ^^^^^^ use of unresolved module or unlinked crate `dioxus`
[INFO] [stdout]    |
[INFO] [stdout]    = help: if you wanted to use a crate named `dioxus`, use `cargo add dioxus` to add it to your `Cargo.toml`
[INFO] [stdout] 
[INFO] [stdout] error[E0425]: cannot find function `use_action` in this scope
[INFO] [stdout]   --> src/../README.md:39:27
[INFO] [stdout]    |
[INFO] [stdout] 39 |         let mut meaning = use_action(|| get_meaning("life the universe and everything".into()));
[INFO] [stdout]    |                           ^^^^^^^^^^ not found in this scope
[INFO] [stdout] 
[INFO] [stdout] error: aborting due to 6 previous errors
[INFO] [stdout] 
[INFO] [stdout] Some errors have detailed explanations: E0107, E0425, E0433.
[INFO] [stdout] For more information about an error, try `rustc --explain E0107`.
[INFO] [stdout] Couldn't compile the test.
[INFO] [stdout] ---- src/server.rs - server::DioxusRouterExt::serve_static_assets (line 26) stdout ----
[INFO] [stdout] error[E0433]: cannot find module or crate `dioxus` in this scope
[INFO] [stdout]   --> src/server.rs:30:5
[INFO] [stdout]    |
[INFO] [stdout] 30 | use dioxus::prelude::*;
[INFO] [stdout]    |     ^^^^^^ use of unresolved module or unlinked crate `dioxus`
[INFO] [stdout]    |
[INFO] [stdout]    = help: if you wanted to use a crate named `dioxus`, use `cargo add dioxus` to add it to your `Cargo.toml`
[INFO] [stdout] 
[INFO] [stdout] error[E0433]: cannot find module or crate `dioxus` in this scope
[INFO] [stdout]   --> src/server.rs:35:16
[INFO] [stdout]    |
[INFO] [stdout] 35 |     let addr = dioxus::cli_config::fullstack_address_or_localhost();
[INFO] [stdout]    |                ^^^^^^ use of unresolved module or unlinked crate `dioxus`
[INFO] [stdout]    |
[INFO] [stdout]    = help: if you wanted to use a crate named `dioxus`, use `cargo add dioxus` to add it to your `Cargo.toml`
[INFO] [stdout] 
[INFO] [stdout] error: aborting due to 2 previous errors
[INFO] [stdout] 
[INFO] [stdout] For more information about this error, try `rustc --explain E0433`.
[INFO] [stdout] Couldn't compile the test.
[INFO] [stdout] ---- src/../README.md - (line 74) stdout ----
[INFO] [stdout] error[E0433]: cannot find module or crate `dioxus` in this scope
[INFO] [stdout]   --> src/../README.md:78:5
[INFO] [stdout]    |
[INFO] [stdout] 78 | use dioxus::prelude::*;
[INFO] [stdout]    |     ^^^^^^ use of unresolved module or unlinked crate `dioxus`
[INFO] [stdout]    |
[INFO] [stdout]    = help: if you wanted to use a crate named `dioxus`, use `cargo add dioxus` to add it to your `Cargo.toml`
[INFO] [stdout] 
[INFO] [stdout] error: cannot find attribute `server` in this scope
[INFO] [stdout]    --> src/../README.md:125:3
[INFO] [stdout]     |
[INFO] [stdout] 125 | #[server]
[INFO] [stdout]     |   ^^^^^^
[INFO] [stdout]     |
[INFO] [stdout] help: the derive macros `Deserialize` and `Serialize` accept the similarly named `serde` attribute
[INFO] [stdout]     |
[INFO] [stdout] 125 - #[server]
[INFO] [stdout] 125 + #[serde]
[INFO] [stdout]     |
[INFO] [stdout] 
[INFO] [stdout] error: cannot find attribute `component` in this scope
[INFO] [stdout]    --> src/../README.md:108:3
[INFO] [stdout]     |
[INFO] [stdout] 108 | #[component]
[INFO] [stdout]     |   ^^^^^^^^^
[INFO] [stdout] 
[INFO] [stdout] error: cannot find macro `rsx` in this scope
[INFO] [stdout]    --> src/../README.md:112:5
[INFO] [stdout]     |
[INFO] [stdout] 112 |     rsx! {
[INFO] [stdout]     |     ^^^
[INFO] [stdout] 
[INFO] [stdout] error[E0425]: cannot find type `Element` in this scope
[INFO] [stdout]    --> src/../README.md:109:13
[INFO] [stdout]     |
[INFO] [stdout] 109 | fn App() -> Element {
[INFO] [stdout]     |             ^^^^^^^ not found in this scope
[INFO] [stdout] 
[INFO] [stdout] error[E0425]: cannot find type `ServerFnResult` in this scope
[INFO] [stdout]    --> src/../README.md:126:37
[INFO] [stdout]     |
[INFO] [stdout] 126 | async fn get_meaning(of: String) -> ServerFnResult<Option<u32>> {
[INFO] [stdout]     |                                     ^^^^^^^^^^^^^^ not found in this scope
[INFO] [stdout] 
[INFO] [stdout] error[E0433]: cannot find module or crate `dioxus` in this scope
[INFO] [stdout]    --> src/../README.md:105:5
[INFO] [stdout]     |
[INFO] [stdout] 105 |     dioxus::launch(App);
[INFO] [stdout]     |     ^^^^^^ use of unresolved module or unlinked crate `dioxus`
[INFO] [stdout]     |
[INFO] [stdout]     = help: if you wanted to use a crate named `dioxus`, use `cargo add dioxus` to add it to your `Cargo.toml`
[INFO] [stdout] 
[INFO] [stdout] error[E0425]: cannot find function `use_signal` in this scope
[INFO] [stdout]    --> src/../README.md:110:23
[INFO] [stdout]     |
[INFO] [stdout] 110 |     let mut meaning = use_signal(|| None);
[INFO] [stdout]     |                       ^^^^^^^^^^ not found in this scope
[INFO] [stdout] 
[INFO] [stdout] error: aborting due to 8 previous errors
[INFO] [stdout] 
[INFO] [stdout] Some errors have detailed explanations: E0425, E0433.
[INFO] [stdout] For more information about an error, try `rustc --explain E0425`.
[INFO] [stdout] Couldn't compile the test.
[INFO] [stdout] ---- src/config.rs - config::ServeConfig::enable_out_of_order_streaming (line 293) stdout ----
[INFO] [stdout] error[E0433]: cannot find module or crate `dioxus` in this scope
[INFO] [stdout]    --> src/config.rs:294:5
[INFO] [stdout]     |
[INFO] [stdout] 294 | use dioxus::prelude::*;
[INFO] [stdout]     |     ^^^^^^ use of unresolved module or unlinked crate `dioxus`
[INFO] [stdout]     |
[INFO] [stdout]     = help: if you wanted to use a crate named `dioxus`, use `cargo add dioxus` to add it to your `Cargo.toml`
[INFO] [stdout] 
[INFO] [stdout] error: cannot find macro `server_only` in this scope
[INFO] [stdout]    --> src/config.rs:297:19
[INFO] [stdout]     |
[INFO] [stdout] 297 |     .with_context(server_only! {
[INFO] [stdout]     |                   ^^^^^^^^^^^
[INFO] [stdout] 
[INFO] [stdout] error[E0433]: cannot find module or crate `dioxus` in this scope
[INFO] [stdout]    --> src/config.rs:296:1
[INFO] [stdout]     |
[INFO] [stdout] 296 | dioxus::LaunchBuilder::new()
[INFO] [stdout]     | ^^^^^^ use of unresolved module or unlinked crate `dioxus`
[INFO] [stdout]     |
[INFO] [stdout]     = help: if you wanted to use a crate named `dioxus`, use `cargo add dioxus` to add it to your `Cargo.toml`
[INFO] [stdout] 
[INFO] [stdout] error[E0425]: cannot find type `Element` in this scope
[INFO] [stdout]    --> src/config.rs:295:13
[INFO] [stdout]     |
[INFO] [stdout] 295 | fn app() -> Element { unimplemented!() }
[INFO] [stdout]     |             ^^^^^^^ not found in this scope
[INFO] [stdout] 
[INFO] [stdout] error: aborting due to 4 previous errors
[INFO] [stdout] 
[INFO] [stdout] Some errors have detailed explanations: E0425, E0433.
[INFO] [stdout] For more information about an error, try `rustc --explain E0425`.
[INFO] [stdout] Couldn't compile the test.
[INFO] [stdout] ---- src/config.rs - config::ServeConfig::context_providers (line 122) stdout ----
[INFO] [stdout] error[E0433]: cannot find module or crate `dioxus` in this scope
[INFO] [stdout]    --> src/config.rs:126:5
[INFO] [stdout]     |
[INFO] [stdout] 126 | use dioxus::prelude::*;
[INFO] [stdout]     |     ^^^^^^ use of unresolved module or unlinked crate `dioxus`
[INFO] [stdout]     |
[INFO] [stdout]     = help: if you wanted to use a crate named `dioxus`, use `cargo add dioxus` to add it to your `Cargo.toml`
[INFO] [stdout] 
[INFO] [stdout] error: cannot find macro `rsx` in this scope
[INFO] [stdout]    --> src/config.rs:157:5
[INFO] [stdout]     |
[INFO] [stdout] 157 |     rsx! {
[INFO] [stdout]     |     ^^^
[INFO] [stdout] 
[INFO] [stdout] error: cannot find attribute `server` in this scope
[INFO] [stdout]    --> src/config.rs:150:3
[INFO] [stdout]     |
[INFO] [stdout] 150 | #[server]
[INFO] [stdout]     |   ^^^^^^
[INFO] [stdout]     |
[INFO] [stdout] help: the derive macros `Deserialize` and `Serialize` accept the similarly named `serde` attribute
[INFO] [stdout]     |
[INFO] [stdout] 150 - #[server]
[INFO] [stdout] 150 + #[serde]
[INFO] [stdout]     |
[INFO] [stdout] 
[INFO] [stdout] error[E0425]: cannot find type `ServerFnResult` in this scope
[INFO] [stdout]    --> src/config.rs:151:28
[INFO] [stdout]     |
[INFO] [stdout] 151 | async fn read_context() -> ServerFnResult<u32> {
[INFO] [stdout]     |                            ^^^^^^^^^^^^^^ not found in this scope
[INFO] [stdout] 
[INFO] [stdout] error[E0425]: cannot find type `Element` in this scope
[INFO] [stdout]    --> src/config.rs:155:13
[INFO] [stdout]     |
[INFO] [stdout] 155 | fn app() -> Element {
[INFO] [stdout]     |             ^^^^^^^ not found in this scope
[INFO] [stdout] 
[INFO] [stdout] error[E0433]: cannot find module or crate `dioxus` in this scope
[INFO] [stdout]    --> src/config.rs:133:5
[INFO] [stdout]     |
[INFO] [stdout] 133 |     dioxus::launch(app);
[INFO] [stdout]     |     ^^^^^^ use of unresolved module or unlinked crate `dioxus`
[INFO] [stdout]     |
[INFO] [stdout]     = help: if you wanted to use a crate named `dioxus`, use `cargo add dioxus` to add it to your `Cargo.toml`
[INFO] [stdout] 
[INFO] [stdout] error[E0425]: cannot find function `use_resource` in this scope
[INFO] [stdout]    --> src/config.rs:156:18
[INFO] [stdout]     |
[INFO] [stdout] 156 |     let future = use_resource(read_context);
[INFO] [stdout]     |                  ^^^^^^^^^^^^ not found in this scope
[INFO] [stdout] 
[INFO] [stdout] error: aborting due to 7 previous errors
[INFO] [stdout] 
[INFO] [stdout] Some errors have detailed explanations: E0425, E0433.
[INFO] [stdout] For more information about an error, try `rustc --explain E0425`.
[INFO] [stdout] Couldn't compile the test.
[INFO] [stdout] ---- src/isrg/mod.rs - isrg::IncrementalRenderer::cache (line 59) stdout ----
[INFO] [stdout] Test executable failed (exit status: 101).
[INFO] [stdout] 
[INFO] [stdout] stderr:
[INFO] [stdout] 
[INFO] [stdout] thread 'main' (3679) panicked at src/isrg/mod.rs:9:33:
[INFO] [stdout] called `Result::unwrap()` on an `Err` value: IoError(Os { code: 30, kind: ReadOnlyFilesystem, message: "Read-only file system" })
[INFO] [stdout] stack backtrace:
[INFO] [stdout]    0:     0x589bf8714cf1 - std[617be2ca0a6fd877]::backtrace_rs::backtrace::libunwind::trace
[INFO] [stdout]                                at /rustc/e3feeb59cd1bdd011a2bfcc0747b55125d9b8527/library/std/src/../../backtrace/src/backtrace/libunwind.rs:117:9
[INFO] [stdout]    1:     0x589bf8714cf1 - std[617be2ca0a6fd877]::backtrace_rs::backtrace::trace_unsynchronized::<std[617be2ca0a6fd877]::sys::backtrace::_print_fmt::{closure#1}>
[INFO] [stdout]                                at /rustc/e3feeb59cd1bdd011a2bfcc0747b55125d9b8527/library/std/src/../../backtrace/src/backtrace/mod.rs:66:14
[INFO] [stdout]    2:     0x589bf8714cf1 - std[617be2ca0a6fd877]::sys::backtrace::_print_fmt
[INFO] [stdout]                                at /rustc/e3feeb59cd1bdd011a2bfcc0747b55125d9b8527/library/std/src/sys/backtrace.rs:74:9
[INFO] [stdout]    3:     0x589bf8714cf1 - <<std[617be2ca0a6fd877]::sys::backtrace::BacktraceLock>::print::DisplayBacktrace as core[a373ad73a504971]::fmt::Display>::fmt
[INFO] [stdout]                                at /rustc/e3feeb59cd1bdd011a2bfcc0747b55125d9b8527/library/std/src/sys/backtrace.rs:44:26
[INFO] [stdout]    4:     0x589bf87262da - <core[a373ad73a504971]::fmt::rt::Argument>::fmt
[INFO] [stdout]                                at /rustc/e3feeb59cd1bdd011a2bfcc0747b55125d9b8527/library/core/src/fmt/rt.rs:152:76
[INFO] [stdout]    5:     0x589bf87262da - core[a373ad73a504971]::fmt::write
[INFO] [stdout]    6:     0x589bf87186cc - core[a373ad73a504971]::io::write::default_write_fmt::<std[617be2ca0a6fd877]::sys::stdio::unix::Stderr>
[INFO] [stdout]                                at /rustc/e3feeb59cd1bdd011a2bfcc0747b55125d9b8527/library/core/src/io/write.rs:402:11
[INFO] [stdout]    7:     0x589bf87186cc - <std[617be2ca0a6fd877]::sys::stdio::unix::Stderr as core[a373ad73a504971]::io::write::Write>::write_fmt
[INFO] [stdout]                                at /rustc/e3feeb59cd1bdd011a2bfcc0747b55125d9b8527/library/core/src/io/write.rs:335:13
[INFO] [stdout]    8:     0x589bf86fd2c6 - <std[617be2ca0a6fd877]::sys::backtrace::BacktraceLock>::print
[INFO] [stdout]                                at /rustc/e3feeb59cd1bdd011a2bfcc0747b55125d9b8527/library/std/src/sys/backtrace.rs:47:9
[INFO] [stdout]    9:     0x589bf86fd2c6 - std[617be2ca0a6fd877]::panicking::default_hook::{closure#0}
[INFO] [stdout]                                at /rustc/e3feeb59cd1bdd011a2bfcc0747b55125d9b8527/library/std/src/panicking.rs:289:27
[INFO] [stdout]   10:     0x589bf8710e91 - std[617be2ca0a6fd877]::panicking::default_hook
[INFO] [stdout]                                at /rustc/e3feeb59cd1bdd011a2bfcc0747b55125d9b8527/library/std/src/panicking.rs:316:9
[INFO] [stdout]   11:     0x589bf871104b - std[617be2ca0a6fd877]::panicking::panic_with_hook
[INFO] [stdout]                                at /rustc/e3feeb59cd1bdd011a2bfcc0747b55125d9b8527/library/std/src/panicking.rs:811:13
[INFO] [stdout]   12:     0x589bf86fd372 - std[617be2ca0a6fd877]::panicking::panic_handler::{closure#0}
[INFO] [stdout]                                at /rustc/e3feeb59cd1bdd011a2bfcc0747b55125d9b8527/library/std/src/panicking.rs:685:13
[INFO] [stdout]   13:     0x589bf86f5f29 - std[617be2ca0a6fd877]::sys::backtrace::__rust_end_short_backtrace::<std[617be2ca0a6fd877]::panicking::panic_handler::{closure#0}, !>
[INFO] [stdout]                                at /rustc/e3feeb59cd1bdd011a2bfcc0747b55125d9b8527/library/std/src/sys/backtrace.rs:182:18
[INFO] [stdout]   14:     0x589bf86fdc0d - __rustc[ea4f61d10b84890b]::rust_begin_unwind
[INFO] [stdout]                                at /rustc/e3feeb59cd1bdd011a2bfcc0747b55125d9b8527/library/std/src/panicking.rs:676:5
[INFO] [stdout]   15:     0x589bf8726a3c - core[a373ad73a504971]::panicking::panic_fmt
[INFO] [stdout]                                at /rustc/e3feeb59cd1bdd011a2bfcc0747b55125d9b8527/library/core/src/panicking.rs:80:14
[INFO] [stdout]   16:     0x589bf8726812 - core[a373ad73a504971]::result::unwrap_failed
[INFO] [stdout]                                at /rustc/e3feeb59cd1bdd011a2bfcc0747b55125d9b8527/library/core/src/result.rs:1870:5
[INFO] [stdout]   17:     0x589bf86dfac2 - rust_out[72a830746f8703f]::main::_doctest_main_src_isrg_mod_rs_59_0
[INFO] [stdout]   18:     0x589bf86df2c6 - rust_out[72a830746f8703f]::main
[INFO] [stdout]   19:     0x589bf86e054b - <fn() as core[a373ad73a504971]::ops::function::FnOnce<()>>::call_once
[INFO] [stdout]   20:     0x589bf86def66 - std[617be2ca0a6fd877]::sys::backtrace::__rust_begin_short_backtrace::<fn(), ()>
[INFO] [stdout]   21:     0x589bf86df239 - std[617be2ca0a6fd877]::rt::lang_start::<()>::{closure#0}
[INFO] [stdout]   22:     0x589bf8710638 - <&dyn core[a373ad73a504971]::ops::function::Fn<(), Output = i32> + core[a373ad73a504971]::marker::Sync + core[a373ad73a504971]::panic::unwind_safe::RefUnwindSafe as core[a373ad73a504971]::ops::function::FnOnce<()>>::call_once
[INFO] [stdout]                                at /rustc/e3feeb59cd1bdd011a2bfcc0747b55125d9b8527/library/core/src/ops/function.rs:287:21
[INFO] [stdout]   23:     0x589bf8710638 - std[617be2ca0a6fd877]::panicking::catch_unwind::do_call::<&dyn core[a373ad73a504971]::ops::function::Fn<(), Output = i32> + core[a373ad73a504971]::marker::Sync + core[a373ad73a504971]::panic::unwind_safe::RefUnwindSafe, i32>
[INFO] [stdout]                                at /rustc/e3feeb59cd1bdd011a2bfcc0747b55125d9b8527/library/std/src/panicking.rs:573:43
[INFO] [stdout]   24:     0x589bf8710638 - std[617be2ca0a6fd877]::panicking::catch_unwind::<i32, &dyn core[a373ad73a504971]::ops::function::Fn<(), Output = i32> + core[a373ad73a504971]::marker::Sync + core[a373ad73a504971]::panic::unwind_safe::RefUnwindSafe>
[INFO] [stdout]                                at /rustc/e3feeb59cd1bdd011a2bfcc0747b55125d9b8527/library/std/src/panicking.rs:541:19
[INFO] [stdout]   25:     0x589bf8710638 - std[617be2ca0a6fd877]::panic::catch_unwind::<&dyn core[a373ad73a504971]::ops::function::Fn<(), Output = i32> + core[a373ad73a504971]::marker::Sync + core[a373ad73a504971]::panic::unwind_safe::RefUnwindSafe, i32>
[INFO] [stdout]                                at /rustc/e3feeb59cd1bdd011a2bfcc0747b55125d9b8527/library/std/src/panic.rs:359:14
[INFO] [stdout]   26:     0x589bf8710638 - std[617be2ca0a6fd877]::rt::lang_start_internal::{closure#0}
[INFO] [stdout]                                at /rustc/e3feeb59cd1bdd011a2bfcc0747b55125d9b8527/library/std/src/rt.rs:175:24
[INFO] [stdout]   27:     0x589bf8710638 - std[617be2ca0a6fd877]::panicking::catch_unwind::do_call::<std[617be2ca0a6fd877]::rt::lang_start_internal::{closure#0}, isize>
[INFO] [stdout]                                at /rustc/e3feeb59cd1bdd011a2bfcc0747b55125d9b8527/library/std/src/panicking.rs:573:43
[INFO] [stdout]   28:     0x589bf8710638 - std[617be2ca0a6fd877]::panicking::catch_unwind::<isize, std[617be2ca0a6fd877]::rt::lang_start_internal::{closure#0}>
[INFO] [stdout]                                at /rustc/e3feeb59cd1bdd011a2bfcc0747b55125d9b8527/library/std/src/panicking.rs:541:19
[INFO] [stdout]   29:     0x589bf8710638 - std[617be2ca0a6fd877]::panic::catch_unwind::<std[617be2ca0a6fd877]::rt::lang_start_internal::{closure#0}, isize>
[INFO] [stdout]                                at /rustc/e3feeb59cd1bdd011a2bfcc0747b55125d9b8527/library/std/src/panic.rs:359:14
[INFO] [stdout]   30:     0x589bf8710638 - std[617be2ca0a6fd877]::rt::lang_start_internal
[INFO] [stdout]                                at /rustc/e3feeb59cd1bdd011a2bfcc0747b55125d9b8527/library/std/src/rt.rs:171:5
[INFO] [stdout]   31:     0x589bf86deca1 - std[617be2ca0a6fd877]::rt::lang_start::<()>
[INFO] [stdout]   32:     0x589bf86e0585 - main
[INFO] [stdout]   33:     0x79af734ac601 - <unknown>
[INFO] [stdout]   34:     0x79af734ac718 - __libc_start_main
[INFO] [stdout]   35:     0x589bf86de625 - _start
[INFO] [stdout]   36:                0x0 - <unknown>
[INFO] [stdout] 
[INFO] [stdout] 
[INFO] [stdout] ---- src/server.rs - server::DioxusRouterExt::serve_api_application (line 103) stdout ----
[INFO] [stdout] error[E0433]: cannot find module or crate `dioxus` in this scope
[INFO] [stdout]    --> src/server.rs:105:5
[INFO] [stdout]     |
[INFO] [stdout] 105 | use dioxus::prelude::*;
[INFO] [stdout]     |     ^^^^^^ use of unresolved module or unlinked crate `dioxus`
[INFO] [stdout]     |
[INFO] [stdout]     = help: if you wanted to use a crate named `dioxus`, use `cargo add dioxus` to add it to your `Cargo.toml`
[INFO] [stdout] 
[INFO] [stdout] error: cannot find macro `rsx` in this scope
[INFO] [stdout]    --> src/server.rs:116:5
[INFO] [stdout]     |
[INFO] [stdout] 116 |     rsx! { "Hello World" }
[INFO] [stdout]     |     ^^^
[INFO] [stdout] 
[INFO] [stdout] error[E0425]: cannot find type `Element` in this scope
[INFO] [stdout]    --> src/server.rs:115:13
[INFO] [stdout]     |
[INFO] [stdout] 115 | fn app() -> Element {
[INFO] [stdout]     |             ^^^^^^^ not found in this scope
[INFO] [stdout] 
[INFO] [stdout] error: aborting due to 3 previous errors
[INFO] [stdout] 
[INFO] [stdout] Some errors have detailed explanations: E0425, E0433.
[INFO] [stdout] For more information about an error, try `rustc --explain E0425`.
[INFO] [stdout] Couldn't compile the test.
[INFO] [stdout] ---- src/server.rs - server::DioxusRouterExt::register_server_functions (line 79) stdout ----
[INFO] [stdout] error[E0433]: cannot find module or crate `dioxus` in this scope
[INFO] [stdout]   --> src/server.rs:81:5
[INFO] [stdout]    |
[INFO] [stdout] 81 | use dioxus::prelude::*;
[INFO] [stdout]    |     ^^^^^^ use of unresolved module or unlinked crate `dioxus`
[INFO] [stdout]    |
[INFO] [stdout]    = help: if you wanted to use a crate named `dioxus`, use `cargo add dioxus` to add it to your `Cargo.toml`
[INFO] [stdout] 
[INFO] [stdout] error[E0433]: cannot find module or crate `dioxus` in this scope
[INFO] [stdout]   --> src/server.rs:85:16
[INFO] [stdout]    |
[INFO] [stdout] 85 |     let addr = dioxus::cli_config::fullstack_address_or_localhost();
[INFO] [stdout]    |                ^^^^^^ use of unresolved module or unlinked crate `dioxus`
[INFO] [stdout]    |
[INFO] [stdout]    = help: if you wanted to use a crate named `dioxus`, use `cargo add dioxus` to add it to your `Cargo.toml`
[INFO] [stdout] 
[INFO] [stdout] error: aborting due to 2 previous errors
[INFO] [stdout] 
[INFO] [stdout] For more information about this error, try `rustc --explain E0433`.
[INFO] [stdout] Couldn't compile the test.
[INFO] [stdout] ---- src/config.rs - config::ServeConfig::context (line 230) stdout ----
[INFO] [stdout] error[E0433]: cannot find module or crate `dioxus` in this scope
[INFO] [stdout]    --> src/config.rs:234:5
[INFO] [stdout]     |
[INFO] [stdout] 234 | use dioxus::prelude::*;
[INFO] [stdout]     |     ^^^^^^ use of unresolved module or unlinked crate `dioxus`
[INFO] [stdout]     |
[INFO] [stdout]     = help: if you wanted to use a crate named `dioxus`, use `cargo add dioxus` to add it to your `Cargo.toml`
[INFO] [stdout] 
[INFO] [stdout] error: cannot find macro `rsx` in this scope
[INFO] [stdout]    --> src/config.rs:264:5
[INFO] [stdout]     |
[INFO] [stdout] 264 |     rsx! {
[INFO] [stdout]     |     ^^^
[INFO] [stdout] 
[INFO] [stdout] error: cannot find attribute `server` in this scope
[INFO] [stdout]    --> src/config.rs:257:3
[INFO] [stdout]     |
[INFO] [stdout] 257 | #[server]
[INFO] [stdout]     |   ^^^^^^
[INFO] [stdout]     |
[INFO] [stdout] help: the derive macros `Deserialize` and `Serialize` accept the similarly named `serde` attribute
[INFO] [stdout]     |
[INFO] [stdout] 257 - #[server]
[INFO] [stdout] 257 + #[serde]
[INFO] [stdout]     |
[INFO] [stdout] 
[INFO] [stdout] error[E0425]: cannot find type `ServerFnResult` in this scope
[INFO] [stdout]    --> src/config.rs:258:28
[INFO] [stdout]     |
[INFO] [stdout] 258 | async fn read_context() -> ServerFnResult<u32> {
[INFO] [stdout]     |                            ^^^^^^^^^^^^^^ not found in this scope
[INFO] [stdout] 
[INFO] [stdout] error[E0425]: cannot find type `Element` in this scope
[INFO] [stdout]    --> src/config.rs:262:13
[INFO] [stdout]     |
[INFO] [stdout] 262 | fn app() -> Element {
[INFO] [stdout]     |             ^^^^^^^ not found in this scope
[INFO] [stdout] 
[INFO] [stdout] error[E0433]: cannot find module or crate `dioxus` in this scope
[INFO] [stdout]    --> src/config.rs:239:5
[INFO] [stdout]     |
[INFO] [stdout] 239 |     dioxus::launch(app);
[INFO] [stdout]     |     ^^^^^^ use of unresolved module or unlinked crate `dioxus`
[INFO] [stdout]     |
[INFO] [stdout]     = help: if you wanted to use a crate named `dioxus`, use `cargo add dioxus` to add it to your `Cargo.toml`
[INFO] [stdout] 
[INFO] [stdout] error[E0425]: cannot find function `use_resource` in this scope
[INFO] [stdout]    --> src/config.rs:263:18
[INFO] [stdout]     |
[INFO] [stdout] 263 |     let future = use_resource(read_context);
[INFO] [stdout]     |                  ^^^^^^^^^^^^ not found in this scope
[INFO] [stdout] 
[INFO] [stdout] error: aborting due to 7 previous errors
[INFO] [stdout] 
[INFO] [stdout] Some errors have detailed explanations: E0425, E0433.
[INFO] [stdout] For more information about an error, try `rustc --explain E0425`.
[INFO] [stdout] Couldn't compile the test.
[INFO] [stdout] ---- src/isrg/mod.rs - isrg::IncrementalRenderer::get (line 85) stdout ----
[INFO] [stdout] Test executable failed (exit status: 101).
[INFO] [stdout] 
[INFO] [stdout] stderr:
[INFO] [stdout] 
[INFO] [stdout] thread 'main' (3696) panicked at src/isrg/mod.rs:9:33:
[INFO] [stdout] called `Result::unwrap()` on an `Err` value: IoError(Os { code: 30, kind: ReadOnlyFilesystem, message: "Read-only file system" })
[INFO] [stdout] stack backtrace:
[INFO] [stdout]    0:     0x5d8e57a72281 - std[617be2ca0a6fd877]::backtrace_rs::backtrace::libunwind::trace
[INFO] [stdout]                                at /rustc/e3feeb59cd1bdd011a2bfcc0747b55125d9b8527/library/std/src/../../backtrace/src/backtrace/libunwind.rs:117:9
[INFO] [stdout]    1:     0x5d8e57a72281 - std[617be2ca0a6fd877]::backtrace_rs::backtrace::trace_unsynchronized::<std[617be2ca0a6fd877]::sys::backtrace::_print_fmt::{closure#1}>
[INFO] [stdout]                                at /rustc/e3feeb59cd1bdd011a2bfcc0747b55125d9b8527/library/std/src/../../backtrace/src/backtrace/mod.rs:66:14
[INFO] [stdout]    2:     0x5d8e57a72281 - std[617be2ca0a6fd877]::sys::backtrace::_print_fmt
[INFO] [stdout]                                at /rustc/e3feeb59cd1bdd011a2bfcc0747b55125d9b8527/library/std/src/sys/backtrace.rs:74:9
[INFO] [stdout]    3:     0x5d8e57a72281 - <<std[617be2ca0a6fd877]::sys::backtrace::BacktraceLock>::print::DisplayBacktrace as core[a373ad73a504971]::fmt::Display>::fmt
[INFO] [stdout]                                at /rustc/e3feeb59cd1bdd011a2bfcc0747b55125d9b8527/library/std/src/sys/backtrace.rs:44:26
[INFO] [stdout]    4:     0x5d8e57a839ba - <core[a373ad73a504971]::fmt::rt::Argument>::fmt
[INFO] [stdout]                                at /rustc/e3feeb59cd1bdd011a2bfcc0747b55125d9b8527/library/core/src/fmt/rt.rs:152:76
[INFO] [stdout]    5:     0x5d8e57a839ba - core[a373ad73a504971]::fmt::write
[INFO] [stdout]    6:     0x5d8e57a75dac - core[a373ad73a504971]::io::write::default_write_fmt::<std[617be2ca0a6fd877]::sys::stdio::unix::Stderr>
[INFO] [stdout]                                at /rustc/e3feeb59cd1bdd011a2bfcc0747b55125d9b8527/library/core/src/io/write.rs:402:11
[INFO] [stdout]    7:     0x5d8e57a75dac - <std[617be2ca0a6fd877]::sys::stdio::unix::Stderr as core[a373ad73a504971]::io::write::Write>::write_fmt
[INFO] [stdout]                                at /rustc/e3feeb59cd1bdd011a2bfcc0747b55125d9b8527/library/core/src/io/write.rs:335:13
[INFO] [stdout]    8:     0x5d8e57a5a666 - <std[617be2ca0a6fd877]::sys::backtrace::BacktraceLock>::print
[INFO] [stdout]                                at /rustc/e3feeb59cd1bdd011a2bfcc0747b55125d9b8527/library/std/src/sys/backtrace.rs:47:9
[INFO] [stdout]    9:     0x5d8e57a5a666 - std[617be2ca0a6fd877]::panicking::default_hook::{closure#0}
[INFO] [stdout]                                at /rustc/e3feeb59cd1bdd011a2bfcc0747b55125d9b8527/library/std/src/panicking.rs:289:27
[INFO] [stdout]   10:     0x5d8e57a6e421 - std[617be2ca0a6fd877]::panicking::default_hook
[INFO] [stdout]                                at /rustc/e3feeb59cd1bdd011a2bfcc0747b55125d9b8527/library/std/src/panicking.rs:316:9
[INFO] [stdout]   11:     0x5d8e57a6e5db - std[617be2ca0a6fd877]::panicking::panic_with_hook
[INFO] [stdout]                                at /rustc/e3feeb59cd1bdd011a2bfcc0747b55125d9b8527/library/std/src/panicking.rs:811:13
[INFO] [stdout]   12:     0x5d8e57a5a712 - std[617be2ca0a6fd877]::panicking::panic_handler::{closure#0}
[INFO] [stdout]                                at /rustc/e3feeb59cd1bdd011a2bfcc0747b55125d9b8527/library/std/src/panicking.rs:685:13
[INFO] [stdout]   13:     0x5d8e57a532c9 - std[617be2ca0a6fd877]::sys::backtrace::__rust_end_short_backtrace::<std[617be2ca0a6fd877]::panicking::panic_handler::{closure#0}, !>
[INFO] [stdout]                                at /rustc/e3feeb59cd1bdd011a2bfcc0747b55125d9b8527/library/std/src/sys/backtrace.rs:182:18
[INFO] [stdout]   14:     0x5d8e57a5afad - __rustc[ea4f61d10b84890b]::rust_begin_unwind
[INFO] [stdout]                                at /rustc/e3feeb59cd1bdd011a2bfcc0747b55125d9b8527/library/std/src/panicking.rs:676:5
[INFO] [stdout]   15:     0x5d8e57a8411c - core[a373ad73a504971]::panicking::panic_fmt
[INFO] [stdout]                                at /rustc/e3feeb59cd1bdd011a2bfcc0747b55125d9b8527/library/core/src/panicking.rs:80:14
[INFO] [stdout]   16:     0x5d8e57a83ef2 - core[a373ad73a504971]::result::unwrap_failed
[INFO] [stdout]                                at /rustc/e3feeb59cd1bdd011a2bfcc0747b55125d9b8527/library/core/src/result.rs:1870:5
[INFO] [stdout]   17:     0x5d8e57a3a9b6 - rust_out[72a830746f8703f]::main::_doctest_main_src_isrg_mod_rs_85_0
[INFO] [stdout]   18:     0x5d8e57a3a1a6 - rust_out[72a830746f8703f]::main
[INFO] [stdout]   19:     0x5d8e57a3b71b - <fn() as core[a373ad73a504971]::ops::function::FnOnce<()>>::call_once
[INFO] [stdout]   20:     0x5d8e57a39e46 - std[617be2ca0a6fd877]::sys::backtrace::__rust_begin_short_backtrace::<fn(), ()>
[INFO] [stdout]   21:     0x5d8e57a3a119 - std[617be2ca0a6fd877]::rt::lang_start::<()>::{closure#0}
[INFO] [stdout]   22:     0x5d8e57a6dbc8 - <&dyn core[a373ad73a504971]::ops::function::Fn<(), Output = i32> + core[a373ad73a504971]::marker::Sync + core[a373ad73a504971]::panic::unwind_safe::RefUnwindSafe as core[a373ad73a504971]::ops::function::FnOnce<()>>::call_once
[INFO] [stdout]                                at /rustc/e3feeb59cd1bdd011a2bfcc0747b55125d9b8527/library/core/src/ops/function.rs:287:21
[INFO] [stdout]   23:     0x5d8e57a6dbc8 - std[617be2ca0a6fd877]::panicking::catch_unwind::do_call::<&dyn core[a373ad73a504971]::ops::function::Fn<(), Output = i32> + core[a373ad73a504971]::marker::Sync + core[a373ad73a504971]::panic::unwind_safe::RefUnwindSafe, i32>
[INFO] [stdout]                                at /rustc/e3feeb59cd1bdd011a2bfcc0747b55125d9b8527/library/std/src/panicking.rs:573:43
[INFO] [stdout]   24:     0x5d8e57a6dbc8 - std[617be2ca0a6fd877]::panicking::catch_unwind::<i32, &dyn core[a373ad73a504971]::ops::function::Fn<(), Output = i32> + core[a373ad73a504971]::marker::Sync + core[a373ad73a504971]::panic::unwind_safe::RefUnwindSafe>
[INFO] [stdout]                                at /rustc/e3feeb59cd1bdd011a2bfcc0747b55125d9b8527/library/std/src/panicking.rs:541:19
[INFO] [stdout]   25:     0x5d8e57a6dbc8 - std[617be2ca0a6fd877]::panic::catch_unwind::<&dyn core[a373ad73a504971]::ops::function::Fn<(), Output = i32> + core[a373ad73a504971]::marker::Sync + core[a373ad73a504971]::panic::unwind_safe::RefUnwindSafe, i32>
[INFO] [stdout]                                at /rustc/e3feeb59cd1bdd011a2bfcc0747b55125d9b8527/library/std/src/panic.rs:359:14
[INFO] [stdout]   26:     0x5d8e57a6dbc8 - std[617be2ca0a6fd877]::rt::lang_start_internal::{closure#0}
[INFO] [stdout]                                at /rustc/e3feeb59cd1bdd011a2bfcc0747b55125d9b8527/library/std/src/rt.rs:175:24
[INFO] [stdout]   27:     0x5d8e57a6dbc8 - std[617be2ca0a6fd877]::panicking::catch_unwind::do_call::<std[617be2ca0a6fd877]::rt::lang_start_internal::{closure#0}, isize>
[INFO] [stdout]                                at /rustc/e3feeb59cd1bdd011a2bfcc0747b55125d9b8527/library/std/src/panicking.rs:573:43
[INFO] [stdout]   28:     0x5d8e57a6dbc8 - std[617be2ca0a6fd877]::panicking::catch_unwind::<isize, std[617be2ca0a6fd877]::rt::lang_start_internal::{closure#0}>
[INFO] [stdout]                                at /rustc/e3feeb59cd1bdd011a2bfcc0747b55125d9b8527/library/std/src/panicking.rs:541:19
[INFO] [stdout]   29:     0x5d8e57a6dbc8 - std[617be2ca0a6fd877]::panic::catch_unwind::<std[617be2ca0a6fd877]::rt::lang_start_internal::{closure#0}, isize>
[INFO] [stdout]                                at /rustc/e3feeb59cd1bdd011a2bfcc0747b55125d9b8527/library/std/src/panic.rs:359:14
[INFO] [stdout]   30:     0x5d8e57a6dbc8 - std[617be2ca0a6fd877]::rt::lang_start_internal
[INFO] [stdout]                                at /rustc/e3feeb59cd1bdd011a2bfcc0747b55125d9b8527/library/std/src/rt.rs:171:5
[INFO] [stdout]   31:     0x5d8e57a39b31 - std[617be2ca0a6fd877]::rt::lang_start::<()>
[INFO] [stdout]   32:     0x5d8e57a3b755 - main
[INFO] [stdout]   33:     0x7dabfb91b601 - <unknown>
[INFO] [stdout]   34:     0x7dabfb91b718 - __libc_start_main
[INFO] [stdout]   35:     0x5d8e57a394b5 - _start
[INFO] [stdout]   36:                0x0 - <unknown>
[INFO] [stdout] 
[INFO] [stdout] 
[INFO] [stdout] ---- src/server.rs - server::DioxusRouterExt::serve_dioxus_application (line 51) stdout ----
[INFO] [stdout] error[E0433]: cannot find module or crate `dioxus` in this scope
[INFO] [stdout]   --> src/server.rs:55:5
[INFO] [stdout]    |
[INFO] [stdout] 55 | use dioxus::prelude::*;
[INFO] [stdout]    |     ^^^^^^ use of unresolved module or unlinked crate `dioxus`
[INFO] [stdout]    |
[INFO] [stdout]    = help: if you wanted to use a crate named `dioxus`, use `cargo add dioxus` to add it to your `Cargo.toml`
[INFO] [stdout] 
[INFO] [stdout] error: cannot find macro `rsx` in this scope
[INFO] [stdout]   --> src/server.rs:69:5
[INFO] [stdout]    |
[INFO] [stdout] 69 |     rsx! { "Hello World" }
[INFO] [stdout]    |     ^^^
[INFO] [stdout] 
[INFO] [stdout] error[E0433]: cannot find module or crate `dioxus` in this scope
[INFO] [stdout]   --> src/server.rs:60:16
[INFO] [stdout]    |
[INFO] [stdout] 60 |     let addr = dioxus::cli_config::fullstack_address_or_localhost();
[INFO] [stdout]    |                ^^^^^^ use of unresolved module or unlinked crate `dioxus`
[INFO] [stdout]    |
[INFO] [stdout]    = help: if you wanted to use a crate named `dioxus`, use `cargo add dioxus` to add it to your `Cargo.toml`
[INFO] [stdout] 
[INFO] [stdout] error[E0425]: cannot find type `Element` in this scope
[INFO] [stdout]   --> src/server.rs:68:13
[INFO] [stdout]    |
[INFO] [stdout] 68 | fn app() -> Element {
[INFO] [stdout]    |             ^^^^^^^ not found in this scope
[INFO] [stdout] 
[INFO] [stdout] error: aborting due to 4 previous errors
[INFO] [stdout] 
[INFO] [stdout] Some errors have detailed explanations: E0425, E0433.
[INFO] [stdout] For more information about an error, try `rustc --explain E0425`.
[INFO] [stdout] Couldn't compile the test.
[INFO] [stdout] ---- src/server.rs - server::FullstackState::render_handler (line 293) stdout ----
[INFO] [stdout] error[E0433]: cannot find module or crate `dioxus` in this scope
[INFO] [stdout]    --> src/server.rs:300:5
[INFO] [stdout]     |
[INFO] [stdout] 300 | use dioxus::prelude::*;
[INFO] [stdout]     |     ^^^^^^ use of unresolved module or unlinked crate `dioxus`
[INFO] [stdout]     |
[INFO] [stdout]     = help: if you wanted to use a crate named `dioxus`, use `cargo add dioxus` to add it to your `Cargo.toml`
[INFO] [stdout] 
[INFO] [stdout] error: cannot find macro `rsx` in this scope
[INFO] [stdout]    --> src/server.rs:304:5
[INFO] [stdout]     |
[INFO] [stdout] 304 |     rsx! {
[INFO] [stdout]     |     ^^^
[INFO] [stdout] 
[INFO] [stdout] error[E0433]: cannot find module or crate `dioxus` in this scope
[INFO] [stdout]    --> src/server.rs:311:16
[INFO] [stdout]     |
[INFO] [stdout] 311 |     let addr = dioxus::cli_config::fullstack_address_or_localhost();
[INFO] [stdout]     |                ^^^^^^ use of unresolved module or unlinked crate `dioxus`
[INFO] [stdout]     |
[INFO] [stdout]     = help: if you wanted to use a crate named `dioxus`, use `cargo add dioxus` to add it to your `Cargo.toml`
[INFO] [stdout] 
[INFO] [stdout] error[E0425]: cannot find type `Element` in this scope
[INFO] [stdout]    --> src/server.rs:303:13
[INFO] [stdout]     |
[INFO] [stdout] 303 | fn app() -> Element {
[INFO] [stdout]     |             ^^^^^^^ not found in this scope
[INFO] [stdout] 
[INFO] [stdout] error: aborting due to 4 previous errors
[INFO] [stdout] 
[INFO] [stdout] Some errors have detailed explanations: E0425, E0433.
[INFO] [stdout] For more information about an error, try `rustc --explain E0425`.
[INFO] [stdout] Couldn't compile the test.
[INFO] [stdout] ---- src/config.rs - config::ServeConfig::incremental (line 99) stdout ----
[INFO] [stdout] error[E0433]: cannot find module or crate `dioxus` in this scope
[INFO] [stdout]    --> src/config.rs:102:5
[INFO] [stdout]     |
[INFO] [stdout] 102 | use dioxus::prelude::*;
[INFO] [stdout]     |     ^^^^^^ use of unresolved module or unlinked crate `dioxus`
[INFO] [stdout]     |
[INFO] [stdout]     = help: if you wanted to use a crate named `dioxus`, use `cargo add dioxus` to add it to your `Cargo.toml`
[INFO] [stdout] 
[INFO] [stdout] error: cannot find macro `server_only` in this scope
[INFO] [stdout]    --> src/config.rs:107:15
[INFO] [stdout]     |
[INFO] [stdout] 107 |     .with_cfg(server_only!(dioxus_server::ServeConfig::default().incremental(dioxus_server::IncrementalRendererConfig::default())))
[INFO] [stdout]     |               ^^^^^^^^^^^
[INFO] [stdout] 
[INFO] [stdout] error[E0425]: cannot find type `Element` in this scope
[INFO] [stdout]    --> src/config.rs:101:13
[INFO] [stdout]     |
[INFO] [stdout] 101 | fn app() -> Element { unimplemented!() }
[INFO] [stdout]     |             ^^^^^^^ not found in this scope
[INFO] [stdout] 
[INFO] [stdout] error[E0433]: cannot find type `LaunchBuilder` in this scope
[INFO] [stdout]    --> src/config.rs:105:1
[INFO] [stdout]     |
[INFO] [stdout] 105 | LaunchBuilder::new()
[INFO] [stdout]     | ^^^^^^^^^^^^^ use of undeclared type `LaunchBuilder`
[INFO] [stdout] 
[INFO] [stdout] error: aborting due to 4 previous errors
[INFO] [stdout] 
[INFO] [stdout] Some errors have detailed explanations: E0425, E0433.
[INFO] [stdout] For more information about an error, try `rustc --explain E0425`.
[INFO] [stdout] Couldn't compile the test.
[INFO] [stdout] ---- src/config.rs - config::ServeConfig::streaming_mode (line 275) stdout ----
[INFO] [stdout] error[E0433]: cannot find module or crate `dioxus` in this scope
[INFO] [stdout]    --> src/config.rs:276:5
[INFO] [stdout]     |
[INFO] [stdout] 276 | use dioxus::prelude::*;
[INFO] [stdout]     |     ^^^^^^ use of unresolved module or unlinked crate `dioxus`
[INFO] [stdout]     |
[INFO] [stdout]     = help: if you wanted to use a crate named `dioxus`, use `cargo add dioxus` to add it to your `Cargo.toml`
[INFO] [stdout] 
[INFO] [stdout] error: cannot find macro `server_only` in this scope
[INFO] [stdout]    --> src/config.rs:279:19
[INFO] [stdout]     |
[INFO] [stdout] 279 |     .with_context(server_only! {
[INFO] [stdout]     |                   ^^^^^^^^^^^
[INFO] [stdout] 
[INFO] [stdout] error[E0433]: cannot find module or crate `dioxus` in this scope
[INFO] [stdout]    --> src/config.rs:278:1
[INFO] [stdout]     |
[INFO] [stdout] 278 | dioxus::LaunchBuilder::new()
[INFO] [stdout]     | ^^^^^^ use of unresolved module or unlinked crate `dioxus`
[INFO] [stdout]     |
[INFO] [stdout]     = help: if you wanted to use a crate named `dioxus`, use `cargo add dioxus` to add it to your `Cargo.toml`
[INFO] [stdout] 
[INFO] [stdout] error[E0425]: cannot find type `Element` in this scope
[INFO] [stdout]    --> src/config.rs:277:13
[INFO] [stdout]     |
[INFO] [stdout] 277 | fn app() -> Element { unimplemented!() }
[INFO] [stdout]     |             ^^^^^^^ not found in this scope
[INFO] [stdout] 
[INFO] [stdout] error: aborting due to 4 previous errors
[INFO] [stdout] 
[INFO] [stdout] Some errors have detailed explanations: E0425, E0433.
[INFO] [stdout] For more information about an error, try `rustc --explain E0425`.
[INFO] [stdout] Couldn't compile the test.
[INFO] [stdout] ---- src/server.rs - server::render_handler (line 179) stdout ----
[INFO] [stdout] error[E0433]: cannot find module or crate `dioxus` in this scope
[INFO] [stdout]    --> src/server.rs:186:5
[INFO] [stdout]     |
[INFO] [stdout] 186 | use dioxus::prelude::*;
[INFO] [stdout]     |     ^^^^^^ use of unresolved module or unlinked crate `dioxus`
[INFO] [stdout]     |
[INFO] [stdout]     = help: if you wanted to use a crate named `dioxus`, use `cargo add dioxus` to add it to your `Cargo.toml`
[INFO] [stdout] 
[INFO] [stdout] error: cannot find macro `rsx` in this scope
[INFO] [stdout]    --> src/server.rs:190:5
[INFO] [stdout]     |
[INFO] [stdout] 190 |     rsx! {
[INFO] [stdout]     |     ^^^
[INFO] [stdout] 
[INFO] [stdout] error[E0433]: cannot find module or crate `dioxus` in this scope
[INFO] [stdout]    --> src/server.rs:197:16
[INFO] [stdout]     |
[INFO] [stdout] 197 |     let addr = dioxus::cli_config::fullstack_address_or_localhost();
[INFO] [stdout]     |                ^^^^^^ use of unresolved module or unlinked crate `dioxus`
[INFO] [stdout]     |
[INFO] [stdout]     = help: if you wanted to use a crate named `dioxus`, use `cargo add dioxus` to add it to your `Cargo.toml`
[INFO] [stdout] 
[INFO] [stdout] error[E0425]: cannot find type `Element` in this scope
[INFO] [stdout]    --> src/server.rs:189:13
[INFO] [stdout]     |
[INFO] [stdout] 189 | fn app() -> Element {
[INFO] [stdout]     |             ^^^^^^^ not found in this scope
[INFO] [stdout] 
[INFO] [stdout] error: aborting due to 4 previous errors
[INFO] [stdout] 
[INFO] [stdout] Some errors have detailed explanations: E0425, E0433.
[INFO] [stdout] For more information about an error, try `rustc --explain E0425`.
[INFO] [stdout] Couldn't compile the test.
[INFO] [stdout] ---- src/config.rs - config::ServeConfig::context_provider (line 181) stdout ----
[INFO] [stdout] error[E0433]: cannot find module or crate `dioxus` in this scope
[INFO] [stdout]    --> src/config.rs:185:5
[INFO] [stdout]     |
[INFO] [stdout] 185 | use dioxus::prelude::*;
[INFO] [stdout]     |     ^^^^^^ use of unresolved module or unlinked crate `dioxus`
[INFO] [stdout]     |
[INFO] [stdout]     = help: if you wanted to use a crate named `dioxus`, use `cargo add dioxus` to add it to your `Cargo.toml`
[INFO] [stdout] 
[INFO] [stdout] error: cannot find macro `rsx` in this scope
[INFO] [stdout]    --> src/config.rs:214:5
[INFO] [stdout]     |
[INFO] [stdout] 214 |     rsx! {
[INFO] [stdout]     |     ^^^
[INFO] [stdout] 
[INFO] [stdout] error: cannot find attribute `server` in this scope
[INFO] [stdout]    --> src/config.rs:207:3
[INFO] [stdout]     |
[INFO] [stdout] 207 | #[server]
[INFO] [stdout]     |   ^^^^^^
[INFO] [stdout]     |
[INFO] [stdout] help: the derive macros `Deserialize` and `Serialize` accept the similarly named `serde` attribute
[INFO] [stdout]     |
[INFO] [stdout] 207 - #[server]
[INFO] [stdout] 207 + #[serde]
[INFO] [stdout]     |
[INFO] [stdout] 
[INFO] [stdout] error[E0425]: cannot find type `ServerFnResult` in this scope
[INFO] [stdout]    --> src/config.rs:208:28
[INFO] [stdout]     |
[INFO] [stdout] 208 | async fn read_context() -> ServerFnResult<u32> {
[INFO] [stdout]     |                            ^^^^^^^^^^^^^^ not found in this scope
[INFO] [stdout] 
[INFO] [stdout] error[E0425]: cannot find type `Element` in this scope
[INFO] [stdout]    --> src/config.rs:212:13
[INFO] [stdout]     |
[INFO] [stdout] 212 | fn app() -> Element {
[INFO] [stdout]     |             ^^^^^^^ not found in this scope
[INFO] [stdout] 
[INFO] [stdout] error[E0433]: cannot find module or crate `dioxus` in this scope
[INFO] [stdout]    --> src/config.rs:190:5
[INFO] [stdout]     |
[INFO] [stdout] 190 |     dioxus::launch(app);
[INFO] [stdout]     |     ^^^^^^ use of unresolved module or unlinked crate `dioxus`
[INFO] [stdout]     |
[INFO] [stdout]     = help: if you wanted to use a crate named `dioxus`, use `cargo add dioxus` to add it to your `Cargo.toml`
[INFO] [stdout] 
[INFO] [stdout] error[E0425]: cannot find function `use_resource` in this scope
[INFO] [stdout]    --> src/config.rs:213:18
[INFO] [stdout]     |
[INFO] [stdout] 213 |     let future = use_resource(read_context);
[INFO] [stdout]     |                  ^^^^^^^^^^^^ not found in this scope
[INFO] [stdout] 
[INFO] [stdout] error: aborting due to 7 previous errors
[INFO] [stdout] 
[INFO] [stdout] Some errors have detailed explanations: E0425, E0433.
[INFO] [stdout] For more information about an error, try `rustc --explain E0425`.
[INFO] [stdout] Couldn't compile the test.
[INFO] [stdout] 
[INFO] [stdout] failures:
[INFO] [stdout]     src/../README.md - (line 34)
[INFO] [stdout]     src/../README.md - (line 74)
[INFO] [stdout]     src/config.rs - config::ServeConfig::context (line 230)
[INFO] [stdout]     src/config.rs - config::ServeConfig::context_provider (line 181)
[INFO] [stdout]     src/config.rs - config::ServeConfig::context_providers (line 122)
[INFO] [stdout]     src/config.rs - config::ServeConfig::enable_out_of_order_streaming (line 293)
[INFO] [stdout]     src/config.rs - config::ServeConfig::incremental (line 99)
[INFO] [stdout]     src/config.rs - config::ServeConfig::streaming_mode (line 275)
[INFO] [stdout]     src/isrg/mod.rs - isrg::IncrementalRenderer::cache (line 59)
[INFO] [stdout]     src/isrg/mod.rs - isrg::IncrementalRenderer::get (line 85)
[INFO] [stdout]     src/server.rs - server::DioxusRouterExt::register_server_functions (line 79)
[INFO] [stdout]     src/server.rs - server::DioxusRouterExt::serve_api_application (line 103)
[INFO] [stdout]     src/server.rs - server::DioxusRouterExt::serve_dioxus_application (line 51)
[INFO] [stdout]     src/server.rs - server::DioxusRouterExt::serve_static_assets (line 26)
[INFO] [stdout]     src/server.rs - server::FullstackState::render_handler (line 293)
[INFO] [stdout]     src/server.rs - server::render_handler (line 179)
[INFO] [stdout] 
[INFO] [stdout] test result: FAILED. 1 passed; 16 failed; 0 ignored; 0 measured; 0 filtered out; finished in 1.68s
[INFO] [stdout] 
[INFO] [stdout] all doctests ran in 2.81s; merged doctests compilation took 1.13s
[INFO] [stderr] error: doctest failed, to rerun pass `--doc`
[INFO] running `Command { std: "docker" "inspect" "d3eb9fd419755733a6a199cb3ff6aa265b8c4369aaa3a9d96706a7092973f37c", kill_on_drop: false }`
[INFO] running `Command { std: "docker" "rm" "-f" "d3eb9fd419755733a6a199cb3ff6aa265b8c4369aaa3a9d96706a7092973f37c", kill_on_drop: false }`
[INFO] [stdout] d3eb9fd419755733a6a199cb3ff6aa265b8c4369aaa3a9d96706a7092973f37c
