[INFO] fetching crate dioxus-sdk-notification 0.7.0...
[INFO] testing dioxus-sdk-notification-0.7.0 against 1.99.0-beta.8+cargoflags=--release for beta-release-1.100-2
[INFO] extracting crate dioxus-sdk-notification 0.7.0 into /workspace/builds/worker-6-tc1/source
[INFO] started tweaking crates.io crate dioxus-sdk-notification 0.7.0
[INFO] finished tweaking crates.io crate dioxus-sdk-notification 0.7.0
[INFO] tweaked toml for crates.io crate dioxus-sdk-notification 0.7.0 written to /workspace/builds/worker-6-tc1/source/Cargo.toml
[INFO] validating manifest of crates.io crate dioxus-sdk-notification 0.7.0 on toolchain 1.99.0-beta.8
[INFO] running `Command { std: CARGO_HOME="/workspace/cargo-home" RUSTUP_HOME="/workspace/rustup-home" "/workspace/cargo-home/bin/cargo" "+1.99.0-beta.8" "metadata" "--manifest-path" "Cargo.toml" "--no-deps", kill_on_drop: false }`
[INFO] crate crates.io crate dioxus-sdk-notification 0.7.0 already has a lockfile, it will not be regenerated
[INFO] running `Command { std: CARGO_HOME="/workspace/cargo-home" RUSTUP_HOME="/workspace/rustup-home" "/workspace/cargo-home/bin/cargo" "+1.99.0-beta.8" "fetch" "--manifest-path" "Cargo.toml", kill_on_drop: false }`
[INFO] [stderr]     Updating crates.io index
[INFO] [stderr]  Downloading crates ...
[INFO] [stderr]   Downloaded zvariant_utils v3.2.0
[INFO] [stderr]   Downloaded zvariant v5.5.3
[INFO] [stderr]   Downloaded toml_datetime v0.6.9
[INFO] [stderr]   Downloaded notify-rust v4.11.7
[INFO] [stderr]   Downloaded proc-macro-crate v3.3.0
[INFO] [stderr]   Downloaded async-channel v2.3.1
[INFO] [stderr]   Downloaded time-core v0.1.4
[INFO] [stderr]   Downloaded enumflags2_derive v0.7.11
[INFO] [stderr]   Downloaded windows-version v0.1.4
[INFO] [stderr]   Downloaded mac-notification-sys v0.6.4
[INFO] [stderr]   Downloaded zvariant_derive v5.5.3
[INFO] [stderr]   Downloaded hermit-abi v0.5.1
[INFO] [stderr]   Downloaded blocking v1.6.1
[INFO] [stderr]   Downloaded deranged v0.4.0
[INFO] [stderr]   Downloaded async-process v2.3.1
[INFO] [stderr]   Downloaded signal-hook-registry v1.4.5
[INFO] [stderr]   Downloaded enumflags2 v0.7.11
[INFO] [stderr]   Downloaded async-signal v0.2.11
[INFO] [stderr]   Downloaded async-executor v1.13.2
[INFO] [stderr]   Downloaded tracing-attributes v0.1.28
[INFO] [stderr]   Downloaded event-listener v5.4.0
[INFO] [stderr]   Downloaded async-lock v3.4.0
[INFO] [stderr]   Downloaded zbus v5.7.1
[INFO] [stderr]   Downloaded zbus_macros v5.7.1
[INFO] [stderr]   Downloaded tracing-core v0.1.33
[INFO] [stderr]   Downloaded async-trait v0.1.88
[INFO] [stderr]   Downloaded async-io v2.4.1
[INFO] [stderr]   Downloaded polling v3.8.0
[INFO] [stderr]   Downloaded tauri-winrt-notification v0.7.2
[INFO] [stderr]   Downloaded block2 v0.6.1
[INFO] [stderr]   Downloaded cc v1.2.25
[INFO] [stderr]   Downloaded toml_edit v0.22.26
[INFO] [stderr]   Downloaded time v0.3.41
[INFO] [stderr]   Downloaded objc2-core-foundation v0.3.1
[INFO] [stderr]   Downloaded syn v2.0.105
[INFO] [stderr]   Downloaded objc2 v0.6.1
[INFO] [stderr]   Downloaded objc2-foundation v0.3.1
[INFO] [stderr]   Downloaded libc v0.2.175
[INFO] [stderr]   Downloaded windows v0.61.1
[INFO] running `Command { std: "docker" "create" "-v" "/var/lib/crater-agent-workspace/builds/worker-6-tc1/source:/opt/rustwide/workdir:ro,Z" "-v" "/var/lib/crater-agent-workspace/builds/worker-6-tc1/target:/opt/rustwide/target:rw,Z" "-v" "/var/lib/crater-agent-workspace/cargo-home:/opt/rustwide/cargo-home:ro,Z" "-v" "/var/lib/crater-agent-workspace/rustup-home:/opt/rustwide/rustup-home:ro,Z" "-m" "1610612736" "--network" "none" "ghcr.io/rust-lang/crates-build-env/linux@sha256:77db811e55d90add9212f6832c23229e3de5f1c1f9905e8cb07319ea15df73ac" "sleep" "infinity", kill_on_drop: false }`
[INFO] [stdout] b5310b87a32682aff37b4dc2483a8451ab87595f70e9e3fa182bf80467956459
[INFO] running `Command { std: "docker" "start" "b5310b87a32682aff37b4dc2483a8451ab87595f70e9e3fa182bf80467956459", kill_on_drop: false }`
[INFO] running `Command { std: "docker" "inspect" "b5310b87a32682aff37b4dc2483a8451ab87595f70e9e3fa182bf80467956459", kill_on_drop: false }`
[INFO] running `Command { std: "docker" "exec" "-e" "SOURCE_DIR=/opt/rustwide/workdir" "-e" "CARGO_HOME=/opt/rustwide/cargo-home" "-e" "RUSTUP_HOME=/opt/rustwide/rustup-home" "-e" "CARGO_TARGET_DIR=/opt/rustwide/target" "-w" "/opt/rustwide/workdir" "--user" "0:0" "b5310b87a32682aff37b4dc2483a8451ab87595f70e9e3fa182bf80467956459" "/opt/rustwide/cargo-home/bin/cargo" "+1.99.0-beta.8" "metadata" "--no-deps" "--format-version=1", kill_on_drop: false }`
[INFO] running `Command { std: "docker" "inspect" "b5310b87a32682aff37b4dc2483a8451ab87595f70e9e3fa182bf80467956459", kill_on_drop: false }`
[INFO] running `Command { std: "docker" "exec" "-e" "SOURCE_DIR=/opt/rustwide/workdir" "-e" "CARGO_HOME=/opt/rustwide/cargo-home" "-e" "RUSTUP_HOME=/opt/rustwide/rustup-home" "-e" "CARGO_TARGET_DIR=/opt/rustwide/target" "-e" "CARGO_INCREMENTAL=0" "-e" "RUST_BACKTRACE=full" "-e" "RUSTFLAGS=--cap-lints=warn" "-e" "RUSTDOCFLAGS=--cap-lints=warn" "-w" "/opt/rustwide/workdir" "--user" "0:0" "b5310b87a32682aff37b4dc2483a8451ab87595f70e9e3fa182bf80467956459" "/opt/rustwide/cargo-home/bin/cargo" "+1.99.0-beta.8" "build" "--frozen" "--message-format=json" "--release", kill_on_drop: false }`
[INFO] [stderr]    Compiling proc-macro2 v1.0.103
[INFO] [stderr]    Compiling serde v1.0.219
[INFO] [stderr]    Compiling crossbeam-utils v0.8.21
[INFO] [stderr]    Compiling parking v2.2.1
[INFO] [stderr]    Compiling hashbrown v0.15.3
[INFO] [stderr]    Compiling winnow v0.7.10
[INFO] [stderr]    Compiling equivalent v1.0.2
[INFO] [stderr]    Compiling toml_datetime v0.6.9
[INFO] [stderr]    Compiling static_assertions v1.1.0
[INFO] [stderr]    Compiling fastrand v2.3.0
[INFO] [stderr]    Compiling bitflags v2.9.1
[INFO] [stderr]    Compiling libc v0.2.175
[INFO] [stderr]    Compiling unicode-ident v1.0.18
[INFO] [stderr]    Compiling rustix v1.0.7
[INFO] [stderr]    Compiling tracing-core v0.1.33
[INFO] [stderr]    Compiling linux-raw-sys v0.9.4
[INFO] [stderr]    Compiling autocfg v1.4.0
[INFO] [stderr]    Compiling slab v0.4.11
[INFO] [stderr]    Compiling cfg_aliases v0.2.1
[INFO] [stderr]    Compiling futures-lite v2.6.0
[INFO] [stderr]    Compiling quote v1.0.40
[INFO] [stderr]    Compiling endi v1.1.0
[INFO] [stderr]    Compiling async-task v4.7.1
[INFO] [stderr]    Compiling memoffset v0.9.1
[INFO] [stderr]    Compiling nix v0.30.1
[INFO] [stderr]    Compiling syn v2.0.105
[INFO] [stderr]    Compiling piper v0.2.4
[INFO] [stderr]    Compiling ordered-stream v0.2.0
[INFO] [stderr]    Compiling hex v0.4.3
[INFO] [stderr]    Compiling concurrent-queue v2.5.0
[INFO] [stderr]    Compiling event-listener v5.4.0
[INFO] [stderr]    Compiling indexmap v2.9.0
[INFO] [stderr]    Compiling event-listener-strategy v0.5.4
[INFO] [stderr]    Compiling async-lock v3.4.0
[INFO] [stderr]    Compiling async-channel v2.3.1
[INFO] [stderr]    Compiling async-broadcast v0.7.2
[INFO] [stderr]    Compiling blocking v1.6.1
[INFO] [stderr]    Compiling async-executor v1.13.2
[INFO] [stderr]    Compiling toml_edit v0.22.26
[INFO] [stderr]    Compiling signal-hook-registry v1.4.5
[INFO] [stderr]    Compiling proc-macro-crate v3.3.0
[INFO] [stderr]    Compiling serde_derive v1.0.219
[INFO] [stderr]    Compiling enumflags2_derive v0.7.11
[INFO] [stderr]    Compiling tracing-attributes v0.1.28
[INFO] [stderr]    Compiling async-trait v0.1.88
[INFO] [stderr]    Compiling serde_repr v0.1.20
[INFO] [stderr]    Compiling tracing v0.1.41
[INFO] [stderr]    Compiling polling v3.8.0
[INFO] [stderr]    Compiling async-io v2.4.1
[INFO] [stderr]    Compiling async-signal v0.2.11
[INFO] [stderr]    Compiling async-process v2.3.1
[INFO] [stderr]    Compiling enumflags2 v0.7.11
[INFO] [stderr]    Compiling zvariant_utils v3.2.0
[INFO] [stderr]    Compiling zvariant_derive v5.5.3
[INFO] [stderr]    Compiling zvariant v5.5.3
[INFO] [stderr]    Compiling zbus_names v4.2.0
[INFO] [stderr]    Compiling zbus_macros v5.7.1
[INFO] [stderr]    Compiling zbus v5.7.1
[INFO] [stderr]    Compiling notify-rust v4.11.7
[INFO] [stderr]    Compiling dioxus-sdk-notification v0.7.0 (/opt/rustwide/workdir)
[INFO] [stderr]     Finished `release` profile [optimized] target(s) in 1m 28s
[INFO] running `Command { std: "docker" "inspect" "b5310b87a32682aff37b4dc2483a8451ab87595f70e9e3fa182bf80467956459", kill_on_drop: false }`
[INFO] running `Command { std: "docker" "exec" "-e" "SOURCE_DIR=/opt/rustwide/workdir" "-e" "CARGO_HOME=/opt/rustwide/cargo-home" "-e" "RUSTUP_HOME=/opt/rustwide/rustup-home" "-e" "CARGO_TARGET_DIR=/opt/rustwide/target" "-e" "CARGO_INCREMENTAL=0" "-e" "RUST_BACKTRACE=full" "-e" "RUSTFLAGS=--cap-lints=warn" "-e" "RUSTDOCFLAGS=--cap-lints=warn" "-w" "/opt/rustwide/workdir" "--user" "0:0" "b5310b87a32682aff37b4dc2483a8451ab87595f70e9e3fa182bf80467956459" "/opt/rustwide/cargo-home/bin/cargo" "+1.99.0-beta.8" "test" "--frozen" "--no-run" "--message-format=json" "--release", kill_on_drop: false }`
[INFO] [stderr]    Compiling dioxus-sdk-notification v0.7.0 (/opt/rustwide/workdir)
[INFO] [stderr]     Finished `release` profile [optimized] target(s) in 0.80s
[INFO] running `Command { std: "docker" "inspect" "b5310b87a32682aff37b4dc2483a8451ab87595f70e9e3fa182bf80467956459", kill_on_drop: false }`
[INFO] running `Command { std: "docker" "exec" "-e" "SOURCE_DIR=/opt/rustwide/workdir" "-e" "CARGO_HOME=/opt/rustwide/cargo-home" "-e" "RUSTUP_HOME=/opt/rustwide/rustup-home" "-e" "CARGO_TARGET_DIR=/opt/rustwide/target" "-e" "CARGO_INCREMENTAL=0" "-e" "RUST_BACKTRACE=full" "-e" "RUSTFLAGS=--cap-lints=warn" "-e" "RUSTDOCFLAGS=--cap-lints=warn" "-w" "/opt/rustwide/workdir" "--user" "0:0" "b5310b87a32682aff37b4dc2483a8451ab87595f70e9e3fa182bf80467956459" "/opt/rustwide/cargo-home/bin/cargo" "+1.99.0-beta.8" "test" "--frozen" "--release", kill_on_drop: false }`
[INFO] [stderr]     Finished `release` profile [optimized] target(s) in 0.10s
[INFO] [stderr]      Running unittests src/lib.rs (/opt/rustwide/target/release/deps/dioxus_sdk_notification-a827089ae3239886)
[INFO] [stdout] 
[INFO] [stdout] running 1 test
[INFO] [stdout] test test_notification ... FAILED
[INFO] [stdout] 
[INFO] [stdout] failures:
[INFO] [stdout] 
[INFO] [stdout] ---- test_notification stdout ----
[INFO] [stdout] 
[INFO] [stdout] thread 'test_notification' (1353) panicked at src/lib.rs:143:10:
[INFO] [stdout] called `Result::unwrap()` on an `Err` value: FailedToShow(Error { kind: Zbus(InputOutput(Os { code: 2, kind: NotFound, message: "No such file or directory" })) })
[INFO] [stdout] stack backtrace:
[INFO] [stdout]    0:     0x576047d692e1 - <<std[70759c8f55707aa4]::sys::backtrace::BacktraceLock>::print::DisplayBacktrace as core[df12db4294e9bfd3]::fmt::Display>::fmt
[INFO] [stdout]    1:     0x576047d7f14a - core[df12db4294e9bfd3]::fmt::write
[INFO] [stdout]    2:     0x576047d6e10c - <alloc[2182bb758b4b3781]::vec::Vec<u8> as core[df12db4294e9bfd3]::io::write::Write>::write_fmt
[INFO] [stdout]    3:     0x576047d433a6 - std[70759c8f55707aa4]::panicking::default_hook::{closure#0}
[INFO] [stdout]    4:     0x576047d60749 - std[70759c8f55707aa4]::panicking::default_hook
[INFO] [stdout]    5:     0x576047cfb280 - test[9d35eded1c95d3be]::test_main_inner::<test[9d35eded1c95d3be]::test_main_static::{closure#0}>::{closure#0}
[INFO] [stdout]    6:     0x576047d60a72 - std[70759c8f55707aa4]::panicking::panic_with_hook
[INFO] [stdout]    7:     0x576047d43452 - std[70759c8f55707aa4]::panicking::panic_handler::{closure#0}
[INFO] [stdout]    8:     0x576047d3bf69 - std[70759c8f55707aa4]::sys::backtrace::__rust_end_short_backtrace::<std[70759c8f55707aa4]::panicking::panic_handler::{closure#0}, !>
[INFO] [stdout]    9:     0x576047d4423d - __rustc[8fa7c3cbc660c2b3]::rust_begin_unwind
[INFO] [stdout]   10:     0x576047d7f8ac - core[df12db4294e9bfd3]::panicking::panic_fmt
[INFO] [stdout]   11:     0x576047d7f682 - core[df12db4294e9bfd3]::result::unwrap_failed
[INFO] [stdout]   12:     0x576047b90f96 - <dioxus_sdk_notification[79bcaf0e0c2594b7]::test_notification::{closure#0} as core[df12db4294e9bfd3]::ops::function::FnOnce<()>>::call_once
[INFO] [stdout]   13:     0x576047cee56b - test[9d35eded1c95d3be]::__rust_begin_short_backtrace::<core[df12db4294e9bfd3]::result::Result<(), alloc[2182bb758b4b3781]::string::String>, fn() -> core[df12db4294e9bfd3]::result::Result<(), alloc[2182bb758b4b3781]::string::String>>
[INFO] [stdout]   14:     0x576047cfbbd5 - test[9d35eded1c95d3be]::run_test::{closure#0}
[INFO] [stdout]   15:     0x576047cf5494 - std[70759c8f55707aa4]::sys::backtrace::__rust_begin_short_backtrace::<test[9d35eded1c95d3be]::run_test::{closure#1}, ()>
[INFO] [stdout]   16:     0x576047cfed32 - <std[70759c8f55707aa4]::thread::lifecycle::spawn_unchecked<test[9d35eded1c95d3be]::run_test::{closure#1}, ()>::{closure#1} as core[df12db4294e9bfd3]::ops::function::FnOnce<()>>::call_once::{shim:vtable#0}
[INFO] [stdout]   17:     0x576047d67d49 - <std[70759c8f55707aa4]::sys::thread::unix::Thread>::new::thread_start
[INFO] [stdout]   18:     0x7ac44a866dfa - <unknown>
[INFO] [stdout]   19:     0x7ac44a8fa3d4 - clone
[INFO] [stdout]   20:                0x0 - <unknown>
[INFO] [stdout] 
[INFO] [stdout] 
[INFO] [stdout] failures:
[INFO] [stdout]     test_notification
[INFO] [stdout] 
[INFO] [stdout] test result: FAILED. 0 passed; 1 failed; 0 ignored; 0 measured; 0 filtered out; finished in 0.00s
[INFO] [stdout] 
[INFO] [stderr] error: test failed, to rerun pass `--lib`
[INFO] running `Command { std: "docker" "inspect" "b5310b87a32682aff37b4dc2483a8451ab87595f70e9e3fa182bf80467956459", kill_on_drop: false }`
[INFO] running `Command { std: "docker" "rm" "-f" "b5310b87a32682aff37b4dc2483a8451ab87595f70e9e3fa182bf80467956459", kill_on_drop: false }`
[INFO] [stdout] b5310b87a32682aff37b4dc2483a8451ab87595f70e9e3fa182bf80467956459
