[INFO] fetching crate dioxus-registry-preview 0.2.0...
[INFO] testing dioxus-registry-preview-0.2.0 against 1.99.0-beta.8+cargoflags=--release for beta-release-1.100-2
[INFO] extracting crate dioxus-registry-preview 0.2.0 into /workspace/builds/worker-1-tc1/source
[INFO] started tweaking crates.io crate dioxus-registry-preview 0.2.0
[INFO] removed 0 missing tests
[INFO] finished tweaking crates.io crate dioxus-registry-preview 0.2.0
[INFO] tweaked toml for crates.io crate dioxus-registry-preview 0.2.0 written to /workspace/builds/worker-1-tc1/source/Cargo.toml
[INFO] validating manifest of crates.io crate dioxus-registry-preview 0.2.0 on toolchain 1.99.0-beta.8
[INFO] running `Command { std: CARGO_HOME="/workspace/cargo-home" RUSTUP_HOME="/workspace/rustup-home" "/workspace/cargo-home/bin/cargo" "+1.99.0-beta.8" "metadata" "--manifest-path" "Cargo.toml" "--no-deps", kill_on_drop: false }`
[INFO] crate crates.io crate dioxus-registry-preview 0.2.0 already has a lockfile, it will not be regenerated
[INFO] running `Command { std: CARGO_HOME="/workspace/cargo-home" RUSTUP_HOME="/workspace/rustup-home" "/workspace/cargo-home/bin/cargo" "+1.99.0-beta.8" "fetch" "--manifest-path" "Cargo.toml", kill_on_drop: false }`
[INFO] [stderr]     Updating crates.io index
[INFO] [stderr]  Downloading crates ...
[INFO] [stderr]   Downloaded dioxus-ssr v0.7.10
[INFO] [stderr]   Downloaded trybuild v1.0.120
[INFO] [stderr]   Downloaded target-triple v1.0.1
[INFO] [stderr]   Downloaded dioxus-core-types v0.7.10
[INFO] [stderr]   Downloaded toml v1.1.4+spec-1.1.0
[INFO] [stderr]   Downloaded lazy-js-bundle v0.7.10
[INFO] [stderr]   Downloaded dioxus v0.7.10
[INFO] [stderr]   Downloaded dioxus-html-internal-macro v0.7.10
[INFO] [stderr]   Downloaded subsecond-types v0.7.10
[INFO] [stderr]   Downloaded dioxus-cli-config v0.7.10
[INFO] [stderr]   Downloaded arborium-sysroot v2.18.2
[INFO] [stderr]   Downloaded dioxus-config-macros v0.7.10
[INFO] [stderr]   Downloaded dioxus-asset-resolver v0.7.10
[INFO] [stderr]   Downloaded manganis v0.7.10
[INFO] [stderr]   Downloaded const-serialize-macro v0.8.0-alpha.1
[INFO] [stderr]   Downloaded dioxus-devtools v0.7.10
[INFO] [stderr]   Downloaded dioxus-stores-macro v0.7.10
[INFO] [stderr]   Downloaded dioxus-devtools-types v0.7.10
[INFO] [stderr]   Downloaded dioxus-history v0.7.10
[INFO] [stderr]   Downloaded tree-sitter-language v0.1.7
[INFO] [stderr]   Downloaded askama_escape v0.13.0
[INFO] [stderr]   Downloaded dioxus-registry-preview-core v0.2.0
[INFO] [stderr]   Downloaded arborium-theme v2.18.2
[INFO] [stderr]   Downloaded arborium-highlight v2.18.2
[INFO] [stderr]   Downloaded enumset v1.1.14
[INFO] [stderr]   Downloaded dioxus-hooks v0.7.10
[INFO] [stderr]   Downloaded dioxus-router-macro v0.7.10
[INFO] [stderr]   Downloaded subsecond v0.7.10
[INFO] [stderr]   Downloaded arborium v2.18.2
[INFO] [stderr]   Downloaded manganis-macro v0.7.10
[INFO] [stderr]   Downloaded manganis-core v0.7.10
[INFO] [stderr]   Downloaded dioxus-document v0.7.10
[INFO] [stderr]   Downloaded dioxus-registry-preview-macros v0.2.0
[INFO] [stderr]   Downloaded dlmalloc v0.2.14
[INFO] [stderr]   Downloaded dioxus-signals v0.7.10
[INFO] [stderr]   Downloaded dioxus-interpreter-js v0.7.10
[INFO] [stderr]   Downloaded dioxus-core-macro v0.7.10
[INFO] [stderr]   Downloaded dioxus-stores v0.7.10
[INFO] [stderr]   Downloaded dioxus-router v0.7.10
[INFO] [stderr]   Downloaded generational-box v0.7.10
[INFO] [stderr]   Downloaded dioxus-web v0.7.10
[INFO] [stderr]   Downloaded dioxus-code v0.1.2
[INFO] [stderr]   Downloaded dioxus-html v0.7.10
[INFO] [stderr]   Downloaded dioxus-rsx v0.7.10
[INFO] [stderr]   Downloaded dioxus-core v0.7.10
[INFO] [stderr]   Downloaded arborium-tree-sitter v2.18.2
[INFO] [stderr]   Downloaded arborium-rust v2.18.2
[INFO] running `Command { std: "docker" "create" "-v" "/var/lib/crater-agent-workspace/builds/worker-1-tc1/source:/opt/rustwide/workdir:ro,Z" "-v" "/var/lib/crater-agent-workspace/builds/worker-1-tc1/target:/opt/rustwide/target:rw,Z" "-v" "/var/lib/crater-agent-workspace/cargo-home:/opt/rustwide/cargo-home:ro,Z" "-v" "/var/lib/crater-agent-workspace/rustup-home:/opt/rustwide/rustup-home:ro,Z" "-m" "1610612736" "--network" "none" "ghcr.io/rust-lang/crates-build-env/linux@sha256:77db811e55d90add9212f6832c23229e3de5f1c1f9905e8cb07319ea15df73ac" "sleep" "infinity", kill_on_drop: false }`
[INFO] [stdout] 9fc0fb79d3ac5d8b401e5cff2cb4464c63e5e4e51c8f69341abfb2e2e87635f2
[INFO] running `Command { std: "docker" "start" "9fc0fb79d3ac5d8b401e5cff2cb4464c63e5e4e51c8f69341abfb2e2e87635f2", kill_on_drop: false }`
[INFO] running `Command { std: "docker" "inspect" "9fc0fb79d3ac5d8b401e5cff2cb4464c63e5e4e51c8f69341abfb2e2e87635f2", kill_on_drop: false }`
[INFO] running `Command { std: "docker" "exec" "-e" "SOURCE_DIR=/opt/rustwide/workdir" "-e" "CARGO_HOME=/opt/rustwide/cargo-home" "-e" "RUSTUP_HOME=/opt/rustwide/rustup-home" "-e" "CARGO_TARGET_DIR=/opt/rustwide/target" "-w" "/opt/rustwide/workdir" "--user" "0:0" "9fc0fb79d3ac5d8b401e5cff2cb4464c63e5e4e51c8f69341abfb2e2e87635f2" "/opt/rustwide/cargo-home/bin/cargo" "+1.99.0-beta.8" "metadata" "--no-deps" "--format-version=1", kill_on_drop: false }`
[INFO] running `Command { std: "docker" "inspect" "9fc0fb79d3ac5d8b401e5cff2cb4464c63e5e4e51c8f69341abfb2e2e87635f2", kill_on_drop: false }`
[INFO] running `Command { std: "docker" "exec" "-e" "SOURCE_DIR=/opt/rustwide/workdir" "-e" "CARGO_HOME=/opt/rustwide/cargo-home" "-e" "RUSTUP_HOME=/opt/rustwide/rustup-home" "-e" "CARGO_TARGET_DIR=/opt/rustwide/target" "-e" "CARGO_INCREMENTAL=0" "-e" "RUST_BACKTRACE=full" "-e" "RUSTFLAGS=--cap-lints=warn" "-e" "RUSTDOCFLAGS=--cap-lints=warn" "-w" "/opt/rustwide/workdir" "--user" "0:0" "9fc0fb79d3ac5d8b401e5cff2cb4464c63e5e4e51c8f69341abfb2e2e87635f2" "/opt/rustwide/cargo-home/bin/cargo" "+1.99.0-beta.8" "build" "--frozen" "--message-format=json" "--release", kill_on_drop: false }`
[INFO] [stderr]    Compiling proc-macro2 v1.0.107
[INFO] [stderr]    Compiling smallvec v1.15.2
[INFO] [stderr]    Compiling serde_core v1.0.229
[INFO] [stderr]    Compiling slotmap v1.1.1
[INFO] [stderr]    Compiling futures-core v0.3.34
[INFO] [stderr]    Compiling konst_macro_rules v0.2.19
[INFO] [stderr]    Compiling dioxus-core-types v0.7.10
[INFO] [stderr]    Compiling memmap2 v0.9.11
[INFO] [stderr]    Compiling futures-task v0.3.34
[INFO] [stderr]    Compiling futures-channel v0.3.34
[INFO] [stderr]    Compiling longest-increasing-subsequence v0.1.0
[INFO] [stderr]    Compiling konst v0.2.20
[INFO] [stderr]    Compiling convert_case v0.8.0
[INFO] [stderr]    Compiling parking_lot_core v0.9.12
[INFO] [stderr]    Compiling futures-util v0.3.34
[INFO] [stderr]    Compiling proc-macro2-diagnostics v0.10.1
[INFO] [stderr]    Compiling crypto-common v0.1.7
[INFO] [stderr]    Compiling parking_lot v0.12.5
[INFO] [stderr]    Compiling digest v0.10.7
[INFO] [stderr]    Compiling euclid v0.22.14
[INFO] [stderr]    Compiling keyboard-types v0.7.0
[INFO] [stderr]    Compiling dioxus-cli-config v0.7.10
[INFO] [stderr]    Compiling unicode-width v0.2.2
[INFO] [stderr]    Compiling hashbrown v0.17.1
[INFO] [stderr]    Compiling quote v1.0.47
[INFO] [stderr]    Compiling lazy-js-bundle v0.7.10
[INFO] [stderr]    Compiling syn v2.0.119
[INFO] [stderr]    Compiling syn v3.0.4
[INFO] [stderr]    Compiling const_format_proc_macros v0.2.34
[INFO] [stderr]    Compiling percent-encoding v2.3.2
[INFO] [stderr]    Compiling memchr v2.8.3
[INFO] [stderr]    Compiling sha2 v0.10.9
[INFO] [stderr]    Compiling form_urlencoded v1.2.2
[INFO] [stderr]    Compiling indexmap v2.14.0
[INFO] [stderr]    Compiling const_format v0.2.36
[INFO] [stderr]    Compiling dioxus-document v0.7.10
[INFO] [stderr]    Compiling getopts v0.2.24
[INFO] [stderr]    Compiling pulldown-cmark v0.13.4
[INFO] [stderr]    Compiling serde_json v1.0.151
[INFO] [stderr]    Compiling pulldown-cmark-escape v0.11.0
[INFO] [stderr]    Compiling slab v0.4.12
[INFO] [stderr]    Compiling bitflags v2.13.1
[INFO] [stderr]    Compiling base16 v0.2.1
[INFO] [stderr]    Compiling toml_edit v0.25.13+spec-1.1.0
[INFO] [stderr]    Compiling proc-macro-crate v3.5.0
[INFO] [stderr]    Compiling dioxus-config-macros v0.7.10
[INFO] [stderr]    Compiling synstructure v0.13.2
[INFO] [stderr]    Compiling darling_core v0.21.3
[INFO] [stderr]    Compiling dioxus-rsx v0.7.10
[INFO] [stderr]    Compiling macro-string v0.1.4
[INFO] [stderr]    Compiling zerovec-derive v0.11.6
[INFO] [stderr]    Compiling displaydoc v0.2.7
[INFO] [stderr]    Compiling serde_derive v1.0.229
[INFO] [stderr]    Compiling thiserror-impl v2.0.20
[INFO] [stderr]    Compiling zerofrom-derive v0.1.7
[INFO] [stderr]    Compiling yoke-derive v0.8.2
[INFO] [stderr]    Compiling tracing-attributes v0.1.31
[INFO] [stderr]    Compiling const-serialize-macro v0.7.2
[INFO] [stderr]    Compiling pin-project-internal v1.1.13
[INFO] [stderr]    Compiling thiserror v2.0.20
[INFO] [stderr]    Compiling zerofrom v0.1.8
[INFO] [stderr]    Compiling warnings-macro v0.2.0
[INFO] [stderr]    Compiling const-serialize-macro v0.8.0-alpha.1
[INFO] [stderr]    Compiling yoke v0.8.3
[INFO] [stderr]    Compiling zerovec v0.11.8
[INFO] [stderr]    Compiling zerotrie v0.2.5
[INFO] [stderr]    Compiling tracing v0.1.44
[INFO] [stderr]    Compiling generational-box v0.7.10
[INFO] [stderr]    Compiling darling_macro v0.21.3
[INFO] [stderr]    Compiling const-serialize v0.7.2
[INFO] [stderr]    Compiling pin-project v1.1.13
[INFO] [stderr]    Compiling darling v0.21.3
[INFO] [stderr]    Compiling tinystr v0.8.4
[INFO] [stderr]    Compiling potential_utf v0.1.6
[INFO] [stderr]    Compiling icu_locale_core v2.3.0
[INFO] [stderr]    Compiling icu_collections v2.3.0
[INFO] [stderr]    Compiling warnings v0.2.1
[INFO] [stderr]    Compiling enumset_derive v0.15.0
[INFO] [stderr]    Compiling dioxus-core-macro v0.7.10
[INFO] [stderr]    Compiling dioxus-html-internal-macro v0.7.10
[INFO] [stderr]    Compiling async-trait v0.1.92
[INFO] [stderr]    Compiling dioxus-router-macro v0.7.10
[INFO] [stderr]    Compiling serde v1.0.229
[INFO] [stderr]    Compiling icu_provider v2.3.1
[INFO] [stderr]    Compiling icu_normalizer v2.3.0
[INFO] [stderr]    Compiling subsecond-types v0.7.10
[INFO] [stderr]    Compiling icu_properties v2.3.0
[INFO] [stderr]    Compiling subsecond v0.7.10
[INFO] [stderr]    Compiling const-serialize v0.8.0-alpha.0
[INFO] [stderr]    Compiling enumset v1.1.14
[INFO] [stderr]    Compiling manganis-core v0.7.10
[INFO] [stderr]    Compiling dioxus-core v0.7.10
[INFO] [stderr]    Compiling idna_adapter v1.2.2
[INFO] [stderr]    Compiling idna v1.1.0
[INFO] [stderr]    Compiling url v2.5.8
[INFO] [stderr]    Compiling manganis-macro v0.7.10
[INFO] [stderr]    Compiling dioxus-stores-macro v0.7.10
[INFO] [stderr]    Compiling dioxus-registry-preview-core v0.2.0
[INFO] [stderr]    Compiling dioxus-asset-resolver v0.7.10
[INFO] [stderr]    Compiling manganis v0.7.10
[INFO] [stderr]    Compiling dioxus-signals v0.7.10
[INFO] [stderr]    Compiling dioxus-history v0.7.10
[INFO] [stderr]    Compiling dioxus-registry-preview-macros v0.2.0
[INFO] [stderr]    Compiling dioxus-hooks v0.7.10
[INFO] [stderr]    Compiling dioxus-stores v0.7.10
[INFO] [stderr]    Compiling dioxus-html v0.7.10
[INFO] [stderr]    Compiling dioxus-router v0.7.10
[INFO] [stderr]    Compiling dioxus v0.7.10
[INFO] [stderr]    Compiling dioxus-registry-preview v0.2.0 (/opt/rustwide/workdir)
[INFO] [stderr]     Finished `release` profile [optimized] target(s) in 2m 51s
[INFO] running `Command { std: "docker" "inspect" "9fc0fb79d3ac5d8b401e5cff2cb4464c63e5e4e51c8f69341abfb2e2e87635f2", kill_on_drop: false }`
[INFO] running `Command { std: "docker" "exec" "-e" "SOURCE_DIR=/opt/rustwide/workdir" "-e" "CARGO_HOME=/opt/rustwide/cargo-home" "-e" "RUSTUP_HOME=/opt/rustwide/rustup-home" "-e" "CARGO_TARGET_DIR=/opt/rustwide/target" "-e" "CARGO_INCREMENTAL=0" "-e" "RUST_BACKTRACE=full" "-e" "RUSTFLAGS=--cap-lints=warn" "-e" "RUSTDOCFLAGS=--cap-lints=warn" "-w" "/opt/rustwide/workdir" "--user" "0:0" "9fc0fb79d3ac5d8b401e5cff2cb4464c63e5e4e51c8f69341abfb2e2e87635f2" "/opt/rustwide/cargo-home/bin/cargo" "+1.99.0-beta.8" "test" "--frozen" "--no-run" "--message-format=json" "--release", kill_on_drop: false }`
[INFO] [stderr]    Compiling dioxus-core v0.7.10
[INFO] [stderr]    Compiling target-triple v1.0.1
[INFO] [stderr]    Compiling winnow v1.0.4
[INFO] [stderr]    Compiling toml_datetime v1.1.1+spec-1.1.0
[INFO] [stderr]    Compiling serde_spanned v1.1.1
[INFO] [stderr]    Compiling toml_writer v1.1.2+spec-1.1.0
[INFO] [stderr]    Compiling askama_escape v0.13.0
[INFO] [stderr]    Compiling glob v0.3.4
[INFO] [stderr]    Compiling toml_parser v1.1.3+spec-1.1.0
[INFO] [stderr]    Compiling toml v1.1.4+spec-1.1.0
[INFO] [stderr]    Compiling trybuild v1.0.120
[INFO] [stderr]    Compiling dioxus-signals v0.7.10
[INFO] [stderr]    Compiling dioxus-history v0.7.10
[INFO] [stderr]    Compiling dioxus-ssr v0.7.10
[INFO] [stderr]    Compiling dioxus-hooks v0.7.10
[INFO] [stderr]    Compiling dioxus-html v0.7.10
[INFO] [stderr]    Compiling dioxus-stores v0.7.10
[INFO] [stderr]    Compiling dioxus-router v0.7.10
[INFO] [stderr]    Compiling dioxus-document v0.7.10
[INFO] [stderr]    Compiling dioxus v0.7.10
[INFO] [stderr]    Compiling dioxus-registry-preview v0.2.0 (/opt/rustwide/workdir)
[INFO] [stderr]     Finished `release` profile [optimized] target(s) in 56.25s
[INFO] running `Command { std: "docker" "inspect" "9fc0fb79d3ac5d8b401e5cff2cb4464c63e5e4e51c8f69341abfb2e2e87635f2", kill_on_drop: false }`
[INFO] running `Command { std: "docker" "exec" "-e" "SOURCE_DIR=/opt/rustwide/workdir" "-e" "CARGO_HOME=/opt/rustwide/cargo-home" "-e" "RUSTUP_HOME=/opt/rustwide/rustup-home" "-e" "CARGO_TARGET_DIR=/opt/rustwide/target" "-e" "CARGO_INCREMENTAL=0" "-e" "RUST_BACKTRACE=full" "-e" "RUSTFLAGS=--cap-lints=warn" "-e" "RUSTDOCFLAGS=--cap-lints=warn" "-w" "/opt/rustwide/workdir" "--user" "0:0" "9fc0fb79d3ac5d8b401e5cff2cb4464c63e5e4e51c8f69341abfb2e2e87635f2" "/opt/rustwide/cargo-home/bin/cargo" "+1.99.0-beta.8" "test" "--frozen" "--release", kill_on_drop: false }`
[INFO] [stderr]     Finished `release` profile [optimized] target(s) in 0.33s
[INFO] [stderr]      Running unittests src/lib.rs (/opt/rustwide/target/release/deps/dioxus_registry_preview-be097693067d063d)
[INFO] [stdout] 
[INFO] [stdout] running 0 tests
[INFO] [stdout] 
[INFO] [stdout] test result: ok. 0 passed; 0 failed; 0 ignored; 0 measured; 0 filtered out; finished in 0.00s
[INFO] [stdout] 
[INFO] [stderr]      Running tests/catalog.rs (/opt/rustwide/target/release/deps/catalog-e83a11633bf36f42)
[INFO] [stdout] 
[INFO] [stdout] running 2 tests
[INFO] [stdout] test generated_catalog_values_are_available_at_runtime ... ok
[INFO] [stderr]      Running tests/chrome.rs (/opt/rustwide/target/release/deps/chrome-9ee49b453d868eb5)
[INFO] [stdout] test generated_catalog_rejects_an_unmapped_handwritten_group - should panic ... ok
[INFO] [stdout] 
[INFO] [stdout] test result: ok. 2 passed; 0 failed; 0 ignored; 0 measured; 0 filtered out; finished in 0.00s
[INFO] [stdout] 
[INFO] [stdout] 
[INFO] [stdout] running 32 tests
[INFO] [stdout] test default_theme_switcher_exposes_visible_light_and_dark_choices ... ok
[INFO] [stdout] test an_authored_installation_path_suppresses_the_generated_page ... ok
[INFO] [stdout] test example_section_falls_back_to_plain_source_without_highlighting ... ok
[INFO] [stdout] test app_rejects_the_reserved_installation_id_when_synthesizing_the_page - should panic ... ok
[INFO] [stdout] test app_rejects_the_reserved_home_id_when_synthesizing_root - should panic ... ok
[INFO] [stdout] test page_catalog_manifest_rejects_duplicate_ids - should panic ... ok
[INFO] [stdout] test app_renders_a_default_home_when_the_catalog_does_not_claim_root ... ok
[INFO] [stdout] test page_catalog_manifest_rejects_duplicate_paths - should panic ... ok
[INFO] [stdout] test page_catalog_manifest_rejects_empty_ids - should panic ... ok
[INFO] [stdout] test example_section_shows_the_preview_tab_and_keeps_the_code_panel_mounted ... ok
[INFO] [stdout] test app_routes_catalog_pages_and_mounts_the_default_site_chrome ... ok
[INFO] [stdout] test page_catalog_manifest_rejects_empty_navigation_values - should panic ... ok
[INFO] [stdout] test installation_page_escapes_shell_and_toml_source_values ... ok
[INFO] [stdout] test installation_page_renders_registry_commands_configuration_and_members ... ok
[INFO] [stdout] test installation_page_omits_revision_when_the_registry_is_unpinned ... ok
[INFO] [stdout] test page_catalog_manifest_rejects_unsupported_navigation_placements - should panic ... ok
[INFO] [stdout] test code_block_renders_plain_text_with_an_optional_label ... ok
[INFO] [stdout] test sidebar_groups_listed_pages_and_marks_the_current_page ... ok
[INFO] [stdout] test page_catalog_manifest_rejects_relative_paths - should panic ... ok
[INFO] [stdout] test page_catalog_manifest_rejects_unsupported_browser_test_policies - should panic ... ok
[INFO] [stdout] test page_catalog_manifest_rejects_unsupported_listing_policies - should panic ... ok
[INFO] [stdout] test page_catalog_manifest_rejects_unsupported_rendering_kinds - should panic ... ok
[INFO] [stdout] test page_catalog_manifest_writes_the_catalog_protocol ... ok
[INFO] [stdout] test theme_switcher_manifest_requires_a_checked_theme - should panic ... ok
[INFO] [stdout] test shell_mounts_the_default_theme_switcher ... ok
[INFO] [stdout] test theme_switcher_manifest_writes_the_theme_protocol ... ok
[INFO] [stdout] test theme_switcher_manifest_requires_a_baseline - should panic ... ok
[INFO] [stdout] test theme_switcher_manifest_rejects_duplicate_ids - should panic ... ok
[INFO] [stdout] test theme_switcher_manifest_rejects_empty_ids - should panic ... ok
[INFO] [stdout] test theme_switcher_manifest_requires_a_theme - should panic ... ok
[INFO] [stdout] test shell_preserves_an_explicit_consumer_theme_manifest ... ok
[INFO] [stdout] test theme_switcher_manifest_requires_one_checked_theme - should panic ... ok
[INFO] [stdout] 
[INFO] [stdout] test result: ok. 32 passed; 0 failed; 0 ignored; 0 measured; 0 filtered out; finished in 0.01s
[INFO] [stdout] 
[INFO] [stderr]      Running tests/trybuild.rs (/opt/rustwide/target/release/deps/trybuild-3efde2d3f770fee6)
[INFO] [stdout] 
[INFO] [stdout] running 3 tests
[INFO] [stderr]    Compiling proc-macro2 v1.0.107
[INFO] [stderr]    Compiling unicode-ident v1.0.24
[INFO] [stderr]    Compiling quote v1.0.47
[INFO] [stderr]    Compiling version_check v0.9.5
[INFO] [stderr]    Compiling serde_core v1.0.229
[INFO] [stderr]    Compiling serde v1.0.229
[INFO] [stderr]    Compiling smallvec v1.15.2
[INFO] [stderr]    Compiling icu_properties_data v2.3.0
[INFO] [stderr]    Compiling icu_normalizer_data v2.3.0
[INFO] [stderr]    Compiling libc v0.2.189
[INFO] [stderr]    Compiling stable_deref_trait v1.2.1
[INFO] [stderr]    Compiling cfg-if v1.0.4
[INFO] [stderr]    Compiling thiserror v2.0.20
[INFO] [stderr]    Compiling rustversion v1.0.23
[INFO] [stderr]    Compiling parking_lot_core v0.9.12
[INFO] [stderr]    Compiling once_cell v1.21.4
[INFO] [stderr]    Compiling pin-project-lite v0.2.17
[INFO] [stderr]    Compiling tracing-core v0.1.36
[INFO] [stderr]    Compiling scopeguard v1.2.0
[INFO] [stderr]    Compiling slotmap v1.1.1
[INFO] [stderr]    Compiling lock_api v0.4.14
[INFO] [stderr]    Compiling anyhow v1.0.104
[INFO] [stderr]    Compiling unicode-xid v0.2.6
[INFO] [stderr]    Compiling futures-core v0.3.34
[INFO] [stderr]    Compiling konst_macro_rules v0.2.19
[INFO] [stderr]    Compiling dioxus-core-types v0.7.10
[INFO] [stderr]    Compiling libloading v0.8.9
[INFO] [stderr]    Compiling konst v0.2.20
[INFO] [stderr]    Compiling futures-task v0.3.34
[INFO] [stderr]    Compiling syn v2.0.119
[INFO] [stderr]    Compiling syn v3.0.4
[INFO] [stderr]    Compiling zmij v1.0.23
[INFO] [stderr]    Compiling slab v0.4.12
[INFO] [stderr]    Compiling futures-channel v0.3.34
[INFO] [stderr]    Compiling futures-util v0.3.34
[INFO] [stderr]    Compiling const_format_proc_macros v0.2.34
[INFO] [stderr]    Compiling writeable v0.6.4
[INFO] [stderr]    Compiling rustc-hash v2.1.3
[INFO] [stderr]    Compiling litemap v0.8.3
[INFO] [stderr]    Compiling longest-increasing-subsequence v0.1.0
[INFO] [stderr]    Compiling memmap2 v0.9.11
[INFO] [stderr]    Compiling parking_lot v0.12.5
[INFO] [stderr]    Compiling generic-array v0.14.7
[INFO] [stderr]    Compiling ident_case v1.0.1
[INFO] [stderr]    Compiling unicode-segmentation v1.13.3
[INFO] [stderr]    Compiling const_format v0.2.36
[INFO] [stderr]    Compiling utf8_iter v1.0.4
[INFO] [stderr]    Compiling serde_json v1.0.151
[INFO] [stderr]    Compiling fnv v1.0.7
[INFO] [stderr]    Compiling convert_case v0.8.0
[INFO] [stderr]    Compiling proc-macro2-diagnostics v0.10.1
[INFO] [stderr]    Compiling autocfg v1.5.1
[INFO] [stderr]    Compiling typenum v1.20.1
[INFO] [stderr]    Compiling bitflags v2.13.1
[INFO] [stderr]    Compiling pulldown-cmark v0.13.4
[INFO] [stderr]    Compiling num-traits v0.2.19
[INFO] [stderr]    Compiling percent-encoding v2.3.2
[INFO] [stderr]    Compiling memchr v2.8.3
[INFO] [stderr]    Compiling form_urlencoded v1.2.2
[INFO] [stderr]    Compiling keyboard-types v0.7.0
[INFO] [stderr]    Compiling lazy-js-bundle v0.7.10
[INFO] [stderr]    Compiling bytes v1.12.1
[INFO] [stderr]    Compiling euclid v0.22.14
[INFO] [stderr]    Compiling block-buffer v0.10.4
[INFO] [stderr]    Compiling crypto-common v0.1.7
[INFO] [stderr]    Compiling digest v0.10.7
[INFO] [stderr]    Compiling winnow v0.7.15
[INFO] [stderr]    Compiling cpufeatures v0.2.17
[INFO] [stderr]    Compiling dioxus-cli-config v0.7.10
[INFO] [stderr]    Compiling equivalent v1.0.2
[INFO] [stderr]    Compiling unicode-width v0.2.2
[INFO] [stderr]    Compiling itoa v1.0.18
[INFO] [stderr]    Compiling winnow v1.0.4
[INFO] [stderr]    Compiling hashbrown v0.17.1
[INFO] [stderr]    Compiling sha2 v0.10.9
[INFO] [stderr]    Compiling getopts v0.2.24
[INFO] [stderr]    Compiling synstructure v0.13.2
[INFO] [stderr]    Compiling darling_core v0.21.3
[INFO] [stderr]    Compiling dioxus-rsx v0.7.10
[INFO] [stderr]    Compiling indexmap v2.14.0
[INFO] [stderr]    Compiling toml_parser v1.1.3+spec-1.1.0
[INFO] [stderr]    Compiling macro-string v0.1.4
[INFO] [stderr]    Compiling dioxus-document v0.7.10
[INFO] [stderr]    Compiling dunce v1.0.5
[INFO] [stderr]    Compiling pulldown-cmark-escape v0.11.0
[INFO] [stderr]    Compiling base16 v0.2.1
[INFO] [stderr]    Compiling toml_datetime v1.1.1+spec-1.1.0
[INFO] [stdout] test component_macro_generates_composable_default_page has been running for over 60 seconds
[INFO] [stdout] test component_macros_report_authoring_errors has been running for over 60 seconds
[INFO] [stdout] test component_pages_resolves_stable_group_ids has been running for over 60 seconds
[INFO] [stderr]    Compiling unicase v2.9.0
[INFO] [stderr]    Compiling toml_edit v0.25.13+spec-1.1.0
[INFO] [stderr]    Compiling zerovec-derive v0.11.6
[INFO] [stderr]    Compiling displaydoc v0.2.7
[INFO] [stderr]    Compiling zerofrom-derive v0.1.7
[INFO] [stderr]    Compiling yoke-derive v0.8.2
[INFO] [stderr]    Compiling serde_derive v1.0.229
[INFO] [stderr]    Compiling thiserror-impl v2.0.20
[INFO] [stderr]    Compiling tracing-attributes v0.1.31
[INFO] [stderr]    Compiling pin-project-internal v1.1.13
[INFO] [stderr]    Compiling const-serialize-macro v0.7.2
[INFO] [stderr]    Compiling warnings-macro v0.2.0
[INFO] [stderr]    Compiling darling_macro v0.21.3
[INFO] [stderr]    Compiling const-serialize-macro v0.8.0-alpha.1
[INFO] [stderr]    Compiling darling v0.21.3
[INFO] [stderr]    Compiling enumset_derive v0.15.0
[INFO] [stderr]    Compiling zerofrom v0.1.8
[INFO] [stderr]    Compiling const-serialize v0.7.2
[INFO] [stderr]    Compiling pin-project v1.1.13
[INFO] [stderr]    Compiling dioxus-html-internal-macro v0.7.10
[INFO] [stderr]    Compiling yoke v0.8.3
[INFO] [stderr]    Compiling dioxus-core-macro v0.7.10
[INFO] [stderr]    Compiling zerovec v0.11.8
[INFO] [stderr]    Compiling zerotrie v0.2.5
[INFO] [stderr]    Compiling tracing v0.1.44
[INFO] [stderr]    Compiling generational-box v0.7.10
[INFO] [stderr]    Compiling warnings v0.2.1
[INFO] [stderr]    Compiling async-trait v0.1.92
[INFO] [stderr]    Compiling dioxus-router-macro v0.7.10
[INFO] [stderr]    Compiling tinystr v0.8.4
[INFO] [stderr]    Compiling potential_utf v0.1.6
[INFO] [stderr]    Compiling icu_locale_core v2.3.0
[INFO] [stderr]    Compiling icu_collections v2.3.0
[INFO] [stderr]    Compiling enumset v1.1.14
[INFO] [stderr]    Compiling dioxus-stores-macro v0.7.10
[INFO] [stderr]    Compiling icu_provider v2.3.1
[INFO] [stderr]    Compiling icu_normalizer v2.3.0
[INFO] [stderr]    Compiling icu_properties v2.3.0
[INFO] [stderr]    Compiling dioxus-asset-resolver v0.7.10
[INFO] [stderr]    Compiling proc-macro-crate v3.5.0
[INFO] [stderr]    Compiling dioxus-config-macros v0.7.10
[INFO] [stderr]    Compiling askama_escape v0.13.0
[INFO] [stderr]    Compiling idna_adapter v1.2.2
[INFO] [stderr]    Compiling idna v1.1.0
[INFO] [stderr]    Compiling subsecond-types v0.7.10
[INFO] [stderr]    Compiling subsecond v0.7.10
[INFO] [stderr]    Compiling const-serialize v0.8.0-alpha.0
[INFO] [stderr]    Compiling url v2.5.8
[INFO] [stderr]    Compiling manganis-core v0.7.10
[INFO] [stderr]    Compiling dioxus-core v0.7.10
[INFO] [stderr]    Compiling dioxus-registry-preview-core v0.2.0
[INFO] [stderr]    Compiling manganis-macro v0.7.10
[INFO] [stderr]    Compiling dioxus-registry-preview-macros v0.2.0
[INFO] [stderr]    Compiling manganis v0.7.10
[INFO] [stderr]    Compiling dioxus-signals v0.7.10
[INFO] [stderr]    Compiling dioxus-history v0.7.10
[INFO] [stderr]    Compiling dioxus-ssr v0.7.10
[INFO] [stderr]    Compiling dioxus-hooks v0.7.10
[INFO] [stderr]    Compiling dioxus-stores v0.7.10
[INFO] [stderr]    Compiling dioxus-html v0.7.10
[INFO] [stderr]    Compiling dioxus-router v0.7.10
[INFO] [stderr]    Compiling dioxus v0.7.10
[INFO] [stderr]    Compiling dioxus-registry-preview v0.2.0 (/opt/rustwide/workdir)
[INFO] [stderr]    Compiling dioxus-registry-preview-tests v0.0.0 (/opt/rustwide/target/tests/trybuild/dioxus-registry-preview)
[INFO] [stderr]     Finished `dev` profile [unoptimized + debuginfo] target(s) in 2m 35s
[INFO] [stderr] 
[INFO] [stderr] 
[INFO] [stderr] test tests/ui/pass/default-page/docs/mod.rs ... ok
[INFO] [stderr] 
[INFO] [stderr] 
[INFO] [stdout] test component_macro_generates_composable_default_page ... ok
[INFO] [stderr]    Compiling dioxus-registry-preview-tests v0.0.0 (/opt/rustwide/target/tests/trybuild/dioxus-registry-preview)
[INFO] [stderr]     Finished `dev` profile [unoptimized + debuginfo] target(s) in 0.43s
[INFO] [stderr] 
[INFO] [stderr] 
[INFO] [stderr] test tests/ui/pass/catalog/src/main.rs ... ok
[INFO] [stdout] test component_pages_resolves_stable_group_ids ... ok
[INFO] [stderr] 
[INFO] [stderr] 
[INFO] [stderr]     Checking smallvec v1.15.2
[INFO] [stderr]     Checking stable_deref_trait v1.2.1
[INFO] [stderr]     Checking serde_core v1.0.229
[INFO] [stderr]     Checking libc v0.2.189
[INFO] [stderr]     Checking cfg-if v1.0.4
[INFO] [stderr]     Checking zerofrom v0.1.8
[INFO] [stderr]     Checking pin-project-lite v0.2.17
[INFO] [stderr]     Checking once_cell v1.21.4
[INFO] [stderr]     Checking thiserror v2.0.20
[INFO] [stderr]     Checking scopeguard v1.2.0
[INFO] [stderr]     Checking dioxus-core-types v0.7.10
[INFO] [stderr]     Checking futures-core v0.3.34
[INFO] [stderr]     Checking yoke v0.8.3
[INFO] [stderr]     Checking konst_macro_rules v0.2.19
[INFO] [stderr]     Checking lock_api v0.4.14
[INFO] [stderr]     Checking libloading v0.8.9
[INFO] [stderr]     Checking futures-task v0.3.34
[INFO] [stderr]     Checking slab v0.4.12
[INFO] [stderr]     Checking tracing-core v0.1.36
[INFO] [stderr]     Checking konst v0.2.20
[INFO] [stderr]     Checking anyhow v1.0.104
[INFO] [stderr]     Checking zerovec v0.11.8
[INFO] [stderr]     Checking futures-util v0.3.34
[INFO] [stderr]     Checking futures-channel v0.3.34
[INFO] [stderr]     Checking const_format v0.2.36
[INFO] [stderr]     Checking writeable v0.6.4
[INFO] [stderr]     Checking rustc-hash v2.1.3
[INFO] [stderr]     Checking litemap v0.8.3
[INFO] [stderr]     Checking tracing v0.1.44
[INFO] [stderr]     Checking longest-increasing-subsequence v0.1.0
[INFO] [stderr]     Checking zerotrie v0.2.5
[INFO] [stderr]     Checking utf8_iter v1.0.4
[INFO] [stderr]     Checking pin-project v1.1.13
[INFO] [stderr]     Checking icu_properties_data v2.3.0
[INFO] [stderr]     Checking warnings v0.2.1
[INFO] [stderr]     Checking icu_normalizer_data v2.3.0
[INFO] [stderr]     Checking bitflags v2.13.1
[INFO] [stderr]     Checking num-traits v0.2.19
[INFO] [stderr]     Checking percent-encoding v2.3.2
[INFO] [stderr]     Checking tinystr v0.8.4
[INFO] [stderr]     Checking potential_utf v0.1.6
[INFO] [stderr]     Checking memchr v2.8.3
[INFO] [stderr]     Checking icu_collections v2.3.0
[INFO] [stderr]     Checking form_urlencoded v1.2.2
[INFO] [stderr]     Checking icu_locale_core v2.3.0
[INFO] [stderr]     Checking keyboard-types v0.7.0
[INFO] [stderr]     Checking zmij v1.0.23
[INFO] [stderr]     Checking enumset v1.1.14
[INFO] [stderr]     Checking parking_lot_core v0.9.12
[INFO] [stderr]     Checking memmap2 v0.9.11
[INFO] [stderr]     Checking const-serialize v0.7.2
[INFO] [stderr]     Checking bytes v1.12.1
[INFO] [stderr]     Checking parking_lot v0.12.5
[INFO] [stderr]     Checking unicode-ident v1.0.24
[INFO] [stderr]     Checking euclid v0.22.14
[INFO] [stderr]     Checking dioxus-cli-config v0.7.10
[INFO] [stderr]     Checking itoa v1.0.18
[INFO] [stderr]     Checking proc-macro2 v1.0.107
[INFO] [stderr]     Checking generational-box v0.7.10
[INFO] [stderr]     Checking winnow v0.7.15
[INFO] [stderr]     Checking unicode-width v0.2.2
[INFO] [stderr]     Checking icu_provider v2.3.1
[INFO] [stderr]     Checking quote v1.0.47
[INFO] [stderr]     Checking getopts v0.2.24
[INFO] [stderr]     Checking pulldown-cmark-escape v0.11.0
[INFO] [stderr]     Checking unicase v2.9.0
[INFO] [stderr]     Checking syn v3.0.4
[INFO] [stderr]     Checking icu_properties v2.3.0
[INFO] [stderr]     Checking icu_normalizer v2.3.0
[INFO] [stderr]     Checking dioxus-asset-resolver v0.7.10
[INFO] [stderr]     Checking pulldown-cmark v0.13.4
[INFO] [stderr]     Checking dioxus-config-macros v0.7.10
[INFO] [stderr]     Checking askama_escape v0.13.0
[INFO] [stderr]     Checking serde v1.0.229
[INFO] [stderr]     Checking serde_json v1.0.151
[INFO] [stderr]     Checking subsecond-types v0.7.10
[INFO] [stderr]     Checking slotmap v1.1.1
[INFO] [stderr]     Checking const-serialize v0.8.0-alpha.0
[INFO] [stderr]     Checking subsecond v0.7.10
[INFO] [stderr]     Checking manganis-core v0.7.10
[INFO] [stderr]     Checking idna_adapter v1.2.2
[INFO] [stderr]     Checking idna v1.1.0
[INFO] [stderr]     Checking dioxus-core v0.7.10
[INFO] [stderr]     Checking url v2.5.8
[INFO] [stderr]     Checking manganis v0.7.10
[INFO] [stderr]     Checking dioxus-registry-preview-core v0.2.0
[INFO] [stderr]     Checking dioxus-signals v0.7.10
[INFO] [stderr]     Checking dioxus-history v0.7.10
[INFO] [stderr]     Checking dioxus-ssr v0.7.10
[INFO] [stderr]     Checking dioxus-hooks v0.7.10
[INFO] [stderr]     Checking dioxus-stores v0.7.10
[INFO] [stderr]     Checking dioxus-html v0.7.10
[INFO] [stderr]     Checking dioxus-router v0.7.10
[INFO] [stderr]     Checking dioxus-document v0.7.10
[INFO] [stderr]     Checking dioxus v0.7.10
[INFO] [stderr]     Checking dioxus-registry-preview v0.2.0 (/opt/rustwide/workdir)
[INFO] [stderr]     Checking dioxus-registry-preview-tests v0.0.0 (/opt/rustwide/target/tests/trybuild/dioxus-registry-preview)
[INFO] [stderr]     Finished `dev` profile [unoptimized + debuginfo] target(s) in 34.83s
[INFO] [stderr] 
[INFO] [stderr] 
[INFO] [stderr] test tests/ui/fail/duplicate-group.rs ... ok
[INFO] [stderr] test tests/ui/fail/duplicate-slug.rs ... ok
[INFO] [stderr] test tests/ui/fail/missing-example/docs/mod.rs ... ok
[INFO] [stderr] test tests/ui/fail/bad-readme/docs/mod.rs ... ok
[INFO] [stderr] test tests/ui/fail/unknown-group/src/main.rs ... ok
[INFO] [stderr] test tests/ui/fail/invalid-repository.rs ... ok
[INFO] [stderr] test tests/ui/fail/missing-repository.rs ... ok
[INFO] [stderr] test tests/ui/fail/invalid-revision.rs ... ok
[INFO] [stderr] test tests/ui/fail/invalid-registry-name.rs ... mismatch
[INFO] [stderr] 
[INFO] [stderr] EXPECTED:
[INFO] [stderr] ┈┈┈┈┈┈┈┈┈┈┈┈┈┈┈┈┈┈┈┈┈┈┈┈┈┈┈┈┈┈┈┈┈┈┈┈┈┈┈┈┈┈┈┈┈┈┈┈┈┈┈┈┈┈┈┈┈┈┈┈
[INFO] [stderr] error: RDOC040: the Registry manifest name must be nonempty
[INFO] [stderr]   --> tests/ui/fail/invalid-registry-name.rs:13:15
[INFO] [stderr]    |
[INFO] [stderr] 13 |     manifest: "../../../../dioxus-registry-preview-core/tests/fixtures/catalog-errors/empty.json",
[INFO] [stderr]    |               ^^^^^^^^^^^^^^^^^^^^^^^^^^^^^^^^^^^^^^^^^^^^^^^^^^^^^^^^^^^^^^^^^^^^^^^^^^^^^^^^^^^
[INFO] [stderr] ┈┈┈┈┈┈┈┈┈┈┈┈┈┈┈┈┈┈┈┈┈┈┈┈┈┈┈┈┈┈┈┈┈┈┈┈┈┈┈┈┈┈┈┈┈┈┈┈┈┈┈┈┈┈┈┈┈┈┈┈
[INFO] [stderr] 
[INFO] [stderr] ACTUAL OUTPUT:
[INFO] [stderr] ┈┈┈┈┈┈┈┈┈┈┈┈┈┈┈┈┈┈┈┈┈┈┈┈┈┈┈┈┈┈┈┈┈┈┈┈┈┈┈┈┈┈┈┈┈┈┈┈┈┈┈┈┈┈┈┈┈┈┈┈
[INFO] [stderr] error: RDOC004: cannot read $DIR/tests/ui/fail/../../../../dioxus-registry-preview-core/tests/fixtures/catalog-errors/empty.json: No such file or directory (os error 2)
[INFO] [stderr]   --> tests/ui/fail/invalid-registry-name.rs:13:15
[INFO] [stderr]    |
[INFO] [stderr] 13 |     manifest: "../../../../dioxus-registry-preview-core/tests/fixtures/catalog-errors/empty.json",
[INFO] [stderr]    |               ^^^^^^^^^^^^^^^^^^^^^^^^^^^^^^^^^^^^^^^^^^^^^^^^^^^^^^^^^^^^^^^^^^^^^^^^^^^^^^^^^^^
[INFO] [stderr] ┈┈┈┈┈┈┈┈┈┈┈┈┈┈┈┈┈┈┈┈┈┈┈┈┈┈┈┈┈┈┈┈┈┈┈┈┈┈┈┈┈┈┈┈┈┈┈┈┈┈┈┈┈┈┈┈┈┈┈┈
[INFO] [stderr] note: If the actual output is the correct output you can bless it by rerunning
[INFO] [stderr]       your test with the environment variable TRYBUILD=overwrite
[INFO] [stderr] 
[INFO] [stderr] test tests/ui/fail/raw-example.rs ... ok
[INFO] [stderr] 
[INFO] [stderr] 
[INFO] [stdout] test component_macros_report_authoring_errors ... FAILED
[INFO] [stdout] 
[INFO] [stdout] failures:
[INFO] [stdout] 
[INFO] [stdout] ---- component_macros_report_authoring_errors stdout ----
[INFO] [stdout] 
[INFO] [stdout] thread 'component_macros_report_authoring_errors' (2559) panicked at /opt/rustwide/cargo-home/registry/src/index.crates.io-1949cf8c6b5b557f/trybuild-1.0.120/src/run.rs:103:13:
[INFO] [stdout] 1 of 10 tests failed
[INFO] [stdout] stack backtrace:
[INFO] [stdout]    0:     0x5a8d5b7a17b1 - <<std[70759c8f55707aa4]::sys::backtrace::BacktraceLock>::print::DisplayBacktrace as core[df12db4294e9bfd3]::fmt::Display>::fmt
[INFO] [stdout]    1:     0x5a8d5b7b7e3a - core[df12db4294e9bfd3]::fmt::write
[INFO] [stdout]    2:     0x5a8d5b7a627c - <alloc[2182bb758b4b3781]::vec::Vec<u8> as core[df12db4294e9bfd3]::io::write::Write>::write_fmt
[INFO] [stdout]    3:     0x5a8d5b77ac96 - std[70759c8f55707aa4]::panicking::default_hook::{closure#0}
[INFO] [stdout]    4:     0x5a8d5b798e29 - std[70759c8f55707aa4]::panicking::default_hook
[INFO] [stdout]    5:     0x5a8d5b732100 - test[9d35eded1c95d3be]::test_main_inner::<test[9d35eded1c95d3be]::test_main_static::{closure#0}>::{closure#0}
[INFO] [stdout]    6:     0x5a8d5b798fe2 - std[70759c8f55707aa4]::panicking::panic_with_hook
[INFO] [stdout]    7:     0x5a8d5b77ad42 - std[70759c8f55707aa4]::panicking::panic_handler::{closure#0}
[INFO] [stdout]    8:     0x5a8d5b773609 - std[70759c8f55707aa4]::sys::backtrace::__rust_end_short_backtrace::<std[70759c8f55707aa4]::panicking::panic_handler::{closure#0}, !>
[INFO] [stdout]    9:     0x5a8d5b77b93d - __rustc[8fa7c3cbc660c2b3]::rust_begin_unwind
[INFO] [stdout]   10:     0x5a8d5b7b85ac - core[df12db4294e9bfd3]::panicking::panic_fmt
[INFO] [stdout]   11:     0x5a8d5b686938 - <trybuild[ce09d806b17c1335]::Runner>::run
[INFO] [stdout]   12:     0x5a8d5b689d20 - <trybuild[ce09d806b17c1335]::TestCases as core[df12db4294e9bfd3]::ops::drop::Drop>::drop
[INFO] [stdout]   13:     0x5a8d5b68015a - <trybuild[bf13f829a7568cdc]::component_macros_report_authoring_errors::{closure#0} as core[df12db4294e9bfd3]::ops::function::FnOnce<()>>::call_once
[INFO] [stdout]   14:     0x5a8d5b7253eb - test[9d35eded1c95d3be]::__rust_begin_short_backtrace::<core[df12db4294e9bfd3]::result::Result<(), alloc[2182bb758b4b3781]::string::String>, fn() -> core[df12db4294e9bfd3]::result::Result<(), alloc[2182bb758b4b3781]::string::String>>
[INFO] [stdout]   15:     0x5a8d5b732a55 - test[9d35eded1c95d3be]::run_test::{closure#0}
[INFO] [stdout]   16:     0x5a8d5b72c314 - std[70759c8f55707aa4]::sys::backtrace::__rust_begin_short_backtrace::<test[9d35eded1c95d3be]::run_test::{closure#1}, ()>
[INFO] [stdout]   17:     0x5a8d5b735bb2 - <std[70759c8f55707aa4]::thread::lifecycle::spawn_unchecked<test[9d35eded1c95d3be]::run_test::{closure#1}, ()>::{closure#1} as core[df12db4294e9bfd3]::ops::function::FnOnce<()>>::call_once::{shim:vtable#0}
[INFO] [stdout]   18:     0x5a8d5b7a0a69 - <std[70759c8f55707aa4]::sys::thread::unix::Thread>::new::thread_start
[INFO] [stdout]   19:     0x75424a7f3dfa - <unknown>
[INFO] [stdout]   20:     0x75424a8873d4 - clone
[INFO] [stdout]   21:                0x0 - <unknown>
[INFO] [stdout] 
[INFO] [stdout] 
[INFO] [stdout] failures:
[INFO] [stdout]     component_macros_report_authoring_errors
[INFO] [stdout] 
[INFO] [stdout] test result: FAILED. 2 passed; 1 failed; 0 ignored; 0 measured; 0 filtered out; finished in 286.13s
[INFO] [stdout] 
[INFO] [stderr] error: test failed, to rerun pass `--test trybuild`
[INFO] running `Command { std: "docker" "inspect" "9fc0fb79d3ac5d8b401e5cff2cb4464c63e5e4e51c8f69341abfb2e2e87635f2", kill_on_drop: false }`
[INFO] running `Command { std: "docker" "rm" "-f" "9fc0fb79d3ac5d8b401e5cff2cb4464c63e5e4e51c8f69341abfb2e2e87635f2", kill_on_drop: false }`
[INFO] [stdout] 9fc0fb79d3ac5d8b401e5cff2cb4464c63e5e4e51c8f69341abfb2e2e87635f2
