[INFO] fetching crate dioxus-notification 0.1.0-alpha.1...
[INFO] testing dioxus-notification-0.1.0-alpha.1 against 1.99.0-beta.8+cargoflags=--release for beta-release-1.100-2
[INFO] extracting crate dioxus-notification 0.1.0-alpha.1 into /workspace/builds/worker-2-tc1/source
[INFO] started tweaking crates.io crate dioxus-notification 0.1.0-alpha.1
[INFO] finished tweaking crates.io crate dioxus-notification 0.1.0-alpha.1
[INFO] tweaked toml for crates.io crate dioxus-notification 0.1.0-alpha.1 written to /workspace/builds/worker-2-tc1/source/Cargo.toml
[INFO] validating manifest of crates.io crate dioxus-notification 0.1.0-alpha.1 on toolchain 1.99.0-beta.8
[INFO] running `Command { std: CARGO_HOME="/workspace/cargo-home" RUSTUP_HOME="/workspace/rustup-home" "/workspace/cargo-home/bin/cargo" "+1.99.0-beta.8" "metadata" "--manifest-path" "Cargo.toml" "--no-deps", kill_on_drop: false }`
[INFO] crate crates.io crate dioxus-notification 0.1.0-alpha.1 already has a lockfile, it will not be regenerated
[INFO] running `Command { std: CARGO_HOME="/workspace/cargo-home" RUSTUP_HOME="/workspace/rustup-home" "/workspace/cargo-home/bin/cargo" "+1.99.0-beta.8" "fetch" "--manifest-path" "Cargo.toml", kill_on_drop: false }`
[INFO] [stderr]     Updating crates.io index
[INFO] [stderr]  Downloading crates ...
[INFO] [stderr]   Downloaded zvariant_utils v3.2.0
[INFO] [stderr]   Downloaded zvariant_derive v5.4.0
[INFO] [stderr]   Downloaded windows-version v0.1.4
[INFO] [stderr]   Downloaded mac-notification-sys v0.6.4
[INFO] [stderr]   Downloaded enumflags2_derive v0.7.11
[INFO] [stderr]   Downloaded async-process v2.3.0
[INFO] [stderr]   Downloaded zbus_names v4.2.0
[INFO] [stderr]   Downloaded windows-future v0.2.0
[INFO] [stderr]   Downloaded enumflags2 v0.7.11
[INFO] [stderr]   Downloaded async-fs v2.1.2
[INFO] [stderr]   Downloaded zbus_macros v5.5.0
[INFO] [stderr]   Downloaded tauri-winrt-notification v0.7.2
[INFO] [stderr]   Downloaded block2 v0.6.0
[INFO] [stderr]   Downloaded notify-rust v4.11.7
[INFO] [stderr]   Downloaded zvariant v5.4.0
[INFO] [stderr]   Downloaded winnow v0.7.6
[INFO] [stderr]   Downloaded zbus v5.5.0
[INFO] [stderr]   Downloaded cc v1.2.19
[INFO] [stderr]   Downloaded objc2-core-foundation v0.3.0
[INFO] [stderr]   Downloaded quick-xml v0.37.4
[INFO] [stderr]   Downloaded objc2 v0.6.0
[INFO] [stderr]   Downloaded objc2-foundation v0.3.0
[INFO] [stderr]   Downloaded rustix v1.0.5
[INFO] [stderr]   Downloaded windows v0.61.1
[INFO] running `Command { std: "docker" "create" "-v" "/var/lib/crater-agent-workspace/builds/worker-2-tc1/source:/opt/rustwide/workdir:ro,Z" "-v" "/var/lib/crater-agent-workspace/builds/worker-2-tc1/target:/opt/rustwide/target:rw,Z" "-v" "/var/lib/crater-agent-workspace/cargo-home:/opt/rustwide/cargo-home:ro,Z" "-v" "/var/lib/crater-agent-workspace/rustup-home:/opt/rustwide/rustup-home:ro,Z" "-m" "1610612736" "--network" "none" "ghcr.io/rust-lang/crates-build-env/linux@sha256:77db811e55d90add9212f6832c23229e3de5f1c1f9905e8cb07319ea15df73ac" "sleep" "infinity", kill_on_drop: false }`
[INFO] [stdout] fa461219688b3ffa1183fbe2c4f94e681bf3292dce58e24fc6246cb91e3bd660
[INFO] running `Command { std: "docker" "start" "fa461219688b3ffa1183fbe2c4f94e681bf3292dce58e24fc6246cb91e3bd660", kill_on_drop: false }`
[INFO] running `Command { std: "docker" "inspect" "fa461219688b3ffa1183fbe2c4f94e681bf3292dce58e24fc6246cb91e3bd660", kill_on_drop: false }`
[INFO] running `Command { std: "docker" "exec" "-e" "SOURCE_DIR=/opt/rustwide/workdir" "-e" "CARGO_HOME=/opt/rustwide/cargo-home" "-e" "RUSTUP_HOME=/opt/rustwide/rustup-home" "-e" "CARGO_TARGET_DIR=/opt/rustwide/target" "-w" "/opt/rustwide/workdir" "--user" "0:0" "fa461219688b3ffa1183fbe2c4f94e681bf3292dce58e24fc6246cb91e3bd660" "/opt/rustwide/cargo-home/bin/cargo" "+1.99.0-beta.8" "metadata" "--no-deps" "--format-version=1", kill_on_drop: false }`
[INFO] running `Command { std: "docker" "inspect" "fa461219688b3ffa1183fbe2c4f94e681bf3292dce58e24fc6246cb91e3bd660", kill_on_drop: false }`
[INFO] running `Command { std: "docker" "exec" "-e" "SOURCE_DIR=/opt/rustwide/workdir" "-e" "CARGO_HOME=/opt/rustwide/cargo-home" "-e" "RUSTUP_HOME=/opt/rustwide/rustup-home" "-e" "CARGO_TARGET_DIR=/opt/rustwide/target" "-e" "CARGO_INCREMENTAL=0" "-e" "RUST_BACKTRACE=full" "-e" "RUSTFLAGS=--cap-lints=warn" "-e" "RUSTDOCFLAGS=--cap-lints=warn" "-w" "/opt/rustwide/workdir" "--user" "0:0" "fa461219688b3ffa1183fbe2c4f94e681bf3292dce58e24fc6246cb91e3bd660" "/opt/rustwide/cargo-home/bin/cargo" "+1.99.0-beta.8" "build" "--frozen" "--message-format=json" "--release", kill_on_drop: false }`
[INFO] [stderr]    Compiling syn v2.0.100
[INFO] [stderr]    Compiling autocfg v1.4.0
[INFO] [stderr]    Compiling hashbrown v0.15.2
[INFO] [stderr]    Compiling winnow v0.7.6
[INFO] [stderr]    Compiling toml_datetime v0.6.8
[INFO] [stderr]    Compiling static_assertions v1.1.0
[INFO] [stderr]    Compiling libc v0.2.172
[INFO] [stderr]    Compiling proc-macro2 v1.0.95
[INFO] [stderr]    Compiling serde v1.0.219
[INFO] [stderr]    Compiling futures-lite v2.6.0
[INFO] [stderr]    Compiling rustix v0.38.44
[INFO] [stderr]    Compiling bitflags v2.9.0
[INFO] [stderr]    Compiling unicode-ident v1.0.18
[INFO] [stderr]    Compiling tracing-core v0.1.33
[INFO] [stderr]    Compiling linux-raw-sys v0.4.15
[INFO] [stderr]    Compiling event-listener v5.4.0
[INFO] [stderr]    Compiling cfg_aliases v0.2.1
[INFO] [stderr]    Compiling endi v1.1.0
[INFO] [stderr]    Compiling nix v0.29.0
[INFO] [stderr]    Compiling log v0.4.27
[INFO] [stderr]    Compiling event-listener-strategy v0.5.4
[INFO] [stderr]    Compiling async-lock v3.4.0
[INFO] [stderr]    Compiling async-channel v2.3.1
[INFO] [stderr]    Compiling async-broadcast v0.7.2
[INFO] [stderr]    Compiling slab v0.4.9
[INFO] [stderr]    Compiling memoffset v0.9.1
[INFO] [stderr]    Compiling quote v1.0.40
[INFO] [stderr]    Compiling indexmap v2.9.0
[INFO] [stderr]    Compiling blocking v1.6.1
[INFO] [stderr]    Compiling async-executor v1.13.1
[INFO] [stderr]    Compiling async-fs v2.1.2
[INFO] [stderr]    Compiling toml_edit v0.22.24
[INFO] [stderr]    Compiling signal-hook-registry v1.4.2
[INFO] [stderr]    Compiling xdg-home v1.3.0
[INFO] [stderr]    Compiling proc-macro-crate v3.3.0
[INFO] [stderr]    Compiling serde_derive v1.0.219
[INFO] [stderr]    Compiling enumflags2_derive v0.7.11
[INFO] [stderr]    Compiling tracing-attributes v0.1.28
[INFO] [stderr]    Compiling serde_repr v0.1.20
[INFO] [stderr]    Compiling async-trait v0.1.88
[INFO] [stderr]    Compiling tracing v0.1.41
[INFO] [stderr]    Compiling polling v3.7.4
[INFO] [stderr]    Compiling async-io v2.4.0
[INFO] [stderr]    Compiling async-signal v0.2.10
[INFO] [stderr]    Compiling async-process v2.3.0
[INFO] [stderr]    Compiling zvariant_utils v3.2.0
[INFO] [stderr]    Compiling enumflags2 v0.7.11
[INFO] [stderr]    Compiling zvariant_derive v5.4.0
[INFO] [stderr]    Compiling zvariant v5.4.0
[INFO] [stderr]    Compiling zbus_names v4.2.0
[INFO] [stderr]    Compiling zbus_macros v5.5.0
[INFO] [stderr]    Compiling zbus v5.5.0
[INFO] [stderr]    Compiling notify-rust v4.11.7
[INFO] [stderr]    Compiling dioxus-notification v0.1.0-alpha.1 (/opt/rustwide/workdir)
[INFO] [stderr]     Finished `release` profile [optimized] target(s) in 1m 31s
[INFO] running `Command { std: "docker" "inspect" "fa461219688b3ffa1183fbe2c4f94e681bf3292dce58e24fc6246cb91e3bd660", kill_on_drop: false }`
[INFO] running `Command { std: "docker" "exec" "-e" "SOURCE_DIR=/opt/rustwide/workdir" "-e" "CARGO_HOME=/opt/rustwide/cargo-home" "-e" "RUSTUP_HOME=/opt/rustwide/rustup-home" "-e" "CARGO_TARGET_DIR=/opt/rustwide/target" "-e" "CARGO_INCREMENTAL=0" "-e" "RUST_BACKTRACE=full" "-e" "RUSTFLAGS=--cap-lints=warn" "-e" "RUSTDOCFLAGS=--cap-lints=warn" "-w" "/opt/rustwide/workdir" "--user" "0:0" "fa461219688b3ffa1183fbe2c4f94e681bf3292dce58e24fc6246cb91e3bd660" "/opt/rustwide/cargo-home/bin/cargo" "+1.99.0-beta.8" "test" "--frozen" "--no-run" "--message-format=json" "--release", kill_on_drop: false }`
[INFO] [stderr]    Compiling dioxus-notification v0.1.0-alpha.1 (/opt/rustwide/workdir)
[INFO] [stderr]     Finished `release` profile [optimized] target(s) in 0.77s
[INFO] running `Command { std: "docker" "inspect" "fa461219688b3ffa1183fbe2c4f94e681bf3292dce58e24fc6246cb91e3bd660", kill_on_drop: false }`
[INFO] running `Command { std: "docker" "exec" "-e" "SOURCE_DIR=/opt/rustwide/workdir" "-e" "CARGO_HOME=/opt/rustwide/cargo-home" "-e" "RUSTUP_HOME=/opt/rustwide/rustup-home" "-e" "CARGO_TARGET_DIR=/opt/rustwide/target" "-e" "CARGO_INCREMENTAL=0" "-e" "RUST_BACKTRACE=full" "-e" "RUSTFLAGS=--cap-lints=warn" "-e" "RUSTDOCFLAGS=--cap-lints=warn" "-w" "/opt/rustwide/workdir" "--user" "0:0" "fa461219688b3ffa1183fbe2c4f94e681bf3292dce58e24fc6246cb91e3bd660" "/opt/rustwide/cargo-home/bin/cargo" "+1.99.0-beta.8" "test" "--frozen" "--release", kill_on_drop: false }`
[INFO] [stderr]     Finished `release` profile [optimized] target(s) in 0.10s
[INFO] [stderr]      Running unittests src/lib.rs (/opt/rustwide/target/release/deps/dioxus_notification-4fc74a5a10226152)
[INFO] [stdout] 
[INFO] [stdout] running 1 test
[INFO] [stdout] test test_notification ... FAILED
[INFO] [stdout] 
[INFO] [stdout] failures:
[INFO] [stdout] 
[INFO] [stdout] ---- test_notification stdout ----
[INFO] [stdout] 
[INFO] [stdout] thread 'test_notification' (1260) panicked at src/lib.rs:144:10:
[INFO] [stdout] called `Result::unwrap()` on an `Err` value: FailedToShow(Error { kind: Zbus(InputOutput(Os { code: 2, kind: NotFound, message: "No such file or directory" })) })
[INFO] [stdout] stack backtrace:
[INFO] [stdout]    0:     0x5adddfcf47f1 - <<std[70759c8f55707aa4]::sys::backtrace::BacktraceLock>::print::DisplayBacktrace as core[df12db4294e9bfd3]::fmt::Display>::fmt
[INFO] [stdout]    1:     0x5adddfd0a5ea - core[df12db4294e9bfd3]::fmt::write
[INFO] [stdout]    2:     0x5adddfcf961c - <alloc[2182bb758b4b3781]::vec::Vec<u8> as core[df12db4294e9bfd3]::io::write::Write>::write_fmt
[INFO] [stdout]    3:     0x5adddfcce8b6 - std[70759c8f55707aa4]::panicking::default_hook::{closure#0}
[INFO] [stdout]    4:     0x5adddfcebc59 - std[70759c8f55707aa4]::panicking::default_hook
[INFO] [stdout]    5:     0x5adddfc86790 - test[9d35eded1c95d3be]::test_main_inner::<test[9d35eded1c95d3be]::test_main_static::{closure#0}>::{closure#0}
[INFO] [stdout]    6:     0x5adddfcebf82 - std[70759c8f55707aa4]::panicking::panic_with_hook
[INFO] [stdout]    7:     0x5adddfcce962 - std[70759c8f55707aa4]::panicking::panic_handler::{closure#0}
[INFO] [stdout]    8:     0x5adddfcc7479 - std[70759c8f55707aa4]::sys::backtrace::__rust_end_short_backtrace::<std[70759c8f55707aa4]::panicking::panic_handler::{closure#0}, !>
[INFO] [stdout]    9:     0x5adddfccf74d - __rustc[8fa7c3cbc660c2b3]::rust_begin_unwind
[INFO] [stdout]   10:     0x5adddfd0ad4c - core[df12db4294e9bfd3]::panicking::panic_fmt
[INFO] [stdout]   11:     0x5adddfd0ab22 - core[df12db4294e9bfd3]::result::unwrap_failed
[INFO] [stdout]   12:     0x5adddfb26016 - <dioxus_notification[735e1159b6dff912]::test_notification::{closure#0} as core[df12db4294e9bfd3]::ops::function::FnOnce<()>>::call_once
[INFO] [stdout]   13:     0x5adddfc79a7b - test[9d35eded1c95d3be]::__rust_begin_short_backtrace::<core[df12db4294e9bfd3]::result::Result<(), alloc[2182bb758b4b3781]::string::String>, fn() -> core[df12db4294e9bfd3]::result::Result<(), alloc[2182bb758b4b3781]::string::String>>
[INFO] [stdout]   14:     0x5adddfc870e5 - test[9d35eded1c95d3be]::run_test::{closure#0}
[INFO] [stdout]   15:     0x5adddfc809a4 - std[70759c8f55707aa4]::sys::backtrace::__rust_begin_short_backtrace::<test[9d35eded1c95d3be]::run_test::{closure#1}, ()>
[INFO] [stdout]   16:     0x5adddfc8a242 - <std[70759c8f55707aa4]::thread::lifecycle::spawn_unchecked<test[9d35eded1c95d3be]::run_test::{closure#1}, ()>::{closure#1} as core[df12db4294e9bfd3]::ops::function::FnOnce<()>>::call_once::{shim:vtable#0}
[INFO] [stdout]   17:     0x5adddfcf3259 - <std[70759c8f55707aa4]::sys::thread::unix::Thread>::new::thread_start
[INFO] [stdout]   18:     0x7700c3fd9dfa - <unknown>
[INFO] [stdout]   19:     0x7700c406d3d4 - clone
[INFO] [stdout]   20:                0x0 - <unknown>
[INFO] [stdout] 
[INFO] [stdout] 
[INFO] [stdout] failures:
[INFO] [stdout]     test_notification
[INFO] [stdout] 
[INFO] [stdout] test result: FAILED. 0 passed; 1 failed; 0 ignored; 0 measured; 0 filtered out; finished in 0.04s
[INFO] [stdout] 
[INFO] [stderr] error: test failed, to rerun pass `--lib`
[INFO] running `Command { std: "docker" "inspect" "fa461219688b3ffa1183fbe2c4f94e681bf3292dce58e24fc6246cb91e3bd660", kill_on_drop: false }`
[INFO] running `Command { std: "docker" "rm" "-f" "fa461219688b3ffa1183fbe2c4f94e681bf3292dce58e24fc6246cb91e3bd660", kill_on_drop: false }`
[INFO] [stdout] fa461219688b3ffa1183fbe2c4f94e681bf3292dce58e24fc6246cb91e3bd660
