[INFO] fetching crate dioxus-history 0.8.0-alpha.2...
[INFO] testing dioxus-history-0.8.0-alpha.2 against 1.99.0-beta.8+cargoflags=--release for beta-release-1.100-2
[INFO] extracting crate dioxus-history 0.8.0-alpha.2 into /workspace/builds/worker-1-tc1/source
[INFO] started tweaking crates.io crate dioxus-history 0.8.0-alpha.2
[INFO] finished tweaking crates.io crate dioxus-history 0.8.0-alpha.2
[INFO] tweaked toml for crates.io crate dioxus-history 0.8.0-alpha.2 written to /workspace/builds/worker-1-tc1/source/Cargo.toml
[INFO] validating manifest of crates.io crate dioxus-history 0.8.0-alpha.2 on toolchain 1.99.0-beta.8
[INFO] running `Command { std: CARGO_HOME="/workspace/cargo-home" RUSTUP_HOME="/workspace/rustup-home" "/workspace/cargo-home/bin/cargo" "+1.99.0-beta.8" "metadata" "--manifest-path" "Cargo.toml" "--no-deps", kill_on_drop: false }`
[INFO] crate crates.io crate dioxus-history 0.8.0-alpha.2 already has a lockfile, it will not be regenerated
[INFO] running `Command { std: CARGO_HOME="/workspace/cargo-home" RUSTUP_HOME="/workspace/rustup-home" "/workspace/cargo-home/bin/cargo" "+1.99.0-beta.8" "fetch" "--manifest-path" "Cargo.toml", kill_on_drop: false }`
[INFO] running `Command { std: "docker" "create" "-v" "/var/lib/crater-agent-workspace/builds/worker-1-tc1/source:/opt/rustwide/workdir:ro,Z" "-v" "/var/lib/crater-agent-workspace/builds/worker-1-tc1/target:/opt/rustwide/target:rw,Z" "-v" "/var/lib/crater-agent-workspace/cargo-home:/opt/rustwide/cargo-home:ro,Z" "-v" "/var/lib/crater-agent-workspace/rustup-home:/opt/rustwide/rustup-home:ro,Z" "-m" "1610612736" "--network" "none" "ghcr.io/rust-lang/crates-build-env/linux@sha256:77db811e55d90add9212f6832c23229e3de5f1c1f9905e8cb07319ea15df73ac" "sleep" "infinity", kill_on_drop: false }`
[INFO] [stdout] f76bc760583dc928eaabd191e922f429dbd55cbb31339f3763f2741eef12bde3
[INFO] running `Command { std: "docker" "start" "f76bc760583dc928eaabd191e922f429dbd55cbb31339f3763f2741eef12bde3", kill_on_drop: false }`
[INFO] running `Command { std: "docker" "inspect" "f76bc760583dc928eaabd191e922f429dbd55cbb31339f3763f2741eef12bde3", kill_on_drop: false }`
[INFO] running `Command { std: "docker" "exec" "-e" "SOURCE_DIR=/opt/rustwide/workdir" "-e" "CARGO_HOME=/opt/rustwide/cargo-home" "-e" "RUSTUP_HOME=/opt/rustwide/rustup-home" "-e" "CARGO_TARGET_DIR=/opt/rustwide/target" "-w" "/opt/rustwide/workdir" "--user" "0:0" "f76bc760583dc928eaabd191e922f429dbd55cbb31339f3763f2741eef12bde3" "/opt/rustwide/cargo-home/bin/cargo" "+1.99.0-beta.8" "metadata" "--no-deps" "--format-version=1", kill_on_drop: false }`
[INFO] running `Command { std: "docker" "inspect" "f76bc760583dc928eaabd191e922f429dbd55cbb31339f3763f2741eef12bde3", kill_on_drop: false }`
[INFO] running `Command { std: "docker" "exec" "-e" "SOURCE_DIR=/opt/rustwide/workdir" "-e" "CARGO_HOME=/opt/rustwide/cargo-home" "-e" "RUSTUP_HOME=/opt/rustwide/rustup-home" "-e" "CARGO_TARGET_DIR=/opt/rustwide/target" "-e" "CARGO_INCREMENTAL=0" "-e" "RUST_BACKTRACE=full" "-e" "RUSTFLAGS=--cap-lints=warn" "-e" "RUSTDOCFLAGS=--cap-lints=warn" "-w" "/opt/rustwide/workdir" "--user" "0:0" "f76bc760583dc928eaabd191e922f429dbd55cbb31339f3763f2741eef12bde3" "/opt/rustwide/cargo-home/bin/cargo" "+1.99.0-beta.8" "build" "--frozen" "--message-format=json" "--release", kill_on_drop: false }`
[INFO] [stderr]    Compiling proc-macro2 v1.0.106
[INFO] [stderr]    Compiling serde_core v1.0.228
[INFO] [stderr]    Compiling serde v1.0.228
[INFO] [stderr]    Compiling xxhash-rust v0.8.15
[INFO] [stderr]    Compiling thiserror v2.0.18
[INFO] [stderr]    Compiling dioxus-const-vec v0.8.0-alpha.2
[INFO] [stderr]    Compiling proc-macro2-diagnostics v0.10.1
[INFO] [stderr]    Compiling slotmap v1.1.1
[INFO] [stderr]    Compiling unicode-segmentation v1.13.2
[INFO] [stderr]    Compiling futures-core v0.3.32
[INFO] [stderr]    Compiling anyhow v1.0.102
[INFO] [stderr]    Compiling konst_macro_rules v0.2.19
[INFO] [stderr]    Compiling libloading v0.8.9
[INFO] [stderr]    Compiling parking_lot_core v0.9.12
[INFO] [stderr]    Compiling memmap2 v0.9.11
[INFO] [stderr]    Compiling futures-task v0.3.32
[INFO] [stderr]    Compiling rustc-hash v2.1.2
[INFO] [stderr]    Compiling dioxus-core-template v0.8.0-alpha.2
[INFO] [stderr]    Compiling dioxus-core-types v0.8.0-alpha.2
[INFO] [stderr]    Compiling futures-util v0.3.32
[INFO] [stderr]    Compiling futures-channel v0.3.32
[INFO] [stderr]    Compiling longest-increasing-subsequence v0.1.0
[INFO] [stderr]    Compiling konst v0.2.20
[INFO] [stderr]    Compiling convert_case v0.8.0
[INFO] [stderr]    Compiling parking_lot v0.12.5
[INFO] [stderr]    Compiling quote v1.0.45
[INFO] [stderr]    Compiling syn v2.0.117
[INFO] [stderr]    Compiling const_format_proc_macros v0.2.34
[INFO] [stderr]    Compiling const_format v0.2.36
[INFO] [stderr]    Compiling dioxus-rsx v0.8.0-alpha.2
[INFO] [stderr]    Compiling serde_derive v1.0.228
[INFO] [stderr]    Compiling thiserror-impl v2.0.18
[INFO] [stderr]    Compiling tracing-attributes v0.1.31
[INFO] [stderr]    Compiling dioxus-core-macro v0.8.0-alpha.2
[INFO] [stderr]    Compiling tracing v0.1.44
[INFO] [stderr]    Compiling generational-box v0.8.0-alpha.2
[INFO] [stderr]    Compiling subsecond-types v0.8.0-alpha.2
[INFO] [stderr]    Compiling subsecond v0.8.0-alpha.2
[INFO] [stderr]    Compiling dioxus-core v0.8.0-alpha.2
[INFO] [stderr]    Compiling dioxus-history v0.8.0-alpha.2 (/opt/rustwide/workdir)
[INFO] [stderr]     Finished `release` profile [optimized] target(s) in 33.06s
[INFO] running `Command { std: "docker" "inspect" "f76bc760583dc928eaabd191e922f429dbd55cbb31339f3763f2741eef12bde3", kill_on_drop: false }`
[INFO] running `Command { std: "docker" "exec" "-e" "SOURCE_DIR=/opt/rustwide/workdir" "-e" "CARGO_HOME=/opt/rustwide/cargo-home" "-e" "RUSTUP_HOME=/opt/rustwide/rustup-home" "-e" "CARGO_TARGET_DIR=/opt/rustwide/target" "-e" "CARGO_INCREMENTAL=0" "-e" "RUST_BACKTRACE=full" "-e" "RUSTFLAGS=--cap-lints=warn" "-e" "RUSTDOCFLAGS=--cap-lints=warn" "-w" "/opt/rustwide/workdir" "--user" "0:0" "f76bc760583dc928eaabd191e922f429dbd55cbb31339f3763f2741eef12bde3" "/opt/rustwide/cargo-home/bin/cargo" "+1.99.0-beta.8" "test" "--frozen" "--no-run" "--message-format=json" "--release", kill_on_drop: false }`
[INFO] [stderr]    Compiling dioxus-history v0.8.0-alpha.2 (/opt/rustwide/workdir)
[INFO] [stderr]     Finished `release` profile [optimized] target(s) in 0.43s
[INFO] running `Command { std: "docker" "inspect" "f76bc760583dc928eaabd191e922f429dbd55cbb31339f3763f2741eef12bde3", kill_on_drop: false }`
[INFO] running `Command { std: "docker" "exec" "-e" "SOURCE_DIR=/opt/rustwide/workdir" "-e" "CARGO_HOME=/opt/rustwide/cargo-home" "-e" "RUSTUP_HOME=/opt/rustwide/rustup-home" "-e" "CARGO_TARGET_DIR=/opt/rustwide/target" "-e" "CARGO_INCREMENTAL=0" "-e" "RUST_BACKTRACE=full" "-e" "RUSTFLAGS=--cap-lints=warn" "-e" "RUSTDOCFLAGS=--cap-lints=warn" "-w" "/opt/rustwide/workdir" "--user" "0:0" "f76bc760583dc928eaabd191e922f429dbd55cbb31339f3763f2741eef12bde3" "/opt/rustwide/cargo-home/bin/cargo" "+1.99.0-beta.8" "test" "--frozen" "--release", kill_on_drop: false }`
[INFO] [stderr]     Finished `release` profile [optimized] target(s) in 0.13s
[INFO] [stderr]      Running unittests src/lib.rs (/opt/rustwide/target/release/deps/dioxus_history-027061381393f98f)
[INFO] [stdout] 
[INFO] [stderr]    Doc-tests dioxus_history
[INFO] [stdout] running 0 tests
[INFO] [stdout] 
[INFO] [stdout] test result: ok. 0 passed; 0 failed; 0 ignored; 0 measured; 0 filtered out; finished in 0.00s
[INFO] [stdout] 
[INFO] [stdout] 
[INFO] [stdout] running 9 tests
[INFO] [stdout] test src/memory.rs - memory::MemoryHistory::with_initial_path (line 26) ... FAILED
[INFO] [stdout] test src/lib.rs - History::can_go_forward (line 126) ... FAILED
[INFO] [stdout] test src/memory.rs - memory::MemoryHistory::with_prefix (line 59) ... ok
[INFO] [stdout] test src/lib.rs - History::go_back (line 95) ... FAILED
[INFO] [stdout] test src/lib.rs - History::replace (line 218) ... FAILED
[INFO] [stdout] test src/lib.rs - History::go_forward (line 158) ... FAILED
[INFO] [stdout] test src/lib.rs - History::current_route (line 30) ... FAILED
[INFO] [stdout] test src/lib.rs - History::can_go_back (line 67) ... FAILED
[INFO] [stdout] test src/lib.rs - History::push (line 190) ... FAILED
[INFO] [stderr] error: doctest failed, to rerun pass `--doc`
[INFO] [stdout] 
[INFO] [stdout] failures:
[INFO] [stdout] 
[INFO] [stdout] ---- src/memory.rs - memory::MemoryHistory::with_initial_path (line 26) stdout ----
[INFO] [stdout] error[E0433]: cannot find module or crate `dioxus` in this scope
[INFO] [stdout]   --> src/memory.rs:28:5
[INFO] [stdout]    |
[INFO] [stdout] 28 | use dioxus::prelude::*;
[INFO] [stdout]    |     ^^^^^^ use of unresolved module or unlinked crate `dioxus`
[INFO] [stdout]    |
[INFO] [stdout]    = help: if you wanted to use a crate named `dioxus`, use `cargo add dioxus` to add it to your `Cargo.toml`
[INFO] [stdout] 
[INFO] [stdout] error: cannot find attribute `component` in this scope
[INFO] [stdout]   --> src/memory.rs:29:3
[INFO] [stdout]    |
[INFO] [stdout] 29 | #[component]
[INFO] [stdout]    |   ^^^^^^^^^
[INFO] [stdout] 
[INFO] [stdout] error: cannot find attribute `component` in this scope
[INFO] [stdout]   --> src/memory.rs:31:3
[INFO] [stdout]    |
[INFO] [stdout] 31 | #[component]
[INFO] [stdout]    |   ^^^^^^^^^
[INFO] [stdout] 
[INFO] [stdout] error: cannot find derive macro `Routable` in this scope
[INFO] [stdout]   --> src/memory.rs:33:17
[INFO] [stdout]    |
[INFO] [stdout] 33 | #[derive(Clone, Routable, Debug, PartialEq)]
[INFO] [stdout]    |                 ^^^^^^^^
[INFO] [stdout] 
[INFO] [stdout] error: cannot find attribute `route` in this scope
[INFO] [stdout]   --> src/memory.rs:35:7
[INFO] [stdout]    |
[INFO] [stdout] 35 |     #[route("/")]
[INFO] [stdout]    |       ^^^^^
[INFO] [stdout] 
[INFO] [stdout] error: cannot find attribute `route` in this scope
[INFO] [stdout]   --> src/memory.rs:37:7
[INFO] [stdout]    |
[INFO] [stdout] 37 |     #[route("/some-other-page")]
[INFO] [stdout]    |       ^^^^^
[INFO] [stdout] 
[INFO] [stdout] error[E0425]: cannot find type `Element` in this scope
[INFO] [stdout]   --> src/memory.rs:30:15
[INFO] [stdout]    |
[INFO] [stdout] 30 | fn Index() -> Element { VNode::empty() }
[INFO] [stdout]    |               ^^^^^^^ not found in this scope
[INFO] [stdout] 
[INFO] [stdout] error[E0425]: cannot find type `Element` in this scope
[INFO] [stdout]   --> src/memory.rs:32:19
[INFO] [stdout]    |
[INFO] [stdout] 32 | fn OtherPage() -> Element { VNode::empty() }
[INFO] [stdout]    |                   ^^^^^^^ not found in this scope
[INFO] [stdout] 
[INFO] [stdout] error[E0277]: the trait bound `Route: ToString` is not satisfied
[INFO] [stdout]   --> src/memory.rs:41:68
[INFO] [stdout]    |
[INFO] [stdout] 41 | let mut history = dioxus_history::MemoryHistory::with_initial_path(Route::Index {});
[INFO] [stdout]    |                   ------------------------------------------------ ^^^^^^^^^^^^^^^ unsatisfied trait bound
[INFO] [stdout]    |                   |
[INFO] [stdout]    |                   required by a bound introduced by this call
[INFO] [stdout]    |
[INFO] [stdout] help: the trait `std::fmt::Display` is not implemented for `Route`
[INFO] [stdout]   --> src/memory.rs:34:1
[INFO] [stdout]    |
[INFO] [stdout] 34 | enum Route {
[INFO] [stdout]    | ^^^^^^^^^^
[INFO] [stdout]    = note: required for `Route` to implement `ToString`
[INFO] [stdout] note: required by a bound in `MemoryHistory::with_initial_path`
[INFO] [stdout]   --> src/memory.rs:44:41
[INFO] [stdout]    |
[INFO] [stdout] 44 |     pub fn with_initial_path(path: impl ToString) -> Self {
[INFO] [stdout]    |                                         ^^^^^^^^ required by this bound in `MemoryHistory::with_initial_path`
[INFO] [stdout] 
[INFO] [stdout] error[E0599]: no method named `current_route` found for struct `MemoryHistory` in the current scope
[INFO] [stdout]   --> src/memory.rs:42:20
[INFO] [stdout]    |
[INFO] [stdout] 42 | assert_eq!(history.current_route(), Route::Index {}.to_string());
[INFO] [stdout]    |                    ^^^^^^^^^^^^^ method not found in `MemoryHistory`
[INFO] [stdout]    |
[INFO] [stdout]   ::: src/lib.rs:50:8
[INFO] [stdout]    |
[INFO] [stdout] 50 |     fn current_route(&self) -> String;
[INFO] [stdout]    |        ------------- the method is available for `MemoryHistory` here
[INFO] [stdout]    |
[INFO] [stdout]    = help: items from traits can only be used if the trait is in scope
[INFO] [stdout] help: trait `History` which provides `current_route` is implemented but not in scope; perhaps you want to import it
[INFO] [stdout]    |
[INFO] [stdout] 25 + use crate::dioxus_history::History;
[INFO] [stdout]    |
[INFO] [stdout] 
[INFO] [stdout] error[E0599]: `Route` doesn't implement `std::fmt::Display`
[INFO] [stdout]   --> src/memory.rs:42:53
[INFO] [stdout]    |
[INFO] [stdout] 34 | enum Route {
[INFO] [stdout]    | ---------- method `to_string` not found for this enum because it doesn't satisfy `Route: ToString` or `Route: std::fmt::Display`
[INFO] [stdout] ...
[INFO] [stdout] 42 | assert_eq!(history.current_route(), Route::Index {}.to_string());
[INFO] [stdout]    |                                                     ^^^^^^^^^ method cannot be called on `Route` due to unsatisfied trait bounds
[INFO] [stdout]    |
[INFO] [stdout]    = note: the following trait bounds were not satisfied:
[INFO] [stdout]            `Route: std::fmt::Display`
[INFO] [stdout]            which is required by `Route: ToString`
[INFO] [stdout] note: the trait `std::fmt::Display` must be implemented
[INFO] [stdout]   --> /rustc/dfb0accb7f508ae8be965d8629557221c889dd98/library/core/src/fmt/mod.rs:1187:0
[INFO] [stdout]    = help: items from traits can only be used if the trait is implemented and in scope
[INFO] [stdout]    = note: the following trait defines an item `to_string`, perhaps you need to implement it:
[INFO] [stdout]            candidate #1: `ToString`
[INFO] [stdout] 
[INFO] [stdout] error[E0599]: no method named `can_go_back` found for struct `MemoryHistory` in the current scope
[INFO] [stdout]   --> src/memory.rs:43:20
[INFO] [stdout]    |
[INFO] [stdout] 43 | assert_eq!(history.can_go_back(), false);
[INFO] [stdout]    |                    ^^^^^^^^^^^
[INFO] [stdout]    |
[INFO] [stdout]   ::: src/lib.rs:86:8
[INFO] [stdout]    |
[INFO] [stdout] 86 |     fn can_go_back(&self) -> bool {
[INFO] [stdout]    |        ----------- the method is available for `MemoryHistory` here
[INFO] [stdout]    |
[INFO] [stdout]    = help: items from traits can only be used if the trait is in scope
[INFO] [stdout] help: trait `History` which provides `can_go_back` is implemented but not in scope; perhaps you want to import it
[INFO] [stdout]    |
[INFO] [stdout] 25 + use crate::dioxus_history::History;
[INFO] [stdout]    |
[INFO] [stdout] help: there is a method `go_back` with a similar name
[INFO] [stdout]    |
[INFO] [stdout] 43 - assert_eq!(history.can_go_back(), false);
[INFO] [stdout] 43 + assert_eq!(history.go_back(), false);
[INFO] [stdout]    |
[INFO] [stdout] 
[INFO] [stdout] error[E0433]: cannot find type `VNode` in this scope
[INFO] [stdout]   --> src/memory.rs:30:25
[INFO] [stdout]    |
[INFO] [stdout] 30 | fn Index() -> Element { VNode::empty() }
[INFO] [stdout]    |                         ^^^^^ use of undeclared type `VNode`
[INFO] [stdout] 
[INFO] [stdout] error[E0433]: cannot find type `VNode` in this scope
[INFO] [stdout]   --> src/memory.rs:32:29
[INFO] [stdout]    |
[INFO] [stdout] 32 | fn OtherPage() -> Element { VNode::empty() }
[INFO] [stdout]    |                             ^^^^^ use of undeclared type `VNode`
[INFO] [stdout] 
[INFO] [stdout] error: aborting due to 14 previous errors
[INFO] [stdout] 
[INFO] [stdout] Some errors have detailed explanations: E0277, E0425, E0433, E0599.
[INFO] [stdout] For more information about an error, try `rustc --explain E0277`.
[INFO] [stdout] Couldn't compile the test.
[INFO] [stdout] ---- src/lib.rs - History::can_go_forward (line 126) stdout ----
[INFO] [stdout] error[E0433]: cannot find module or crate `dioxus` in this scope
[INFO] [stdout]    --> src/lib.rs:127:5
[INFO] [stdout]     |
[INFO] [stdout] 127 | use dioxus::prelude::*;
[INFO] [stdout]     |     ^^^^^^ use of unresolved module or unlinked crate `dioxus`
[INFO] [stdout]     |
[INFO] [stdout]     = help: if you wanted to use a crate named `dioxus`, use `cargo add dioxus` to add it to your `Cargo.toml`
[INFO] [stdout] 
[INFO] [stdout] error: cannot find attribute `component` in this scope
[INFO] [stdout]    --> src/lib.rs:128:3
[INFO] [stdout]     |
[INFO] [stdout] 128 | #[component]
[INFO] [stdout]     |   ^^^^^^^^^
[INFO] [stdout] 
[INFO] [stdout] error: cannot find attribute `component` in this scope
[INFO] [stdout]    --> src/lib.rs:130:3
[INFO] [stdout]     |
[INFO] [stdout] 130 | #[component]
[INFO] [stdout]     |   ^^^^^^^^^
[INFO] [stdout] 
[INFO] [stdout] error: cannot find derive macro `Routable` in this scope
[INFO] [stdout]    --> src/lib.rs:132:17
[INFO] [stdout]     |
[INFO] [stdout] 132 | #[derive(Clone, Routable, Debug, PartialEq)]
[INFO] [stdout]     |                 ^^^^^^^^
[INFO] [stdout] 
[INFO] [stdout] error: cannot find attribute `route` in this scope
[INFO] [stdout]    --> src/lib.rs:134:7
[INFO] [stdout]     |
[INFO] [stdout] 134 |     #[route("/")]
[INFO] [stdout]     |       ^^^^^
[INFO] [stdout] 
[INFO] [stdout] error: cannot find attribute `route` in this scope
[INFO] [stdout]    --> src/lib.rs:136:7
[INFO] [stdout]     |
[INFO] [stdout] 136 |     #[route("/some-other-page")]
[INFO] [stdout]     |       ^^^^^
[INFO] [stdout] 
[INFO] [stdout] error[E0433]: cannot find module or crate `dioxus` in this scope
[INFO] [stdout]    --> src/lib.rs:139:19
[INFO] [stdout]     |
[INFO] [stdout] 139 | let mut history = dioxus::history::MemoryHistory::default();
[INFO] [stdout]     |                   ^^^^^^ use of unresolved module or unlinked crate `dioxus`
[INFO] [stdout]     |
[INFO] [stdout]     = help: if you wanted to use a crate named `dioxus`, use `cargo add dioxus` to add it to your `Cargo.toml`
[INFO] [stdout] 
[INFO] [stdout] error[E0425]: cannot find type `Element` in this scope
[INFO] [stdout]    --> src/lib.rs:129:15
[INFO] [stdout]     |
[INFO] [stdout] 129 | fn Index() -> Element { VNode::empty() }
[INFO] [stdout]     |               ^^^^^^^ not found in this scope
[INFO] [stdout] 
[INFO] [stdout] error[E0425]: cannot find type `Element` in this scope
[INFO] [stdout]    --> src/lib.rs:131:19
[INFO] [stdout]     |
[INFO] [stdout] 131 | fn OtherPage() -> Element { VNode::empty() }
[INFO] [stdout]     |                   ^^^^^^^ not found in this scope
[INFO] [stdout] 
[INFO] [stdout] error[E0599]: `Route` doesn't implement `std::fmt::Display`
[INFO] [stdout]    --> src/lib.rs:142:34
[INFO] [stdout]     |
[INFO] [stdout] 133 | enum Route {
[INFO] [stdout]     | ---------- method `to_string` not found for this enum because it doesn't satisfy `Route: ToString` or `Route: std::fmt::Display`
[INFO] [stdout] ...
[INFO] [stdout] 142 | history.push(Route::OtherPage {}.to_string());
[INFO] [stdout]     |                                  ^^^^^^^^^ method cannot be called on `Route` due to unsatisfied trait bounds
[INFO] [stdout]     |
[INFO] [stdout]     = note: the following trait bounds were not satisfied:
[INFO] [stdout]             `Route: std::fmt::Display`
[INFO] [stdout]             which is required by `Route: ToString`
[INFO] [stdout] note: the trait `std::fmt::Display` must be implemented
[INFO] [stdout]    --> /rustc/dfb0accb7f508ae8be965d8629557221c889dd98/library/core/src/fmt/mod.rs:1187:0
[INFO] [stdout]     = help: items from traits can only be used if the trait is implemented and in scope
[INFO] [stdout]     = note: the following trait defines an item `to_string`, perhaps you need to implement it:
[INFO] [stdout]             candidate #1: `ToString`
[INFO] [stdout] 
[INFO] [stdout] error[E0433]: cannot find type `VNode` in this scope
[INFO] [stdout]    --> src/lib.rs:129:25
[INFO] [stdout]     |
[INFO] [stdout] 129 | fn Index() -> Element { VNode::empty() }
[INFO] [stdout]     |                         ^^^^^ use of undeclared type `VNode`
[INFO] [stdout] 
[INFO] [stdout] error[E0433]: cannot find type `VNode` in this scope
[INFO] [stdout]    --> src/lib.rs:131:29
[INFO] [stdout]     |
[INFO] [stdout] 131 | fn OtherPage() -> Element { VNode::empty() }
[INFO] [stdout]     |                             ^^^^^ use of undeclared type `VNode`
[INFO] [stdout] 
[INFO] [stdout] error: aborting due to 12 previous errors
[INFO] [stdout] 
[INFO] [stdout] Some errors have detailed explanations: E0425, E0433, E0599.
[INFO] [stdout] For more information about an error, try `rustc --explain E0425`.
[INFO] [stdout] Couldn't compile the test.
[INFO] [stdout] ---- src/lib.rs - History::go_back (line 95) stdout ----
[INFO] [stdout] error[E0433]: cannot find module or crate `dioxus` in this scope
[INFO] [stdout]   --> src/lib.rs:96:5
[INFO] [stdout]    |
[INFO] [stdout] 96 | use dioxus::prelude::*;
[INFO] [stdout]    |     ^^^^^^ use of unresolved module or unlinked crate `dioxus`
[INFO] [stdout]    |
[INFO] [stdout]    = help: if you wanted to use a crate named `dioxus`, use `cargo add dioxus` to add it to your `Cargo.toml`
[INFO] [stdout] 
[INFO] [stdout] error: cannot find attribute `component` in this scope
[INFO] [stdout]   --> src/lib.rs:97:3
[INFO] [stdout]    |
[INFO] [stdout] 97 | #[component]
[INFO] [stdout]    |   ^^^^^^^^^
[INFO] [stdout] 
[INFO] [stdout] error: cannot find attribute `component` in this scope
[INFO] [stdout]   --> src/lib.rs:99:3
[INFO] [stdout]    |
[INFO] [stdout] 99 | #[component]
[INFO] [stdout]    |   ^^^^^^^^^
[INFO] [stdout] 
[INFO] [stdout] error: cannot find derive macro `Routable` in this scope
[INFO] [stdout]    --> src/lib.rs:101:17
[INFO] [stdout]     |
[INFO] [stdout] 101 | #[derive(Clone, Routable, Debug, PartialEq)]
[INFO] [stdout]     |                 ^^^^^^^^
[INFO] [stdout] 
[INFO] [stdout] error: cannot find attribute `route` in this scope
[INFO] [stdout]    --> src/lib.rs:103:7
[INFO] [stdout]     |
[INFO] [stdout] 103 |     #[route("/")]
[INFO] [stdout]     |       ^^^^^
[INFO] [stdout] 
[INFO] [stdout] error: cannot find attribute `route` in this scope
[INFO] [stdout]    --> src/lib.rs:105:7
[INFO] [stdout]     |
[INFO] [stdout] 105 |     #[route("/some-other-page")]
[INFO] [stdout]     |       ^^^^^
[INFO] [stdout] 
[INFO] [stdout] error[E0433]: cannot find module or crate `dioxus` in this scope
[INFO] [stdout]    --> src/lib.rs:108:19
[INFO] [stdout]     |
[INFO] [stdout] 108 | let mut history = dioxus::history::MemoryHistory::default();
[INFO] [stdout]     |                   ^^^^^^ use of unresolved module or unlinked crate `dioxus`
[INFO] [stdout]     |
[INFO] [stdout]     = help: if you wanted to use a crate named `dioxus`, use `cargo add dioxus` to add it to your `Cargo.toml`
[INFO] [stdout] 
[INFO] [stdout] error[E0425]: cannot find type `Element` in this scope
[INFO] [stdout]   --> src/lib.rs:98:15
[INFO] [stdout]    |
[INFO] [stdout] 98 | fn Index() -> Element { VNode::empty() }
[INFO] [stdout]    |               ^^^^^^^ not found in this scope
[INFO] [stdout] 
[INFO] [stdout] error[E0425]: cannot find type `Element` in this scope
[INFO] [stdout]    --> src/lib.rs:100:19
[INFO] [stdout]     |
[INFO] [stdout] 100 | fn OtherPage() -> Element { VNode::empty() }
[INFO] [stdout]     |                   ^^^^^^^ not found in this scope
[INFO] [stdout] 
[INFO] [stdout] error[E0599]: `Route` doesn't implement `std::fmt::Display`
[INFO] [stdout]    --> src/lib.rs:114:34
[INFO] [stdout]     |
[INFO] [stdout] 102 | enum Route {
[INFO] [stdout]     | ---------- method `to_string` not found for this enum because it doesn't satisfy `Route: ToString` or `Route: std::fmt::Display`
[INFO] [stdout] ...
[INFO] [stdout] 114 | history.push(Route::OtherPage {}.to_string());
[INFO] [stdout]     |                                  ^^^^^^^^^ method cannot be called on `Route` due to unsatisfied trait bounds
[INFO] [stdout]     |
[INFO] [stdout]     = note: the following trait bounds were not satisfied:
[INFO] [stdout]             `Route: std::fmt::Display`
[INFO] [stdout]             which is required by `Route: ToString`
[INFO] [stdout] note: the trait `std::fmt::Display` must be implemented
[INFO] [stdout]    --> /rustc/dfb0accb7f508ae8be965d8629557221c889dd98/library/core/src/fmt/mod.rs:1187:0
[INFO] [stdout]     = help: items from traits can only be used if the trait is implemented and in scope
[INFO] [stdout]     = note: the following trait defines an item `to_string`, perhaps you need to implement it:
[INFO] [stdout]             candidate #1: `ToString`
[INFO] [stdout] 
[INFO] [stdout] error[E0433]: cannot find type `VNode` in this scope
[INFO] [stdout]   --> src/lib.rs:98:25
[INFO] [stdout]    |
[INFO] [stdout] 98 | fn Index() -> Element { VNode::empty() }
[INFO] [stdout]    |                         ^^^^^ use of undeclared type `VNode`
[INFO] [stdout] 
[INFO] [stdout] error[E0433]: cannot find type `VNode` in this scope
[INFO] [stdout]    --> src/lib.rs:100:29
[INFO] [stdout]     |
[INFO] [stdout] 100 | fn OtherPage() -> Element { VNode::empty() }
[INFO] [stdout]     |                             ^^^^^ use of undeclared type `VNode`
[INFO] [stdout] 
[INFO] [stdout] error: aborting due to 12 previous errors
[INFO] [stdout] 
[INFO] [stdout] Some errors have detailed explanations: E0425, E0433, E0599.
[INFO] [stdout] For more information about an error, try `rustc --explain E0425`.
[INFO] [stdout] Couldn't compile the test.
[INFO] [stdout] ---- src/lib.rs - History::replace (line 218) stdout ----
[INFO] [stdout] error[E0433]: cannot find module or crate `dioxus` in this scope
[INFO] [stdout]    --> src/lib.rs:219:5
[INFO] [stdout]     |
[INFO] [stdout] 219 | use dioxus::prelude::*;
[INFO] [stdout]     |     ^^^^^^ use of unresolved module or unlinked crate `dioxus`
[INFO] [stdout]     |
[INFO] [stdout]     = help: if you wanted to use a crate named `dioxus`, use `cargo add dioxus` to add it to your `Cargo.toml`
[INFO] [stdout] 
[INFO] [stdout] error: cannot find attribute `component` in this scope
[INFO] [stdout]    --> src/lib.rs:220:3
[INFO] [stdout]     |
[INFO] [stdout] 220 | #[component]
[INFO] [stdout]     |   ^^^^^^^^^
[INFO] [stdout] 
[INFO] [stdout] error: cannot find attribute `component` in this scope
[INFO] [stdout]    --> src/lib.rs:222:3
[INFO] [stdout]     |
[INFO] [stdout] 222 | #[component]
[INFO] [stdout]     |   ^^^^^^^^^
[INFO] [stdout] 
[INFO] [stdout] error: cannot find derive macro `Routable` in this scope
[INFO] [stdout]    --> src/lib.rs:224:17
[INFO] [stdout]     |
[INFO] [stdout] 224 | #[derive(Clone, Routable, Debug, PartialEq)]
[INFO] [stdout]     |                 ^^^^^^^^
[INFO] [stdout] 
[INFO] [stdout] error: cannot find attribute `route` in this scope
[INFO] [stdout]    --> src/lib.rs:226:7
[INFO] [stdout]     |
[INFO] [stdout] 226 |     #[route("/")]
[INFO] [stdout]     |       ^^^^^
[INFO] [stdout] 
[INFO] [stdout] error: cannot find attribute `route` in this scope
[INFO] [stdout]    --> src/lib.rs:228:7
[INFO] [stdout]     |
[INFO] [stdout] 228 |     #[route("/some-other-page")]
[INFO] [stdout]     |       ^^^^^
[INFO] [stdout] 
[INFO] [stdout] error[E0433]: cannot find module or crate `dioxus` in this scope
[INFO] [stdout]    --> src/lib.rs:231:19
[INFO] [stdout]     |
[INFO] [stdout] 231 | let mut history = dioxus::history::MemoryHistory::default();
[INFO] [stdout]     |                   ^^^^^^ use of unresolved module or unlinked crate `dioxus`
[INFO] [stdout]     |
[INFO] [stdout]     = help: if you wanted to use a crate named `dioxus`, use `cargo add dioxus` to add it to your `Cargo.toml`
[INFO] [stdout] 
[INFO] [stdout] error[E0425]: cannot find type `Element` in this scope
[INFO] [stdout]    --> src/lib.rs:221:15
[INFO] [stdout]     |
[INFO] [stdout] 221 | fn Index() -> Element { VNode::empty() }
[INFO] [stdout]     |               ^^^^^^^ not found in this scope
[INFO] [stdout] 
[INFO] [stdout] error[E0425]: cannot find type `Element` in this scope
[INFO] [stdout]    --> src/lib.rs:223:19
[INFO] [stdout]     |
[INFO] [stdout] 223 | fn OtherPage() -> Element { VNode::empty() }
[INFO] [stdout]     |                   ^^^^^^^ not found in this scope
[INFO] [stdout] 
[INFO] [stdout] error[E0599]: `Route` doesn't implement `std::fmt::Display`
[INFO] [stdout]    --> src/lib.rs:232:53
[INFO] [stdout]     |
[INFO] [stdout] 225 | enum Route {
[INFO] [stdout]     | ---------- method `to_string` not found for this enum because it doesn't satisfy `Route: ToString` or `Route: std::fmt::Display`
[INFO] [stdout] ...
[INFO] [stdout] 232 | assert_eq!(history.current_route(), Route::Index {}.to_string());
[INFO] [stdout]     |                                                     ^^^^^^^^^ method cannot be called on `Route` due to unsatisfied trait bounds
[INFO] [stdout]     |
[INFO] [stdout]     = note: the following trait bounds were not satisfied:
[INFO] [stdout]             `Route: std::fmt::Display`
[INFO] [stdout]             which is required by `Route: ToString`
[INFO] [stdout] note: the trait `std::fmt::Display` must be implemented
[INFO] [stdout]    --> /rustc/dfb0accb7f508ae8be965d8629557221c889dd98/library/core/src/fmt/mod.rs:1187:0
[INFO] [stdout]     = help: items from traits can only be used if the trait is implemented and in scope
[INFO] [stdout]     = note: the following trait defines an item `to_string`, perhaps you need to implement it:
[INFO] [stdout]             candidate #1: `ToString`
[INFO] [stdout] 
[INFO] [stdout] error[E0599]: `Route` doesn't implement `std::fmt::Display`
[INFO] [stdout]    --> src/lib.rs:234:37
[INFO] [stdout]     |
[INFO] [stdout] 225 | enum Route {
[INFO] [stdout]     | ---------- method `to_string` not found for this enum because it doesn't satisfy `Route: ToString` or `Route: std::fmt::Display`
[INFO] [stdout] ...
[INFO] [stdout] 234 | history.replace(Route::OtherPage {}.to_string());
[INFO] [stdout]     |                                     ^^^^^^^^^ method cannot be called on `Route` due to unsatisfied trait bounds
[INFO] [stdout]     |
[INFO] [stdout]     = note: the following trait bounds were not satisfied:
[INFO] [stdout]             `Route: std::fmt::Display`
[INFO] [stdout]             which is required by `Route: ToString`
[INFO] [stdout] note: the trait `std::fmt::Display` must be implemented
[INFO] [stdout]    --> /rustc/dfb0accb7f508ae8be965d8629557221c889dd98/library/core/src/fmt/mod.rs:1187:0
[INFO] [stdout]     = help: items from traits can only be used if the trait is implemented and in scope
[INFO] [stdout]     = note: the following trait defines an item `to_string`, perhaps you need to implement it:
[INFO] [stdout]             candidate #1: `ToString`
[INFO] [stdout] 
[INFO] [stdout] error[E0599]: `Route` doesn't implement `std::fmt::Display`
[INFO] [stdout]    --> src/lib.rs:235:57
[INFO] [stdout]     |
[INFO] [stdout] 225 | enum Route {
[INFO] [stdout]     | ---------- method `to_string` not found for this enum because it doesn't satisfy `Route: ToString` or `Route: std::fmt::Display`
[INFO] [stdout] ...
[INFO] [stdout] 235 | assert_eq!(history.current_route(), Route::OtherPage {}.to_string());
[INFO] [stdout]     |                                                         ^^^^^^^^^ method cannot be called on `Route` due to unsatisfied trait bounds
[INFO] [stdout]     |
[INFO] [stdout]     = note: the following trait bounds were not satisfied:
[INFO] [stdout]             `Route: std::fmt::Display`
[INFO] [stdout]             which is required by `Route: ToString`
[INFO] [stdout] note: the trait `std::fmt::Display` must be implemented
[INFO] [stdout]    --> /rustc/dfb0accb7f508ae8be965d8629557221c889dd98/library/core/src/fmt/mod.rs:1187:0
[INFO] [stdout]     = help: items from traits can only be used if the trait is implemented and in scope
[INFO] [stdout]     = note: the following trait defines an item `to_string`, perhaps you need to implement it:
[INFO] [stdout]             candidate #1: `ToString`
[INFO] [stdout] 
[INFO] [stdout] error[E0433]: cannot find type `VNode` in this scope
[INFO] [stdout]    --> src/lib.rs:221:25
[INFO] [stdout]     |
[INFO] [stdout] 221 | fn Index() -> Element { VNode::empty() }
[INFO] [stdout]     |                         ^^^^^ use of undeclared type `VNode`
[INFO] [stdout] 
[INFO] [stdout] error[E0433]: cannot find type `VNode` in this scope
[INFO] [stdout]    --> src/lib.rs:223:29
[INFO] [stdout]     |
[INFO] [stdout] 223 | fn OtherPage() -> Element { VNode::empty() }
[INFO] [stdout]     |                             ^^^^^ use of undeclared type `VNode`
[INFO] [stdout] 
[INFO] [stdout] error: aborting due to 14 previous errors
[INFO] [stdout] 
[INFO] [stdout] Some errors have detailed explanations: E0425, E0433, E0599.
[INFO] [stdout] For more information about an error, try `rustc --explain E0425`.
[INFO] [stdout] Couldn't compile the test.
[INFO] [stdout] ---- src/lib.rs - History::go_forward (line 158) stdout ----
[INFO] [stdout] error[E0433]: cannot find module or crate `dioxus` in this scope
[INFO] [stdout]    --> src/lib.rs:159:5
[INFO] [stdout]     |
[INFO] [stdout] 159 | use dioxus::prelude::*;
[INFO] [stdout]     |     ^^^^^^ use of unresolved module or unlinked crate `dioxus`
[INFO] [stdout]     |
[INFO] [stdout]     = help: if you wanted to use a crate named `dioxus`, use `cargo add dioxus` to add it to your `Cargo.toml`
[INFO] [stdout] 
[INFO] [stdout] error: cannot find attribute `component` in this scope
[INFO] [stdout]    --> src/lib.rs:160:3
[INFO] [stdout]     |
[INFO] [stdout] 160 | #[component]
[INFO] [stdout]     |   ^^^^^^^^^
[INFO] [stdout] 
[INFO] [stdout] error: cannot find attribute `component` in this scope
[INFO] [stdout]    --> src/lib.rs:162:3
[INFO] [stdout]     |
[INFO] [stdout] 162 | #[component]
[INFO] [stdout]     |   ^^^^^^^^^
[INFO] [stdout] 
[INFO] [stdout] error: cannot find derive macro `Routable` in this scope
[INFO] [stdout]    --> src/lib.rs:164:17
[INFO] [stdout]     |
[INFO] [stdout] 164 | #[derive(Clone, Routable, Debug, PartialEq)]
[INFO] [stdout]     |                 ^^^^^^^^
[INFO] [stdout] 
[INFO] [stdout] error: cannot find attribute `route` in this scope
[INFO] [stdout]    --> src/lib.rs:166:7
[INFO] [stdout]     |
[INFO] [stdout] 166 |     #[route("/")]
[INFO] [stdout]     |       ^^^^^
[INFO] [stdout] 
[INFO] [stdout] error: cannot find attribute `route` in this scope
[INFO] [stdout]    --> src/lib.rs:168:7
[INFO] [stdout]     |
[INFO] [stdout] 168 |     #[route("/some-other-page")]
[INFO] [stdout]     |       ^^^^^
[INFO] [stdout] 
[INFO] [stdout] error[E0433]: cannot find module or crate `dioxus` in this scope
[INFO] [stdout]    --> src/lib.rs:171:19
[INFO] [stdout]     |
[INFO] [stdout] 171 | let mut history = dioxus::history::MemoryHistory::default();
[INFO] [stdout]     |                   ^^^^^^ use of unresolved module or unlinked crate `dioxus`
[INFO] [stdout]     |
[INFO] [stdout]     = help: if you wanted to use a crate named `dioxus`, use `cargo add dioxus` to add it to your `Cargo.toml`
[INFO] [stdout] 
[INFO] [stdout] error[E0425]: cannot find type `Element` in this scope
[INFO] [stdout]    --> src/lib.rs:161:15
[INFO] [stdout]     |
[INFO] [stdout] 161 | fn Index() -> Element { VNode::empty() }
[INFO] [stdout]     |               ^^^^^^^ not found in this scope
[INFO] [stdout] 
[INFO] [stdout] error[E0425]: cannot find type `Element` in this scope
[INFO] [stdout]    --> src/lib.rs:163:19
[INFO] [stdout]     |
[INFO] [stdout] 163 | fn OtherPage() -> Element { VNode::empty() }
[INFO] [stdout]     |                   ^^^^^^^ not found in this scope
[INFO] [stdout] 
[INFO] [stdout] error[E0599]: `Route` doesn't implement `std::fmt::Display`
[INFO] [stdout]    --> src/lib.rs:172:34
[INFO] [stdout]     |
[INFO] [stdout] 165 | enum Route {
[INFO] [stdout]     | ---------- method `to_string` not found for this enum because it doesn't satisfy `Route: ToString` or `Route: std::fmt::Display`
[INFO] [stdout] ...
[INFO] [stdout] 172 | history.push(Route::OtherPage {}.to_string());
[INFO] [stdout]     |                                  ^^^^^^^^^ method cannot be called on `Route` due to unsatisfied trait bounds
[INFO] [stdout]     |
[INFO] [stdout]     = note: the following trait bounds were not satisfied:
[INFO] [stdout]             `Route: std::fmt::Display`
[INFO] [stdout]             which is required by `Route: ToString`
[INFO] [stdout] note: the trait `std::fmt::Display` must be implemented
[INFO] [stdout]    --> /rustc/dfb0accb7f508ae8be965d8629557221c889dd98/library/core/src/fmt/mod.rs:1187:0
[INFO] [stdout]     = help: items from traits can only be used if the trait is implemented and in scope
[INFO] [stdout]     = note: the following trait defines an item `to_string`, perhaps you need to implement it:
[INFO] [stdout]             candidate #1: `ToString`
[INFO] [stdout] 
[INFO] [stdout] error[E0599]: `Route` doesn't implement `std::fmt::Display`
[INFO] [stdout]    --> src/lib.rs:173:57
[INFO] [stdout]     |
[INFO] [stdout] 165 | enum Route {
[INFO] [stdout]     | ---------- method `to_string` not found for this enum because it doesn't satisfy `Route: ToString` or `Route: std::fmt::Display`
[INFO] [stdout] ...
[INFO] [stdout] 173 | assert_eq!(history.current_route(), Route::OtherPage {}.to_string());
[INFO] [stdout]     |                                                         ^^^^^^^^^ method cannot be called on `Route` due to unsatisfied trait bounds
[INFO] [stdout]     |
[INFO] [stdout]     = note: the following trait bounds were not satisfied:
[INFO] [stdout]             `Route: std::fmt::Display`
[INFO] [stdout]             which is required by `Route: ToString`
[INFO] [stdout] note: the trait `std::fmt::Display` must be implemented
[INFO] [stdout]    --> /rustc/dfb0accb7f508ae8be965d8629557221c889dd98/library/core/src/fmt/mod.rs:1187:0
[INFO] [stdout]     = help: items from traits can only be used if the trait is implemented and in scope
[INFO] [stdout]     = note: the following trait defines an item `to_string`, perhaps you need to implement it:
[INFO] [stdout]             candidate #1: `ToString`
[INFO] [stdout] 
[INFO] [stdout] error[E0599]: `Route` doesn't implement `std::fmt::Display`
[INFO] [stdout]    --> src/lib.rs:176:53
[INFO] [stdout]     |
[INFO] [stdout] 165 | enum Route {
[INFO] [stdout]     | ---------- method `to_string` not found for this enum because it doesn't satisfy `Route: ToString` or `Route: std::fmt::Display`
[INFO] [stdout] ...
[INFO] [stdout] 176 | assert_eq!(history.current_route(), Route::Index {}.to_string());
[INFO] [stdout]     |                                                     ^^^^^^^^^ method cannot be called on `Route` due to unsatisfied trait bounds
[INFO] [stdout]     |
[INFO] [stdout]     = note: the following trait bounds were not satisfied:
[INFO] [stdout]             `Route: std::fmt::Display`
[INFO] [stdout]             which is required by `Route: ToString`
[INFO] [stdout] note: the trait `std::fmt::Display` must be implemented
[INFO] [stdout]    --> /rustc/dfb0accb7f508ae8be965d8629557221c889dd98/library/core/src/fmt/mod.rs:1187:0
[INFO] [stdout]     = help: items from traits can only be used if the trait is implemented and in scope
[INFO] [stdout]     = note: the following trait defines an item `to_string`, perhaps you need to implement it:
[INFO] [stdout]             candidate #1: `ToString`
[INFO] [stdout] 
[INFO] [stdout] error[E0599]: `Route` doesn't implement `std::fmt::Display`
[INFO] [stdout]    --> src/lib.rs:179:57
[INFO] [stdout]     |
[INFO] [stdout] 165 | enum Route {
[INFO] [stdout]     | ---------- method `to_string` not found for this enum because it doesn't satisfy `Route: ToString` or `Route: std::fmt::Display`
[INFO] [stdout] ...
[INFO] [stdout] 179 | assert_eq!(history.current_route(), Route::OtherPage {}.to_string());
[INFO] [stdout]     |                                                         ^^^^^^^^^ method cannot be called on `Route` due to unsatisfied trait bounds
[INFO] [stdout]     |
[INFO] [stdout]     = note: the following trait bounds were not satisfied:
[INFO] [stdout]             `Route: std::fmt::Display`
[INFO] [stdout]             which is required by `Route: ToString`
[INFO] [stdout] note: the trait `std::fmt::Display` must be implemented
[INFO] [stdout]    --> /rustc/dfb0accb7f508ae8be965d8629557221c889dd98/library/core/src/fmt/mod.rs:1187:0
[INFO] [stdout]     = help: items from traits can only be used if the trait is implemented and in scope
[INFO] [stdout]     = note: the following trait defines an item `to_string`, perhaps you need to implement it:
[INFO] [stdout]             candidate #1: `ToString`
[INFO] [stdout] 
[INFO] [stdout] error[E0433]: cannot find type `VNode` in this scope
[INFO] [stdout]    --> src/lib.rs:161:25
[INFO] [stdout]     |
[INFO] [stdout] 161 | fn Index() -> Element { VNode::empty() }
[INFO] [stdout]     |                         ^^^^^ use of undeclared type `VNode`
[INFO] [stdout] 
[INFO] [stdout] error[E0433]: cannot find type `VNode` in this scope
[INFO] [stdout]    --> src/lib.rs:163:29
[INFO] [stdout]     |
[INFO] [stdout] 163 | fn OtherPage() -> Element { VNode::empty() }
[INFO] [stdout]     |                             ^^^^^ use of undeclared type `VNode`
[INFO] [stdout] 
[INFO] [stdout] error: aborting due to 15 previous errors
[INFO] [stdout] 
[INFO] [stdout] Some errors have detailed explanations: E0425, E0433, E0599.
[INFO] [stdout] For more information about an error, try `rustc --explain E0425`.
[INFO] [stdout] Couldn't compile the test.
[INFO] [stdout] ---- src/lib.rs - History::current_route (line 30) stdout ----
[INFO] [stdout] error[E0433]: cannot find module or crate `dioxus` in this scope
[INFO] [stdout]   --> src/lib.rs:31:5
[INFO] [stdout]    |
[INFO] [stdout] 31 | use dioxus::prelude::*;
[INFO] [stdout]    |     ^^^^^^ use of unresolved module or unlinked crate `dioxus`
[INFO] [stdout]    |
[INFO] [stdout]    = help: if you wanted to use a crate named `dioxus`, use `cargo add dioxus` to add it to your `Cargo.toml`
[INFO] [stdout] 
[INFO] [stdout] error: cannot find attribute `component` in this scope
[INFO] [stdout]   --> src/lib.rs:32:3
[INFO] [stdout]    |
[INFO] [stdout] 32 | #[component]
[INFO] [stdout]    |   ^^^^^^^^^
[INFO] [stdout] 
[INFO] [stdout] error: cannot find attribute `component` in this scope
[INFO] [stdout]   --> src/lib.rs:34:3
[INFO] [stdout]    |
[INFO] [stdout] 34 | #[component]
[INFO] [stdout]    |   ^^^^^^^^^
[INFO] [stdout] 
[INFO] [stdout] error: cannot find derive macro `Routable` in this scope
[INFO] [stdout]   --> src/lib.rs:36:17
[INFO] [stdout]    |
[INFO] [stdout] 36 | #[derive(Clone, Routable, Debug, PartialEq)]
[INFO] [stdout]    |                 ^^^^^^^^
[INFO] [stdout] 
[INFO] [stdout] error: cannot find attribute `route` in this scope
[INFO] [stdout]   --> src/lib.rs:38:7
[INFO] [stdout]    |
[INFO] [stdout] 38 |     #[route("/")]
[INFO] [stdout]    |       ^^^^^
[INFO] [stdout] 
[INFO] [stdout] error: cannot find attribute `route` in this scope
[INFO] [stdout]   --> src/lib.rs:40:7
[INFO] [stdout]    |
[INFO] [stdout] 40 |     #[route("/some-other-page")]
[INFO] [stdout]    |       ^^^^^
[INFO] [stdout] 
[INFO] [stdout] error[E0433]: cannot find module or crate `dioxus` in this scope
[INFO] [stdout]   --> src/lib.rs:43:19
[INFO] [stdout]    |
[INFO] [stdout] 43 | let mut history = dioxus::history::MemoryHistory::default();
[INFO] [stdout]    |                   ^^^^^^ use of unresolved module or unlinked crate `dioxus`
[INFO] [stdout]    |
[INFO] [stdout]    = help: if you wanted to use a crate named `dioxus`, use `cargo add dioxus` to add it to your `Cargo.toml`
[INFO] [stdout] 
[INFO] [stdout] error[E0425]: cannot find type `Element` in this scope
[INFO] [stdout]   --> src/lib.rs:33:15
[INFO] [stdout]    |
[INFO] [stdout] 33 | fn Index() -> Element { VNode::empty() }
[INFO] [stdout]    |               ^^^^^^^ not found in this scope
[INFO] [stdout] 
[INFO] [stdout] error[E0425]: cannot find type `Element` in this scope
[INFO] [stdout]   --> src/lib.rs:35:19
[INFO] [stdout]    |
[INFO] [stdout] 35 | fn OtherPage() -> Element { VNode::empty() }
[INFO] [stdout]    |                   ^^^^^^^ not found in this scope
[INFO] [stdout] 
[INFO] [stdout] error[E0599]: `Route` doesn't implement `std::fmt::Display`
[INFO] [stdout]   --> src/lib.rs:46:34
[INFO] [stdout]    |
[INFO] [stdout] 37 | enum Route {
[INFO] [stdout]    | ---------- method `to_string` not found for this enum because it doesn't satisfy `Route: ToString` or `Route: std::fmt::Display`
[INFO] [stdout] ...
[INFO] [stdout] 46 | history.push(Route::OtherPage {}.to_string());
[INFO] [stdout]    |                                  ^^^^^^^^^ method cannot be called on `Route` due to unsatisfied trait bounds
[INFO] [stdout]    |
[INFO] [stdout]    = note: the following trait bounds were not satisfied:
[INFO] [stdout]            `Route: std::fmt::Display`
[INFO] [stdout]            which is required by `Route: ToString`
[INFO] [stdout] note: the trait `std::fmt::Display` must be implemented
[INFO] [stdout]   --> /rustc/dfb0accb7f508ae8be965d8629557221c889dd98/library/core/src/fmt/mod.rs:1187:0
[INFO] [stdout]    = help: items from traits can only be used if the trait is implemented and in scope
[INFO] [stdout]    = note: the following trait defines an item `to_string`, perhaps you need to implement it:
[INFO] [stdout]            candidate #1: `ToString`
[INFO] [stdout] 
[INFO] [stdout] error[E0433]: cannot find type `VNode` in this scope
[INFO] [stdout]   --> src/lib.rs:33:25
[INFO] [stdout]    |
[INFO] [stdout] 33 | fn Index() -> Element { VNode::empty() }
[INFO] [stdout]    |                         ^^^^^ use of undeclared type `VNode`
[INFO] [stdout] 
[INFO] [stdout] error[E0433]: cannot find type `VNode` in this scope
[INFO] [stdout]   --> src/lib.rs:35:29
[INFO] [stdout]    |
[INFO] [stdout] 35 | fn OtherPage() -> Element { VNode::empty() }
[INFO] [stdout]    |                             ^^^^^ use of undeclared type `VNode`
[INFO] [stdout] 
[INFO] [stdout] error: aborting due to 12 previous errors
[INFO] [stdout] 
[INFO] [stdout] Some errors have detailed explanations: E0425, E0433, E0599.
[INFO] [stdout] For more information about an error, try `rustc --explain E0425`.
[INFO] [stdout] Couldn't compile the test.
[INFO] [stdout] ---- src/lib.rs - History::can_go_back (line 67) stdout ----
[INFO] [stdout] error[E0433]: cannot find module or crate `dioxus` in this scope
[INFO] [stdout]   --> src/lib.rs:68:5
[INFO] [stdout]    |
[INFO] [stdout] 68 | use dioxus::prelude::*;
[INFO] [stdout]    |     ^^^^^^ use of unresolved module or unlinked crate `dioxus`
[INFO] [stdout]    |
[INFO] [stdout]    = help: if you wanted to use a crate named `dioxus`, use `cargo add dioxus` to add it to your `Cargo.toml`
[INFO] [stdout] 
[INFO] [stdout] error: cannot find attribute `component` in this scope
[INFO] [stdout]   --> src/lib.rs:69:3
[INFO] [stdout]    |
[INFO] [stdout] 69 | #[component]
[INFO] [stdout]    |   ^^^^^^^^^
[INFO] [stdout] 
[INFO] [stdout] error: cannot find derive macro `Routable` in this scope
[INFO] [stdout]   --> src/lib.rs:72:17
[INFO] [stdout]    |
[INFO] [stdout] 72 | #[derive(Clone, Routable, Debug, PartialEq)]
[INFO] [stdout]    |                 ^^^^^^^^
[INFO] [stdout] 
[INFO] [stdout] error: cannot find attribute `route` in this scope
[INFO] [stdout]   --> src/lib.rs:74:7
[INFO] [stdout]    |
[INFO] [stdout] 74 |     #[route("/")]
[INFO] [stdout]    |       ^^^^^
[INFO] [stdout] 
[INFO] [stdout] error: cannot find attribute `route` in this scope
[INFO] [stdout]   --> src/lib.rs:76:7
[INFO] [stdout]    |
[INFO] [stdout] 76 |     #[route("/other")]
[INFO] [stdout]    |       ^^^^^
[INFO] [stdout] 
[INFO] [stdout] error[E0433]: cannot find module or crate `dioxus` in this scope
[INFO] [stdout]   --> src/lib.rs:79:19
[INFO] [stdout]    |
[INFO] [stdout] 79 | let mut history = dioxus::history::MemoryHistory::default();
[INFO] [stdout]    |                   ^^^^^^ use of unresolved module or unlinked crate `dioxus`
[INFO] [stdout]    |
[INFO] [stdout]    = help: if you wanted to use a crate named `dioxus`, use `cargo add dioxus` to add it to your `Cargo.toml`
[INFO] [stdout] 
[INFO] [stdout] error[E0425]: cannot find type `Element` in this scope
[INFO] [stdout]   --> src/lib.rs:70:15
[INFO] [stdout]    |
[INFO] [stdout] 70 | fn Index() -> Element { VNode::empty() }
[INFO] [stdout]    |               ^^^^^^^ not found in this scope
[INFO] [stdout] 
[INFO] [stdout] error[E0425]: cannot find type `Element` in this scope
[INFO] [stdout]   --> src/lib.rs:71:15
[INFO] [stdout]    |
[INFO] [stdout] 71 | fn Other() -> Element { VNode::empty() }
[INFO] [stdout]    |               ^^^^^^^ not found in this scope
[INFO] [stdout] 
[INFO] [stdout] error[E0599]: `Route` doesn't implement `std::fmt::Display`
[INFO] [stdout]   --> src/lib.rs:82:30
[INFO] [stdout]    |
[INFO] [stdout] 73 | enum Route {
[INFO] [stdout]    | ---------- method `to_string` not found for this enum because it doesn't satisfy `Route: ToString` or `Route: std::fmt::Display`
[INFO] [stdout] ...
[INFO] [stdout] 82 | history.push(Route::Other {}.to_string());
[INFO] [stdout]    |                              ^^^^^^^^^ method cannot be called on `Route` due to unsatisfied trait bounds
[INFO] [stdout]    |
[INFO] [stdout]    = note: the following trait bounds were not satisfied:
[INFO] [stdout]            `Route: std::fmt::Display`
[INFO] [stdout]            which is required by `Route: ToString`
[INFO] [stdout] note: the trait `std::fmt::Display` must be implemented
[INFO] [stdout]   --> /rustc/dfb0accb7f508ae8be965d8629557221c889dd98/library/core/src/fmt/mod.rs:1187:0
[INFO] [stdout]    = help: items from traits can only be used if the trait is implemented and in scope
[INFO] [stdout]    = note: the following trait defines an item `to_string`, perhaps you need to implement it:
[INFO] [stdout]            candidate #1: `ToString`
[INFO] [stdout] 
[INFO] [stdout] error[E0433]: cannot find type `VNode` in this scope
[INFO] [stdout]   --> src/lib.rs:70:25
[INFO] [stdout]    |
[INFO] [stdout] 70 | fn Index() -> Element { VNode::empty() }
[INFO] [stdout]    |                         ^^^^^ use of undeclared type `VNode`
[INFO] [stdout] 
[INFO] [stdout] error[E0433]: cannot find type `VNode` in this scope
[INFO] [stdout]   --> src/lib.rs:71:25
[INFO] [stdout]    |
[INFO] [stdout] 71 | fn Other() -> Element { VNode::empty() }
[INFO] [stdout]    |                         ^^^^^ use of undeclared type `VNode`
[INFO] [stdout] 
[INFO] [stdout] error: aborting due to 11 previous errors
[INFO] [stdout] 
[INFO] [stdout] Some errors have detailed explanations: E0425, E0433, E0599.
[INFO] [stdout] For more information about an error, try `rustc --explain E0425`.
[INFO] [stdout] Couldn't compile the test.
[INFO] [stdout] ---- src/lib.rs - History::push (line 190) stdout ----
[INFO] [stdout] error[E0433]: cannot find module or crate `dioxus` in this scope
[INFO] [stdout]    --> src/lib.rs:191:5
[INFO] [stdout]     |
[INFO] [stdout] 191 | use dioxus::prelude::*;
[INFO] [stdout]     |     ^^^^^^ use of unresolved module or unlinked crate `dioxus`
[INFO] [stdout]     |
[INFO] [stdout]     = help: if you wanted to use a crate named `dioxus`, use `cargo add dioxus` to add it to your `Cargo.toml`
[INFO] [stdout] 
[INFO] [stdout] error: cannot find attribute `component` in this scope
[INFO] [stdout]    --> src/lib.rs:192:3
[INFO] [stdout]     |
[INFO] [stdout] 192 | #[component]
[INFO] [stdout]     |   ^^^^^^^^^
[INFO] [stdout] 
[INFO] [stdout] error: cannot find attribute `component` in this scope
[INFO] [stdout]    --> src/lib.rs:194:3
[INFO] [stdout]     |
[INFO] [stdout] 194 | #[component]
[INFO] [stdout]     |   ^^^^^^^^^
[INFO] [stdout] 
[INFO] [stdout] error: cannot find derive macro `Routable` in this scope
[INFO] [stdout]    --> src/lib.rs:196:17
[INFO] [stdout]     |
[INFO] [stdout] 196 | #[derive(Clone, Routable, Debug, PartialEq)]
[INFO] [stdout]     |                 ^^^^^^^^
[INFO] [stdout] 
[INFO] [stdout] error: cannot find attribute `route` in this scope
[INFO] [stdout]    --> src/lib.rs:198:7
[INFO] [stdout]     |
[INFO] [stdout] 198 |     #[route("/")]
[INFO] [stdout]     |       ^^^^^
[INFO] [stdout] 
[INFO] [stdout] error: cannot find attribute `route` in this scope
[INFO] [stdout]    --> src/lib.rs:200:7
[INFO] [stdout]     |
[INFO] [stdout] 200 |     #[route("/some-other-page")]
[INFO] [stdout]     |       ^^^^^
[INFO] [stdout] 
[INFO] [stdout] error[E0433]: cannot find module or crate `dioxus` in this scope
[INFO] [stdout]    --> src/lib.rs:203:19
[INFO] [stdout]     |
[INFO] [stdout] 203 | let mut history = dioxus::history::MemoryHistory::default();
[INFO] [stdout]     |                   ^^^^^^ use of unresolved module or unlinked crate `dioxus`
[INFO] [stdout]     |
[INFO] [stdout]     = help: if you wanted to use a crate named `dioxus`, use `cargo add dioxus` to add it to your `Cargo.toml`
[INFO] [stdout] 
[INFO] [stdout] error[E0425]: cannot find type `Element` in this scope
[INFO] [stdout]    --> src/lib.rs:193:15
[INFO] [stdout]     |
[INFO] [stdout] 193 | fn Index() -> Element { VNode::empty() }
[INFO] [stdout]     |               ^^^^^^^ not found in this scope
[INFO] [stdout] 
[INFO] [stdout] error[E0425]: cannot find type `Element` in this scope
[INFO] [stdout]    --> src/lib.rs:195:19
[INFO] [stdout]     |
[INFO] [stdout] 195 | fn OtherPage() -> Element { VNode::empty() }
[INFO] [stdout]     |                   ^^^^^^^ not found in this scope
[INFO] [stdout] 
[INFO] [stdout] error[E0599]: `Route` doesn't implement `std::fmt::Display`
[INFO] [stdout]    --> src/lib.rs:204:53
[INFO] [stdout]     |
[INFO] [stdout] 197 | enum Route {
[INFO] [stdout]     | ---------- method `to_string` not found for this enum because it doesn't satisfy `Route: ToString` or `Route: std::fmt::Display`
[INFO] [stdout] ...
[INFO] [stdout] 204 | assert_eq!(history.current_route(), Route::Index {}.to_string());
[INFO] [stdout]     |                                                     ^^^^^^^^^ method cannot be called on `Route` due to unsatisfied trait bounds
[INFO] [stdout]     |
[INFO] [stdout]     = note: the following trait bounds were not satisfied:
[INFO] [stdout]             `Route: std::fmt::Display`
[INFO] [stdout]             which is required by `Route: ToString`
[INFO] [stdout] note: the trait `std::fmt::Display` must be implemented
[INFO] [stdout]    --> /rustc/dfb0accb7f508ae8be965d8629557221c889dd98/library/core/src/fmt/mod.rs:1187:0
[INFO] [stdout]     = help: items from traits can only be used if the trait is implemented and in scope
[INFO] [stdout]     = note: the following trait defines an item `to_string`, perhaps you need to implement it:
[INFO] [stdout]             candidate #1: `ToString`
[INFO] [stdout] 
[INFO] [stdout] error[E0599]: `Route` doesn't implement `std::fmt::Display`
[INFO] [stdout]    --> src/lib.rs:206:34
[INFO] [stdout]     |
[INFO] [stdout] 197 | enum Route {
[INFO] [stdout]     | ---------- method `to_string` not found for this enum because it doesn't satisfy `Route: ToString` or `Route: std::fmt::Display`
[INFO] [stdout] ...
[INFO] [stdout] 206 | history.push(Route::OtherPage {}.to_string());
[INFO] [stdout]     |                                  ^^^^^^^^^ method cannot be called on `Route` due to unsatisfied trait bounds
[INFO] [stdout]     |
[INFO] [stdout]     = note: the following trait bounds were not satisfied:
[INFO] [stdout]             `Route: std::fmt::Display`
[INFO] [stdout]             which is required by `Route: ToString`
[INFO] [stdout] note: the trait `std::fmt::Display` must be implemented
[INFO] [stdout]    --> /rustc/dfb0accb7f508ae8be965d8629557221c889dd98/library/core/src/fmt/mod.rs:1187:0
[INFO] [stdout]     = help: items from traits can only be used if the trait is implemented and in scope
[INFO] [stdout]     = note: the following trait defines an item `to_string`, perhaps you need to implement it:
[INFO] [stdout]             candidate #1: `ToString`
[INFO] [stdout] 
[INFO] [stdout] error[E0599]: `Route` doesn't implement `std::fmt::Display`
[INFO] [stdout]    --> src/lib.rs:207:57
[INFO] [stdout]     |
[INFO] [stdout] 197 | enum Route {
[INFO] [stdout]     | ---------- method `to_string` not found for this enum because it doesn't satisfy `Route: ToString` or `Route: std::fmt::Display`
[INFO] [stdout] ...
[INFO] [stdout] 207 | assert_eq!(history.current_route(), Route::OtherPage {}.to_string());
[INFO] [stdout]     |                                                         ^^^^^^^^^ method cannot be called on `Route` due to unsatisfied trait bounds
[INFO] [stdout]     |
[INFO] [stdout]     = note: the following trait bounds were not satisfied:
[INFO] [stdout]             `Route: std::fmt::Display`
[INFO] [stdout]             which is required by `Route: ToString`
[INFO] [stdout] note: the trait `std::fmt::Display` must be implemented
[INFO] [stdout]    --> /rustc/dfb0accb7f508ae8be965d8629557221c889dd98/library/core/src/fmt/mod.rs:1187:0
[INFO] [stdout]     = help: items from traits can only be used if the trait is implemented and in scope
[INFO] [stdout]     = note: the following trait defines an item `to_string`, perhaps you need to implement it:
[INFO] [stdout]             candidate #1: `ToString`
[INFO] [stdout] 
[INFO] [stdout] error[E0433]: cannot find type `VNode` in this scope
[INFO] [stdout]    --> src/lib.rs:193:25
[INFO] [stdout]     |
[INFO] [stdout] 193 | fn Index() -> Element { VNode::empty() }
[INFO] [stdout]     |                         ^^^^^ use of undeclared type `VNode`
[INFO] [stdout] 
[INFO] [stdout] error[E0433]: cannot find type `VNode` in this scope
[INFO] [stdout]    --> src/lib.rs:195:29
[INFO] [stdout]     |
[INFO] [stdout] 195 | fn OtherPage() -> Element { VNode::empty() }
[INFO] [stdout]     |                             ^^^^^ use of undeclared type `VNode`
[INFO] [stdout] 
[INFO] [stdout] error: aborting due to 14 previous errors
[INFO] [stdout] 
[INFO] [stdout] Some errors have detailed explanations: E0425, E0433, E0599.
[INFO] [stdout] For more information about an error, try `rustc --explain E0425`.
[INFO] [stdout] Couldn't compile the test.
[INFO] [stdout] 
[INFO] [stdout] failures:
[INFO] [stdout]     src/lib.rs - History::can_go_back (line 67)
[INFO] [stdout]     src/lib.rs - History::can_go_forward (line 126)
[INFO] [stdout]     src/lib.rs - History::current_route (line 30)
[INFO] [stdout]     src/lib.rs - History::go_back (line 95)
[INFO] [stdout]     src/lib.rs - History::go_forward (line 158)
[INFO] [stdout]     src/lib.rs - History::push (line 190)
[INFO] [stdout]     src/lib.rs - History::replace (line 218)
[INFO] [stdout]     src/memory.rs - memory::MemoryHistory::with_initial_path (line 26)
[INFO] [stdout] 
[INFO] [stdout] test result: FAILED. 1 passed; 8 failed; 0 ignored; 0 measured; 0 filtered out; finished in 0.77s
[INFO] [stdout] 
[INFO] [stdout] all doctests ran in 1.37s; merged doctests compilation took 0.59s
[INFO] running `Command { std: "docker" "inspect" "f76bc760583dc928eaabd191e922f429dbd55cbb31339f3763f2741eef12bde3", kill_on_drop: false }`
[INFO] running `Command { std: "docker" "rm" "-f" "f76bc760583dc928eaabd191e922f429dbd55cbb31339f3763f2741eef12bde3", kill_on_drop: false }`
[INFO] [stdout] f76bc760583dc928eaabd191e922f429dbd55cbb31339f3763f2741eef12bde3
