[INFO] fetching crate dioxionary 1.2.0...
[INFO] testing dioxionary-1.2.0 against 1.99.0-beta.8+cargoflags=--release for beta-release-1.100-2
[INFO] extracting crate dioxionary 1.2.0 into /workspace/builds/worker-4-tc1/source
[INFO] started tweaking crates.io crate dioxionary 1.2.0
[INFO] finished tweaking crates.io crate dioxionary 1.2.0
[INFO] tweaked toml for crates.io crate dioxionary 1.2.0 written to /workspace/builds/worker-4-tc1/source/Cargo.toml
[INFO] validating manifest of crates.io crate dioxionary 1.2.0 on toolchain 1.99.0-beta.8
[INFO] running `Command { std: CARGO_HOME="/workspace/cargo-home" RUSTUP_HOME="/workspace/rustup-home" "/workspace/cargo-home/bin/cargo" "+1.99.0-beta.8" "metadata" "--manifest-path" "Cargo.toml" "--no-deps", kill_on_drop: false }`
[INFO] crate crates.io crate dioxionary 1.2.0 already has a lockfile, it will not be regenerated
[INFO] running `Command { std: CARGO_HOME="/workspace/cargo-home" RUSTUP_HOME="/workspace/rustup-home" "/workspace/cargo-home/bin/cargo" "+1.99.0-beta.8" "fetch" "--manifest-path" "Cargo.toml", kill_on_drop: false }`
[INFO] [stderr]     Updating crates.io index
[INFO] [stderr]  Downloading crates ...
[INFO] [stderr]   Downloaded vergen-git2 v1.0.5
[INFO] [stderr]   Downloaded scraper v0.23.1
[INFO] [stderr]   Downloaded sysinfo v0.33.1
[INFO] [stderr]   Downloaded servo_arc v0.4.0
[INFO] [stderr]   Downloaded selectors v0.26.0
[INFO] [stderr]   Downloaded match_token v0.1.0
[INFO] [stderr]   Downloaded markup5ever v0.14.1
[INFO] [stderr]   Downloaded dtoa v1.0.10
[INFO] [stderr]   Downloaded cssparser v0.34.0
[INFO] [stderr]   Downloaded html5ever v0.29.1
[INFO] [stderr]   Downloaded ego-tree v0.10.0
[INFO] [stderr]   Downloaded getopts v0.2.21
[INFO] [stderr]   Downloaded rustyline v15.0.0
[INFO] [stderr]   Downloaded rusqlite v0.30.0
[INFO] [stderr]   Downloaded symphonia v0.5.4
[INFO] [stderr]   Downloaded symphonia-core v0.5.4
[INFO] [stderr]   Downloaded symphonia-bundle-mp3 v0.5.4
[INFO] [stderr]   Downloaded symphonia-metadata v0.5.4
[INFO] [stderr]   Downloaded prettytable v0.10.0
[INFO] [stderr]   Downloaded eio v0.1.2
[INFO] [stderr]   Downloaded redox_users v0.5.0
[INFO] [stderr]   Downloaded clap v4.5.35
[INFO] [stderr]   Downloaded clap_builder v4.5.35
[INFO] [stderr]   Downloaded openssl-src v300.4.2+3.4.1
[INFO] running `Command { std: "docker" "create" "-v" "/var/lib/crater-agent-workspace/builds/worker-4-tc1/source:/opt/rustwide/workdir:ro,Z" "-v" "/var/lib/crater-agent-workspace/builds/worker-4-tc1/target:/opt/rustwide/target:rw,Z" "-v" "/var/lib/crater-agent-workspace/cargo-home:/opt/rustwide/cargo-home:ro,Z" "-v" "/var/lib/crater-agent-workspace/rustup-home:/opt/rustwide/rustup-home:ro,Z" "-m" "1610612736" "--network" "none" "ghcr.io/rust-lang/crates-build-env/linux@sha256:77db811e55d90add9212f6832c23229e3de5f1c1f9905e8cb07319ea15df73ac" "sleep" "infinity", kill_on_drop: false }`
[INFO] [stdout] f78709789547f7dca6c4b5ec8e8a8962d5c3d429238ed6d88d7eb9ab07f8e84e
[INFO] running `Command { std: "docker" "start" "f78709789547f7dca6c4b5ec8e8a8962d5c3d429238ed6d88d7eb9ab07f8e84e", kill_on_drop: false }`
[INFO] running `Command { std: "docker" "inspect" "f78709789547f7dca6c4b5ec8e8a8962d5c3d429238ed6d88d7eb9ab07f8e84e", kill_on_drop: false }`
[INFO] running `Command { std: "docker" "exec" "-e" "SOURCE_DIR=/opt/rustwide/workdir" "-e" "CARGO_HOME=/opt/rustwide/cargo-home" "-e" "RUSTUP_HOME=/opt/rustwide/rustup-home" "-e" "CARGO_TARGET_DIR=/opt/rustwide/target" "-w" "/opt/rustwide/workdir" "--user" "0:0" "f78709789547f7dca6c4b5ec8e8a8962d5c3d429238ed6d88d7eb9ab07f8e84e" "/opt/rustwide/cargo-home/bin/cargo" "+1.99.0-beta.8" "metadata" "--no-deps" "--format-version=1", kill_on_drop: false }`
[INFO] running `Command { std: "docker" "inspect" "f78709789547f7dca6c4b5ec8e8a8962d5c3d429238ed6d88d7eb9ab07f8e84e", kill_on_drop: false }`
[INFO] running `Command { std: "docker" "exec" "-e" "SOURCE_DIR=/opt/rustwide/workdir" "-e" "CARGO_HOME=/opt/rustwide/cargo-home" "-e" "RUSTUP_HOME=/opt/rustwide/rustup-home" "-e" "CARGO_TARGET_DIR=/opt/rustwide/target" "-e" "CARGO_INCREMENTAL=0" "-e" "RUST_BACKTRACE=full" "-e" "RUSTFLAGS=--cap-lints=warn" "-e" "RUSTDOCFLAGS=--cap-lints=warn" "-w" "/opt/rustwide/workdir" "--user" "0:0" "f78709789547f7dca6c4b5ec8e8a8962d5c3d429238ed6d88d7eb9ab07f8e84e" "/opt/rustwide/cargo-home/bin/cargo" "+1.99.0-beta.8" "build" "--frozen" "--message-format=json" "--release", kill_on_drop: false }`
[INFO] [stderr]    Compiling proc-macro2 v1.0.94
[INFO] [stderr]    Compiling libc v0.2.171
[INFO] [stderr]    Compiling icu_locid_transform_data v1.5.1
[INFO] [stderr]    Compiling icu_properties_data v1.5.1
[INFO] [stderr]    Compiling smallvec v1.15.0
[INFO] [stderr]    Compiling icu_normalizer_data v1.5.1
[INFO] [stderr]    Compiling stable_deref_trait v1.2.0
[INFO] [stderr]    Compiling serde v1.0.219
[INFO] [stderr]    Compiling rustversion v1.0.20
[INFO] [stderr]    Compiling litemap v0.7.5
[INFO] [stderr]    Compiling writeable v0.5.5
[INFO] [stderr]    Compiling crossbeam-utils v0.8.21
[INFO] [stderr]    Compiling memchr v2.7.4
[INFO] [stderr]    Compiling bitflags v2.9.0
[INFO] [stderr]    Compiling anyhow v1.0.97
[INFO] [stderr]    Compiling quote v1.0.40
[INFO] [stderr]    Compiling jobserver v0.1.33
[INFO] [stderr]    Compiling crossbeam-epoch v0.9.18
[INFO] [stderr]    Compiling semver v1.0.26
[INFO] [stderr]    Compiling write16 v1.0.0
[INFO] [stderr]    Compiling utf16_iter v1.0.5
[INFO] [stderr]    Compiling syn v2.0.100
[INFO] [stderr]    Compiling phf_shared v0.11.3
[INFO] [stderr]    Compiling lock_api v0.4.12
[INFO] [stderr]    Compiling futures-sink v0.3.31
[INFO] [stderr]    Compiling new_debug_unreachable v1.0.6
[INFO] [stderr]    Compiling cc v1.2.18
[INFO] [stderr]    Compiling crossbeam-deque v0.8.6
[INFO] [stderr]    Compiling camino v1.1.9
[INFO] [stderr]    Compiling serde_json v1.0.140
[INFO] [stderr]    Compiling http v1.3.1
[INFO] [stderr]    Compiling vergen-lib v0.1.6
[INFO] [stderr]    Compiling rayon-core v1.12.1
[INFO] [stderr]    Compiling aho-corasick v1.1.3
[INFO] [stderr]    Compiling openssl v0.10.72
[INFO] [stderr]    Compiling powerfmt v0.2.0
[INFO] [stderr]    Compiling percent-encoding v2.3.1
[INFO] [stderr]    Compiling futures-io v0.3.31
[INFO] [stderr]    Compiling regex-syntax v0.8.5
[INFO] [stderr]    Compiling ahash v0.8.11
[INFO] [stderr]    Compiling futures-util v0.3.31
[INFO] [stderr]    Compiling socket2 v0.5.9
[INFO] [stderr]    Compiling mio v1.0.3
[INFO] [stderr]    Compiling openssl-sys v0.9.107
[INFO] [stderr]    Compiling libz-sys v1.1.22
[INFO] [stderr]    Compiling libgit2-sys v0.18.1+1.9.0
[INFO] [stderr]    Compiling tokio v1.44.2
[INFO] [stderr]    Compiling http-body v1.0.1
[INFO] [stderr]    Compiling parking_lot_core v0.9.10
[INFO] [stderr]    Compiling rayon v1.10.0
[INFO] [stderr]    Compiling regex-automata v0.4.9
[INFO] [stderr]    Compiling form_urlencoded v1.2.1
[INFO] [stderr]    Compiling deranged v0.4.0
[INFO] [stderr]    Compiling string_cache_codegen v0.5.4
[INFO] [stderr]    Compiling synstructure v0.13.1
[INFO] [stderr]    Compiling darling_core v0.20.11
[INFO] [stderr]    Compiling vergen v9.0.4
[INFO] [stderr]    Compiling num_threads v0.1.7
[INFO] [stderr]    Compiling mac v0.1.1
[INFO] [stderr]    Compiling zerocopy v0.8.24
[INFO] [stderr]    Compiling precomputed-hash v0.1.1
[INFO] [stderr]    Compiling getrandom v0.3.2
[INFO] [stderr]    Compiling native-tls v0.2.14
[INFO] [stderr]    Compiling time v0.3.41
[INFO] [stderr]    Compiling sysinfo v0.33.1
[INFO] [stderr]    Compiling futf v0.1.5
[INFO] [stderr]    Compiling markup5ever v0.14.1
[INFO] [stderr]    Compiling regex v1.11.1
[INFO] [stderr]    Compiling parking_lot v0.12.3
[INFO] [stderr]    Compiling zerofrom-derive v0.1.6
[INFO] [stderr]    Compiling yoke-derive v0.7.5
[INFO] [stderr]    Compiling zerovec-derive v0.10.3
[INFO] [stderr]    Compiling displaydoc v0.2.5
[INFO] [stderr]    Compiling serde_derive v1.0.219
[INFO] [stderr]    Compiling icu_provider_macros v1.5.0
[INFO] [stderr]    Compiling zerofrom v0.1.6
[INFO] [stderr]    Compiling darling_macro v0.20.11
[INFO] [stderr]    Compiling thiserror-impl v2.0.12
[INFO] [stderr]    Compiling yoke v0.7.5
[INFO] [stderr]    Compiling darling v0.20.11
[INFO] [stderr]    Compiling phf_macros v0.11.3
[INFO] [stderr]    Compiling openssl-macros v0.1.1
[INFO] [stderr]    Compiling derive_builder_core v0.20.2
[INFO] [stderr]    Compiling zerovec v0.10.4
[INFO] [stderr]    Compiling phf v0.11.3
[INFO] [stderr]    Compiling thiserror v2.0.12
[INFO] [stderr]    Compiling futures-channel v0.3.31
[INFO] [stderr]    Compiling derive_builder_macro v0.20.2
[INFO] [stderr]    Compiling tinystr v0.7.6
[INFO] [stderr]    Compiling icu_collections v1.5.0
[INFO] [stderr]    Compiling derive_builder v0.20.2
[INFO] [stderr]    Compiling icu_locid v1.5.0
[INFO] [stderr]    Compiling vergen-git2 v1.0.5
[INFO] [stderr]    Compiling tracing-core v0.1.33
[INFO] [stderr]    Compiling icu_provider v1.5.0
[INFO] [stderr]    Compiling icu_locid_transform v1.5.0
[INFO] [stderr]    Compiling icu_properties v1.5.1
[INFO] [stderr]    Compiling zerocopy v0.7.35
[INFO] [stderr]    Compiling dtoa v1.0.10
[INFO] [stderr]    Compiling dtoa-short v0.3.5
[INFO] [stderr]    Compiling nix v0.29.0
[INFO] [stderr]    Compiling cargo-platform v0.1.9
[INFO] [stderr]    Compiling icu_normalizer v1.5.0
[INFO] [stderr]    Compiling rustc_version v0.4.1
[INFO] [stderr]    Compiling string_cache v0.8.9
[INFO] [stderr]    Compiling tendril v0.4.3
[INFO] [stderr]    Compiling idna_adapter v1.2.0
[INFO] [stderr]    Compiling tracing v0.1.41
[INFO] [stderr]    Compiling hyper v1.6.0
[INFO] [stderr]    Compiling idna v1.0.3
[INFO] [stderr]    Compiling cssparser-macros v0.6.1
[INFO] [stderr]    Compiling cargo_metadata v0.19.2
[INFO] [stderr]    Compiling url v2.5.4
[INFO] [stderr]    Compiling libsqlite3-sys v0.27.0
[INFO] [stderr]    Compiling dirs-sys-next v0.1.2
[INFO] [stderr]    Compiling selectors v0.26.0
[INFO] [stderr]    Compiling num-traits v0.2.19
[INFO] [stderr]    Compiling hashbrown v0.15.2
[INFO] [stderr]    Compiling clap_lex v0.7.4
[INFO] [stderr]    Compiling clap_builder v4.5.35
[INFO] [stderr]    Compiling clap_derive v4.5.32
[INFO] [stderr]    Compiling indexmap v2.9.0
[INFO] [stderr]    Compiling ppv-lite86 v0.2.21
[INFO] [stderr]    Compiling fxhash v0.2.1
[INFO] [stderr]    Compiling hashbrown v0.14.5
[INFO] [stderr]    Compiling hyper-util v0.1.11
[INFO] [stderr]    Compiling dirs-next v2.0.0
[INFO] [stderr]    Compiling rand_core v0.9.3
[INFO] [stderr]    Compiling cssparser v0.34.0
[INFO] [stderr]    Compiling tokio-native-tls v0.3.1
[INFO] [stderr]    Compiling toml_datetime v0.6.8
[INFO] [stderr]    Compiling serde_spanned v0.6.8
[INFO] [stderr]    Compiling thiserror-impl v1.0.69
[INFO] [stderr]    Compiling derive_more v0.99.19
[INFO] [stderr]    Compiling match_token v0.1.0
[INFO] [stderr]    Compiling http-body-util v0.1.3
[INFO] [stderr]    Compiling sync_wrapper v1.0.2
[INFO] [stderr]    Compiling servo_arc v0.4.0
[INFO] [stderr]    Compiling option-ext v0.2.0
[INFO] [stderr]    Compiling rustls-pki-types v1.11.0
[INFO] [stderr]    Compiling winnow v0.7.4
[INFO] [stderr]    Compiling thiserror v1.0.69
[INFO] [stderr]    Compiling dirs-sys v0.5.0
[INFO] [stderr]    Compiling tower v0.5.2
[INFO] [stderr]    Compiling rustls-pemfile v2.2.0
[INFO] [stderr]    Compiling derive_more-impl v2.0.1
[INFO] [stderr]    Compiling html5ever v0.29.1
[INFO] [stderr]    Compiling hyper-tls v0.6.0
[INFO] [stderr]    Compiling clap v4.5.35
[INFO] [stderr]    Compiling rand_chacha v0.9.0
[INFO] [stderr]    Compiling hashlink v0.8.4
[INFO] [stderr]    Compiling toml_edit v0.22.24
[INFO] [stderr]    Compiling term v0.7.0
[INFO] [stderr]    Compiling serde_urlencoded v0.7.1
[INFO] [stderr]    Compiling console v0.15.11
[INFO] [stderr]    Compiling is-terminal v0.4.16
[INFO] [stderr]    Compiling ego-tree v0.10.0
[INFO] [stderr]    Compiling shell-words v1.1.0
[INFO] [stderr]    Compiling encode_unicode v1.0.0
[INFO] [stderr]    Compiling unicode-segmentation v1.12.0
[INFO] [stderr]    Compiling prettytable v0.10.0
[INFO] [stderr]    Compiling rustyline v15.0.0
[INFO] [stderr]    Compiling dialoguer v0.11.0
[INFO] [stderr]    Compiling reqwest v0.12.15
[INFO] [stderr]    Compiling itertools v0.14.0
[INFO] [stderr]    Compiling chrono v0.4.40
[INFO] [stderr]    Compiling scraper v0.23.1
[INFO] [stderr]    Compiling toml v0.8.20
[INFO] [stderr]    Compiling flate2 v1.1.1
[INFO] [stderr]    Compiling rand v0.9.0
[INFO] [stderr]    Compiling derive_more v2.0.1
[INFO] [stderr]    Compiling clap_complete v4.5.47
[INFO] [stderr]    Compiling dirs v6.0.0
[INFO] [stderr]    Compiling eio v0.1.2
[INFO] [stderr]    Compiling git2 v0.20.1
[INFO] [stderr]    Compiling dioxionary v1.2.0 (/opt/rustwide/workdir)
[INFO] [stderr] warning: dioxionary@1.2.0: could not find repository at '/opt/rustwide/workdir'; class=Repository (6); code=NotFound (-3)
[INFO] [stderr] warning: dioxionary@1.2.0: VERGEN_GIT_BRANCH set to default
[INFO] [stderr] warning: dioxionary@1.2.0: VERGEN_GIT_COMMIT_AUTHOR_EMAIL set to default
[INFO] [stderr] warning: dioxionary@1.2.0: VERGEN_GIT_COMMIT_AUTHOR_NAME set to default
[INFO] [stderr] warning: dioxionary@1.2.0: VERGEN_GIT_COMMIT_COUNT set to default
[INFO] [stderr] warning: dioxionary@1.2.0: VERGEN_GIT_COMMIT_DATE set to default
[INFO] [stderr] warning: dioxionary@1.2.0: VERGEN_GIT_COMMIT_MESSAGE set to default
[INFO] [stderr] warning: dioxionary@1.2.0: VERGEN_GIT_COMMIT_TIMESTAMP set to default
[INFO] [stderr] warning: dioxionary@1.2.0: VERGEN_GIT_DESCRIBE set to default
[INFO] [stderr] warning: dioxionary@1.2.0: VERGEN_GIT_SHA set to default
[INFO] [stderr] warning: dioxionary@1.2.0: VERGEN_GIT_DIRTY set to default
[INFO] [stderr]    Compiling rusqlite v0.30.0
[INFO] [stderr]     Finished `release` profile [optimized] target(s) in 6m 50s
[INFO] running `Command { std: "docker" "inspect" "f78709789547f7dca6c4b5ec8e8a8962d5c3d429238ed6d88d7eb9ab07f8e84e", kill_on_drop: false }`
[INFO] running `Command { std: "docker" "exec" "-e" "SOURCE_DIR=/opt/rustwide/workdir" "-e" "CARGO_HOME=/opt/rustwide/cargo-home" "-e" "RUSTUP_HOME=/opt/rustwide/rustup-home" "-e" "CARGO_TARGET_DIR=/opt/rustwide/target" "-e" "CARGO_INCREMENTAL=0" "-e" "RUST_BACKTRACE=full" "-e" "RUSTFLAGS=--cap-lints=warn" "-e" "RUSTDOCFLAGS=--cap-lints=warn" "-w" "/opt/rustwide/workdir" "--user" "0:0" "f78709789547f7dca6c4b5ec8e8a8962d5c3d429238ed6d88d7eb9ab07f8e84e" "/opt/rustwide/cargo-home/bin/cargo" "+1.99.0-beta.8" "test" "--frozen" "--no-run" "--message-format=json" "--release", kill_on_drop: false }`
[INFO] [stderr]    Compiling indexmap v1.9.3
[INFO] [stderr]    Compiling hashbrown v0.12.3
[INFO] [stderr]    Compiling fsio v0.1.3
[INFO] [stderr]    Compiling toml v0.5.11
[INFO] [stderr]    Compiling nias v0.5.0
[INFO] [stderr] warning: dioxionary@1.2.0: could not find repository at '/opt/rustwide/workdir'; class=Repository (6); code=NotFound (-3)
[INFO] [stderr] warning: dioxionary@1.2.0: VERGEN_GIT_BRANCH set to default
[INFO] [stderr] warning: dioxionary@1.2.0: VERGEN_GIT_COMMIT_AUTHOR_EMAIL set to default
[INFO] [stderr] warning: dioxionary@1.2.0: VERGEN_GIT_COMMIT_AUTHOR_NAME set to default
[INFO] [stderr] warning: dioxionary@1.2.0: VERGEN_GIT_COMMIT_COUNT set to default
[INFO] [stderr] warning: dioxionary@1.2.0: VERGEN_GIT_COMMIT_DATE set to default
[INFO] [stderr] warning: dioxionary@1.2.0: VERGEN_GIT_COMMIT_MESSAGE set to default
[INFO] [stderr] warning: dioxionary@1.2.0: VERGEN_GIT_COMMIT_TIMESTAMP set to default
[INFO] [stderr] warning: dioxionary@1.2.0: VERGEN_GIT_DESCRIBE set to default
[INFO] [stderr] warning: dioxionary@1.2.0: VERGEN_GIT_SHA set to default
[INFO] [stderr] warning: dioxionary@1.2.0: VERGEN_GIT_DIRTY set to default
[INFO] [stderr]    Compiling getopts v0.2.21
[INFO] [stderr]    Compiling envmnt v0.8.4
[INFO] [stderr]    Compiling ci_info v0.10.2
[INFO] [stderr]    Compiling rusty-hook v0.11.2
[INFO] [stderr]    Compiling dioxionary v1.2.0 (/opt/rustwide/workdir)
[INFO] [stderr]     Finished `release` profile [optimized] target(s) in 17.26s
[INFO] running `Command { std: "docker" "inspect" "f78709789547f7dca6c4b5ec8e8a8962d5c3d429238ed6d88d7eb9ab07f8e84e", kill_on_drop: false }`
[INFO] running `Command { std: "docker" "exec" "-e" "SOURCE_DIR=/opt/rustwide/workdir" "-e" "CARGO_HOME=/opt/rustwide/cargo-home" "-e" "RUSTUP_HOME=/opt/rustwide/rustup-home" "-e" "CARGO_TARGET_DIR=/opt/rustwide/target" "-e" "CARGO_INCREMENTAL=0" "-e" "RUST_BACKTRACE=full" "-e" "RUSTFLAGS=--cap-lints=warn" "-e" "RUSTDOCFLAGS=--cap-lints=warn" "-w" "/opt/rustwide/workdir" "--user" "0:0" "f78709789547f7dca6c4b5ec8e8a8962d5c3d429238ed6d88d7eb9ab07f8e84e" "/opt/rustwide/cargo-home/bin/cargo" "+1.99.0-beta.8" "test" "--frozen" "--release", kill_on_drop: false }`
[INFO] [stderr] warning: dioxionary@1.2.0: could not find repository at '/opt/rustwide/workdir'; class=Repository (6); code=NotFound (-3)
[INFO] [stderr] warning: dioxionary@1.2.0: VERGEN_GIT_BRANCH set to default
[INFO] [stderr] warning: dioxionary@1.2.0: VERGEN_GIT_COMMIT_AUTHOR_EMAIL set to default
[INFO] [stderr] warning: dioxionary@1.2.0: VERGEN_GIT_COMMIT_AUTHOR_NAME set to default
[INFO] [stderr] warning: dioxionary@1.2.0: VERGEN_GIT_COMMIT_COUNT set to default
[INFO] [stderr] warning: dioxionary@1.2.0: VERGEN_GIT_COMMIT_DATE set to default
[INFO] [stderr] warning: dioxionary@1.2.0: VERGEN_GIT_COMMIT_MESSAGE set to default
[INFO] [stderr] warning: dioxionary@1.2.0: VERGEN_GIT_COMMIT_TIMESTAMP set to default
[INFO] [stderr] warning: dioxionary@1.2.0: VERGEN_GIT_DESCRIBE set to default
[INFO] [stderr] warning: dioxionary@1.2.0: VERGEN_GIT_SHA set to default
[INFO] [stderr] warning: dioxionary@1.2.0: VERGEN_GIT_DIRTY set to default
[INFO] [stderr]     Finished `release` profile [optimized] target(s) in 0.38s
[INFO] [stderr]      Running unittests src/lib.rs (/opt/rustwide/target/release/deps/dioxionary-9584a6eb58d1aa89)
[INFO] [stdout] 
[INFO] [stdout] running 8 tests
[INFO] [stdout] test dict::llm::test::test_translate ... ok
[INFO] [stdout] test dict::llm::test::test_basic_replacement ... ok
[INFO] [stdout] test dicts::tests::test_split ... ok
[INFO] [stdout] test dict::stardict::test::lookup_offline_fuzzy ... FAILED
[INFO] [stdout] test dict::stardict::test::lookup_offline ... FAILED
[INFO] [stdout] test dict::stardict::test::load_stardict ... FAILED
[INFO] [stdout] test dict::online::test::look_up_online_by_english ... FAILED
[INFO] [stdout] test dict::online::test::look_up_online_by_chinese ... FAILED
[INFO] [stdout] 
[INFO] [stdout] failures:
[INFO] [stdout] 
[INFO] [stdout] ---- dict::stardict::test::lookup_offline_fuzzy stdout ----
[INFO] [stdout] 
[INFO] [stdout] thread 'dict::stardict::test::lookup_offline_fuzzy' (4476) panicked at src/dict/stardict/mod.rs:395:70:
[INFO] [stdout] called `Result::unwrap()` on an `Err` value: Failed to open directory ./stardict-heritage/cdict-gb
[INFO] [stdout] 
[INFO] [stdout] Caused by:
[INFO] [stdout]     No such file or directory (os error 2)
[INFO] [stdout] 
[INFO] [stdout] Stack backtrace:
[INFO] [stdout]    0: <core::io::error::Error as anyhow::context::ext::StdError>::ext_context::<alloc::string::String>
[INFO] [stdout]    1: <dioxionary::dict::stardict::StarDict>::new::<&str>
[INFO] [stdout]    2: dioxionary::dict::stardict::test::lookup_offline_fuzzy
[INFO] [stdout]    3: <dioxionary::dict::stardict::test::lookup_offline_fuzzy::{closure#0} as core::ops::function::FnOnce<()>>::call_once
[INFO] [stdout]    4: test::__rust_begin_short_backtrace::<core::result::Result<(), alloc::string::String>, fn() -> core::result::Result<(), alloc::string::String>>
[INFO] [stdout]    5: test::run_test::{closure#0}
[INFO] [stdout]    6: std::sys::backtrace::__rust_begin_short_backtrace::<test::run_test::{closure#1}, ()>
[INFO] [stdout]    7: <std::thread::lifecycle::spawn_unchecked<test::run_test::{closure#1}, ()>::{closure#1} as core::ops::function::FnOnce<()>>::call_once::{shim:vtable#0}
[INFO] [stdout]    8: <std::sys::thread::unix::Thread>::new::thread_start
[INFO] [stdout]    9: <unknown>
[INFO] [stdout]   10: clone
[INFO] [stdout] stack backtrace:
[INFO] [stdout]    0:     0x5ed42b8e8d21 - <<std[70759c8f55707aa4]::sys::backtrace::BacktraceLock>::print::DisplayBacktrace as core[df12db4294e9bfd3]::fmt::Display>::fmt
[INFO] [stdout]    1:     0x5ed42b90094a - core[df12db4294e9bfd3]::fmt::write
[INFO] [stdout]    2:     0x5ed42b8edf5c - <alloc[2182bb758b4b3781]::vec::Vec<u8> as core[df12db4294e9bfd3]::io::write::Write>::write_fmt
[INFO] [stdout]    3:     0x5ed42b8c3256 - std[70759c8f55707aa4]::panicking::default_hook::{closure#0}
[INFO] [stdout]    4:     0x5ed42b8e06a9 - std[70759c8f55707aa4]::panicking::default_hook
[INFO] [stdout]    5:     0x5ed42b7523f0 - test[9d35eded1c95d3be]::test_main_inner::<test[9d35eded1c95d3be]::test_main_static::{closure#0}>::{closure#0}
[INFO] [stdout]    6:     0x5ed42b8e09d2 - std[70759c8f55707aa4]::panicking::panic_with_hook
[INFO] [stdout]    7:     0x5ed42b8c3302 - std[70759c8f55707aa4]::panicking::panic_handler::{closure#0}
[INFO] [stdout]    8:     0x5ed42b8bb7e9 - std[70759c8f55707aa4]::sys::backtrace::__rust_end_short_backtrace::<std[70759c8f55707aa4]::panicking::panic_handler::{closure#0}, !>
[INFO] [stdout]    9:     0x5ed42b8c41fd - __rustc[8fa7c3cbc660c2b3]::rust_begin_unwind
[INFO] [stdout]   10:     0x5ed42b9010ac - core[df12db4294e9bfd3]::panicking::panic_fmt
[INFO] [stdout]   11:     0x5ed42b900e82 - core[df12db4294e9bfd3]::result::unwrap_failed
[INFO] [stdout]   12:     0x5ed42b73d250 - dioxionary[b79f18eb60bc244a]::dict::stardict::test::lookup_offline_fuzzy
[INFO] [stdout]   13:     0x5ed42b730ef9 - <dioxionary[b79f18eb60bc244a]::dict::stardict::test::lookup_offline_fuzzy::{closure#0} as core[df12db4294e9bfd3]::ops::function::FnOnce<()>>::call_once
[INFO] [stdout]   14:     0x5ed42b7456db - test[9d35eded1c95d3be]::__rust_begin_short_backtrace::<core[df12db4294e9bfd3]::result::Result<(), alloc[2182bb758b4b3781]::string::String>, fn() -> core[df12db4294e9bfd3]::result::Result<(), alloc[2182bb758b4b3781]::string::String>>
[INFO] [stdout]   15:     0x5ed42b752d45 - test[9d35eded1c95d3be]::run_test::{closure#0}
[INFO] [stdout]   16:     0x5ed42b74c604 - std[70759c8f55707aa4]::sys::backtrace::__rust_begin_short_backtrace::<test[9d35eded1c95d3be]::run_test::{closure#1}, ()>
[INFO] [stdout]   17:     0x5ed42b755ea2 - <std[70759c8f55707aa4]::thread::lifecycle::spawn_unchecked<test[9d35eded1c95d3be]::run_test::{closure#1}, ()>::{closure#1} as core[df12db4294e9bfd3]::ops::function::FnOnce<()>>::call_once::{shim:vtable#0}
[INFO] [stdout]   18:     0x5ed42b8e7f29 - <std[70759c8f55707aa4]::sys::thread::unix::Thread>::new::thread_start
[INFO] [stdout]   19:     0x724874881dfa - <unknown>
[INFO] [stdout]   20:     0x7248749153d4 - clone
[INFO] [stdout]   21:                0x0 - <unknown>
[INFO] [stdout] 
[INFO] [stdout] ---- dict::stardict::test::lookup_offline stdout ----
[INFO] [stdout] 
[INFO] [stdout] thread 'dict::stardict::test::lookup_offline' (4475) panicked at src/dict/stardict/mod.rs:389:70:
[INFO] [stdout] called `Result::unwrap()` on an `Err` value: Failed to open directory ./stardict-heritage/cdict-gb
[INFO] [stdout] 
[INFO] [stdout] Caused by:
[INFO] [stdout]     No such file or directory (os error 2)
[INFO] [stdout] 
[INFO] [stdout] Stack backtrace:
[INFO] [stdout]    0: <core::io::error::Error as anyhow::context::ext::StdError>::ext_context::<alloc::string::String>
[INFO] [stdout]    1: <dioxionary::dict::stardict::StarDict>::new::<&str>
[INFO] [stdout]    2: dioxionary::dict::stardict::test::lookup_offline
[INFO] [stdout]    3: <dioxionary::dict::stardict::test::lookup_offline::{closure#0} as core::ops::function::FnOnce<()>>::call_once
[INFO] [stdout]    4: test::__rust_begin_short_backtrace::<core::result::Result<(), alloc::string::String>, fn() -> core::result::Result<(), alloc::string::String>>
[INFO] [stdout]    5: test::run_test::{closure#0}
[INFO] [stdout]    6: std::sys::backtrace::__rust_begin_short_backtrace::<test::run_test::{closure#1}, ()>
[INFO] [stdout]    7: <std::thread::lifecycle::spawn_unchecked<test::run_test::{closure#1}, ()>::{closure#1} as core::ops::function::FnOnce<()>>::call_once::{shim:vtable#0}
[INFO] [stdout]    8: <std::sys::thread::unix::Thread>::new::thread_start
[INFO] [stdout]    9: <unknown>
[INFO] [stdout]   10: clone
[INFO] [stdout] stack backtrace:
[INFO] [stdout]    0:     0x5ed42b8e8d21 - <<std[70759c8f55707aa4]::sys::backtrace::BacktraceLock>::print::DisplayBacktrace as core[df12db4294e9bfd3]::fmt::Display>::fmt
[INFO] [stdout]    1:     0x5ed42b90094a - core[df12db4294e9bfd3]::fmt::write
[INFO] [stdout]    2:     0x5ed42b8edf5c - <alloc[2182bb758b4b3781]::vec::Vec<u8> as core[df12db4294e9bfd3]::io::write::Write>::write_fmt
[INFO] [stdout]    3:     0x5ed42b8c3256 - std[70759c8f55707aa4]::panicking::default_hook::{closure#0}
[INFO] [stdout]    4:     0x5ed42b8e06a9 - std[70759c8f55707aa4]::panicking::default_hook
[INFO] [stdout]    5:     0x5ed42b7523f0 - test[9d35eded1c95d3be]::test_main_inner::<test[9d35eded1c95d3be]::test_main_static::{closure#0}>::{closure#0}
[INFO] [stdout]    6:     0x5ed42b8e09d2 - std[70759c8f55707aa4]::panicking::panic_with_hook
[INFO] [stdout]    7:     0x5ed42b8c3302 - std[70759c8f55707aa4]::panicking::panic_handler::{closure#0}
[INFO] [stdout]    8:     0x5ed42b8bb7e9 - std[70759c8f55707aa4]::sys::backtrace::__rust_end_short_backtrace::<std[70759c8f55707aa4]::panicking::panic_handler::{closure#0}, !>
[INFO] [stdout]    9:     0x5ed42b8c41fd - __rustc[8fa7c3cbc660c2b3]::rust_begin_unwind
[INFO] [stdout]   10:     0x5ed42b9010ac - core[df12db4294e9bfd3]::panicking::panic_fmt
[INFO] [stdout]   11:     0x5ed42b900e82 - core[df12db4294e9bfd3]::result::unwrap_failed
[INFO] [stdout]   12:     0x5ed42b73cfbc - dioxionary[b79f18eb60bc244a]::dict::stardict::test::lookup_offline
[INFO] [stdout]   13:     0x5ed42b730ed9 - <dioxionary[b79f18eb60bc244a]::dict::stardict::test::lookup_offline::{closure#0} as core[df12db4294e9bfd3]::ops::function::FnOnce<()>>::call_once
[INFO] [stdout]   14:     0x5ed42b7456db - test[9d35eded1c95d3be]::__rust_begin_short_backtrace::<core[df12db4294e9bfd3]::result::Result<(), alloc[2182bb758b4b3781]::string::String>, fn() -> core[df12db4294e9bfd3]::result::Result<(), alloc[2182bb758b4b3781]::string::String>>
[INFO] [stdout]   15:     0x5ed42b752d45 - test[9d35eded1c95d3be]::run_test::{closure#0}
[INFO] [stdout]   16:     0x5ed42b74c604 - std[70759c8f55707aa4]::sys::backtrace::__rust_begin_short_backtrace::<test[9d35eded1c95d3be]::run_test::{closure#1}, ()>
[INFO] [stdout]   17:     0x5ed42b755ea2 - <std[70759c8f55707aa4]::thread::lifecycle::spawn_unchecked<test[9d35eded1c95d3be]::run_test::{closure#1}, ()>::{closure#1} as core[df12db4294e9bfd3]::ops::function::FnOnce<()>>::call_once::{shim:vtable#0}
[INFO] [stdout]   18:     0x5ed42b8e7f29 - <std[70759c8f55707aa4]::sys::thread::unix::Thread>::new::thread_start
[INFO] [stdout]   19:     0x724874881dfa - <unknown>
[INFO] [stdout]   20:     0x7248749153d4 - clone
[INFO] [stdout]   21:                0x0 - <unknown>
[INFO] [stdout] 
[INFO] [stdout] ---- dict::stardict::test::load_stardict stdout ----
[INFO] [stdout] 
[INFO] [stdout] thread 'dict::stardict::test::load_stardict' (4474) panicked at src/dict/stardict/mod.rs:382:70:
[INFO] [stdout] called `Result::unwrap()` on an `Err` value: Failed to open directory ./stardict-heritage/cdict-gb
[INFO] [stdout] 
[INFO] [stdout] Caused by:
[INFO] [stdout]     No such file or directory (os error 2)
[INFO] [stdout] 
[INFO] [stdout] Stack backtrace:
[INFO] [stdout]    0: <core::io::error::Error as anyhow::context::ext::StdError>::ext_context::<alloc::string::String>
[INFO] [stdout]    1: <dioxionary::dict::stardict::StarDict>::new::<&str>
[INFO] [stdout]    2: dioxionary::dict::stardict::test::load_stardict
[INFO] [stdout]    3: <dioxionary::dict::stardict::test::load_stardict::{closure#0} as core::ops::function::FnOnce<()>>::call_once
[INFO] [stdout]    4: test::__rust_begin_short_backtrace::<core::result::Result<(), alloc::string::String>, fn() -> core::result::Result<(), alloc::string::String>>
[INFO] [stdout]    5: test::run_test::{closure#0}
[INFO] [stdout]    6: std::sys::backtrace::__rust_begin_short_backtrace::<test::run_test::{closure#1}, ()>
[INFO] [stdout]    7: <std::thread::lifecycle::spawn_unchecked<test::run_test::{closure#1}, ()>::{closure#1} as core::ops::function::FnOnce<()>>::call_once::{shim:vtable#0}
[INFO] [stdout]    8: <std::sys::thread::unix::Thread>::new::thread_start
[INFO] [stdout]    9: <unknown>
[INFO] [stdout]   10: clone
[INFO] [stdout] stack backtrace:
[INFO] [stdout]    0:     0x5ed42b8e8d21 - <<std[70759c8f55707aa4]::sys::backtrace::BacktraceLock>::print::DisplayBacktrace as core[df12db4294e9bfd3]::fmt::Display>::fmt
[INFO] [stdout]    1:     0x5ed42b90094a - core[df12db4294e9bfd3]::fmt::write
[INFO] [stdout]    2:     0x5ed42b8edf5c - <alloc[2182bb758b4b3781]::vec::Vec<u8> as core[df12db4294e9bfd3]::io::write::Write>::write_fmt
[INFO] [stdout]    3:     0x5ed42b8c3256 - std[70759c8f55707aa4]::panicking::default_hook::{closure#0}
[INFO] [stdout]    4:     0x5ed42b8e06a9 - std[70759c8f55707aa4]::panicking::default_hook
[INFO] [stdout]    5:     0x5ed42b7523f0 - test[9d35eded1c95d3be]::test_main_inner::<test[9d35eded1c95d3be]::test_main_static::{closure#0}>::{closure#0}
[INFO] [stdout]    6:     0x5ed42b8e09d2 - std[70759c8f55707aa4]::panicking::panic_with_hook
[INFO] [stdout]    7:     0x5ed42b8c3302 - std[70759c8f55707aa4]::panicking::panic_handler::{closure#0}
[INFO] [stdout]    8:     0x5ed42b8bb7e9 - std[70759c8f55707aa4]::sys::backtrace::__rust_end_short_backtrace::<std[70759c8f55707aa4]::panicking::panic_handler::{closure#0}, !>
[INFO] [stdout]    9:     0x5ed42b8c41fd - __rustc[8fa7c3cbc660c2b3]::rust_begin_unwind
[INFO] [stdout]   10:     0x5ed42b9010ac - core[df12db4294e9bfd3]::panicking::panic_fmt
[INFO] [stdout]   11:     0x5ed42b900e82 - core[df12db4294e9bfd3]::result::unwrap_failed
[INFO] [stdout]   12:     0x5ed42b73cebb - dioxionary[b79f18eb60bc244a]::dict::stardict::test::load_stardict
[INFO] [stdout]   13:     0x5ed42b730eb9 - <dioxionary[b79f18eb60bc244a]::dict::stardict::test::load_stardict::{closure#0} as core[df12db4294e9bfd3]::ops::function::FnOnce<()>>::call_once
[INFO] [stdout]   14:     0x5ed42b7456db - test[9d35eded1c95d3be]::__rust_begin_short_backtrace::<core[df12db4294e9bfd3]::result::Result<(), alloc[2182bb758b4b3781]::string::String>, fn() -> core[df12db4294e9bfd3]::result::Result<(), alloc[2182bb758b4b3781]::string::String>>
[INFO] [stdout]   15:     0x5ed42b752d45 - test[9d35eded1c95d3be]::run_test::{closure#0}
[INFO] [stdout]   16:     0x5ed42b74c604 - std[70759c8f55707aa4]::sys::backtrace::__rust_begin_short_backtrace::<test[9d35eded1c95d3be]::run_test::{closure#1}, ()>
[INFO] [stdout]   17:     0x5ed42b755ea2 - <std[70759c8f55707aa4]::thread::lifecycle::spawn_unchecked<test[9d35eded1c95d3be]::run_test::{closure#1}, ()>::{closure#1} as core[df12db4294e9bfd3]::ops::function::FnOnce<()>>::call_once::{shim:vtable#0}
[INFO] [stdout]   18:     0x5ed42b8e7f29 - <std[70759c8f55707aa4]::sys::thread::unix::Thread>::new::thread_start
[INFO] [stdout]   19:     0x724874881dfa - <unknown>
[INFO] [stdout]   20:     0x7248749153d4 - clone
[INFO] [stdout]   21:                0x0 - <unknown>
[INFO] [stdout] 
[INFO] [stdout] ---- dict::online::test::look_up_online_by_english stdout ----
[INFO] [stdout] 
[INFO] [stdout] thread 'dict::online::test::look_up_online_by_english' (4473) panicked at src/dict/online.rs:187:13:
[INFO] [stdout] Failed to look up online by english
[INFO] [stdout] stack backtrace:
[INFO] [stdout]    0:     0x5ed42b8e8d21 - <<std[70759c8f55707aa4]::sys::backtrace::BacktraceLock>::print::DisplayBacktrace as core[df12db4294e9bfd3]::fmt::Display>::fmt
[INFO] [stdout]    1:     0x5ed42b90094a - core[df12db4294e9bfd3]::fmt::write
[INFO] [stdout]    2:     0x5ed42b8edf5c - <alloc[2182bb758b4b3781]::vec::Vec<u8> as core[df12db4294e9bfd3]::io::write::Write>::write_fmt
[INFO] [stdout]    3:     0x5ed42b8c3256 - std[70759c8f55707aa4]::panicking::default_hook::{closure#0}
[INFO] [stdout]    4:     0x5ed42b8e06a9 - std[70759c8f55707aa4]::panicking::default_hook
[INFO] [stdout]    5:     0x5ed42b7523f0 - test[9d35eded1c95d3be]::test_main_inner::<test[9d35eded1c95d3be]::test_main_static::{closure#0}>::{closure#0}
[INFO] [stdout]    6:     0x5ed42b8e09d2 - std[70759c8f55707aa4]::panicking::panic_with_hook
[INFO] [stdout]    7:     0x5ed42b8c3334 - std[70759c8f55707aa4]::panicking::panic_handler::{closure#0}
[INFO] [stdout]    8:     0x5ed42b8bb7e9 - std[70759c8f55707aa4]::sys::backtrace::__rust_end_short_backtrace::<std[70759c8f55707aa4]::panicking::panic_handler::{closure#0}, !>
[INFO] [stdout]    9:     0x5ed42b8c41fd - __rustc[8fa7c3cbc660c2b3]::rust_begin_unwind
[INFO] [stdout]   10:     0x5ed42b9010ac - core[df12db4294e9bfd3]::panicking::panic_fmt
[INFO] [stdout]   11:     0x5ed42b733287 - dioxionary[b79f18eb60bc244a]::dict::online::test::look_up_online_by_english
[INFO] [stdout]   12:     0x5ed42b730e99 - <dioxionary[b79f18eb60bc244a]::dict::online::test::look_up_online_by_english::{closure#0} as core[df12db4294e9bfd3]::ops::function::FnOnce<()>>::call_once
[INFO] [stdout]   13:     0x5ed42b7456db - test[9d35eded1c95d3be]::__rust_begin_short_backtrace::<core[df12db4294e9bfd3]::result::Result<(), alloc[2182bb758b4b3781]::string::String>, fn() -> core[df12db4294e9bfd3]::result::Result<(), alloc[2182bb758b4b3781]::string::String>>
[INFO] [stdout]   14:     0x5ed42b752d45 - test[9d35eded1c95d3be]::run_test::{closure#0}
[INFO] [stdout]   15:     0x5ed42b74c604 - std[70759c8f55707aa4]::sys::backtrace::__rust_begin_short_backtrace::<test[9d35eded1c95d3be]::run_test::{closure#1}, ()>
[INFO] [stdout]   16:     0x5ed42b755ea2 - <std[70759c8f55707aa4]::thread::lifecycle::spawn_unchecked<test[9d35eded1c95d3be]::run_test::{closure#1}, ()>::{closure#1} as core[df12db4294e9bfd3]::ops::function::FnOnce<()>>::call_once::{shim:vtable#0}
[INFO] [stdout]   17:     0x5ed42b8e7f29 - <std[70759c8f55707aa4]::sys::thread::unix::Thread>::new::thread_start
[INFO] [stdout]   18:     0x724874881dfa - <unknown>
[INFO] [stdout]   19:     0x7248749153d4 - clone
[INFO] [stdout]   20:                0x0 - <unknown>
[INFO] [stdout] 
[INFO] [stdout] ---- dict::online::test::look_up_online_by_chinese stdout ----
[INFO] [stdout] 
[INFO] [stdout] thread 'dict::online::test::look_up_online_by_chinese' (4472) panicked at src/dict/online.rs:196:13:
[INFO] [stdout] Failed to look up online by chinese
[INFO] [stdout] stack backtrace:
[INFO] [stdout]    0:     0x5ed42b8e8d21 - <<std[70759c8f55707aa4]::sys::backtrace::BacktraceLock>::print::DisplayBacktrace as core[df12db4294e9bfd3]::fmt::Display>::fmt
[INFO] [stdout]    1:     0x5ed42b90094a - core[df12db4294e9bfd3]::fmt::write
[INFO] [stdout]    2:     0x5ed42b8edf5c - <alloc[2182bb758b4b3781]::vec::Vec<u8> as core[df12db4294e9bfd3]::io::write::Write>::write_fmt
[INFO] [stdout]    3:     0x5ed42b8c3256 - std[70759c8f55707aa4]::panicking::default_hook::{closure#0}
[INFO] [stdout]    4:     0x5ed42b8e06a9 - std[70759c8f55707aa4]::panicking::default_hook
[INFO] [stdout]    5:     0x5ed42b7523f0 - test[9d35eded1c95d3be]::test_main_inner::<test[9d35eded1c95d3be]::test_main_static::{closure#0}>::{closure#0}
[INFO] [stdout]    6:     0x5ed42b8e09d2 - std[70759c8f55707aa4]::panicking::panic_with_hook
[INFO] [stdout]    7:     0x5ed42b8c3334 - std[70759c8f55707aa4]::panicking::panic_handler::{closure#0}
[INFO] [stdout]    8:     0x5ed42b8bb7e9 - std[70759c8f55707aa4]::sys::backtrace::__rust_end_short_backtrace::<std[70759c8f55707aa4]::panicking::panic_handler::{closure#0}, !>
[INFO] [stdout]    9:     0x5ed42b8c41fd - __rustc[8fa7c3cbc660c2b3]::rust_begin_unwind
[INFO] [stdout]   10:     0x5ed42b9010ac - core[df12db4294e9bfd3]::panicking::panic_fmt
[INFO] [stdout]   11:     0x5ed42b7330f7 - dioxionary[b79f18eb60bc244a]::dict::online::test::look_up_online_by_chinese
[INFO] [stdout]   12:     0x5ed42b730e79 - <dioxionary[b79f18eb60bc244a]::dict::online::test::look_up_online_by_chinese::{closure#0} as core[df12db4294e9bfd3]::ops::function::FnOnce<()>>::call_once
[INFO] [stdout]   13:     0x5ed42b7456db - test[9d35eded1c95d3be]::__rust_begin_short_backtrace::<core[df12db4294e9bfd3]::result::Result<(), alloc[2182bb758b4b3781]::string::String>, fn() -> core[df12db4294e9bfd3]::result::Result<(), alloc[2182bb758b4b3781]::string::String>>
[INFO] [stdout]   14:     0x5ed42b752d45 - test[9d35eded1c95d3be]::run_test::{closure#0}
[INFO] [stdout]   15:     0x5ed42b74c604 - std[70759c8f55707aa4]::sys::backtrace::__rust_begin_short_backtrace::<test[9d35eded1c95d3be]::run_test::{closure#1}, ()>
[INFO] [stdout]   16:     0x5ed42b755ea2 - <std[70759c8f55707aa4]::thread::lifecycle::spawn_unchecked<test[9d35eded1c95d3be]::run_test::{closure#1}, ()>::{closure#1} as core[df12db4294e9bfd3]::ops::function::FnOnce<()>>::call_once::{shim:vtable#0}
[INFO] [stdout]   17:     0x5ed42b8e7f29 - <std[70759c8f55707aa4]::sys::thread::unix::Thread>::new::thread_start
[INFO] [stdout]   18:     0x724874881dfa - <unknown>
[INFO] [stdout]   19:     0x7248749153d4 - clone
[INFO] [stdout]   20:                0x0 - <unknown>
[INFO] [stdout] 
[INFO] [stdout] 
[INFO] [stdout] failures:
[INFO] [stdout]     dict::online::test::look_up_online_by_chinese
[INFO] [stdout]     dict::online::test::look_up_online_by_english
[INFO] [stdout]     dict::stardict::test::load_stardict
[INFO] [stdout]     dict::stardict::test::lookup_offline
[INFO] [stdout]     dict::stardict::test::lookup_offline_fuzzy
[INFO] [stdout] 
[INFO] [stdout] test result: FAILED. 3 passed; 5 failed; 0 ignored; 0 measured; 0 filtered out; finished in 0.11s
[INFO] [stdout] 
[INFO] [stderr] error: test failed, to rerun pass `--lib`
[INFO] running `Command { std: "docker" "inspect" "f78709789547f7dca6c4b5ec8e8a8962d5c3d429238ed6d88d7eb9ab07f8e84e", kill_on_drop: false }`
[INFO] running `Command { std: "docker" "rm" "-f" "f78709789547f7dca6c4b5ec8e8a8962d5c3d429238ed6d88d7eb9ab07f8e84e", kill_on_drop: false }`
[INFO] [stdout] f78709789547f7dca6c4b5ec8e8a8962d5c3d429238ed6d88d7eb9ab07f8e84e
