[INFO] fetching crate dioprism-addons 0.2.0-alpha.1...
[INFO] testing dioprism-addons-0.2.0-alpha.1 against 1.100.0-beta.1+cargoflags=--release for beta-release-1.100-2
[INFO] extracting crate dioprism-addons 0.2.0-alpha.1 into /workspace/builds/worker-1-tc2/source
[INFO] started tweaking crates.io crate dioprism-addons 0.2.0-alpha.1
[INFO] finished tweaking crates.io crate dioprism-addons 0.2.0-alpha.1
[INFO] tweaked toml for crates.io crate dioprism-addons 0.2.0-alpha.1 written to /workspace/builds/worker-1-tc2/source/Cargo.toml
[INFO] validating manifest of crates.io crate dioprism-addons 0.2.0-alpha.1 on toolchain 1.100.0-beta.1
[INFO] running `Command { std: CARGO_HOME="/workspace/cargo-home" RUSTUP_HOME="/workspace/rustup-home" "/workspace/cargo-home/bin/cargo" "+1.100.0-beta.1" "metadata" "--manifest-path" "Cargo.toml" "--no-deps", kill_on_drop: false }`
[INFO] crate crates.io crate dioprism-addons 0.2.0-alpha.1 already has a lockfile, it will not be regenerated
[INFO] running `Command { std: CARGO_HOME="/workspace/cargo-home" RUSTUP_HOME="/workspace/rustup-home" "/workspace/cargo-home/bin/cargo" "+1.100.0-beta.1" "fetch" "--manifest-path" "Cargo.toml", kill_on_drop: false }`
[INFO] running `Command { std: "docker" "create" "-v" "/var/lib/crater-agent-workspace/builds/worker-1-tc2/source:/opt/rustwide/workdir:ro,Z" "-v" "/var/lib/crater-agent-workspace/builds/worker-1-tc2/target:/opt/rustwide/target:rw,Z" "-v" "/var/lib/crater-agent-workspace/cargo-home:/opt/rustwide/cargo-home:ro,Z" "-v" "/var/lib/crater-agent-workspace/rustup-home:/opt/rustwide/rustup-home:ro,Z" "-m" "1610612736" "--network" "none" "ghcr.io/rust-lang/crates-build-env/linux@sha256:77db811e55d90add9212f6832c23229e3de5f1c1f9905e8cb07319ea15df73ac" "sleep" "infinity", kill_on_drop: false }`
[INFO] [stdout] 29bf47b7f96531693eae8059c06199e917f6032bac5316dfee1fec71a059cb14
[INFO] running `Command { std: "docker" "start" "29bf47b7f96531693eae8059c06199e917f6032bac5316dfee1fec71a059cb14", kill_on_drop: false }`
[INFO] running `Command { std: "docker" "inspect" "29bf47b7f96531693eae8059c06199e917f6032bac5316dfee1fec71a059cb14", kill_on_drop: false }`
[INFO] running `Command { std: "docker" "exec" "-e" "SOURCE_DIR=/opt/rustwide/workdir" "-e" "CARGO_HOME=/opt/rustwide/cargo-home" "-e" "RUSTUP_HOME=/opt/rustwide/rustup-home" "-e" "CARGO_TARGET_DIR=/opt/rustwide/target" "-w" "/opt/rustwide/workdir" "--user" "0:0" "29bf47b7f96531693eae8059c06199e917f6032bac5316dfee1fec71a059cb14" "/opt/rustwide/cargo-home/bin/cargo" "+1.100.0-beta.1" "metadata" "--no-deps" "--format-version=1", kill_on_drop: false }`
[INFO] running `Command { std: "docker" "inspect" "29bf47b7f96531693eae8059c06199e917f6032bac5316dfee1fec71a059cb14", kill_on_drop: false }`
[INFO] running `Command { std: "docker" "exec" "-e" "SOURCE_DIR=/opt/rustwide/workdir" "-e" "CARGO_HOME=/opt/rustwide/cargo-home" "-e" "RUSTUP_HOME=/opt/rustwide/rustup-home" "-e" "CARGO_TARGET_DIR=/opt/rustwide/target" "-e" "CARGO_INCREMENTAL=0" "-e" "RUST_BACKTRACE=full" "-e" "RUSTFLAGS=--cap-lints=warn" "-e" "RUSTDOCFLAGS=--cap-lints=warn" "-w" "/opt/rustwide/workdir" "--user" "0:0" "29bf47b7f96531693eae8059c06199e917f6032bac5316dfee1fec71a059cb14" "/opt/rustwide/cargo-home/bin/cargo" "+1.100.0-beta.1" "build" "--frozen" "--message-format=json" "--release", kill_on_drop: false }`
[INFO] [stderr]    Compiling proc-macro2 v1.0.106
[INFO] [stderr]    Compiling wasm-bindgen-shared v0.2.123
[INFO] [stderr]    Compiling smallvec v1.15.1
[INFO] [stderr]    Compiling bumpalo v3.19.0
[INFO] [stderr]    Compiling slotmap v1.1.1
[INFO] [stderr]    Compiling konst_macro_rules v0.2.19
[INFO] [stderr]    Compiling wasm-bindgen v0.2.123
[INFO] [stderr]    Compiling rustc-hash v2.1.2
[INFO] [stderr]    Compiling dioxus-core-types v0.8.0-alpha.0
[INFO] [stderr]    Compiling longest-increasing-subsequence v0.1.0
[INFO] [stderr]    Compiling xxhash-rust v0.8.15
[INFO] [stderr]    Compiling unicode-segmentation v1.13.2
[INFO] [stderr]    Compiling lazy-js-bundle v0.8.0-alpha.0
[INFO] [stderr]    Compiling proc-macro2-diagnostics v0.10.1
[INFO] [stderr]    Compiling typenum v1.20.0
[INFO] [stderr]    Compiling num-traits v0.2.19
[INFO] [stderr]    Compiling generic-array v0.14.7
[INFO] [stderr]    Compiling serde_json v1.0.150
[INFO] [stderr]    Compiling getrandom v0.3.4
[INFO] [stderr]    Compiling bitflags v2.11.1
[INFO] [stderr]    Compiling http v1.4.2
[INFO] [stderr]    Compiling parking_lot_core v0.9.12
[INFO] [stderr]    Compiling data-encoding v2.11.0
[INFO] [stderr]    Compiling dioxus-document v0.8.0-alpha.0
[INFO] [stderr]    Compiling rand_core v0.9.5
[INFO] [stderr]    Compiling dioxus-interpreter-js v0.8.0-alpha.0
[INFO] [stderr]    Compiling dioxus-web v0.8.0-alpha.0
[INFO] [stderr]    Compiling konst v0.2.20
[INFO] [stderr]    Compiling parking_lot v0.12.5
[INFO] [stderr]    Compiling sledgehammer_utils v0.3.1
[INFO] [stderr]    Compiling rand_chacha v0.9.0
[INFO] [stderr]    Compiling base16 v0.2.1
[INFO] [stderr]    Compiling slab v0.4.12
[INFO] [stderr]    Compiling keyboard-types v0.7.0
[INFO] [stderr]    Compiling send_wrapper v0.6.0
[INFO] [stderr]    Compiling rand v0.9.4
[INFO] [stderr]    Compiling dioxus-config-macros v0.8.0-alpha.0
[INFO] [stderr]    Compiling chacha20 v0.10.0
[INFO] [stderr]    Compiling getrandom v0.4.2
[INFO] [stderr]    Compiling convert_case v0.8.0
[INFO] [stderr]    Compiling rand v0.10.1
[INFO] [stderr]    Compiling quote v1.0.45
[INFO] [stderr]    Compiling syn v2.0.117
[INFO] [stderr]    Compiling const_format_proc_macros v0.2.34
[INFO] [stderr]    Compiling euclid v0.22.14
[INFO] [stderr]    Compiling dioxus-config-macro v0.8.0-alpha.0
[INFO] [stderr]    Compiling crypto-common v0.1.7
[INFO] [stderr]    Compiling block-buffer v0.10.4
[INFO] [stderr]    Compiling digest v0.10.7
[INFO] [stderr]    Compiling sha2 v0.10.9
[INFO] [stderr]    Compiling sha1 v0.10.6
[INFO] [stderr]    Compiling const_format v0.2.36
[INFO] [stderr]    Compiling synstructure v0.13.2
[INFO] [stderr]    Compiling wasm-bindgen-macro-support v0.2.123
[INFO] [stderr]    Compiling darling_core v0.21.3
[INFO] [stderr]    Compiling dioxus-rsx v0.8.0-alpha.0
[INFO] [stderr]    Compiling futures-macro v0.3.32
[INFO] [stderr]    Compiling serde_derive v1.0.228
[INFO] [stderr]    Compiling zerofrom-derive v0.1.7
[INFO] [stderr]    Compiling thiserror-impl v2.0.18
[INFO] [stderr]    Compiling yoke-derive v0.8.2
[INFO] [stderr]    Compiling tracing-attributes v0.1.31
[INFO] [stderr]    Compiling zerovec-derive v0.11.3
[INFO] [stderr]    Compiling displaydoc v0.2.5
[INFO] [stderr]    Compiling pin-project-internal v1.1.12
[INFO] [stderr]    Compiling warnings-macro v0.2.0
[INFO] [stderr]    Compiling dioxus-html-internal-macro v0.8.0-alpha.0
[INFO] [stderr]    Compiling async-trait v0.1.89
[INFO] [stderr]    Compiling sledgehammer_bindgen_macro v0.6.5
[INFO] [stderr]    Compiling dioxus-stores-macro v0.8.0-alpha.0
[INFO] [stderr]    Compiling dioxus-router-macro v0.8.0-alpha.0
[INFO] [stderr]    Compiling dioprism-resume-macro v0.2.0-alpha.1
[INFO] [stderr]    Compiling futures-util v0.3.32
[INFO] [stderr]    Compiling pin-project v1.1.12
[INFO] [stderr]    Compiling thiserror v2.0.18
[INFO] [stderr]    Compiling tracing v0.1.44
[INFO] [stderr]    Compiling tungstenite v0.28.0
[INFO] [stderr]    Compiling dioxus-core-macro v0.8.0-alpha.0
[INFO] [stderr]    Compiling zerofrom v0.1.7
[INFO] [stderr]    Compiling generational-box v0.8.0-alpha.0
[INFO] [stderr]    Compiling warnings v0.2.1
[INFO] [stderr]    Compiling yoke v0.8.2
[INFO] [stderr]    Compiling zerovec v0.11.6
[INFO] [stderr]    Compiling zerotrie v0.2.4
[INFO] [stderr]    Compiling tinystr v0.8.3
[INFO] [stderr]    Compiling potential_utf v0.1.5
[INFO] [stderr]    Compiling icu_collections v2.2.0
[INFO] [stderr]    Compiling icu_locale_core v2.2.0
[INFO] [stderr]    Compiling darling_macro v0.21.3
[INFO] [stderr]    Compiling darling v0.21.3
[INFO] [stderr]    Compiling enumset_derive v0.15.0
[INFO] [stderr]    Compiling serde v1.0.228
[INFO] [stderr]    Compiling enumset v1.1.13
[INFO] [stderr]    Compiling icu_provider v2.2.0
[INFO] [stderr]    Compiling subsecond-types v0.8.0-alpha.0
[INFO] [stderr]    Compiling dioprism-motion v0.2.0-alpha.1
[INFO] [stderr]    Compiling dioprism-core v0.2.0-alpha.1
[INFO] [stderr]    Compiling wasm-bindgen-macro v0.2.123
[INFO] [stderr]    Compiling subsecond v0.8.0-alpha.0
[INFO] [stderr]    Compiling icu_properties v2.2.0
[INFO] [stderr]    Compiling icu_normalizer v2.2.0
[INFO] [stderr]    Compiling dioxus-core v0.8.0-alpha.0
[INFO] [stderr]    Compiling idna_adapter v1.2.2
[INFO] [stderr]    Compiling idna v1.1.0
[INFO] [stderr]    Compiling js-sys v0.3.100
[INFO] [stderr]    Compiling dioxus-cli-config v0.8.0-alpha.0
[INFO] [stderr]    Compiling sledgehammer_bindgen v0.6.0
[INFO] [stderr]    Compiling url v2.5.8
[INFO] [stderr]    Compiling dioxus-signals v0.8.0-alpha.0
[INFO] [stderr]    Compiling dioxus-history v0.8.0-alpha.0
[INFO] [stderr]    Compiling dioxus-devtools-types v0.8.0-alpha.0
[INFO] [stderr]    Compiling dioxus-hooks v0.8.0-alpha.0
[INFO] [stderr]    Compiling dioxus-devtools v0.8.0-alpha.0
[INFO] [stderr]    Compiling dioxus-stores v0.8.0-alpha.0
[INFO] [stderr]    Compiling dioxus-html v0.8.0-alpha.0
[INFO] [stderr]    Compiling dioxus-router v0.8.0-alpha.0
[INFO] [stderr]    Compiling web-sys v0.3.100
[INFO] [stderr]    Compiling wasm-bindgen-futures v0.4.73
[INFO] [stderr]    Compiling serde-wasm-bindgen v0.6.5
[INFO] [stderr]    Compiling wasm-streams v0.4.2
[INFO] [stderr]    Compiling dioxus v0.8.0-alpha.0
[INFO] [stderr]    Compiling dioprism-native-port v0.2.0-alpha.1
[INFO] [stderr]    Compiling dioprism-runtime v0.2.0-alpha.1
[INFO] [stderr]    Compiling dioprism-resume v0.2.0-alpha.1
[INFO] [stderr]    Compiling dioprism-viewtx v0.2.0-alpha.1
[INFO] [stderr]    Compiling dioprism-timeline v0.2.0-alpha.1
[INFO] [stderr]    Compiling dioprism-workertown v0.2.0-alpha.1
[INFO] [stderr]    Compiling dioprism-morph v0.2.0-alpha.1
[INFO] [stderr]    Compiling dioprism-theme v0.2.0-alpha.1
[INFO] [stderr]    Compiling dioprism-textfx v0.2.0-alpha.1
[INFO] [stderr]    Compiling dioprism-shader v0.2.0-alpha.1
[INFO] [stderr]    Compiling dioprism-hoverfx v0.2.0-alpha.1
[INFO] [stderr]    Compiling dioprism-addons v0.2.0-alpha.1 (/opt/rustwide/workdir)
[INFO] [stderr]     Finished `release` profile [optimized] target(s) in 2m 10s
[INFO] running `Command { std: "docker" "inspect" "29bf47b7f96531693eae8059c06199e917f6032bac5316dfee1fec71a059cb14", kill_on_drop: false }`
[INFO] running `Command { std: "docker" "exec" "-e" "SOURCE_DIR=/opt/rustwide/workdir" "-e" "CARGO_HOME=/opt/rustwide/cargo-home" "-e" "RUSTUP_HOME=/opt/rustwide/rustup-home" "-e" "CARGO_TARGET_DIR=/opt/rustwide/target" "-e" "CARGO_INCREMENTAL=0" "-e" "RUST_BACKTRACE=full" "-e" "RUSTFLAGS=--cap-lints=warn" "-e" "RUSTDOCFLAGS=--cap-lints=warn" "-w" "/opt/rustwide/workdir" "--user" "0:0" "29bf47b7f96531693eae8059c06199e917f6032bac5316dfee1fec71a059cb14" "/opt/rustwide/cargo-home/bin/cargo" "+1.100.0-beta.1" "test" "--frozen" "--no-run" "--message-format=json" "--release", kill_on_drop: false }`
[INFO] [stderr]    Compiling dioprism-addons v0.2.0-alpha.1 (/opt/rustwide/workdir)
[INFO] [stderr]     Finished `release` profile [optimized] target(s) in 1.16s
[INFO] running `Command { std: "docker" "inspect" "29bf47b7f96531693eae8059c06199e917f6032bac5316dfee1fec71a059cb14", kill_on_drop: false }`
[INFO] running `Command { std: "docker" "exec" "-e" "SOURCE_DIR=/opt/rustwide/workdir" "-e" "CARGO_HOME=/opt/rustwide/cargo-home" "-e" "RUSTUP_HOME=/opt/rustwide/rustup-home" "-e" "CARGO_TARGET_DIR=/opt/rustwide/target" "-e" "CARGO_INCREMENTAL=0" "-e" "RUST_BACKTRACE=full" "-e" "RUSTFLAGS=--cap-lints=warn" "-e" "RUSTDOCFLAGS=--cap-lints=warn" "-w" "/opt/rustwide/workdir" "--user" "0:0" "29bf47b7f96531693eae8059c06199e917f6032bac5316dfee1fec71a059cb14" "/opt/rustwide/cargo-home/bin/cargo" "+1.100.0-beta.1" "test" "--frozen" "--release", kill_on_drop: false }`
[INFO] [stderr]     Finished `release` profile [optimized] target(s) in 0.42s
[INFO] [stderr]      Running unittests src/lib.rs (/opt/rustwide/target/release/build/dioprism-addons/036537e90469e60f/out/dioprism_addons-036537e90469e60f)
[INFO] [stdout] 
[INFO] [stdout] running 0 tests
[INFO] [stdout] 
[INFO] [stdout] test result: ok. 0 passed; 0 failed; 0 ignored; 0 measured; 0 filtered out; finished in 0.00s
[INFO] [stdout] 
[INFO] [stderr]    Doc-tests dioprism_addons
[INFO] [stdout] 
[INFO] [stdout] running 2 tests
[INFO] [stdout] test src/../README.md - (line 48) ... FAILED
[INFO] [stdout] test src/../README.md - (line 32) ... ok
[INFO] [stdout] 
[INFO] [stdout] failures:
[INFO] [stdout] 
[INFO] [stdout] ---- src/../README.md - (line 48) stdout ----
[INFO] [stdout] error[E0432]: unresolved import `dioprism_addons::theme::ssr`
[INFO] [stdout]   --> src/../README.md:50:5
[INFO] [stdout]    |
[INFO] [stdout] 50 | use dioprism_addons::theme::ssr;
[INFO] [stdout]    |     ^^^^^^^^^^^^^^^^^^^^^^^^---
[INFO] [stdout]    |                             |
[INFO] [stdout]    |                             no `ssr` in `theme`
[INFO] [stdout]    |
[INFO] [stdout] note: found an item that was configured out
[INFO] [stdout]   --> src/lib.rs:89:13
[INFO] [stdout]    |
[INFO] [stdout] 88 |     #[cfg(feature = "theme-ssr")]
[INFO] [stdout]    |           --------------------- the item is gated behind the `theme-ssr` feature
[INFO] [stdout] 89 |     pub mod ssr {
[INFO] [stdout]    |             ^^^
[INFO] [stdout] 
[INFO] [stdout] error[E0432]: unresolved import `dioprism_addons::viewtx::ssr`
[INFO] [stdout]    --> src/../README.md:51:5
[INFO] [stdout]     |
[INFO] [stdout]  51 | use dioprism_addons::viewtx::ssr as viewtx_ssr;
[INFO] [stdout]     |     ^^^^^^^^^^^^^^^^^^^^^^^^^---^^^^^^^^^^^^^^
[INFO] [stdout]     |                              |
[INFO] [stdout]     |                              no `ssr` in `viewtx`
[INFO] [stdout]     |
[INFO] [stdout] note: found an item that was configured out
[INFO] [stdout]    --> src/lib.rs:111:13
[INFO] [stdout]     |
[INFO] [stdout] 110 |     #[cfg(feature = "viewtx-ssr")]
[INFO] [stdout]     |           ---------------------- the item is gated behind the `viewtx-ssr` feature
[INFO] [stdout] 111 |     pub mod ssr {
[INFO] [stdout]     |             ^^^
[INFO] [stdout] 
[INFO] [stdout] error: aborting due to 2 previous errors
[INFO] [stdout] 
[INFO] [stdout] For more information about this error, try `rustc --explain E0432`.
[INFO] [stdout] Couldn't compile the test.
[INFO] [stdout] 
[INFO] [stdout] failures:
[INFO] [stdout]     src/../README.md - (line 48)
[INFO] [stdout] 
[INFO] [stdout] test result: FAILED. 1 passed; 1 failed; 0 ignored; 0 measured; 0 filtered out; finished in 0.36s
[INFO] [stdout] 
[INFO] [stdout] all doctests ran in 0.53s; merged doctests compilation took 0.16s
[INFO] [stderr] error: doctest failed, to rerun pass `--doc`
[INFO] running `Command { std: "docker" "inspect" "29bf47b7f96531693eae8059c06199e917f6032bac5316dfee1fec71a059cb14", kill_on_drop: false }`
[INFO] running `Command { std: "docker" "rm" "-f" "29bf47b7f96531693eae8059c06199e917f6032bac5316dfee1fec71a059cb14", kill_on_drop: false }`
[INFO] [stdout] 29bf47b7f96531693eae8059c06199e917f6032bac5316dfee1fec71a059cb14
