[INFO] fetching crate dingtalk-stream-sdk 0.2.5...
[INFO] testing dingtalk-stream-sdk-0.2.5 against 1.99.0-beta.8+cargoflags=--release for beta-release-1.100-2
[INFO] extracting crate dingtalk-stream-sdk 0.2.5 into /workspace/builds/worker-6-tc1/source
[INFO] started tweaking crates.io crate dingtalk-stream-sdk 0.2.5
[INFO] removed 0 missing examples
[INFO] finished tweaking crates.io crate dingtalk-stream-sdk 0.2.5
[INFO] tweaked toml for crates.io crate dingtalk-stream-sdk 0.2.5 written to /workspace/builds/worker-6-tc1/source/Cargo.toml
[INFO] validating manifest of crates.io crate dingtalk-stream-sdk 0.2.5 on toolchain 1.99.0-beta.8
[INFO] running `Command { std: CARGO_HOME="/workspace/cargo-home" RUSTUP_HOME="/workspace/rustup-home" "/workspace/cargo-home/bin/cargo" "+1.99.0-beta.8" "metadata" "--manifest-path" "Cargo.toml" "--no-deps", kill_on_drop: false }`
[INFO] crate crates.io crate dingtalk-stream-sdk 0.2.5 already has a lockfile, it will not be regenerated
[INFO] running `Command { std: CARGO_HOME="/workspace/cargo-home" RUSTUP_HOME="/workspace/rustup-home" "/workspace/cargo-home/bin/cargo" "+1.99.0-beta.8" "fetch" "--manifest-path" "Cargo.toml", kill_on_drop: false }`
[INFO] [stderr]  Downloading crates ...
[INFO] [stderr]   Downloaded zune-jpeg v0.5.14
[INFO] running `Command { std: "docker" "create" "-v" "/var/lib/crater-agent-workspace/builds/worker-6-tc1/source:/opt/rustwide/workdir:ro,Z" "-v" "/var/lib/crater-agent-workspace/builds/worker-6-tc1/target:/opt/rustwide/target:rw,Z" "-v" "/var/lib/crater-agent-workspace/cargo-home:/opt/rustwide/cargo-home:ro,Z" "-v" "/var/lib/crater-agent-workspace/rustup-home:/opt/rustwide/rustup-home:ro,Z" "-m" "1610612736" "--network" "none" "ghcr.io/rust-lang/crates-build-env/linux@sha256:77db811e55d90add9212f6832c23229e3de5f1c1f9905e8cb07319ea15df73ac" "sleep" "infinity", kill_on_drop: false }`
[INFO] [stdout] 6e30a47335146baf59cfa7616e1e58a0ee981903212e5b0fd730aff4ab1445bc
[INFO] running `Command { std: "docker" "start" "6e30a47335146baf59cfa7616e1e58a0ee981903212e5b0fd730aff4ab1445bc", kill_on_drop: false }`
[INFO] running `Command { std: "docker" "inspect" "6e30a47335146baf59cfa7616e1e58a0ee981903212e5b0fd730aff4ab1445bc", kill_on_drop: false }`
[INFO] running `Command { std: "docker" "exec" "-e" "SOURCE_DIR=/opt/rustwide/workdir" "-e" "CARGO_HOME=/opt/rustwide/cargo-home" "-e" "RUSTUP_HOME=/opt/rustwide/rustup-home" "-e" "CARGO_TARGET_DIR=/opt/rustwide/target" "-w" "/opt/rustwide/workdir" "--user" "0:0" "6e30a47335146baf59cfa7616e1e58a0ee981903212e5b0fd730aff4ab1445bc" "/opt/rustwide/cargo-home/bin/cargo" "+1.99.0-beta.8" "metadata" "--no-deps" "--format-version=1", kill_on_drop: false }`
[INFO] running `Command { std: "docker" "inspect" "6e30a47335146baf59cfa7616e1e58a0ee981903212e5b0fd730aff4ab1445bc", kill_on_drop: false }`
[INFO] running `Command { std: "docker" "exec" "-e" "SOURCE_DIR=/opt/rustwide/workdir" "-e" "CARGO_HOME=/opt/rustwide/cargo-home" "-e" "RUSTUP_HOME=/opt/rustwide/rustup-home" "-e" "CARGO_TARGET_DIR=/opt/rustwide/target" "-e" "CARGO_INCREMENTAL=0" "-e" "RUST_BACKTRACE=full" "-e" "RUSTFLAGS=--cap-lints=warn" "-e" "RUSTDOCFLAGS=--cap-lints=warn" "-w" "/opt/rustwide/workdir" "--user" "0:0" "6e30a47335146baf59cfa7616e1e58a0ee981903212e5b0fd730aff4ab1445bc" "/opt/rustwide/cargo-home/bin/cargo" "+1.99.0-beta.8" "build" "--frozen" "--message-format=json" "--release", kill_on_drop: false }`
[INFO] [stderr]    Compiling libc v0.2.183
[INFO] [stderr]    Compiling parking_lot_core v0.9.12
[INFO] [stderr]    Compiling mio v1.2.0
[INFO] [stderr]    Compiling tokio-macros v2.7.0
[INFO] [stderr]    Compiling aws-lc-rs v1.16.3
[INFO] [stderr]    Compiling http v1.4.0
[INFO] [stderr]    Compiling rustls v0.23.39
[INFO] [stderr]    Compiling zerocopy v0.8.47
[INFO] [stderr]    Compiling futures-util v0.3.32
[INFO] [stderr]    Compiling indexmap v2.14.0
[INFO] [stderr]    Compiling tracing v0.1.44
[INFO] [stderr]    Compiling parking_lot v0.12.5
[INFO] [stderr]    Compiling tokio v1.52.1
[INFO] [stderr]    Compiling getrandom v0.3.4
[INFO] [stderr]    Compiling rand_core v0.9.5
[INFO] [stderr]    Compiling jobserver v0.1.34
[INFO] [stderr]    Compiling http-body v1.0.1
[INFO] [stderr]    Compiling cc v1.2.57
[INFO] [stderr]    Compiling unicase v2.9.0
[INFO] [stderr]    Compiling log v0.4.29
[INFO] [stderr]    Compiling digest v0.10.7
[INFO] [stderr]    Compiling mime_guess v2.0.5
[INFO] [stderr]    Compiling rustls-native-certs v0.8.3
[INFO] [stderr]    Compiling sha1 v0.10.6
[INFO] [stderr]    Compiling webpki-roots v1.0.7
[INFO] [stderr]    Compiling iri-string v0.7.12
[INFO] [stderr]    Compiling data-encoding v2.10.0
[INFO] [stderr]    Compiling serde_urlencoded v0.7.1
[INFO] [stderr]    Compiling cmake v0.1.58
[INFO] [stderr]    Compiling webpki-roots v0.26.11
[INFO] [stderr]    Compiling http-body-util v0.1.3
[INFO] [stderr]    Compiling chrono v0.4.44
[INFO] [stderr]    Compiling async-trait v0.1.89
[INFO] [stderr]    Compiling aws-lc-sys v0.40.0
[INFO] [stderr]    Compiling md5 v0.8.0
[INFO] [stderr]    Compiling ppv-lite86 v0.2.21
[INFO] [stderr]    Compiling rand_chacha v0.9.0
[INFO] [stderr]    Compiling rand v0.9.2
[INFO] [stderr]    Compiling tokio-util v0.7.18
[INFO] [stderr]    Compiling tower v0.5.3
[INFO] [stderr]    Compiling h2 v0.4.13
[INFO] [stderr]    Compiling tower-http v0.6.8
[INFO] [stderr]    Compiling hyper v1.9.0
[INFO] [stderr]    Compiling hyper-util v0.1.20
[INFO] [stderr]    Compiling rustls-webpki v0.103.13
[INFO] [stderr]    Compiling tokio-rustls v0.26.4
[INFO] [stderr]    Compiling tungstenite v0.29.0
[INFO] [stderr]    Compiling rustls-platform-verifier v0.6.2
[INFO] [stderr]    Compiling hyper-rustls v0.27.9
[INFO] [stderr]    Compiling reqwest v0.13.2
[INFO] [stderr]    Compiling tokio-tungstenite v0.29.0
[INFO] [stderr]    Compiling dingtalk-stream-sdk v0.2.5 (/opt/rustwide/workdir)
[INFO] [stderr]     Finished `release` profile [optimized] target(s) in 3m 46s
[INFO] running `Command { std: "docker" "inspect" "6e30a47335146baf59cfa7616e1e58a0ee981903212e5b0fd730aff4ab1445bc", kill_on_drop: false }`
[INFO] running `Command { std: "docker" "exec" "-e" "SOURCE_DIR=/opt/rustwide/workdir" "-e" "CARGO_HOME=/opt/rustwide/cargo-home" "-e" "RUSTUP_HOME=/opt/rustwide/rustup-home" "-e" "CARGO_TARGET_DIR=/opt/rustwide/target" "-e" "CARGO_INCREMENTAL=0" "-e" "RUST_BACKTRACE=full" "-e" "RUSTFLAGS=--cap-lints=warn" "-e" "RUSTDOCFLAGS=--cap-lints=warn" "-w" "/opt/rustwide/workdir" "--user" "0:0" "6e30a47335146baf59cfa7616e1e58a0ee981903212e5b0fd730aff4ab1445bc" "/opt/rustwide/cargo-home/bin/cargo" "+1.99.0-beta.8" "test" "--frozen" "--no-run" "--message-format=json" "--release", kill_on_drop: false }`
[INFO] [stderr]    Compiling aho-corasick v1.1.4
[INFO] [stderr]    Compiling regex-syntax v0.8.10
[INFO] [stderr]    Compiling tungstenite v0.29.0
[INFO] [stderr]    Compiling rustls-platform-verifier v0.6.2
[INFO] [stderr]    Compiling anstream v1.0.0
[INFO] [stderr]    Compiling jiff v0.2.23
[INFO] [stderr]    Compiling reqwest v0.13.2
[INFO] [stderr]    Compiling tokio-tungstenite v0.29.0
[INFO] [stderr]    Compiling regex-automata v0.4.14
[INFO] [stderr]    Compiling dingtalk-stream-sdk v0.2.5 (/opt/rustwide/workdir)
[INFO] [stderr]    Compiling regex v1.12.3
[INFO] [stderr]    Compiling env_filter v1.0.1
[INFO] [stderr]    Compiling env_logger v0.11.10
[INFO] [stderr]     Finished `release` profile [optimized] target(s) in 1m 52s
[INFO] running `Command { std: "docker" "inspect" "6e30a47335146baf59cfa7616e1e58a0ee981903212e5b0fd730aff4ab1445bc", kill_on_drop: false }`
[INFO] running `Command { std: "docker" "exec" "-e" "SOURCE_DIR=/opt/rustwide/workdir" "-e" "CARGO_HOME=/opt/rustwide/cargo-home" "-e" "RUSTUP_HOME=/opt/rustwide/rustup-home" "-e" "CARGO_TARGET_DIR=/opt/rustwide/target" "-e" "CARGO_INCREMENTAL=0" "-e" "RUST_BACKTRACE=full" "-e" "RUSTFLAGS=--cap-lints=warn" "-e" "RUSTDOCFLAGS=--cap-lints=warn" "-w" "/opt/rustwide/workdir" "--user" "0:0" "6e30a47335146baf59cfa7616e1e58a0ee981903212e5b0fd730aff4ab1445bc" "/opt/rustwide/cargo-home/bin/cargo" "+1.99.0-beta.8" "test" "--frozen" "--release", kill_on_drop: false }`
[INFO] [stderr]     Finished `release` profile [optimized] target(s) in 0.35s
[INFO] [stderr]      Running unittests src/lib.rs (/opt/rustwide/target/release/deps/dingtalk_stream-21b860d55fadc39a)
[INFO] [stdout] 
[INFO] [stdout] running 6 tests
[INFO] [stdout] test frames::down_message::callback_message::tests::test_picture_parse ... ok
[INFO] [stdout] test utils::tests::test_build_url_with_params ... ok
[INFO] [stdout] test frames::down_message::callback_message::tests::test_text_parse ... ok
[INFO] [stdout] test frames::down_message::callback_message::tests::test_rich_text_parse ... ok
[INFO] [stdout] test utils::tests::test_url_encoding ... ok
[INFO] [stdout] test frames::down_message::callback_message::tests::test_file_parse ... ok
[INFO] [stdout] 
[INFO] [stdout] test result: ok. 6 passed; 0 failed; 0 ignored; 0 measured; 0 filtered out; finished in 0.00s
[INFO] [stdout] 
[INFO] [stderr]    Doc-tests dingtalk_stream
[INFO] [stdout] 
[INFO] [stdout] running 1 test
[INFO] [stdout] test src/lib.rs - (line 7) ... FAILED
[INFO] [stdout] 
[INFO] [stdout] failures:
[INFO] [stdout] 
[INFO] [stdout] ---- src/lib.rs - (line 7) stdout ----
[INFO] [stdout] error[E0432]: unresolved imports `dingtalk_stream::CallbackHandler`, `dingtalk_stream::MessageTopic`
[INFO] [stdout]  --> src/lib.rs:9:51
[INFO] [stdout]   |
[INFO] [stdout] 9 | use dingtalk_stream::{Credential, DingTalkStream, CallbackHandler, MessageTopic, TOPIC_ROBOT};
[INFO] [stdout]   |                                                   ^^^^^^^^^^^^^^^  ^^^^^^^^^^^^ no `MessageTopic` in the root
[INFO] [stdout]   |                                                   |
[INFO] [stdout]   |                                                   no `CallbackHandler` in the root
[INFO] [stdout] 
[INFO] [stdout] error[E0432]: unresolved imports `dingtalk_stream::frames::CallbackMessage`, `dingtalk_stream::frames::CallbackWebhookMessage`
[INFO] [stdout]   --> src/lib.rs:12:31
[INFO] [stdout]    |
[INFO] [stdout] 12 | use dingtalk_stream::frames::{CallbackMessage, CallbackWebhookMessage};
[INFO] [stdout]    |                               ^^^^^^^^^^^^^^^  ^^^^^^^^^^^^^^^^^^^^^^ no `CallbackWebhookMessage` in `frames`
[INFO] [stdout]    |                               |
[INFO] [stdout]    |                               no `CallbackMessage` in `frames`
[INFO] [stdout] 
[INFO] [stdout] error[E0107]: enum takes 2 generic arguments but 1 generic argument was supplied
[INFO] [stdout]   --> src/lib.rs:31:20
[INFO] [stdout]    |
[INFO] [stdout] 31 | async fn main() -> Result<()> {
[INFO] [stdout]    |                    ^^^^^^ -- supplied 1 generic argument
[INFO] [stdout]    |                    |
[INFO] [stdout]    |                    expected 2 generic arguments
[INFO] [stdout]    |
[INFO] [stdout] help: add missing generic argument
[INFO] [stdout]    |
[INFO] [stdout] 31 | async fn main() -> Result<(), E> {
[INFO] [stdout]    |                             +++
[INFO] [stdout] 
[INFO] [stdout] error: aborting due to 3 previous errors
[INFO] [stdout] 
[INFO] [stdout] Some errors have detailed explanations: E0107, E0432.
[INFO] [stdout] For more information about an error, try `rustc --explain E0107`.
[INFO] [stdout] Couldn't compile the test.
[INFO] [stdout] 
[INFO] [stdout] failures:
[INFO] [stdout]     src/lib.rs - (line 7)
[INFO] [stdout] 
[INFO] [stdout] test result: FAILED. 0 passed; 1 failed; 0 ignored; 0 measured; 0 filtered out; finished in 0.14s
[INFO] [stdout] 
[INFO] [stderr] error: doctest failed, to rerun pass `--doc`
[INFO] running `Command { std: "docker" "inspect" "6e30a47335146baf59cfa7616e1e58a0ee981903212e5b0fd730aff4ab1445bc", kill_on_drop: false }`
[INFO] running `Command { std: "docker" "rm" "-f" "6e30a47335146baf59cfa7616e1e58a0ee981903212e5b0fd730aff4ab1445bc", kill_on_drop: false }`
[INFO] [stdout] 6e30a47335146baf59cfa7616e1e58a0ee981903212e5b0fd730aff4ab1445bc
