[INFO] fetching crate dinghy-lib 0.8.6...
[INFO] testing dinghy-lib-0.8.6 against 1.99.0-beta.8+cargoflags=--release for beta-release-1.100-2
[INFO] extracting crate dinghy-lib 0.8.6 into /workspace/builds/worker-2-tc1/source
[INFO] started tweaking crates.io crate dinghy-lib 0.8.6
[INFO] finished tweaking crates.io crate dinghy-lib 0.8.6
[INFO] tweaked toml for crates.io crate dinghy-lib 0.8.6 written to /workspace/builds/worker-2-tc1/source/Cargo.toml
[INFO] validating manifest of crates.io crate dinghy-lib 0.8.6 on toolchain 1.99.0-beta.8
[INFO] running `Command { std: CARGO_HOME="/workspace/cargo-home" RUSTUP_HOME="/workspace/rustup-home" "/workspace/cargo-home/bin/cargo" "+1.99.0-beta.8" "metadata" "--manifest-path" "Cargo.toml" "--no-deps", kill_on_drop: false }`
[INFO] crate crates.io crate dinghy-lib 0.8.6 already has a lockfile, it will not be regenerated
[INFO] running `Command { std: CARGO_HOME="/workspace/cargo-home" RUSTUP_HOME="/workspace/rustup-home" "/workspace/cargo-home/bin/cargo" "+1.99.0-beta.8" "fetch" "--manifest-path" "Cargo.toml", kill_on_drop: false }`
[INFO] [stderr]     Updating crates.io index
[INFO] [stderr]  Downloading crates ...
[INFO] [stderr]   Downloaded shell-escape v0.1.5
[INFO] [stderr]   Downloaded cargo_metadata v0.14.0
[INFO] [stderr]   Downloaded which v4.0.2
[INFO] [stderr]   Downloaded dinghy-build v0.8.6
[INFO] [stderr]   Downloaded camino v1.2.4
[INFO] running `Command { std: "docker" "create" "-v" "/var/lib/crater-agent-workspace/builds/worker-2-tc1/source:/opt/rustwide/workdir:ro,Z" "-v" "/var/lib/crater-agent-workspace/builds/worker-2-tc1/target:/opt/rustwide/target:rw,Z" "-v" "/var/lib/crater-agent-workspace/cargo-home:/opt/rustwide/cargo-home:ro,Z" "-v" "/var/lib/crater-agent-workspace/rustup-home:/opt/rustwide/rustup-home:ro,Z" "-m" "1610612736" "--network" "none" "ghcr.io/rust-lang/crates-build-env/linux@sha256:77db811e55d90add9212f6832c23229e3de5f1c1f9905e8cb07319ea15df73ac" "sleep" "infinity", kill_on_drop: false }`
[INFO] [stdout] 06b52efad785c8f937200970229a696e60ef023425864c95b96c8aa372eaee94
[INFO] running `Command { std: "docker" "start" "06b52efad785c8f937200970229a696e60ef023425864c95b96c8aa372eaee94", kill_on_drop: false }`
[INFO] running `Command { std: "docker" "inspect" "06b52efad785c8f937200970229a696e60ef023425864c95b96c8aa372eaee94", kill_on_drop: false }`
[INFO] running `Command { std: "docker" "exec" "-e" "SOURCE_DIR=/opt/rustwide/workdir" "-e" "CARGO_HOME=/opt/rustwide/cargo-home" "-e" "RUSTUP_HOME=/opt/rustwide/rustup-home" "-e" "CARGO_TARGET_DIR=/opt/rustwide/target" "-w" "/opt/rustwide/workdir" "--user" "0:0" "06b52efad785c8f937200970229a696e60ef023425864c95b96c8aa372eaee94" "/opt/rustwide/cargo-home/bin/cargo" "+1.99.0-beta.8" "metadata" "--no-deps" "--format-version=1", kill_on_drop: false }`
[INFO] running `Command { std: "docker" "inspect" "06b52efad785c8f937200970229a696e60ef023425864c95b96c8aa372eaee94", kill_on_drop: false }`
[INFO] running `Command { std: "docker" "exec" "-e" "SOURCE_DIR=/opt/rustwide/workdir" "-e" "CARGO_HOME=/opt/rustwide/cargo-home" "-e" "RUSTUP_HOME=/opt/rustwide/rustup-home" "-e" "CARGO_TARGET_DIR=/opt/rustwide/target" "-e" "CARGO_INCREMENTAL=0" "-e" "RUST_BACKTRACE=full" "-e" "RUSTFLAGS=--cap-lints=warn" "-e" "RUSTDOCFLAGS=--cap-lints=warn" "-w" "/opt/rustwide/workdir" "--user" "0:0" "06b52efad785c8f937200970229a696e60ef023425864c95b96c8aa372eaee94" "/opt/rustwide/cargo-home/bin/cargo" "+1.99.0-beta.8" "build" "--frozen" "--message-format=json" "--release", kill_on_drop: false }`
[INFO] [stderr]    Compiling serde_core v1.0.228
[INFO] [stderr]    Compiling syn v2.0.118
[INFO] [stderr]    Compiling crossbeam-utils v0.8.22
[INFO] [stderr]    Compiling crossbeam-epoch v0.9.20
[INFO] [stderr]    Compiling zmij v1.0.22
[INFO] [stderr]    Compiling crossbeam-deque v0.8.7
[INFO] [stderr]    Compiling camino v1.2.4
[INFO] [stderr]    Compiling aho-corasick v1.1.4
[INFO] [stderr]    Compiling serde_json v1.0.150
[INFO] [stderr]    Compiling fs-err v2.11.0
[INFO] [stderr]    Compiling bstr v1.12.3
[INFO] [stderr]    Compiling find-msvc-tools v0.1.9
[INFO] [stderr]    Compiling bitflags v2.13.0
[INFO] [stderr]    Compiling shlex v2.0.1
[INFO] [stderr]    Compiling winnow v0.5.40
[INFO] [stderr]    Compiling time v0.3.53
[INFO] [stderr]    Compiling dirs-sys v0.4.1
[INFO] [stderr]    Compiling cc v1.2.67
[INFO] [stderr]    Compiling quick-xml v0.41.0
[INFO] [stderr]    Compiling rustix v1.1.4
[INFO] [stderr]    Compiling dinghy-lib v0.8.6 (/opt/rustwide/workdir)
[INFO] [stderr]    Compiling either v1.16.0
[INFO] [stderr]    Compiling colored v2.2.0
[INFO] [stderr]    Compiling dirs v5.0.1
[INFO] [stderr]    Compiling itertools v0.10.5
[INFO] [stderr]    Compiling shellexpand v3.1.2
[INFO] [stderr]    Compiling filetime v0.2.29
[INFO] [stderr]    Compiling json v0.12.4
[INFO] [stderr]    Compiling shell-escape v0.1.5
[INFO] [stderr]    Compiling dinghy-build v0.8.6
[INFO] [stderr]    Compiling regex-automata v0.4.15
[INFO] [stderr]    Compiling serde_derive v1.0.228
[INFO] [stderr]    Compiling thiserror-impl v1.0.69
[INFO] [stderr]    Compiling thiserror v1.0.69
[INFO] [stderr]    Compiling tempfile v3.27.0
[INFO] [stderr]    Compiling which v4.0.2
[INFO] [stderr]    Compiling semver v1.0.28
[INFO] [stderr]    Compiling serde v1.0.228
[INFO] [stderr]    Compiling globset v0.4.18
[INFO] [stderr]    Compiling regex v1.13.0
[INFO] [stderr]    Compiling ignore v0.4.28
[INFO] [stderr]    Compiling serde_spanned v0.6.9
[INFO] [stderr]    Compiling toml_datetime v0.6.11
[INFO] [stderr]    Compiling cargo-platform v0.1.8
[INFO] [stderr]    Compiling plist v1.10.0
[INFO] [stderr]    Compiling toml_edit v0.19.15
[INFO] [stderr]    Compiling cargo_metadata v0.14.0
[INFO] [stderr]    Compiling toml v0.7.8
[INFO] [stderr]     Finished `release` profile [optimized] target(s) in 57.73s
[INFO] running `Command { std: "docker" "inspect" "06b52efad785c8f937200970229a696e60ef023425864c95b96c8aa372eaee94", kill_on_drop: false }`
[INFO] running `Command { std: "docker" "exec" "-e" "SOURCE_DIR=/opt/rustwide/workdir" "-e" "CARGO_HOME=/opt/rustwide/cargo-home" "-e" "RUSTUP_HOME=/opt/rustwide/rustup-home" "-e" "CARGO_TARGET_DIR=/opt/rustwide/target" "-e" "CARGO_INCREMENTAL=0" "-e" "RUST_BACKTRACE=full" "-e" "RUSTFLAGS=--cap-lints=warn" "-e" "RUSTDOCFLAGS=--cap-lints=warn" "-w" "/opt/rustwide/workdir" "--user" "0:0" "06b52efad785c8f937200970229a696e60ef023425864c95b96c8aa372eaee94" "/opt/rustwide/cargo-home/bin/cargo" "+1.99.0-beta.8" "test" "--frozen" "--no-run" "--message-format=json" "--release", kill_on_drop: false }`
[INFO] [stderr]    Compiling dinghy-lib v0.8.6 (/opt/rustwide/workdir)
[INFO] [stderr]     Finished `release` profile [optimized] target(s) in 5.80s
[INFO] running `Command { std: "docker" "inspect" "06b52efad785c8f937200970229a696e60ef023425864c95b96c8aa372eaee94", kill_on_drop: false }`
[INFO] running `Command { std: "docker" "exec" "-e" "SOURCE_DIR=/opt/rustwide/workdir" "-e" "CARGO_HOME=/opt/rustwide/cargo-home" "-e" "RUSTUP_HOME=/opt/rustwide/rustup-home" "-e" "CARGO_TARGET_DIR=/opt/rustwide/target" "-e" "CARGO_INCREMENTAL=0" "-e" "RUST_BACKTRACE=full" "-e" "RUSTFLAGS=--cap-lints=warn" "-e" "RUSTDOCFLAGS=--cap-lints=warn" "-w" "/opt/rustwide/workdir" "--user" "0:0" "06b52efad785c8f937200970229a696e60ef023425864c95b96c8aa372eaee94" "/opt/rustwide/cargo-home/bin/cargo" "+1.99.0-beta.8" "test" "--frozen" "--release", kill_on_drop: false }`
[INFO] [stderr]     Finished `release` profile [optimized] target(s) in 0.08s
[INFO] [stderr]      Running unittests src/lib.rs (/opt/rustwide/target/release/deps/dinghy_lib-aded32ff00ef710a)
[INFO] [stdout] 
[INFO] [stdout] running 5 tests
[INFO] [stdout] test android::tests::test_find_non_legacy_ndk ... ok
[INFO] [stdout] test android::tests::test_find_non_legacy_ndk_on_non_existing_directory ... ok
[INFO] [stderr] error: test failed, to rerun pass `--lib`
[INFO] [stdout] test config::tests::load_config_with_str_test_data ... FAILED
[INFO] [stdout] test platform::regular_platform::tests::deb_multiarch_yields_a_system_toolchain ... ok
[INFO] [stdout] test platform::regular_platform::tests::toolchain_less_platform_assembles_for_remote_run ... ok
[INFO] [stdout] 
[INFO] [stdout] failures:
[INFO] [stdout] 
[INFO] [stdout] ---- config::tests::load_config_with_str_test_data stdout ----
[INFO] [stdout] 
[INFO] [stdout] thread 'config::tests::load_config_with_str_test_data' (1222) panicked at src/config.rs:244:46:
[INFO] [stdout] called `Result::unwrap()` on an `Err` value: Reading "/opt/rustwide/workdir/../test-ws/test-app/.dinghy.toml"
[INFO] [stdout] 
[INFO] [stdout] Caused by:
[INFO] [stdout]     No such file or directory (os error 2)
[INFO] [stdout] 
[INFO] [stdout] Stack backtrace:
[INFO] [stdout]    0: <core::io::error::Error as anyhow::context::ext::StdError>::ext_context::<alloc::string::String>
[INFO] [stdout]    1: dinghy_lib::config::read_config_file::<std::path::PathBuf>
[INFO] [stdout]    2: dinghy_lib::config::tests::load_config_with_str_test_data
[INFO] [stdout]    3: <dinghy_lib::config::tests::load_config_with_str_test_data::{closure#0} as core::ops::function::FnOnce<()>>::call_once
[INFO] [stdout]    4: test::__rust_begin_short_backtrace::<core::result::Result<(), alloc::string::String>, fn() -> core::result::Result<(), alloc::string::String>>
[INFO] [stdout]    5: test::run_test::{closure#0}
[INFO] [stdout]    6: std::sys::backtrace::__rust_begin_short_backtrace::<test::run_test::{closure#1}, ()>
[INFO] [stdout]    7: <std::thread::lifecycle::spawn_unchecked<test::run_test::{closure#1}, ()>::{closure#1} as core::ops::function::FnOnce<()>>::call_once::{shim:vtable#0}
[INFO] [stdout]    8: <std::sys::thread::unix::Thread>::new::thread_start
[INFO] [stdout]    9: <unknown>
[INFO] [stdout]   10: clone
[INFO] [stdout] stack backtrace:
[INFO] [stdout]    0:     0x648f2b2d20c1 - <<std[70759c8f55707aa4]::sys::backtrace::BacktraceLock>::print::DisplayBacktrace as core[df12db4294e9bfd3]::fmt::Display>::fmt
[INFO] [stdout]    1:     0x648f2b2e8f5a - core[df12db4294e9bfd3]::fmt::write
[INFO] [stdout]    2:     0x648f2b2d822c - <alloc[2182bb758b4b3781]::vec::Vec<u8> as core[df12db4294e9bfd3]::io::write::Write>::write_fmt
[INFO] [stdout]    3:     0x648f2b2aad36 - std[70759c8f55707aa4]::panicking::default_hook::{closure#0}
[INFO] [stdout]    4:     0x648f2b2c8a29 - std[70759c8f55707aa4]::panicking::default_hook
[INFO] [stdout]    5:     0x648f2b256540 - test[9d35eded1c95d3be]::test_main_inner::<test[9d35eded1c95d3be]::test_main_static::{closure#0}>::{closure#0}
[INFO] [stdout]    6:     0x648f2b2c8be2 - std[70759c8f55707aa4]::panicking::panic_with_hook
[INFO] [stdout]    7:     0x648f2b2aade2 - std[70759c8f55707aa4]::panicking::panic_handler::{closure#0}
[INFO] [stdout]    8:     0x648f2b2a30f9 - std[70759c8f55707aa4]::sys::backtrace::__rust_end_short_backtrace::<std[70759c8f55707aa4]::panicking::panic_handler::{closure#0}, !>
[INFO] [stdout]    9:     0x648f2b2abc4d - __rustc[8fa7c3cbc660c2b3]::rust_begin_unwind
[INFO] [stdout]   10:     0x648f2b2e968c - core[df12db4294e9bfd3]::panicking::panic_fmt
[INFO] [stdout]   11:     0x648f2b2e9462 - core[df12db4294e9bfd3]::result::unwrap_failed
[INFO] [stdout]   12:     0x648f2b2169e7 - dinghy_lib[f392505ce04045a3]::config::tests::load_config_with_str_test_data
[INFO] [stdout]   13:     0x648f2b20f7c9 - <dinghy_lib[f392505ce04045a3]::config::tests::load_config_with_str_test_data::{closure#0} as core[df12db4294e9bfd3]::ops::function::FnOnce<()>>::call_once
[INFO] [stdout]   14:     0x648f2b24982b - test[9d35eded1c95d3be]::__rust_begin_short_backtrace::<core[df12db4294e9bfd3]::result::Result<(), alloc[2182bb758b4b3781]::string::String>, fn() -> core[df12db4294e9bfd3]::result::Result<(), alloc[2182bb758b4b3781]::string::String>>
[INFO] [stdout]   15:     0x648f2b256e95 - test[9d35eded1c95d3be]::run_test::{closure#0}
[INFO] [stdout]   16:     0x648f2b250754 - std[70759c8f55707aa4]::sys::backtrace::__rust_begin_short_backtrace::<test[9d35eded1c95d3be]::run_test::{closure#1}, ()>
[INFO] [stdout]   17:     0x648f2b259ff2 - <std[70759c8f55707aa4]::thread::lifecycle::spawn_unchecked<test[9d35eded1c95d3be]::run_test::{closure#1}, ()>::{closure#1} as core[df12db4294e9bfd3]::ops::function::FnOnce<()>>::call_once::{shim:vtable#0}
[INFO] [stdout]   18:     0x648f2b2d14e9 - <std[70759c8f55707aa4]::sys::thread::unix::Thread>::new::thread_start
[INFO] [stdout]   19:     0x7bbc2ceabdfa - <unknown>
[INFO] [stdout]   20:     0x7bbc2cf3f3d4 - clone
[INFO] [stdout]   21:                0x0 - <unknown>
[INFO] [stdout] 
[INFO] [stdout] 
[INFO] [stdout] failures:
[INFO] [stdout]     config::tests::load_config_with_str_test_data
[INFO] [stdout] 
[INFO] [stdout] test result: FAILED. 4 passed; 1 failed; 0 ignored; 0 measured; 0 filtered out; finished in 0.01s
[INFO] [stdout] 
[INFO] running `Command { std: "docker" "inspect" "06b52efad785c8f937200970229a696e60ef023425864c95b96c8aa372eaee94", kill_on_drop: false }`
[INFO] running `Command { std: "docker" "rm" "-f" "06b52efad785c8f937200970229a696e60ef023425864c95b96c8aa372eaee94", kill_on_drop: false }`
[INFO] [stdout] 06b52efad785c8f937200970229a696e60ef023425864c95b96c8aa372eaee94
