[INFO] fetching crate digdigdig3-core 0.3.32...
[INFO] testing digdigdig3-core-0.3.32 against 1.99.0-beta.8+cargoflags=--release for beta-release-1.100-2
[INFO] extracting crate digdigdig3-core 0.3.32 into /workspace/builds/worker-3-tc1/source
[INFO] started tweaking crates.io crate digdigdig3-core 0.3.32
[INFO] finished tweaking crates.io crate digdigdig3-core 0.3.32
[INFO] tweaked toml for crates.io crate digdigdig3-core 0.3.32 written to /workspace/builds/worker-3-tc1/source/Cargo.toml
[INFO] validating manifest of crates.io crate digdigdig3-core 0.3.32 on toolchain 1.99.0-beta.8
[INFO] running `Command { std: CARGO_HOME="/workspace/cargo-home" RUSTUP_HOME="/workspace/rustup-home" "/workspace/cargo-home/bin/cargo" "+1.99.0-beta.8" "metadata" "--manifest-path" "Cargo.toml" "--no-deps", kill_on_drop: false }`
[INFO] crate crates.io crate digdigdig3-core 0.3.32 already has a lockfile, it will not be regenerated
[INFO] running `Command { std: CARGO_HOME="/workspace/cargo-home" RUSTUP_HOME="/workspace/rustup-home" "/workspace/cargo-home/bin/cargo" "+1.99.0-beta.8" "fetch" "--manifest-path" "Cargo.toml", kill_on_drop: false }`
[INFO] running `Command { std: "docker" "create" "-v" "/var/lib/crater-agent-workspace/builds/worker-3-tc1/source:/opt/rustwide/workdir:ro,Z" "-v" "/var/lib/crater-agent-workspace/builds/worker-3-tc1/target:/opt/rustwide/target:rw,Z" "-v" "/var/lib/crater-agent-workspace/cargo-home:/opt/rustwide/cargo-home:ro,Z" "-v" "/var/lib/crater-agent-workspace/rustup-home:/opt/rustwide/rustup-home:ro,Z" "-m" "1610612736" "--network" "none" "ghcr.io/rust-lang/crates-build-env/linux@sha256:77db811e55d90add9212f6832c23229e3de5f1c1f9905e8cb07319ea15df73ac" "sleep" "infinity", kill_on_drop: false }`
[INFO] [stdout] a5abdcad04569255a7d4ac08d98338aa46b13add84e93d465793d71a8da9f643
[INFO] running `Command { std: "docker" "start" "a5abdcad04569255a7d4ac08d98338aa46b13add84e93d465793d71a8da9f643", kill_on_drop: false }`
[INFO] running `Command { std: "docker" "inspect" "a5abdcad04569255a7d4ac08d98338aa46b13add84e93d465793d71a8da9f643", kill_on_drop: false }`
[INFO] running `Command { std: "docker" "exec" "-e" "SOURCE_DIR=/opt/rustwide/workdir" "-e" "CARGO_HOME=/opt/rustwide/cargo-home" "-e" "RUSTUP_HOME=/opt/rustwide/rustup-home" "-e" "CARGO_TARGET_DIR=/opt/rustwide/target" "-w" "/opt/rustwide/workdir" "--user" "0:0" "a5abdcad04569255a7d4ac08d98338aa46b13add84e93d465793d71a8da9f643" "/opt/rustwide/cargo-home/bin/cargo" "+1.99.0-beta.8" "metadata" "--no-deps" "--format-version=1", kill_on_drop: false }`
[INFO] running `Command { std: "docker" "inspect" "a5abdcad04569255a7d4ac08d98338aa46b13add84e93d465793d71a8da9f643", kill_on_drop: false }`
[INFO] running `Command { std: "docker" "exec" "-e" "SOURCE_DIR=/opt/rustwide/workdir" "-e" "CARGO_HOME=/opt/rustwide/cargo-home" "-e" "RUSTUP_HOME=/opt/rustwide/rustup-home" "-e" "CARGO_TARGET_DIR=/opt/rustwide/target" "-e" "CARGO_INCREMENTAL=0" "-e" "RUST_BACKTRACE=full" "-e" "RUSTFLAGS=--cap-lints=warn" "-e" "RUSTDOCFLAGS=--cap-lints=warn" "-w" "/opt/rustwide/workdir" "--user" "0:0" "a5abdcad04569255a7d4ac08d98338aa46b13add84e93d465793d71a8da9f643" "/opt/rustwide/cargo-home/bin/cargo" "+1.99.0-beta.8" "build" "--frozen" "--message-format=json" "--release", kill_on_drop: false }`
[INFO] [stderr]    Compiling proc-macro2 v1.0.106
[INFO] [stderr]    Compiling unicode-ident v1.0.24
[INFO] [stderr]    Compiling quote v1.0.45
[INFO] [stderr]    Compiling serde_core v1.0.228
[INFO] [stderr]    Compiling zmij v1.0.21
[INFO] [stderr]    Compiling serde_json v1.0.149
[INFO] [stderr]    Compiling serde v1.0.228
[INFO] [stderr]    Compiling itoa v1.0.17
[INFO] [stderr]    Compiling memchr v2.8.0
[INFO] [stderr]    Compiling syn v2.0.117
[INFO] [stderr]    Compiling thiserror-impl v1.0.69
[INFO] [stderr]    Compiling serde_derive v1.0.228
[INFO] [stderr]    Compiling thiserror v1.0.69
[INFO] [stderr]    Compiling digdigdig3-core v0.3.32 (/opt/rustwide/workdir)
[INFO] [stderr]     Finished `release` profile [optimized] target(s) in 27.62s
[INFO] running `Command { std: "docker" "inspect" "a5abdcad04569255a7d4ac08d98338aa46b13add84e93d465793d71a8da9f643", kill_on_drop: false }`
[INFO] running `Command { std: "docker" "exec" "-e" "SOURCE_DIR=/opt/rustwide/workdir" "-e" "CARGO_HOME=/opt/rustwide/cargo-home" "-e" "RUSTUP_HOME=/opt/rustwide/rustup-home" "-e" "CARGO_TARGET_DIR=/opt/rustwide/target" "-e" "CARGO_INCREMENTAL=0" "-e" "RUST_BACKTRACE=full" "-e" "RUSTFLAGS=--cap-lints=warn" "-e" "RUSTDOCFLAGS=--cap-lints=warn" "-w" "/opt/rustwide/workdir" "--user" "0:0" "a5abdcad04569255a7d4ac08d98338aa46b13add84e93d465793d71a8da9f643" "/opt/rustwide/cargo-home/bin/cargo" "+1.99.0-beta.8" "test" "--frozen" "--no-run" "--message-format=json" "--release", kill_on_drop: false }`
[INFO] [stderr]    Compiling digdigdig3-core v0.3.32 (/opt/rustwide/workdir)
[INFO] [stderr]     Finished `release` profile [optimized] target(s) in 8.34s
[INFO] running `Command { std: "docker" "inspect" "a5abdcad04569255a7d4ac08d98338aa46b13add84e93d465793d71a8da9f643", kill_on_drop: false }`
[INFO] running `Command { std: "docker" "exec" "-e" "SOURCE_DIR=/opt/rustwide/workdir" "-e" "CARGO_HOME=/opt/rustwide/cargo-home" "-e" "RUSTUP_HOME=/opt/rustwide/rustup-home" "-e" "CARGO_TARGET_DIR=/opt/rustwide/target" "-e" "CARGO_INCREMENTAL=0" "-e" "RUST_BACKTRACE=full" "-e" "RUSTFLAGS=--cap-lints=warn" "-e" "RUSTDOCFLAGS=--cap-lints=warn" "-w" "/opt/rustwide/workdir" "--user" "0:0" "a5abdcad04569255a7d4ac08d98338aa46b13add84e93d465793d71a8da9f643" "/opt/rustwide/cargo-home/bin/cargo" "+1.99.0-beta.8" "test" "--frozen" "--release", kill_on_drop: false }`
[INFO] [stderr]     Finished `release` profile [optimized] target(s) in 0.06s
[INFO] [stderr]      Running unittests src/lib.rs (/opt/rustwide/target/release/deps/digdigdig3_core-3c728ffd5d194059)
[INFO] [stdout] 
[INFO] [stdout] running 42 tests
[INFO] [stdout] test core::types::capabilities::kline_interval_capabilities_tests::empty_interval_list_supports_nothing ... ok
[INFO] [stdout] test core::types::symbol_input::tests::canonical_resolve_binance_spot ... ok
[INFO] [stdout] test core::types::symbol_input::tests::owned_as_borrowed ... ok
[INFO] [stdout] test core::types::symbol_input::tests::owned_from_impls ... ok
[INFO] [stdout] test core::types::symbol_input::tests::from_string_ref ... ok
[INFO] [stdout] test core::types::symbol_input::tests::from_str_ref ... ok
[INFO] [stdout] test core::types::symbol_input::tests::raw_resolve_identity ... ok
[INFO] [stdout] test core::utils::symbol_normalizer::tests::bitfinex_from_exchange_no_separator ... ok
[INFO] [stdout] test core::utils::symbol_normalizer::tests::bitfinex_from_exchange_colon_separator ... FAILED
[INFO] [stdout] test core::utils::symbol_normalizer::tests::bitfinex_from_exchange_funding ... ok
[INFO] [stdout] test core::types::symbol_input::tests::from_symbol_ref ... ok
[INFO] [stdout] test core::utils::symbol_normalizer::tests::bitfinex_is_valid_for ... ok
[INFO] [stdout] test core::utils::symbol_normalizer::tests::bitfinex_to_exchange_funding ... ok
[INFO] [stdout] test core::utils::symbol_normalizer::tests::bitfinex_to_exchange_long_pairs_use_colon ... FAILED
[INFO] [stdout] test core::utils::symbol_normalizer::tests::bitfinex_to_exchange_short_pairs ... ok
[INFO] [stdout] test core::utils::symbol_normalizer::tests::deribit_from_exchange_perps ... ok
[INFO] [stdout] test core::utils::symbol_normalizer::tests::deribit_from_exchange_spot ... ok
[INFO] [stdout] test core::utils::symbol_normalizer::tests::bitmex_normalizer_xbtusd ... ok
[INFO] [stdout] test core::utils::symbol_normalizer::tests::deribit_from_exchange_dated_future ... ok
[INFO] [stdout] test core::utils::symbol_normalizer::tests::deribit_from_exchange_option ... ok
[INFO] [stdout] test core::utils::symbol_normalizer::tests::deribit_is_valid_for ... ok
[INFO] [stdout] test core::utils::symbol_normalizer::tests::deribit_options_with_raw_passthrough ... ok
[INFO] [stdout] test core::types::symbol_input::tests::owned_raw_resolve ... ok
[INFO] [stdout] test core::types::capabilities::kline_interval_capabilities_tests::conservative_default_covers_common_set_both_classes ... ok
[INFO] [stdout] test core::types::capabilities::kline_interval_capabilities_tests::supports_respects_spot_futures_split_and_account_fallback ... ok
[INFO] [stdout] test core::utils::symbol_normalizer::tests::deribit_to_exchange_spot ... ok
[INFO] [stdout] test core::utils::symbol_normalizer::tests::deribit_to_exchange_usdc_perp ... ok
[INFO] [stdout] test core::utils::symbol_normalizer::tests::deribit_options_without_raw_returns_err ... ok
[INFO] [stdout] test core::utils::symbol_normalizer::tests::deribit_to_exchange_coin_perp ... ok
[INFO] [stdout] test core::utils::symbol_normalizer::tests::dydx_normalizer_from_exchange ... ok
[INFO] [stdout] test core::utils::symbol_normalizer::tests::gemini_normalizer_perp ... ok
[INFO] [stdout] test core::utils::symbol_normalizer::tests::dydx_normalizer_is_valid_for ... ok
[INFO] [stdout] test core::utils::symbol_normalizer::tests::dydx_normalizer_to_exchange ... ok
[INFO] [stdout] test core::utils::symbol_normalizer::tests::upbit_normalizer_reversed_format ... ok
[INFO] [stdout] test core::utils::symbol_normalizer::tests::hyperliquid_normalizer_to_exchange ... ok
[INFO] [stdout] test core::utils::symbol_normalizer::tests::gemini_normalizer_spot ... ok
[INFO] [stdout] test core::utils::symbol_normalizer::tests::to_exchange_all_arms_produce_nonempty ... ok
[INFO] [stdout] test core::utils::symbol_normalizer::tests::hyperliquid_normalizer_from_exchange ... ok
[INFO] [stdout] test core::utils::symbol_normalizer::tests::upbit_normalizer_roundtrip ... ok
[INFO] [stderr] error: test failed, to rerun pass `--lib`
[INFO] [stdout] test core::utils::symbol_normalizer::tests::hyperliquid_normalizer_is_valid_for ... ok
[INFO] [stdout] test core::utils::symbol_normalizer::tests::unknown_exchange_returns_err ... ok
[INFO] [stdout] test core::utils::symbol_normalizer::tests::hyperliquid_normalizer_strips_perp_suffix ... ok
[INFO] [stdout] 
[INFO] [stdout] failures:
[INFO] [stdout] 
[INFO] [stdout] ---- core::utils::symbol_normalizer::tests::bitfinex_from_exchange_colon_separator stdout ----
[INFO] [stdout] 
[INFO] [stdout] thread 'core::utils::symbol_normalizer::tests::bitfinex_from_exchange_colon_separator' (508) panicked at src/core/utils/symbol_normalizer.rs:1843:9:
[INFO] [stdout] assertion `left == right` failed
[INFO] [stdout]   left: "USDT"
[INFO] [stdout]  right: "UST"
[INFO] [stdout] stack backtrace:
[INFO] [stdout]    0:     0x6151ea592bf1 - <<std[70759c8f55707aa4]::sys::backtrace::BacktraceLock>::print::DisplayBacktrace as core[df12db4294e9bfd3]::fmt::Display>::fmt
[INFO] [stdout]    1:     0x6151ea5a83ba - core[df12db4294e9bfd3]::fmt::write
[INFO] [stdout]    2:     0x6151ea59708c - <alloc[2182bb758b4b3781]::vec::Vec<u8> as core[df12db4294e9bfd3]::io::write::Write>::write_fmt
[INFO] [stdout]    3:     0x6151ea56f1e6 - std[70759c8f55707aa4]::panicking::default_hook::{closure#0}
[INFO] [stdout]    4:     0x6151ea58b359 - std[70759c8f55707aa4]::panicking::default_hook
[INFO] [stdout]    5:     0x6151ea5277e0 - test[9d35eded1c95d3be]::test_main_inner::<test[9d35eded1c95d3be]::test_main_static::{closure#0}>::{closure#0}
[INFO] [stdout]    6:     0x6151ea58b512 - std[70759c8f55707aa4]::panicking::panic_with_hook
[INFO] [stdout]    7:     0x6151ea56f292 - std[70759c8f55707aa4]::panicking::panic_handler::{closure#0}
[INFO] [stdout]    8:     0x6151ea568019 - std[70759c8f55707aa4]::sys::backtrace::__rust_end_short_backtrace::<std[70759c8f55707aa4]::panicking::panic_handler::{closure#0}, !>
[INFO] [stdout]    9:     0x6151ea56fe8d - __rustc[8fa7c3cbc660c2b3]::rust_begin_unwind
[INFO] [stdout]   10:     0x6151ea5a8aec - core[df12db4294e9bfd3]::panicking::panic_fmt
[INFO] [stdout]   11:     0x6151ea5a8a03 - core[df12db4294e9bfd3]::panicking::assert_failed_inner
[INFO] [stdout]   12:     0x6151ea51943e - core[df12db4294e9bfd3]::panicking::assert_failed::<alloc[2182bb758b4b3781]::string::String, &str>
[INFO] [stdout]   13:     0x6151ea50e58a - digdigdig3_core[7e67bd4a5c9bc127]::core::utils::symbol_normalizer::tests::bitfinex_from_exchange_colon_separator
[INFO] [stdout]   14:     0x6151ea51a6e9 - <digdigdig3_core[7e67bd4a5c9bc127]::core::utils::symbol_normalizer::tests::bitfinex_from_exchange_colon_separator::{closure#0} as core[df12db4294e9bfd3]::ops::function::FnOnce<()>>::call_once
[INFO] [stdout]   15:     0x6151ea51aacb - test[9d35eded1c95d3be]::__rust_begin_short_backtrace::<core[df12db4294e9bfd3]::result::Result<(), alloc[2182bb758b4b3781]::string::String>, fn() -> core[df12db4294e9bfd3]::result::Result<(), alloc[2182bb758b4b3781]::string::String>>
[INFO] [stdout]   16:     0x6151ea528135 - test[9d35eded1c95d3be]::run_test::{closure#0}
[INFO] [stdout]   17:     0x6151ea5219f4 - std[70759c8f55707aa4]::sys::backtrace::__rust_begin_short_backtrace::<test[9d35eded1c95d3be]::run_test::{closure#1}, ()>
[INFO] [stdout]   18:     0x6151ea52b292 - <std[70759c8f55707aa4]::thread::lifecycle::spawn_unchecked<test[9d35eded1c95d3be]::run_test::{closure#1}, ()>::{closure#1} as core[df12db4294e9bfd3]::ops::function::FnOnce<()>>::call_once::{shim:vtable#0}
[INFO] [stdout]   19:     0x6151ea5924c9 - <std[70759c8f55707aa4]::sys::thread::unix::Thread>::new::thread_start
[INFO] [stdout]   20:     0x7616c77fcdfa - <unknown>
[INFO] [stdout]   21:     0x7616c78903d4 - clone
[INFO] [stdout]   22:                0x0 - <unknown>
[INFO] [stdout] 
[INFO] [stdout] ---- core::utils::symbol_normalizer::tests::bitfinex_to_exchange_long_pairs_use_colon stdout ----
[INFO] [stdout] 
[INFO] [stdout] thread 'core::utils::symbol_normalizer::tests::bitfinex_to_exchange_long_pairs_use_colon' (513) panicked at src/core/utils/symbol_normalizer.rs:1792:9:
[INFO] [stdout] assertion `left == right` failed
[INFO] [stdout]   left: "tBTCUST"
[INFO] [stdout]  right: "tBTC:USDT"
[INFO] [stdout] stack backtrace:
[INFO] [stdout]    0:     0x6151ea592bf1 - <<std[70759c8f55707aa4]::sys::backtrace::BacktraceLock>::print::DisplayBacktrace as core[df12db4294e9bfd3]::fmt::Display>::fmt
[INFO] [stdout]    1:     0x6151ea5a83ba - core[df12db4294e9bfd3]::fmt::write
[INFO] [stdout]    2:     0x6151ea59708c - <alloc[2182bb758b4b3781]::vec::Vec<u8> as core[df12db4294e9bfd3]::io::write::Write>::write_fmt
[INFO] [stdout]    3:     0x6151ea56f1e6 - std[70759c8f55707aa4]::panicking::default_hook::{closure#0}
[INFO] [stdout]    4:     0x6151ea58b359 - std[70759c8f55707aa4]::panicking::default_hook
[INFO] [stdout]    5:     0x6151ea5277e0 - test[9d35eded1c95d3be]::test_main_inner::<test[9d35eded1c95d3be]::test_main_static::{closure#0}>::{closure#0}
[INFO] [stdout]    6:     0x6151ea58b512 - std[70759c8f55707aa4]::panicking::panic_with_hook
[INFO] [stdout]    7:     0x6151ea56f292 - std[70759c8f55707aa4]::panicking::panic_handler::{closure#0}
[INFO] [stdout]    8:     0x6151ea568019 - std[70759c8f55707aa4]::sys::backtrace::__rust_end_short_backtrace::<std[70759c8f55707aa4]::panicking::panic_handler::{closure#0}, !>
[INFO] [stdout]    9:     0x6151ea56fe8d - __rustc[8fa7c3cbc660c2b3]::rust_begin_unwind
[INFO] [stdout]   10:     0x6151ea5a8aec - core[df12db4294e9bfd3]::panicking::panic_fmt
[INFO] [stdout]   11:     0x6151ea5a8a03 - core[df12db4294e9bfd3]::panicking::assert_failed_inner
[INFO] [stdout]   12:     0x6151ea51943e - core[df12db4294e9bfd3]::panicking::assert_failed::<alloc[2182bb758b4b3781]::string::String, &str>
[INFO] [stdout]   13:     0x6151ea50efa2 - digdigdig3_core[7e67bd4a5c9bc127]::core::utils::symbol_normalizer::tests::bitfinex_to_exchange_long_pairs_use_colon
[INFO] [stdout]   14:     0x6151ea51a729 - <digdigdig3_core[7e67bd4a5c9bc127]::core::utils::symbol_normalizer::tests::bitfinex_to_exchange_long_pairs_use_colon::{closure#0} as core[df12db4294e9bfd3]::ops::function::FnOnce<()>>::call_once
[INFO] [stdout]   15:     0x6151ea51aacb - test[9d35eded1c95d3be]::__rust_begin_short_backtrace::<core[df12db4294e9bfd3]::result::Result<(), alloc[2182bb758b4b3781]::string::String>, fn() -> core[df12db4294e9bfd3]::result::Result<(), alloc[2182bb758b4b3781]::string::String>>
[INFO] [stdout]   16:     0x6151ea528135 - test[9d35eded1c95d3be]::run_test::{closure#0}
[INFO] [stdout]   17:     0x6151ea5219f4 - std[70759c8f55707aa4]::sys::backtrace::__rust_begin_short_backtrace::<test[9d35eded1c95d3be]::run_test::{closure#1}, ()>
[INFO] [stdout]   18:     0x6151ea52b292 - <std[70759c8f55707aa4]::thread::lifecycle::spawn_unchecked<test[9d35eded1c95d3be]::run_test::{closure#1}, ()>::{closure#1} as core[df12db4294e9bfd3]::ops::function::FnOnce<()>>::call_once::{shim:vtable#0}
[INFO] [stdout]   19:     0x6151ea5924c9 - <std[70759c8f55707aa4]::sys::thread::unix::Thread>::new::thread_start
[INFO] [stdout]   20:     0x7616c77fcdfa - <unknown>
[INFO] [stdout]   21:     0x7616c78903d4 - clone
[INFO] [stdout]   22:                0x0 - <unknown>
[INFO] [stdout] 
[INFO] [stdout] 
[INFO] [stdout] failures:
[INFO] [stdout]     core::utils::symbol_normalizer::tests::bitfinex_from_exchange_colon_separator
[INFO] [stdout]     core::utils::symbol_normalizer::tests::bitfinex_to_exchange_long_pairs_use_colon
[INFO] [stdout] 
[INFO] [stdout] test result: FAILED. 40 passed; 2 failed; 0 ignored; 0 measured; 0 filtered out; finished in 0.02s
[INFO] [stdout] 
[INFO] running `Command { std: "docker" "inspect" "a5abdcad04569255a7d4ac08d98338aa46b13add84e93d465793d71a8da9f643", kill_on_drop: false }`
[INFO] running `Command { std: "docker" "rm" "-f" "a5abdcad04569255a7d4ac08d98338aa46b13add84e93d465793d71a8da9f643", kill_on_drop: false }`
[INFO] [stdout] a5abdcad04569255a7d4ac08d98338aa46b13add84e93d465793d71a8da9f643
