[INFO] fetching crate dig-rewards-coin 0.11.3...
[INFO] testing dig-rewards-coin-0.11.3 against 1.99.0-beta.8+cargoflags=--release for beta-release-1.100-2
[INFO] extracting crate dig-rewards-coin 0.11.3 into /workspace/builds/worker-3-tc1/source
[INFO] started tweaking crates.io crate dig-rewards-coin 0.11.3
[INFO] removed 0 missing tests
[INFO] finished tweaking crates.io crate dig-rewards-coin 0.11.3
[INFO] tweaked toml for crates.io crate dig-rewards-coin 0.11.3 written to /workspace/builds/worker-3-tc1/source/Cargo.toml
[INFO] validating manifest of crates.io crate dig-rewards-coin 0.11.3 on toolchain 1.99.0-beta.8
[INFO] running `Command { std: CARGO_HOME="/workspace/cargo-home" RUSTUP_HOME="/workspace/rustup-home" "/workspace/cargo-home/bin/cargo" "+1.99.0-beta.8" "metadata" "--manifest-path" "Cargo.toml" "--no-deps", kill_on_drop: false }`
[INFO] crate crates.io crate dig-rewards-coin 0.11.3 already has a lockfile, it will not be regenerated
[INFO] running `Command { std: CARGO_HOME="/workspace/cargo-home" RUSTUP_HOME="/workspace/rustup-home" "/workspace/cargo-home/bin/cargo" "+1.99.0-beta.8" "fetch" "--manifest-path" "Cargo.toml", kill_on_drop: false }`
[INFO] [stderr]     Updating crates.io index
[INFO] [stderr]  Downloading crates ...
[INFO] [stderr]   Downloaded dig-constants v0.13.1
[INFO] [stderr]   Downloaded dig-chainsource-interface v0.3.3
[INFO] running `Command { std: "docker" "create" "-v" "/var/lib/crater-agent-workspace/builds/worker-3-tc1/source:/opt/rustwide/workdir:ro,Z" "-v" "/var/lib/crater-agent-workspace/builds/worker-3-tc1/target:/opt/rustwide/target:rw,Z" "-v" "/var/lib/crater-agent-workspace/cargo-home:/opt/rustwide/cargo-home:ro,Z" "-v" "/var/lib/crater-agent-workspace/rustup-home:/opt/rustwide/rustup-home:ro,Z" "-m" "1610612736" "--network" "none" "ghcr.io/rust-lang/crates-build-env/linux@sha256:77db811e55d90add9212f6832c23229e3de5f1c1f9905e8cb07319ea15df73ac" "sleep" "infinity", kill_on_drop: false }`
[INFO] [stdout] 4e13de712ab662b12eb79ce682b6c9e8c68af71eb2fb3871631df9a64c21af47
[INFO] running `Command { std: "docker" "start" "4e13de712ab662b12eb79ce682b6c9e8c68af71eb2fb3871631df9a64c21af47", kill_on_drop: false }`
[INFO] running `Command { std: "docker" "inspect" "4e13de712ab662b12eb79ce682b6c9e8c68af71eb2fb3871631df9a64c21af47", kill_on_drop: false }`
[INFO] running `Command { std: "docker" "exec" "-e" "SOURCE_DIR=/opt/rustwide/workdir" "-e" "CARGO_HOME=/opt/rustwide/cargo-home" "-e" "RUSTUP_HOME=/opt/rustwide/rustup-home" "-e" "CARGO_TARGET_DIR=/opt/rustwide/target" "-w" "/opt/rustwide/workdir" "--user" "0:0" "4e13de712ab662b12eb79ce682b6c9e8c68af71eb2fb3871631df9a64c21af47" "/opt/rustwide/cargo-home/bin/cargo" "+1.99.0-beta.8" "metadata" "--no-deps" "--format-version=1", kill_on_drop: false }`
[INFO] running `Command { std: "docker" "inspect" "4e13de712ab662b12eb79ce682b6c9e8c68af71eb2fb3871631df9a64c21af47", kill_on_drop: false }`
[INFO] running `Command { std: "docker" "exec" "-e" "SOURCE_DIR=/opt/rustwide/workdir" "-e" "CARGO_HOME=/opt/rustwide/cargo-home" "-e" "RUSTUP_HOME=/opt/rustwide/rustup-home" "-e" "CARGO_TARGET_DIR=/opt/rustwide/target" "-e" "CARGO_INCREMENTAL=0" "-e" "RUST_BACKTRACE=full" "-e" "RUSTFLAGS=--cap-lints=warn" "-e" "RUSTDOCFLAGS=--cap-lints=warn" "-w" "/opt/rustwide/workdir" "--user" "0:0" "4e13de712ab662b12eb79ce682b6c9e8c68af71eb2fb3871631df9a64c21af47" "/opt/rustwide/cargo-home/bin/cargo" "+1.99.0-beta.8" "build" "--frozen" "--message-format=json" "--release", kill_on_drop: false }`
[INFO] [stderr]    Compiling indexmap v2.14.2
[INFO] [stderr]    Compiling base64ct v1.8.3
[INFO] [stderr]    Compiling zerocopy v0.8.56
[INFO] [stderr]    Compiling base16ct v0.2.0
[INFO] [stderr]    Compiling radium v0.7.0
[INFO] [stderr]    Compiling tap v1.0.1
[INFO] [stderr]    Compiling syn v2.0.119
[INFO] [stderr]    Compiling syn v3.0.5
[INFO] [stderr]    Compiling getrandom v0.2.17
[INFO] [stderr]    Compiling num_cpus v1.17.0
[INFO] [stderr]    Compiling blst v0.3.17
[INFO] [stderr]    Compiling funty v2.0.0
[INFO] [stderr]    Compiling hex-literal v0.4.1
[INFO] [stderr]    Compiling keccak v0.1.6
[INFO] [stderr]    Compiling lazy_static v1.5.0
[INFO] [stderr]    Compiling target-features v0.1.6
[INFO] [stderr]    Compiling hybrid-array v0.4.14
[INFO] [stderr]    Compiling encoding_rs v0.8.40
[INFO] [stderr]    Compiling wyz v0.5.1
[INFO] [stderr]    Compiling convert_case v0.10.0
[INFO] [stderr]    Compiling rand_core v0.6.4
[INFO] [stderr]    Compiling hashbrown v0.16.1
[INFO] [stderr]    Compiling threadpool v1.8.1
[INFO] [stderr]    Compiling rstest_macros v0.26.1
[INFO] [stderr]    Compiling ff v0.13.1
[INFO] [stderr]    Compiling crypto-common v0.2.2
[INFO] [stderr]    Compiling block-buffer v0.12.1
[INFO] [stderr]    Compiling pem-rfc7468 v0.7.0
[INFO] [stderr]    Compiling group v0.13.0
[INFO] [stderr]    Compiling aho-corasick v1.1.5
[INFO] [stderr]    Compiling toml_edit v0.19.15
[INFO] [stderr]    Compiling bitvec v1.1.1
[INFO] [stderr]    Compiling toml_edit v0.25.13+spec-1.1.0
[INFO] [stderr]    Compiling bitflags v2.13.1
[INFO] [stderr]    Compiling hashlink v0.11.1
[INFO] [stderr]    Compiling rustix v1.1.4
[INFO] [stderr]    Compiling regex v1.13.1
[INFO] [stderr]    Compiling getrandom v0.4.3
[INFO] [stderr]    Compiling num-iter v0.1.46
[INFO] [stderr]    Compiling num-complex v0.4.6
[INFO] [stderr]    Compiling relative-path v1.9.3
[INFO] [stderr]    Compiling winnow v1.0.4
[INFO] [stderr]    Compiling arraydeque v0.5.1
[INFO] [stderr]    Compiling digest v0.11.3
[INFO] [stderr]    Compiling cpufeatures v0.3.1
[INFO] [stderr]    Compiling serde_json v1.0.151
[INFO] [stderr]    Compiling toml_datetime v0.7.5+spec-1.1.0
[INFO] [stderr]    Compiling proc-macro-crate v3.5.0
[INFO] [stderr]    Compiling toml_parser v1.1.3+spec-1.1.0
[INFO] [stderr]    Compiling sha2 v0.11.0
[INFO] [stderr]    Compiling serde_spanned v1.1.1
[INFO] [stderr]    Compiling indoc v2.0.7
[INFO] [stderr]    Compiling do-notation v0.1.3
[INFO] [stderr]    Compiling hashbrown v0.14.5
[INFO] [stderr]    Compiling id-arena v2.3.0
[INFO] [stderr]    Compiling countme v3.0.1
[INFO] [stderr]    Compiling futures-timer v3.0.4
[INFO] [stderr]    Compiling binascii v0.1.4
[INFO] [stderr]    Compiling regex-automata v0.4.18
[INFO] [stderr]    Compiling toml_writer v1.1.2+spec-1.1.0
[INFO] [stderr]    Compiling text-size v1.1.1
[INFO] [stderr]    Compiling either v1.18.0
[INFO] [stderr]    Compiling unicode-segmentation v1.13.3
[INFO] [stderr]    Compiling proc-macro-crate v1.3.1
[INFO] [stderr]    Compiling winnow v0.7.15
[INFO] [stderr]    Compiling rowan v0.16.1
[INFO] [stderr]    Compiling itertools v0.14.0
[INFO] [stderr]    Compiling chia-puzzles v0.20.3
[INFO] [stderr]    Compiling rue-lexer v0.8.5
[INFO] [stderr]    Compiling tempfile v3.27.0
[INFO] [stderr]    Compiling colored v3.1.1
[INFO] [stderr]    Compiling include_dir_macros v0.7.4
[INFO] [stderr]    Compiling include_dir v0.7.4
[INFO] [stderr]    Compiling getrandom v0.3.4
[INFO] [stderr]    Compiling convert_case v0.8.0
[INFO] [stderr]    Compiling serde_derive v1.0.229
[INFO] [stderr]    Compiling thiserror-impl v2.0.20
[INFO] [stderr]    Compiling futures-macro v0.3.34
[INFO] [stderr]    Compiling arrayvec v0.7.8
[INFO] [stderr]    Compiling tinyvec_macros v0.1.1
[INFO] [stderr]    Compiling tinyvec v1.13.2
[INFO] [stderr]    Compiling rand_core v0.9.5
[INFO] [stderr]    Compiling hex-conservative v0.2.3
[INFO] [stderr]    Compiling bigdecimal v0.4.10
[INFO] [stderr]    Compiling bitcoin_hashes v0.14.101
[INFO] [stderr]    Compiling futures-util v0.3.34
[INFO] [stderr]    Compiling toml v0.9.12+spec-1.1.0
[INFO] [stderr]    Compiling unicode-normalization v0.1.25
[INFO] [stderr]    Compiling thiserror v2.0.20
[INFO] [stderr]    Compiling rue-diagnostic v0.8.5
[INFO] [stderr]    Compiling zeroize_derive v1.5.0
[INFO] [stderr]    Compiling thiserror-impl v1.0.69
[INFO] [stderr]    Compiling chia_streamable_macro v0.28.2
[INFO] [stderr]    Compiling chia_streamable_macro v0.36.1
[INFO] [stderr]    Compiling clvm-derive v0.36.1
[INFO] [stderr]    Compiling multiversion-macros v0.8.0
[INFO] [stderr]    Compiling derive_more-impl v2.1.1
[INFO] [stderr]    Compiling chia_streamable_macro v0.42.1
[INFO] [stderr]    Compiling ppv-lite86 v0.2.21
[INFO] [stderr]    Compiling num-derive v0.4.2
[INFO] [stderr]    Compiling zeroize v1.9.0
[INFO] [stderr]    Compiling chia-sdk-derive v0.36.0
[INFO] [stderr]    Compiling generic-array v0.14.9
[INFO] [stderr]    Compiling der v0.7.10
[INFO] [stderr]    Compiling rand_chacha v0.3.1
[INFO] [stderr]    Compiling multiversion v0.8.0
[INFO] [stderr]    Compiling thiserror v1.0.69
[INFO] [stderr]    Compiling block-buffer v0.10.4
[INFO] [stderr]    Compiling crypto-common v0.1.6
[INFO] [stderr]    Compiling digest v0.10.7
[INFO] [stderr]    Compiling serde v1.0.229
[INFO] [stderr]    Compiling crypto-bigint v0.5.5
[INFO] [stderr]    Compiling sha2 v0.10.9
[INFO] [stderr]    Compiling hmac v0.12.1
[INFO] [stderr]    Compiling spki v0.7.3
[INFO] [stderr]    Compiling rfc6979 v0.4.0
[INFO] [stderr]    Compiling signature v2.2.0
[INFO] [stderr]    Compiling hkdf v0.12.4
[INFO] [stderr]    Compiling num-bigint v0.4.8
[INFO] [stderr]    Compiling pkcs8 v0.10.2
[INFO] [stderr]    Compiling chia-sha2 v0.28.2
[INFO] [stderr]    Compiling chia-sha2 v0.34.0
[INFO] [stderr]    Compiling chia-traits v0.28.2
[INFO] [stderr]    Compiling sec1 v0.7.3
[INFO] [stderr]    Compiling sha3 v0.10.9
[INFO] [stderr]    Compiling chia-bls v0.28.2
[INFO] [stderr]    Compiling sha1 v0.10.7
[INFO] [stderr]    Compiling rand v0.8.8
[INFO] [stderr]    Compiling chia-sha2 v0.36.1
[INFO] [stderr]    Compiling chia-serde v0.36.1
[INFO] [stderr]    Compiling chia-traits v0.36.1
[INFO] [stderr]    Compiling chia-sha2 v0.42.1
[INFO] [stderr]    Compiling chia-traits v0.42.1
[INFO] [stderr]    Compiling derive_more v2.1.1
[INFO] [stderr]    Compiling chia-bls v0.36.1
[INFO] [stderr]    Compiling serde_arrays v0.2.0
[INFO] [stderr]    Compiling chia-bls v0.42.1
[INFO] [stderr]    Compiling yaml-rust2 v0.11.1
[INFO] [stderr]    Compiling rue-parser v0.8.5
[INFO] [stderr]    Compiling rue-options v0.8.5
[INFO] [stderr]    Compiling rand_chacha v0.9.0
[INFO] [stderr]    Compiling bip39 v2.2.2
[INFO] [stderr]    Compiling elliptic-curve v0.13.8
[INFO] [stderr]    Compiling ecdsa v0.16.9
[INFO] [stderr]    Compiling primeorder v0.13.6
[INFO] [stderr]    Compiling rue-ast v0.8.5
[INFO] [stderr]    Compiling rand v0.9.5
[INFO] [stderr]    Compiling rstest v0.26.1
[INFO] [stderr]    Compiling k256 v0.13.4
[INFO] [stderr]    Compiling p256 v0.13.2
[INFO] [stderr]    Compiling num-rational v0.4.2
[INFO] [stderr]    Compiling num v0.4.3
[INFO] [stderr]    Compiling clvmr v0.16.4
[INFO] [stderr]    Compiling chia-secp v0.36.1
[INFO] [stderr]    Compiling clvm-traits v0.36.1
[INFO] [stderr]    Compiling clvm-traits v0.28.1
[INFO] [stderr]    Compiling rue-types v0.8.5
[INFO] [stderr]    Compiling clvm-utils v0.36.1
[INFO] [stderr]    Compiling chia-protocol v0.36.1
[INFO] [stderr]    Compiling chialisp v0.4.6
[INFO] [stderr]    Compiling chia-puzzle-types v0.36.1
[INFO] [stderr]    Compiling dig-chainsource-interface v0.3.3
[INFO] [stderr]    Compiling chia-consensus v0.36.1
[INFO] [stderr]    Compiling dig-constants v0.13.1
[INFO] [stderr]    Compiling rue-lir v0.8.5
[INFO] [stderr]    Compiling rue-hir v0.8.5
[INFO] [stderr]    Compiling rue-compiler v0.8.5
[INFO] [stderr]    Compiling chia-sdk-types v0.36.0
[INFO] [stderr]    Compiling chia-sdk-signer v0.36.0
[INFO] [stderr]    Compiling chia-sdk-driver v0.36.0
[INFO] [stderr]    Compiling dig-rewards-coin v0.11.3 (/opt/rustwide/workdir)
[INFO] [stderr]     Finished `release` profile [optimized] target(s) in 3m 28s
[INFO] running `Command { std: "docker" "inspect" "4e13de712ab662b12eb79ce682b6c9e8c68af71eb2fb3871631df9a64c21af47", kill_on_drop: false }`
[INFO] running `Command { std: "docker" "exec" "-e" "SOURCE_DIR=/opt/rustwide/workdir" "-e" "CARGO_HOME=/opt/rustwide/cargo-home" "-e" "RUSTUP_HOME=/opt/rustwide/rustup-home" "-e" "CARGO_TARGET_DIR=/opt/rustwide/target" "-e" "CARGO_INCREMENTAL=0" "-e" "RUST_BACKTRACE=full" "-e" "RUSTFLAGS=--cap-lints=warn" "-e" "RUSTDOCFLAGS=--cap-lints=warn" "-w" "/opt/rustwide/workdir" "--user" "0:0" "4e13de712ab662b12eb79ce682b6c9e8c68af71eb2fb3871631df9a64c21af47" "/opt/rustwide/cargo-home/bin/cargo" "+1.99.0-beta.8" "test" "--frozen" "--no-run" "--message-format=json" "--release", kill_on_drop: false }`
[INFO] [stderr]    Compiling syn v2.0.119
[INFO] [stderr]    Compiling syn v3.0.5
[INFO] [stderr]    Compiling serde_json v1.0.151
[INFO] [stderr]    Compiling smallvec v1.16.0
[INFO] [stderr]    Compiling serde_spanned v1.1.1
[INFO] [stderr]    Compiling toml_datetime v0.7.5+spec-1.1.0
[INFO] [stderr]    Compiling tempfile v3.27.0
[INFO] [stderr]    Compiling mio v1.2.3
[INFO] [stderr]    Compiling socket2 v0.6.5
[INFO] [stderr]    Compiling sync_wrapper v1.0.2
[INFO] [stderr]    Compiling futures-channel v0.3.34
[INFO] [stderr]    Compiling dirs-sys-next v0.1.2
[INFO] [stderr]    Compiling ipnet v2.12.2
[INFO] [stderr]    Compiling http-body-util v0.1.5
[INFO] [stderr]    Compiling csv-core v0.1.13
[INFO] [stderr]    Compiling is-terminal v0.4.17
[INFO] [stderr]    Compiling encode_unicode v1.0.0
[INFO] [stderr]    Compiling csv v1.4.0
[INFO] [stderr]    Compiling toml v0.9.12+spec-1.1.0
[INFO] [stderr]    Compiling dirs-next v2.0.0
[INFO] [stderr]    Compiling term v0.7.0
[INFO] [stderr]    Compiling tokio v1.53.1
[INFO] [stderr]    Compiling prettytable-rs v0.10.0
[INFO] [stderr]    Compiling serde_derive v1.0.229
[INFO] [stderr]    Compiling thiserror-impl v2.0.20
[INFO] [stderr]    Compiling futures-macro v0.3.34
[INFO] [stderr]    Compiling zerovec-derive v0.11.6
[INFO] [stderr]    Compiling displaydoc v0.2.7
[INFO] [stderr]    Compiling futures-util v0.3.34
[INFO] [stderr]    Compiling synstructure v0.13.2
[INFO] [stderr]    Compiling hyper v1.11.1
[INFO] [stderr]    Compiling zeroize_derive v1.5.0
[INFO] [stderr]    Compiling thiserror-impl v1.0.69
[INFO] [stderr]    Compiling chia_streamable_macro v0.28.2
[INFO] [stderr]    Compiling zerofrom-derive v0.1.7
[INFO] [stderr]    Compiling yoke-derive v0.8.2
[INFO] [stderr]    Compiling chia_streamable_macro v0.36.1
[INFO] [stderr]    Compiling clvm-derive v0.36.1
[INFO] [stderr]    Compiling multiversion-macros v0.8.0
[INFO] [stderr]    Compiling zeroize v1.9.0
[INFO] [stderr]    Compiling derive_more-impl v2.1.1
[INFO] [stderr]    Compiling chia_streamable_macro v0.42.1
[INFO] [stderr]    Compiling rstest_macros v0.26.1
[INFO] [stderr]    Compiling generic-array v0.14.9
[INFO] [stderr]    Compiling der v0.7.10
[INFO] [stderr]    Compiling blst v0.3.17
[INFO] [stderr]    Compiling thiserror v2.0.20
[INFO] [stderr]    Compiling num-derive v0.4.2
[INFO] [stderr]    Compiling rue-diagnostic v0.8.5
[INFO] [stderr]    Compiling chia-sdk-derive v0.36.0
[INFO] [stderr]    Compiling crypto-common v0.1.6
[INFO] [stderr]    Compiling block-buffer v0.10.4
[INFO] [stderr]    Compiling crypto-bigint v0.5.5
[INFO] [stderr]    Compiling zerofrom v0.1.8
[INFO] [stderr]    Compiling digest v0.10.7
[INFO] [stderr]    Compiling sha2 v0.10.9
[INFO] [stderr]    Compiling hmac v0.12.1
[INFO] [stderr]    Compiling signature v2.2.0
[INFO] [stderr]    Compiling sha3 v0.10.9
[INFO] [stderr]    Compiling sha1 v0.10.7
[INFO] [stderr]    Compiling thiserror v1.0.69
[INFO] [stderr]    Compiling yoke v0.8.3
[INFO] [stderr]    Compiling rfc6979 v0.4.0
[INFO] [stderr]    Compiling hkdf v0.12.4
[INFO] [stderr]    Compiling multiversion v0.8.0
[INFO] [stderr]    Compiling derive_more v2.1.1
[INFO] [stderr]    Compiling encoding_rs v0.8.40
[INFO] [stderr]    Compiling zerovec v0.11.8
[INFO] [stderr]    Compiling zerotrie v0.2.5
[INFO] [stderr]    Compiling chia-sha2 v0.28.2
[INFO] [stderr]    Compiling chia-traits v0.28.2
[INFO] [stderr]    Compiling chia-sha2 v0.34.0
[INFO] [stderr]    Compiling chia-bls v0.28.2
[INFO] [stderr]    Compiling chia-sha2 v0.36.1
[INFO] [stderr]    Compiling chia-traits v0.36.1
[INFO] [stderr]    Compiling chia-sha2 v0.42.1
[INFO] [stderr]    Compiling spki v0.7.3
[INFO] [stderr]    Compiling chia-traits v0.42.1
[INFO] [stderr]    Compiling tinystr v0.8.4
[INFO] [stderr]    Compiling potential_utf v0.1.6
[INFO] [stderr]    Compiling icu_collections v2.3.0
[INFO] [stderr]    Compiling pkcs8 v0.10.2
[INFO] [stderr]    Compiling icu_locale_core v2.3.0
[INFO] [stderr]    Compiling chia-bls v0.42.1
[INFO] [stderr]    Compiling rue-parser v0.8.5
[INFO] [stderr]    Compiling tower v0.5.3
[INFO] [stderr]    Compiling sec1 v0.7.3
[INFO] [stderr]    Compiling yaml-rust2 v0.11.1
[INFO] [stderr]    Compiling rue-ast v0.8.5
[INFO] [stderr]    Compiling serde v1.0.229
[INFO] [stderr]    Compiling elliptic-curve v0.13.8
[INFO] [stderr]    Compiling hyper-util v0.1.20
[INFO] [stderr]    Compiling ecdsa v0.16.9
[INFO] [stderr]    Compiling primeorder v0.13.6
[INFO] [stderr]    Compiling num-bigint v0.4.8
[INFO] [stderr]    Compiling chia-serde v0.36.1
[INFO] [stderr]    Compiling serde_arrays v0.2.0
[INFO] [stderr]    Compiling chia-bls v0.36.1
[INFO] [stderr]    Compiling icu_provider v2.3.1
[INFO] [stderr]    Compiling rue-options v0.8.5
[INFO] [stderr]    Compiling rstest v0.26.1
[INFO] [stderr]    Compiling serde_urlencoded v0.7.1
[INFO] [stderr]    Compiling bip39 v2.2.2
[INFO] [stderr]    Compiling icu_normalizer v2.3.0
[INFO] [stderr]    Compiling icu_properties v2.3.0
[INFO] [stderr]    Compiling p256 v0.13.2
[INFO] [stderr]    Compiling k256 v0.13.4
[INFO] [stderr]    Compiling chia-secp v0.36.1
[INFO] [stderr]    Compiling idna_adapter v1.2.2
[INFO] [stderr]    Compiling idna v1.1.0
[INFO] [stderr]    Compiling clvmr v0.16.4
[INFO] [stderr]    Compiling num-rational v0.4.2
[INFO] [stderr]    Compiling bigdecimal v0.4.10
[INFO] [stderr]    Compiling url v2.5.8
[INFO] [stderr]    Compiling num v0.4.3
[INFO] [stderr]    Compiling clvm-traits v0.36.1
[INFO] [stderr]    Compiling clvm-traits v0.28.1
[INFO] [stderr]    Compiling rue-types v0.8.5
[INFO] [stderr]    Compiling clvm-utils v0.36.1
[INFO] [stderr]    Compiling tower-http v0.6.11
[INFO] [stderr]    Compiling chia-protocol v0.36.1
[INFO] [stderr]    Compiling reqwest v0.12.28
[INFO] [stderr]    Compiling chialisp v0.4.6
[INFO] [stderr]    Compiling chia-puzzle-types v0.36.1
[INFO] [stderr]    Compiling chia-sdk-coinset v0.36.0
[INFO] [stderr]    Compiling dig-chainsource-interface v0.3.3
[INFO] [stderr]    Compiling chia-consensus v0.36.1
[INFO] [stderr]    Compiling dig-constants v0.13.1
[INFO] [stderr]    Compiling rue-lir v0.8.5
[INFO] [stderr]    Compiling rue-hir v0.8.5
[INFO] [stderr]    Compiling rue-compiler v0.8.5
[INFO] [stderr]    Compiling chia-sdk-types v0.36.0
[INFO] [stderr]    Compiling chia-sdk-signer v0.36.0
[INFO] [stderr]    Compiling chia-sdk-driver v0.36.0
[INFO] [stderr]    Compiling chia-sdk-test v0.36.0
[INFO] [stderr]    Compiling dig-rewards-coin v0.11.3 (/opt/rustwide/workdir)
[INFO] [stderr]     Finished `release` profile [optimized] target(s) in 3m 29s
[INFO] running `Command { std: "docker" "inspect" "4e13de712ab662b12eb79ce682b6c9e8c68af71eb2fb3871631df9a64c21af47", kill_on_drop: false }`
[INFO] running `Command { std: "docker" "exec" "-e" "SOURCE_DIR=/opt/rustwide/workdir" "-e" "CARGO_HOME=/opt/rustwide/cargo-home" "-e" "RUSTUP_HOME=/opt/rustwide/rustup-home" "-e" "CARGO_TARGET_DIR=/opt/rustwide/target" "-e" "CARGO_INCREMENTAL=0" "-e" "RUST_BACKTRACE=full" "-e" "RUSTFLAGS=--cap-lints=warn" "-e" "RUSTDOCFLAGS=--cap-lints=warn" "-w" "/opt/rustwide/workdir" "--user" "0:0" "4e13de712ab662b12eb79ce682b6c9e8c68af71eb2fb3871631df9a64c21af47" "/opt/rustwide/cargo-home/bin/cargo" "+1.99.0-beta.8" "test" "--frozen" "--release", kill_on_drop: false }`
[INFO] [stderr]     Finished `release` profile [optimized] target(s) in 0.52s
[INFO] [stderr]      Running unittests src/lib.rs (/opt/rustwide/target/release/deps/dig_rewards_coin-1b8df955a8a00d22)
[INFO] [stdout] 
[INFO] [stdout] running 83 tests
[INFO] [stdout] test constants::tests::a_zero_manager_singleton_launcher_id_is_refused ... ok
[INFO] [stdout] test clawback::tests::recoverable_base_units_rejects_bps_above_10_000_instead_of_panicking ... ok
[INFO] [stdout] test comment::tests::launch_comment_accepts_uppercase_on_read_and_compares_bytes_not_text ... ok
[INFO] [stdout] test constants::tests::a_zero_refund_hash_is_refused ... ok
[INFO] [stdout] test clawback::tests::distributor_epoch_started_is_true_at_epoch_start ... ok
[INFO] [stdout] test clawback::tests::recoverable_base_units_does_not_overflow_where_a_plain_u64_multiply_would ... ok
[INFO] [stdout] test clawback::tests::recoverable_base_units_is_pinned_at_the_largest_reportable_commitment ... ok
[INFO] [stdout] test comment::tests::launch_comment_rejects_a_wrong_length_half ... ok
[INFO] [stdout] test comment::tests::launch_comment_rejects_a_wrong_prefix_as_a_non_error ... ok
[INFO] [stdout] test comment::tests::launch_comment_rejects_non_hex ... ok
[INFO] [stdout] test clawback::tests::distributor_epoch_started_is_false_one_second_before ... ok
[INFO] [stdout] test clawback::tests::recoverable_base_units_accepts_bps_at_the_10_000_boundary ... ok
[INFO] [stdout] test constants::tests::dig_constants_match_the_spec_table ... ok
[INFO] [stdout] test constants::tests::a_non_zero_fee_needs_the_opt_in_constructor ... ok
[INFO] [stdout] test constants::tests::the_dig_treasury_is_refused_as_the_fee_payout_hash ... ok
[INFO] [stdout] test comment::tests::launch_comment_round_trips_through_lowercase_text ... ok
[INFO] [stdout] test clawback::tests::distributor_epoch_started_is_true_after ... ok
[INFO] [stdout] test constants::tests::the_named_defaults_are_the_spec_values ... ok
[INFO] [stdout] test constants::tests::a_zero_distributor_epoch_is_refused ... ok
[INFO] [stdout] test eligibility::tests::eligibility_a_different_mirror_collateral_epoch_is_a_different_question ... ok
[INFO] [stdout] test discovery::tests::discover_distributor_returns_none_when_the_chain_has_no_parent_spend ... ok
[INFO] [stdout] test eligibility::tests::eligibility_absent_coin_is_ineligible_not_an_error ... ok
[INFO] [stdout] test eligibility::tests::eligibility_advertises_failing_alone_is_ineligible ... ok
[INFO] [stdout] test eligibility::tests::eligibility_all_three_passing_yields_the_owner_puzzle_hash ... ok
[INFO] [stdout] test eligibility::tests::eligibility_an_established_epoch_runs_the_same_predicate ... ok
[INFO] [stdout] test discovery::tests::a_puzzle_reveal_exactly_at_the_size_bound_is_not_refused_by_the_size_gate ... ok
[INFO] [stdout] test discovery::tests::a_condition_list_over_decode_max_conditions_is_refused_before_the_extraction_loop ... ok
[INFO] [stdout] test discovery::tests::a_comment_that_does_not_parse_as_a_generation_yields_nothing ... ok
[INFO] [stdout] test discovery::tests::a_hint_that_does_not_match_the_dig_rewards_hint_yields_nothing ... ok
[INFO] [stdout] test discovery::tests::a_puzzle_reveal_one_byte_over_the_size_bound_is_refused_before_any_decode ... ok
[INFO] [stdout] test eligibility::tests::eligibility_an_unestablished_epoch_is_chain_unavailable_never_a_guess ... ok
[INFO] [stdout] test eligibility::tests::eligibility_declares_peer_failing_alone_is_ineligible ... ok
[INFO] [stdout] test entries::tests::a_manager_authority_cannot_be_the_zero_hash ... ok
[INFO] [stdout] test entries::tests::a_saturating_max_seconds_offset_closes_the_window_instead_of_leaving_it_open_forever ... ok
[INFO] [stdout] test error::tests::chain_unavailable_displays_the_reason ... ok
[INFO] [stdout] test discovery::tests::a_condition_list_exactly_at_decode_max_conditions_decodes ... ok
[INFO] [stdout] test discovery::tests::a_spend_that_creates_no_launcher_yields_nothing ... ok
[INFO] [stdout] test discovery::tests::an_unparseable_solution_is_malformed_not_absent ... ok
[INFO] [stdout] test discovery::tests::a_puzzle_over_the_decode_cost_bound_is_refused ... ok
[INFO] [stdout] test error::tests::driver_error_from_conversion_boxes_and_displays ... ok
[INFO] [stdout] test discovery::tests::an_unparseable_puzzle_reveal_is_malformed_not_absent ... ok
[INFO] [stdout] test discovery::tests::a_solution_one_byte_over_the_size_bound_is_refused_before_any_decode ... ok
[INFO] [stdout] test error::tests::from_box_driver_error_variant_constructs_directly ... ok
[INFO] [stdout] test entries::tests::a_saturating_post_sync_closes_at_leaves_the_window_open_when_the_synced_clock_would_overflow_it ... ok
[INFO] [stdout] test error::tests::malformed_displays_the_reason ... ok
[INFO] [stdout] test fund::tests::a_plan_only_ever_names_future_epoch_boundaries ... ok
[INFO] [stdout] test discovery::tests::a_puzzle_that_does_not_run_is_malformed_not_absent ... ok
[INFO] [stdout] test payout::tests::a_cumulative_payout_behind_the_entrys_initial_value_is_none_not_wrapped ... ok
[INFO] [stdout] test launch::tests::the_funder_refund_hash_is_the_fee_payout_hash ... ok
[INFO] [stdout] test manager::tests::a_zero_parent_coin_id_is_refused ... ok
[INFO] [stdout] test payout::tests::accrues_shares_times_elapsed_payout_divided_by_precision ... ok
[INFO] [stdout] test payout::tests::a_zero_precision_is_none_not_a_panic ... ok
[INFO] [stdout] test launch::tests::a_first_epoch_start_in_the_past_is_refused ... ok
[INFO] [stdout] test state::tests::a_commit_incentives_backfill_past_the_fixed_cap_is_refused ... ok
[INFO] [stdout] test state::tests::a_commit_add_that_would_overflow_is_refused ... ok
[INFO] [stdout] test state::tests::a_commit_incentives_backfill_whose_accumulator_overflows_is_refused ... ok
[INFO] [stdout] test discovery::tests::a_solution_exactly_at_the_size_bound_is_not_refused_by_the_size_gate ... ok
[INFO] [stdout] test state::tests::a_commit_incentives_epoch_seconds_of_zero_is_refused_before_it_can_hang ... ok
[INFO] [stdout] test state::tests::a_non_nil_ephemeral_state_makes_the_unlock_puzzle_raise ... ok
[INFO] [stdout] test state::tests::a_real_identity_leaves_the_entry_set_writable_for_every_distributor_type ... ok
[INFO] [stdout] test state::tests::a_slot_spent_after_it_was_created_is_removed_exactly_once ... ok
[INFO] [stdout] test fund::tests::a_zero_epoch_length_has_no_schedule ... ok
[INFO] [stdout] test fund::tests::the_default_commitment_depth_is_two_future_epochs ... ok
[INFO] [stdout] test payout::tests::the_payout_threshold_is_never_applied ... ok
[INFO] [stdout] test payout::tests::a_payout_that_does_not_fit_u64_is_none ... ok
[INFO] [stdout] test manager::tests::a_zero_inner_puzzle_hash_is_refused ... ok
[INFO] [stdout] test manager::tests::a_hash_supplied_launch_derives_a_nonzero_launcher_id ... ok
[INFO] [stdout] test state::tests::a_stake_add_that_would_overflow_is_refused ... ok
[INFO] [stdout] test fund::tests::a_deeper_commitment_needs_an_explicit_argument ... ok
[INFO] [stdout] test state::tests::an_inconsistent_clock_where_the_write_is_after_the_peak_reports_stale ... ok
[INFO] [stdout] test state::tests::a_zero_identity_freezes_the_entry_set_for_every_distributor_type ... ok
[INFO] [stdout] test state::tests::a_withdraw_subtract_that_would_underflow_is_refused ... ok
[INFO] [stdout] test state::tests::an_unrecognised_action_puzzle_hash_is_refused ... ok
[INFO] [stdout] test state::tests::an_unstake_subtract_that_would_underflow_is_refused ... ok
[INFO] [stdout] test state::tests::an_honest_two_epoch_backfill_succeeds_under_dig_distributor_constants ... ok
[INFO] [stdout] test state::tests::one_entry_slot_for_a_puzzle_hash_is_returned ... ok
[INFO] [stdout] test state::tests::commit_incentives_generations_summing_past_the_budget_are_refused_even_though_each_fits ... ok
[INFO] [stdout] test state::tests::a_stake_counter_at_i128_max_is_refused ... ok
[INFO] [stdout] test state::tests::commit_incentives_actions_summing_past_the_budget_are_refused_even_though_each_fits ... ok
[INFO] [stdout] test state::tests::two_entry_slots_paying_the_same_puzzle_hash_is_an_error_not_a_pick ... ok
[INFO] [stdout] test state::tests::a_zero_reserve_is_never_stale_and_a_funded_never_written_set_always_is ... ok
[INFO] [stdout] test state::tests::staleness_turns_over_exactly_at_the_threshold_in_both_directions ... ok
[INFO] [stderr]      Running tests/cohort_lock_guard.rs (/opt/rustwide/target/release/deps/cohort_lock_guard-4cf6f481fe365694)
[INFO] [stdout] test state::tests::a_slot_spent_without_a_matching_creation_is_a_diverged_read ... ok
[INFO] [stdout] 
[INFO] [stdout] test result: ok. 83 passed; 0 failed; 0 ignored; 0 measured; 0 filtered out; finished in 0.04s
[INFO] [stdout] 
[INFO] [stdout] 
[INFO] [stdout] running 2 tests
[INFO] [stdout] test cohort_members_resolve_to_the_spec_pinned_versions ... ok
[INFO] [stdout] test the_byte_bearing_crates_are_pinned_exactly_in_the_manifest ... FAILED
[INFO] [stdout] 
[INFO] [stdout] failures:
[INFO] [stdout] 
[INFO] [stdout] ---- the_byte_bearing_crates_are_pinned_exactly_in_the_manifest stdout ----
[INFO] [stdout] 
[INFO] [stdout] thread 'the_byte_bearing_crates_are_pinned_exactly_in_the_manifest' (5609) panicked at tests/cohort_lock_guard.rs:133:32:
[INFO] [stdout] chia-sdk-driver is not a [dependencies] entry in Cargo.toml at all
[INFO] [stdout] stack backtrace:
[INFO] [stdout]    0:     0x60aacc26ed81 - <<std[70759c8f55707aa4]::sys::backtrace::BacktraceLock>::print::DisplayBacktrace as core[df12db4294e9bfd3]::fmt::Display>::fmt
[INFO] [stdout]    1:     0x60aacc282f5a - core[df12db4294e9bfd3]::fmt::write
[INFO] [stdout]    2:     0x60aacc27321c - <alloc[2182bb758b4b3781]::vec::Vec<u8> as core[df12db4294e9bfd3]::io::write::Write>::write_fmt
[INFO] [stdout]    3:     0x60aacc24b376 - std[70759c8f55707aa4]::panicking::default_hook::{closure#0}
[INFO] [stdout]    4:     0x60aacc2674e9 - std[70759c8f55707aa4]::panicking::default_hook
[INFO] [stdout]    5:     0x60aacc203970 - test[9d35eded1c95d3be]::test_main_inner::<test[9d35eded1c95d3be]::test_main_static::{closure#0}>::{closure#0}
[INFO] [stdout]    6:     0x60aacc2676a2 - std[70759c8f55707aa4]::panicking::panic_with_hook
[INFO] [stdout]    7:     0x60aacc24b422 - std[70759c8f55707aa4]::panicking::panic_handler::{closure#0}
[INFO] [stdout]    8:     0x60aacc2441a9 - std[70759c8f55707aa4]::sys::backtrace::__rust_end_short_backtrace::<std[70759c8f55707aa4]::panicking::panic_handler::{closure#0}, !>
[INFO] [stdout]    9:     0x60aacc24c01d - __rustc[8fa7c3cbc660c2b3]::rust_begin_unwind
[INFO] [stdout]   10:     0x60aacc28368c - core[df12db4294e9bfd3]::panicking::panic_fmt
[INFO] [stdout]   11:     0x60aacc1f54f6 - <cohort_lock_guard[a0897cb81292ab2c]::the_byte_bearing_crates_are_pinned_exactly_in_the_manifest::{closure#0} as core[df12db4294e9bfd3]::ops::function::FnOnce<()>>::call_once
[INFO] [stdout]   12:     0x60aacc1f6c5b - test[9d35eded1c95d3be]::__rust_begin_short_backtrace::<core[df12db4294e9bfd3]::result::Result<(), alloc[2182bb758b4b3781]::string::String>, fn() -> core[df12db4294e9bfd3]::result::Result<(), alloc[2182bb758b4b3781]::string::String>>
[INFO] [stdout]   13:     0x60aacc2042c5 - test[9d35eded1c95d3be]::run_test::{closure#0}
[INFO] [stdout]   14:     0x60aacc1fdb84 - std[70759c8f55707aa4]::sys::backtrace::__rust_begin_short_backtrace::<test[9d35eded1c95d3be]::run_test::{closure#1}, ()>
[INFO] [stdout]   15:     0x60aacc207422 - <std[70759c8f55707aa4]::thread::lifecycle::spawn_unchecked<test[9d35eded1c95d3be]::run_test::{closure#1}, ()>::{closure#1} as core[df12db4294e9bfd3]::ops::function::FnOnce<()>>::call_once::{shim:vtable#0}
[INFO] [stdout]   16:     0x60aacc26e659 - <std[70759c8f55707aa4]::sys::thread::unix::Thread>::new::thread_start
[INFO] [stdout]   17:     0x7ee290c3fdfa - <unknown>
[INFO] [stdout]   18:     0x7ee290cd33d4 - clone
[INFO] [stdout]   19:                0x0 - <unknown>
[INFO] [stdout] 
[INFO] [stdout] 
[INFO] [stdout] failures:
[INFO] [stdout]     the_byte_bearing_crates_are_pinned_exactly_in_the_manifest
[INFO] [stdout] 
[INFO] [stdout] test result: FAILED. 1 passed; 1 failed; 0 ignored; 0 measured; 0 filtered out; finished in 0.01s
[INFO] [stderr] error: test failed, to rerun pass `--test cohort_lock_guard`
[INFO] [stdout] 
[INFO] running `Command { std: "docker" "inspect" "4e13de712ab662b12eb79ce682b6c9e8c68af71eb2fb3871631df9a64c21af47", kill_on_drop: false }`
[INFO] running `Command { std: "docker" "rm" "-f" "4e13de712ab662b12eb79ce682b6c9e8c68af71eb2fb3871631df9a64c21af47", kill_on_drop: false }`
[INFO] [stdout] 4e13de712ab662b12eb79ce682b6c9e8c68af71eb2fb3871631df9a64c21af47
