[INFO] fetching crate dig-block 0.2.1...
[INFO] testing dig-block-0.2.1 against 1.100.0-beta.1+cargoflags=--release for beta-release-1.100-2
[INFO] extracting crate dig-block 0.2.1 into /workspace/builds/worker-7-tc2/source
[INFO] started tweaking crates.io crate dig-block 0.2.1
[INFO] removed 0 missing tests
[INFO] finished tweaking crates.io crate dig-block 0.2.1
[INFO] tweaked toml for crates.io crate dig-block 0.2.1 written to /workspace/builds/worker-7-tc2/source/Cargo.toml
[INFO] validating manifest of crates.io crate dig-block 0.2.1 on toolchain 1.100.0-beta.1
[INFO] running `Command { std: CARGO_HOME="/workspace/cargo-home" RUSTUP_HOME="/workspace/rustup-home" "/workspace/cargo-home/bin/cargo" "+1.100.0-beta.1" "metadata" "--manifest-path" "Cargo.toml" "--no-deps", kill_on_drop: false }`
[INFO] crate crates.io crate dig-block 0.2.1 already has a lockfile, it will not be regenerated
[INFO] running `Command { std: CARGO_HOME="/workspace/cargo-home" RUSTUP_HOME="/workspace/rustup-home" "/workspace/cargo-home/bin/cargo" "+1.100.0-beta.1" "fetch" "--manifest-path" "Cargo.toml", kill_on_drop: false }`
[INFO] running `Command { std: "docker" "create" "-v" "/var/lib/crater-agent-workspace/builds/worker-7-tc2/source:/opt/rustwide/workdir:ro,Z" "-v" "/var/lib/crater-agent-workspace/builds/worker-7-tc2/target:/opt/rustwide/target:rw,Z" "-v" "/var/lib/crater-agent-workspace/cargo-home:/opt/rustwide/cargo-home:ro,Z" "-v" "/var/lib/crater-agent-workspace/rustup-home:/opt/rustwide/rustup-home:ro,Z" "-m" "1610612736" "--network" "none" "ghcr.io/rust-lang/crates-build-env/linux@sha256:77db811e55d90add9212f6832c23229e3de5f1c1f9905e8cb07319ea15df73ac" "sleep" "infinity", kill_on_drop: false }`
[INFO] [stdout] 21f599d5bbfc86dd16c46826e09d8d1a7cbc224519da91fd4f70ef4ddcbec0e7
[INFO] running `Command { std: "docker" "start" "21f599d5bbfc86dd16c46826e09d8d1a7cbc224519da91fd4f70ef4ddcbec0e7", kill_on_drop: false }`
[INFO] running `Command { std: "docker" "inspect" "21f599d5bbfc86dd16c46826e09d8d1a7cbc224519da91fd4f70ef4ddcbec0e7", kill_on_drop: false }`
[INFO] running `Command { std: "docker" "exec" "-e" "SOURCE_DIR=/opt/rustwide/workdir" "-e" "CARGO_HOME=/opt/rustwide/cargo-home" "-e" "RUSTUP_HOME=/opt/rustwide/rustup-home" "-e" "CARGO_TARGET_DIR=/opt/rustwide/target" "-w" "/opt/rustwide/workdir" "--user" "0:0" "21f599d5bbfc86dd16c46826e09d8d1a7cbc224519da91fd4f70ef4ddcbec0e7" "/opt/rustwide/cargo-home/bin/cargo" "+1.100.0-beta.1" "metadata" "--no-deps" "--format-version=1", kill_on_drop: false }`
[INFO] running `Command { std: "docker" "inspect" "21f599d5bbfc86dd16c46826e09d8d1a7cbc224519da91fd4f70ef4ddcbec0e7", kill_on_drop: false }`
[INFO] running `Command { std: "docker" "exec" "-e" "SOURCE_DIR=/opt/rustwide/workdir" "-e" "CARGO_HOME=/opt/rustwide/cargo-home" "-e" "RUSTUP_HOME=/opt/rustwide/rustup-home" "-e" "CARGO_TARGET_DIR=/opt/rustwide/target" "-e" "CARGO_INCREMENTAL=0" "-e" "RUST_BACKTRACE=full" "-e" "RUSTFLAGS=--cap-lints=warn" "-e" "RUSTDOCFLAGS=--cap-lints=warn" "-w" "/opt/rustwide/workdir" "--user" "0:0" "21f599d5bbfc86dd16c46826e09d8d1a7cbc224519da91fd4f70ef4ddcbec0e7" "/opt/rustwide/cargo-home/bin/cargo" "+1.100.0-beta.1" "build" "--frozen" "--message-format=json" "--release", kill_on_drop: false }`
[INFO] [stderr]    Compiling const-oid v0.9.6
[INFO] [stderr]    Compiling generic-array v0.14.9
[INFO] [stderr]    Compiling subtle v2.6.1
[INFO] [stderr]    Compiling serde_core v1.0.229
[INFO] [stderr]    Compiling serde v1.0.229
[INFO] [stderr]    Compiling syn v3.0.4
[INFO] [stderr]    Compiling getrandom v0.2.17
[INFO] [stderr]    Compiling base64ct v1.8.3
[INFO] [stderr]    Compiling find-msvc-tools v0.1.12
[INFO] [stderr]    Compiling rand_core v0.6.4
[INFO] [stderr]    Compiling cc v1.4.5
[INFO] [stderr]    Compiling num-traits v0.2.19
[INFO] [stderr]    Compiling indexmap v2.14.1
[INFO] [stderr]    Compiling pem-rfc7468 v0.7.0
[INFO] [stderr]    Compiling toml_datetime v0.6.11
[INFO] [stderr]    Compiling ff v0.13.1
[INFO] [stderr]    Compiling der v0.7.10
[INFO] [stderr]    Compiling block-buffer v0.10.4
[INFO] [stderr]    Compiling crypto-common v0.1.6
[INFO] [stderr]    Compiling digest v0.10.7
[INFO] [stderr]    Compiling toml_edit v0.19.15
[INFO] [stderr]    Compiling base16ct v0.2.0
[INFO] [stderr]    Compiling crypto-bigint v0.5.5
[INFO] [stderr]    Compiling sha2 v0.10.9
[INFO] [stderr]    Compiling hmac v0.12.1
[INFO] [stderr]    Compiling group v0.13.0
[INFO] [stderr]    Compiling num-integer v0.1.47
[INFO] [stderr]    Compiling thiserror-impl v1.0.69
[INFO] [stderr]    Compiling spki v0.7.3
[INFO] [stderr]    Compiling pkcs8 v0.10.2
[INFO] [stderr]    Compiling sec1 v0.7.3
[INFO] [stderr]    Compiling proc-macro-crate v1.3.1
[INFO] [stderr]    Compiling elliptic-curve v0.13.8
[INFO] [stderr]    Compiling zerocopy v0.8.56
[INFO] [stderr]    Compiling serde_derive v1.0.229
[INFO] [stderr]    Compiling thiserror v1.0.69
[INFO] [stderr]    Compiling blst v0.3.17
[INFO] [stderr]    Compiling rfc6979 v0.4.0
[INFO] [stderr]    Compiling signature v2.2.0
[INFO] [stderr]    Compiling num_cpus v1.17.0
[INFO] [stderr]    Compiling zerovec-derive v0.11.6
[INFO] [stderr]    Compiling ecdsa v0.16.9
[INFO] [stderr]    Compiling threadpool v1.8.1
[INFO] [stderr]    Compiling chia_streamable_macro v0.22.0
[INFO] [stderr]    Compiling primeorder v0.13.6
[INFO] [stderr]    Compiling hkdf v0.12.4
[INFO] [stderr]    Compiling chia-sha2 v0.22.0
[INFO] [stderr]    Compiling p256 v0.13.2
[INFO] [stderr]    Compiling k256 v0.13.4
[INFO] [stderr]    Compiling chia-traits v0.22.0
[INFO] [stderr]    Compiling zerovec v0.11.8
[INFO] [stderr]    Compiling displaydoc v0.2.7
[INFO] [stderr]    Compiling chia-sha2 v0.26.0
[INFO] [stderr]    Compiling hex-literal v0.4.1
[INFO] [stderr]    Compiling keccak v0.1.6
[INFO] [stderr]    Compiling sha3 v0.10.9
[INFO] [stderr]    Compiling bitvec v1.1.1
[INFO] [stderr]    Compiling chia_streamable_macro v0.26.0
[INFO] [stderr]    Compiling sha1 v0.10.7
[INFO] [stderr]    Compiling bumpalo v3.20.3
[INFO] [stderr]    Compiling chia-traits v0.26.0
[INFO] [stderr]    Compiling tinystr v0.8.4
[INFO] [stderr]    Compiling chia-secp v0.26.0
[INFO] [stderr]    Compiling clvm-derive v0.26.0
[INFO] [stderr]    Compiling icu_locale_core v2.3.0
[INFO] [stderr]    Compiling zerotrie v0.2.5
[INFO] [stderr]    Compiling potential_utf v0.1.6
[INFO] [stderr]    Compiling smallvec v1.16.0
[INFO] [stderr]    Compiling icu_collections v2.3.0
[INFO] [stderr]    Compiling icu_provider v2.3.1
[INFO] [stderr]    Compiling num-bigint v0.4.8
[INFO] [stderr]    Compiling chia-serde v0.26.0
[INFO] [stderr]    Compiling bitcoin-io v0.1.101
[INFO] [stderr]    Compiling getrandom v0.4.3
[INFO] [stderr]    Compiling arrayvec v0.7.8
[INFO] [stderr]    Compiling hex-conservative v0.2.3
[INFO] [stderr]    Compiling ppv-lite86 v0.2.21
[INFO] [stderr]    Compiling tokio v1.53.1
[INFO] [stderr]    Compiling icu_normalizer v2.3.0
[INFO] [stderr]    Compiling icu_properties v2.3.0
[INFO] [stderr]    Compiling rand_chacha v0.3.1
[INFO] [stderr]    Compiling chia-bls v0.22.0
[INFO] [stderr]    Compiling rand v0.8.8
[INFO] [stderr]    Compiling chia-bls v0.26.0
[INFO] [stderr]    Compiling serde_json v1.0.151
[INFO] [stderr]    Compiling aho-corasick v1.1.5
[INFO] [stderr]    Compiling clvmr v0.14.0
[INFO] [stderr]    Compiling chia-puzzles v0.20.3
[INFO] [stderr]    Compiling rustix v1.1.4
[INFO] [stderr]    Compiling clvm-traits v0.26.0
[INFO] [stderr]    Compiling regex-automata v0.4.18
[INFO] [stderr]    Compiling clvm-utils v0.26.0
[INFO] [stderr]    Compiling chia-protocol v0.26.0
[INFO] [stderr]    Compiling idna_adapter v1.2.2
[INFO] [stderr]    Compiling num-rational v0.4.2
[INFO] [stderr]    Compiling bitcoin_hashes v0.14.101
[INFO] [stderr]    Compiling hashlink v0.10.0
[INFO] [stderr]    Compiling num-iter v0.1.46
[INFO] [stderr]    Compiling num-complex v0.4.6
[INFO] [stderr]    Compiling block-buffer v0.9.0
[INFO] [stderr]    Compiling digest v0.9.0
[INFO] [stderr]    Compiling sha2 v0.9.9
[INFO] [stderr]    Compiling num v0.4.3
[INFO] [stderr]    Compiling convert_case v0.8.0
[INFO] [stderr]    Compiling tempfile v3.27.0
[INFO] [stderr]    Compiling yaml-rust2 v0.10.4
[INFO] [stderr]    Compiling chia-puzzle-types v0.26.0
[INFO] [stderr]    Compiling regex v1.13.1
[INFO] [stderr]    Compiling chia-consensus v0.26.0
[INFO] [stderr]    Compiling idna v1.1.0
[INFO] [stderr]    Compiling futures-channel v0.3.34
[INFO] [stderr]    Compiling thiserror-impl v2.0.20
[INFO] [stderr]    Compiling indoc v2.0.7
[INFO] [stderr]    Compiling binascii v0.1.4
[INFO] [stderr]    Compiling do-notation v0.1.3
[INFO] [stderr]    Compiling tower v0.5.3
[INFO] [stderr]    Compiling hyper v1.11.1
[INFO] [stderr]    Compiling thiserror v2.0.20
[INFO] [stderr]    Compiling url v2.5.8
[INFO] [stderr]    Compiling chia-sdk-derive v0.30.0
[INFO] [stderr]    Compiling secp256k1-sys v0.10.1
[INFO] [stderr]    Compiling bigdecimal v0.4.10
[INFO] [stderr]    Compiling ipnet v2.12.1
[INFO] [stderr]    Compiling serde_urlencoded v0.7.1
[INFO] [stderr]    Compiling hyper-util v0.1.20
[INFO] [stderr]    Compiling tower-http v0.6.11
[INFO] [stderr]    Compiling unicode-normalization v0.1.25
[INFO] [stderr]    Compiling hex_lit v0.1.1
[INFO] [stderr]    Compiling reqwest v0.12.28
[INFO] [stderr]    Compiling bip39 v2.2.2
[INFO] [stderr]    Compiling bitcoin v0.32.102
[INFO] [stderr]    Compiling dig-constants v0.9.0
[INFO] [stderr]    Compiling base58ck v0.1.101
[INFO] [stderr]    Compiling bech32 v0.11.1
[INFO] [stderr]    Compiling bitcoin-units v0.1.101
[INFO] [stderr]    Compiling bincode v1.3.3
[INFO] [stderr]    Compiling chia-sdk-coinset v0.30.0
[INFO] [stderr]    Compiling clvm_tools_rs v0.3.0
[INFO] [stderr]    Compiling secp256k1 v0.29.1
[INFO] [stderr]    Compiling chia-sdk-types v0.30.0
[INFO] [stderr]    Compiling chia-sdk-signer v0.30.0
[INFO] [stderr]    Compiling chia-sdk-driver v0.30.0
[INFO] [stderr]    Compiling dig-clvm v0.2.2
[INFO] [stderr]    Compiling dig-block v0.2.1 (/opt/rustwide/workdir)
[INFO] [stderr]     Finished `release` profile [optimized] target(s) in 5m 09s
[INFO] running `Command { std: "docker" "inspect" "21f599d5bbfc86dd16c46826e09d8d1a7cbc224519da91fd4f70ef4ddcbec0e7", kill_on_drop: false }`
[INFO] running `Command { std: "docker" "exec" "-e" "SOURCE_DIR=/opt/rustwide/workdir" "-e" "CARGO_HOME=/opt/rustwide/cargo-home" "-e" "RUSTUP_HOME=/opt/rustwide/rustup-home" "-e" "CARGO_TARGET_DIR=/opt/rustwide/target" "-e" "CARGO_INCREMENTAL=0" "-e" "RUST_BACKTRACE=full" "-e" "RUSTFLAGS=--cap-lints=warn" "-e" "RUSTDOCFLAGS=--cap-lints=warn" "-w" "/opt/rustwide/workdir" "--user" "0:0" "21f599d5bbfc86dd16c46826e09d8d1a7cbc224519da91fd4f70ef4ddcbec0e7" "/opt/rustwide/cargo-home/bin/cargo" "+1.100.0-beta.1" "test" "--frozen" "--no-run" "--message-format=json" "--release", kill_on_drop: false }`
[INFO] [stderr]    Compiling getrandom v0.3.4
[INFO] [stderr]    Compiling wait-timeout v0.2.1
[INFO] [stderr]    Compiling bit-vec v0.8.0
[INFO] [stderr]    Compiling unarray v0.1.4
[INFO] [stderr]    Compiling rusty-fork v0.3.1
[INFO] [stderr]    Compiling rand_core v0.9.5
[INFO] [stderr]    Compiling bit-set v0.8.0
[INFO] [stderr]    Compiling rand v0.9.5
[INFO] [stderr]    Compiling rand_xorshift v0.4.0
[INFO] [stderr]    Compiling rand_chacha v0.9.0
[INFO] [stderr]    Compiling proptest v1.11.0
[INFO] [stderr]    Compiling dig-block v0.2.1 (/opt/rustwide/workdir)
[INFO] [stderr]     Finished `release` profile [optimized] target(s) in 1m 06s
[INFO] running `Command { std: "docker" "inspect" "21f599d5bbfc86dd16c46826e09d8d1a7cbc224519da91fd4f70ef4ddcbec0e7", kill_on_drop: false }`
[INFO] running `Command { std: "docker" "exec" "-e" "SOURCE_DIR=/opt/rustwide/workdir" "-e" "CARGO_HOME=/opt/rustwide/cargo-home" "-e" "RUSTUP_HOME=/opt/rustwide/rustup-home" "-e" "CARGO_TARGET_DIR=/opt/rustwide/target" "-e" "CARGO_INCREMENTAL=0" "-e" "RUST_BACKTRACE=full" "-e" "RUSTFLAGS=--cap-lints=warn" "-e" "RUSTDOCFLAGS=--cap-lints=warn" "-w" "/opt/rustwide/workdir" "--user" "0:0" "21f599d5bbfc86dd16c46826e09d8d1a7cbc224519da91fd4f70ef4ddcbec0e7" "/opt/rustwide/cargo-home/bin/cargo" "+1.100.0-beta.1" "test" "--frozen" "--release", kill_on_drop: false }`
[INFO] [stderr]     Finished `release` profile [optimized] target(s) in 0.60s
[INFO] [stderr]      Running unittests src/lib.rs (/opt/rustwide/target/release/build/dig-block/c5672088c21f74ae/out/dig_block-c5672088c21f74ae)
[INFO] [stderr]      Running tests/test_attested_block_constructor.rs (/opt/rustwide/target/release/build/dig-block/9a2cc3901cea60de/out/att_001_attested_block_constructor-9a2cc3901cea60de)
[INFO] [stdout] 
[INFO] [stdout] running 0 tests
[INFO] [stdout] 
[INFO] [stdout] test result: ok. 0 passed; 0 failed; 0 ignored; 0 measured; 0 filtered out; finished in 0.00s
[INFO] [stdout] 
[INFO] [stdout] 
[INFO] [stdout] running 4 tests
[INFO] [stdout] test test_attested_block_new_status_pending ... ok
[INFO] [stdout] test test_attested_block_new_empty_signer_bitmap ... ok
[INFO] [stdout] test test_attested_block_new_stores_block_and_receipts ... ok
[INFO] [stdout] test test_attested_block_aggregate_signature_matches_proposer ... ok
[INFO] [stdout] 
[INFO] [stderr]      Running tests/test_attested_block_methods.rs (/opt/rustwide/target/release/build/dig-block/66cf815891ad1b29/out/att_002_attested_block_methods-66cf815891ad1b29)
[INFO] [stdout] test result: ok. 4 passed; 0 failed; 0 ignored; 0 measured; 0 filtered out; finished in 0.00s
[INFO] [stdout] 
[INFO] [stdout] 
[INFO] [stdout] running 9 tests
[INFO] [stdout] test test_has_soft_finality_true_above_threshold ... ok
[INFO] [stdout] test test_has_soft_finality_false_below_threshold ... ok
[INFO] [stdout] test test_signing_percentage_hundred_when_all_signed ... ok
[INFO] [stdout] test test_signing_percentage_delegates_to_signer_bitmap ... ok
[INFO] [stdout] test test_signing_percentage_zero_with_no_signers ... ok
[INFO] [stdout] test test_signing_percentage_partial_half ... ok
[INFO] [stdout] test test_signing_percentage_in_range_zero_to_hundred ... ok
[INFO] [stdout] test test_has_soft_finality_true_at_exact_threshold ... ok
[INFO] [stdout] test test_hash_delegates_to_inner_block ... ok
[INFO] [stdout] 
[INFO] [stdout] test result: ok. 9 passed; 0 failed; 0 ignored; 0 measured; 0 filtered out; finished in 0.00s
[INFO] [stderr]      Running tests/test_block_status.rs (/opt/rustwide/target/release/build/dig-block/3c3f57b152ccca6b/out/att_003_block_status-3c3f57b152ccca6b)
[INFO] [stdout] 
[INFO] [stdout] 
[INFO] [stdout] running 13 tests
[INFO] [stdout] test test_is_canonical_orphaned ... ok
[INFO] [stdout] test test_is_canonical_pending ... ok
[INFO] [stdout] test test_is_canonical_rejected ... ok
[INFO] [stdout] test test_is_canonical_soft_finalized ... ok
[INFO] [stdout] test test_is_finalized_pending ... ok
[INFO] [stdout] test test_block_status_variants_count ... ok
[INFO] [stdout] test test_is_canonical_hard_finalized ... ok
[INFO] [stdout] test test_is_finalized_orphaned ... ok
[INFO] [stdout] test test_is_canonical_validated ... ok
[INFO] [stdout] test test_is_finalized_hard_finalized ... ok
[INFO] [stderr]      Running tests/test_signer_bitmap_core.rs (/opt/rustwide/target/release/build/dig-block/abcab6727df6a72b/out/att_004_signer_bitmap_core-abcab6727df6a72b)
[INFO] [stdout] test test_is_finalized_soft_finalized ... ok
[INFO] [stdout] test test_is_finalized_validated ... ok
[INFO] [stdout] test test_is_finalized_rejected ... ok
[INFO] [stdout] 
[INFO] [stdout] test result: ok. 13 passed; 0 failed; 0 ignored; 0 measured; 0 filtered out; finished in 0.01s
[INFO] [stdout] 
[INFO] [stdout] 
[INFO] [stdout] running 13 tests
[INFO] [stdout] test test_from_bytes_round_trip_equivalent ... ok
[INFO] [stdout] test test_has_threshold_met_at_67_percent ... ok
[INFO] [stdout] test test_max_validators_boundary_allocation ... ok
[INFO] [stdout] test test_has_threshold_not_met_at_50_percent ... ok
[INFO] [stdout] test test_has_signed_false_when_bit_clear ... ok
[INFO] [stdout] test test_new_bitmap_signer_count_zero ... ok
[INFO] [stdout] test test_as_bytes_slice_matches_internal_length ... ok
[INFO] [stdout] test test_new_correct_byte_length_for_10_validators ... ok
[INFO] [stdout] test test_signing_percentage_zero_validators ... ok
[INFO] [stdout] test test_signer_count_five_distinct_indices ... ok
[INFO] [stdout] test test_signing_percentage_three_of_ten ... ok
[INFO] [stderr]      Running tests/test_signer_bitmap_merge.rs (/opt/rustwide/target/release/build/dig-block/dd161b440842a5b7/out/att_005_signer_bitmap_merge-dd161b440842a5b7)
[INFO] [stdout] test test_set_and_check_single_signer ... ok
[INFO] [stdout] test test_set_signed_rejects_index_equal_to_validator_count ... ok
[INFO] [stdout] 
[INFO] [stdout] test result: ok. 13 passed; 0 failed; 0 ignored; 0 measured; 0 filtered out; finished in 0.01s
[INFO] [stdout] 
[INFO] [stdout] 
[INFO] [stdout] running 8 tests
[INFO] [stdout] test test_signer_indices_empty_bitmap ... ok
[INFO] [stdout] test test_signer_indices_after_merge_matches_union ... ok
[INFO] [stdout] test test_signer_indices_sorted_after_non_sequential_sets ... ok
[INFO] [stdout] test test_merge_disjoint_bitmaps_union ... ok
[INFO] [stdout] test test_merge_overlapping_bitmaps ... ok
[INFO] [stderr]      Running tests/test_bld_001_builder_struct_constructor.rs (/opt/rustwide/target/release/build/dig-block/c958c4385e9c5a72/out/bld_001_builder_struct_constructor-c958c4385e9c5a72)
[INFO] [stdout] test test_merge_with_empty_other ... ok
[INFO] [stdout] test test_merge_rejects_validator_count_mismatch ... ok
[INFO] [stdout] test test_merge_ok_when_validator_counts_equal ... ok
[INFO] [stdout] 
[INFO] [stdout] test result: ok. 8 passed; 0 failed; 0 ignored; 0 measured; 0 filtered out; finished in 0.01s
[INFO] [stdout] 
[INFO] [stdout] 
[INFO] [stdout] running 6 tests
[INFO] [stdout] test bld001_new_sets_identity_fields ... ok
[INFO] [stdout] test bld001_new_zero_cost ... ok
[INFO] [stdout] test bld001_new_zero_fees ... ok
[INFO] [stdout] test bld001_new_empty_additions_removals ... ok
[INFO] [stdout] test bld001_new_empty_slash_payloads ... ok
[INFO] [stdout] test bld001_new_empty_spend_bundles ... ok
[INFO] [stdout] 
[INFO] [stdout] test result: ok. 6 passed; 0 failed; 0 ignored; 0 measured; 0 filtered out; finished in 0.00s
[INFO] [stdout] 
[INFO] [stdout] 
[INFO] [stderr]      Running tests/test_bld_002_add_spend_bundle_budget.rs (/opt/rustwide/target/release/build/dig-block/abc595d34231ef00/out/bld_002_add_spend_bundle_budget-abc595d34231ef00)
[INFO] [stdout] running 8 tests
[INFO] [stdout] test bld002_multiple_bundles_accumulate ... ok
[INFO] [stdout] test bld002_rejected_bundle_no_state_change ... ok
[INFO] [stdout] test bld002_remaining_cost ... ok
[INFO] [stdout] test bld002_add_bundle_exceeds_cost_budget ... ok
[INFO] [stdout] test bld002_spend_bundle_count_tracks_len ... ok
[INFO] [stdout] test bld002_add_bundle_within_cost_budget ... ok
[INFO] [stdout] test bld002_additions_removals_and_totals ... ok
[INFO] [stderr]      Running tests/test_bld_003_add_slash_proposal_limits.rs (/opt/rustwide/target/release/build/dig-block/86b8c63a29a91524/out/bld_003_add_slash_proposal_limits-86b8c63a29a91524)
[INFO] [stdout] test bld002_add_bundle_exceeds_size_budget ... ok
[INFO] [stdout] 
[INFO] [stdout] test result: ok. 8 passed; 0 failed; 0 ignored; 0 measured; 0 filtered out; finished in 0.09s
[INFO] [stdout] 
[INFO] [stderr]      Running tests/test_bld_004_optional_setters.rs (/opt/rustwide/target/release/build/dig-block/b59a139cd426a73a/out/bld_004_optional_setters-b59a139cd426a73a)
[INFO] [stdout] 
[INFO] [stdout] running 7 tests
[INFO] [stdout] test bld003_add_slash_proposal_ok ... ok
[INFO] [stdout] test bld003_add_slash_proposal_exceeds_count ... ok
[INFO] [stdout] test bld003_count_error_precedes_size_error ... ok
[INFO] [stdout] test bld003_add_slash_proposal_at_count_limit ... ok
[INFO] [stdout] test bld003_slash_proposal_at_size_limit ... ok
[INFO] [stdout] test bld003_rejected_proposal_no_state_change ... ok
[INFO] [stdout] test bld003_slash_proposal_exceeds_size ... ok
[INFO] [stdout] 
[INFO] [stdout] test result: ok. 7 passed; 0 failed; 0 ignored; 0 measured; 0 filtered out; finished in 0.00s
[INFO] [stdout] 
[INFO] [stdout] 
[INFO] [stdout] running 5 tests
[INFO] [stdout] test bld004_set_dfsp_roots_stores_values ... ok
[INFO] [stdout] test bld004_set_extension_data_stores_value ... ok
[INFO] [stdout] test bld004_set_l1_proofs_stores_values ... ok
[INFO] [stdout] test bld004_setter_overwrites_previous ... ok
[INFO] [stdout] test bld004_defaults_when_setters_not_called ... ok
[INFO] [stdout] 
[INFO] [stdout] test result: ok. 5 passed; 0 failed; 0 ignored; 0 measured; 0 filtered out; finished in 0.01s
[INFO] [stdout] 
[INFO] [stderr]      Running tests/test_bld_005_build_pipeline.rs (/opt/rustwide/target/release/build/dig-block/e91e13aee3aa78b1/out/bld_005_build_pipeline-e91e13aee3aa78b1)
[INFO] [stdout] 
[INFO] [stdout] running 5 tests
[INFO] [stdout] test bld005_block_size_matches_serialized_len_after_second_pass ... ok
[INFO] [stdout] test bld005_build_with_dfsp_activation_selects_v2_when_roots_set ... ok
[INFO] [stdout] test bld005_build_rejects_empty_spend_bundles ... ok
[INFO] [stdout] test bld005_build_full_pipeline_matches_body_and_passes_validate_structure ... ok
[INFO] [stdout] test bld005_build_missing_dfsp_roots_when_v2_required ... ok
[INFO] [stdout] 
[INFO] [stdout] test result: ok. 5 passed; 0 failed; 0 ignored; 0 measured; 0 filtered out; finished in 0.01s
[INFO] [stdout] 
[INFO] [stderr]      Running tests/test_bld_006_block_signer_integration.rs (/opt/rustwide/target/release/build/dig-block/217e67817498eb43/out/bld_006_block_signer_integration-217e67817498eb43)
[INFO] [stdout] 
[INFO] [stdout] running 6 tests
[INFO] [stdout] test bld006_signature_covers_header_with_final_block_size ... ok
[INFO] [stdout] test bld006_sign_failure_maps_to_builder_error ... ok
[INFO] [stdout] test bld006_sign_success_produces_verifiable_bls_signature ... ok
[INFO] [stderr]      Running tests/test_bld_007_builder_validity_guarantee.rs (/opt/rustwide/target/release/build/dig-block/7cd83c0b667fd899/out/bld_007_builder_validity_guarantee-7cd83c0b667fd899)
[INFO] [stdout] test bld006_signer_error_display_preserved_in_builder_error ... ok
[INFO] [stdout] test bld006_header_hash_passed_to_signer_matches_final_header ... ok
[INFO] [stdout] test bld006_build_accepts_dyn_block_signer ... ok
[INFO] [stdout] 
[INFO] [stdout] test result: ok. 6 passed; 0 failed; 0 ignored; 0 measured; 0 filtered out; finished in 0.02s
[INFO] [stdout] 
[INFO] [stdout] 
[INFO] [stdout] running 8 tests
[INFO] [stdout] test bld007_empty_body_with_synced_header_passes_validate_structure ... ok
[INFO] [stdout] test bld007_multiple_spend_bundles_passes_validate_structure ... ok
[INFO] [stdout] test bld007_empty_spend_list_returns_empty_block_error ... ok
[INFO] [stdout] test bld007_full_optional_fields_passes_validate_structure ... ok
[INFO] [stdout] test bld007_v2_post_activation_passes_validate_structure ... ok
[INFO] [stdout] test bld007_single_spend_bundle_passes_validate_structure ... ok
[INFO] [stdout] test bld007_with_slash_proposals_passes_validate_structure ... ok
[INFO] [stdout] test bld007_v1_default_activation_passes_validate_structure ... ok
[INFO] [stderr]      Running tests/test_l2_block_header_struct.rs (/opt/rustwide/target/release/build/dig-block/b43afc00db862aa9/out/blk_001_l2_block_header_struct-b43afc00db862aa9)
[INFO] [stdout] 
[INFO] [stdout] test result: ok. 8 passed; 0 failed; 0 ignored; 0 measured; 0 filtered out; finished in 0.01s
[INFO] [stdout] 
[INFO] [stdout] 
[INFO] [stdout] running 5 tests
[INFO] [stdout] test test_header_debug ... ok
[INFO] [stdout] test test_header_serialize_roundtrip ... ok
[INFO] [stdout] test test_header_all_fields ... ok
[INFO] [stdout] test test_header_clone ... ok
[INFO] [stdout] test test_header_optional_l1_proofs ... ok
[INFO] [stderr]      Running tests/test_l2_block_header_constructors.rs (/opt/rustwide/target/release/build/dig-block/fcf368067780a04b/out/blk_002_l2_block_header_constructors-fcf368067780a04b)
[INFO] [stdout] 
[INFO] [stdout] test result: ok. 5 passed; 0 failed; 0 ignored; 0 measured; 0 filtered out; finished in 0.00s
[INFO] [stdout] 
[INFO] [stdout] 
[INFO] [stdout] running 7 tests
[INFO] [stdout] test test_new_with_l1_proofs ... ok
[INFO] [stdout] test test_no_manual_version ... ok
[INFO] [stdout] test test_version_v1_when_dfsp_disabled_constant ... ok
[INFO] [stdout] test test_new_constructor ... ok
[INFO] [stdout] test test_new_with_collateral ... ok
[INFO] [stdout] test test_genesis_constructor ... ok
[INFO] [stdout] test test_genesis_height_zero ... ok
[INFO] [stdout] 
[INFO] [stdout] test result: ok. 7 passed; 0 failed; 0 ignored; 0 measured; 0 filtered out; finished in 0.00s
[INFO] [stdout] 
[INFO] [stderr]      Running tests/test_l2_block_struct.rs (/opt/rustwide/target/release/build/dig-block/14b68e86be04fca8/out/blk_003_l2_block_struct-14b68e86be04fca8)
[INFO] [stdout] 
[INFO] [stdout] running 7 tests
[INFO] [stdout] test test_l2block_empty_spend_bundles ... ok
[INFO] [stdout] test test_l2block_new ... ok
[INFO] [stdout] test test_l2block_empty_slash_proposals ... ok
[INFO] [stdout] test test_l2block_serde_roundtrip ... ok
[INFO] [stdout] test test_l2block_epoch_delegates ... ok
[INFO] [stdout] test test_l2block_height_delegates ... ok
[INFO] [stdout] test test_l2block_hash_delegates ... ok
[INFO] [stderr]      Running tests/test_l2_block_helpers.rs (/opt/rustwide/target/release/build/dig-block/1bfc3d5d6347d57b/out/blk_004_l2_block_helpers-1bfc3d5d6347d57b)
[INFO] [stdout] 
[INFO] [stdout] test result: ok. 7 passed; 0 failed; 0 ignored; 0 measured; 0 filtered out; finished in 0.01s
[INFO] [stdout] 
[INFO] [stdout] 
[INFO] [stdout] running 16 tests
[INFO] [stdout] test test_all_addition_ids ... ok
[INFO] [stdout] test test_all_additions ... ok
[INFO] [stdout] test test_compute_spends_root_multiple ... ok
[INFO] [stdout] test test_all_removals ... ok
[INFO] [stdout] test test_compute_filter_hash ... ok
[INFO] [stdout] test test_compute_removals_root ... ok
[INFO] [stdout] test test_compute_spends_root_empty ... ok
[INFO] [stdout] test test_compute_additions_root_grouped ... ok
[INFO] [stdout] test test_compute_size ... ok
[INFO] [stdout] test test_compute_slash_proposals_root ... ok
[INFO] [stderr]      Running tests/test_protocol_constants.rs (/opt/rustwide/target/release/build/dig-block/8b1262ed881aca55/out/blk_005_protocol_constants-8b1262ed881aca55)
[INFO] [stdout] test test_compute_spends_root_single ... ok
[INFO] [stdout] test test_has_double_spends_none ... ok
[INFO] [stdout] test test_slash_proposal_leaf_hash ... ok
[INFO] [stdout] test test_has_duplicate_outputs_none ... ok
[INFO] [stdout] test test_has_double_spends_found ... ok
[INFO] [stdout] test test_has_duplicate_outputs_found ... ok
[INFO] [stdout] 
[INFO] [stdout] test result: ok. 16 passed; 0 failed; 0 ignored; 0 measured; 0 filtered out; finished in 0.01s
[INFO] [stdout] 
[INFO] [stdout] 
[INFO] [stdout] running 11 tests
[INFO] [stdout] test test_empty_root_value ... ok
[INFO] [stdout] test test_max_block_size ... ok
[INFO] [stdout] test test_constants_public_from_crate_root ... ok
[INFO] [stdout] test test_max_slash_payload ... ok
[INFO] [stdout] test test_dfsp_activation_height ... ok
[INFO] [stdout] test test_max_slash_proposals ... ok
[INFO] [stdout] test test_hash_leaf_prefix ... ok
[INFO] [stdout] test test_hash_tree_prefix ... ok
[INFO] [stdout] test test_max_future_timestamp ... ok
[INFO] [stdout] test test_zero_hash_value ... ok
[INFO] [stdout] test test_max_cost_per_block ... ok
[INFO] [stdout] 
[INFO] [stdout] test result: ok. 11 passed; 0 failed; 0 ignored; 0 measured; 0 filtered out; finished in 0.00s
[INFO] [stdout] 
[INFO] [stderr]      Running tests/test_primitive_types.rs (/opt/rustwide/target/release/build/dig-block/b921404f7d3af267/out/blk_006_primitive_types-b921404f7d3af267)
[INFO] [stdout] 
[INFO] [stdout] running 7 tests
[INFO] [stdout] test test_bytes32_reexport ... ok
[INFO] [stdout] test test_primitives_visible_with_glob ... ok
[INFO] [stdout] test test_cost_is_u64 ... ok
[INFO] [stdout] test test_public_key_reexport ... ok
[INFO] [stdout] test test_signature_reexport ... ok
[INFO] [stdout] test test_version_v2_value ... ok
[INFO] [stdout] test test_version_v1_value ... ok
[INFO] [stdout] 
[INFO] [stdout] test result: ok. 7 passed; 0 failed; 0 ignored; 0 measured; 0 filtered out; finished in 0.02s
[INFO] [stdout] 
[INFO] [stderr]      Running tests/test_version_auto_detection.rs (/opt/rustwide/target/release/build/dig-block/d6efb260ffca0313/out/blk_007_version_auto_detection-d6efb260ffca0313)
[INFO] [stdout] 
[INFO] [stdout] running 8 tests
[INFO] [stdout] test test_version_at_height_u64_max_minus_one ... ok
[INFO] [stdout] test test_all_constructors_same_logic ... ok
[INFO] [stdout] test test_version_at_activation ... ok
[INFO] [stdout] test test_version_below_activation ... ok
[INFO] [stdout] test test_version_default_always_v1 ... ok
[INFO] [stdout] test test_version_not_in_api ... ok
[INFO] [stdout] test test_version_above_activation ... ok
[INFO] [stderr]      Running tests/test_checkpoint_struct.rs (/opt/rustwide/target/release/build/dig-block/170594b44dbd39db/out/ckp_001_checkpoint_struct-170594b44dbd39db)
[INFO] [stdout] test test_version_at_height_zero ... ok
[INFO] [stdout] 
[INFO] [stdout] test result: ok. 8 passed; 0 failed; 0 ignored; 0 measured; 0 filtered out; finished in 0.00s
[INFO] [stdout] 
[INFO] [stdout] 
[INFO] [stdout] running 4 tests
[INFO] [stdout] test ckp001_bincode_roundtrip ... ok
[INFO] [stderr]      Running tests/test_checkpoint_submission_struct.rs (/opt/rustwide/target/release/build/dig-block/4150f63c0c4157df/out/ckp_002_checkpoint_submission_struct-4150f63c0c4157df)
[INFO] [stdout] test ckp001_each_field_roundtrip_after_mutation ... ok
[INFO] [stdout] test ckp001_new_sets_defaults ... ok
[INFO] [stdout] test ckp001_nine_fields_tuple_extraction ... ok
[INFO] [stdout] 
[INFO] [stdout] test result: ok. 4 passed; 0 failed; 0 ignored; 0 measured; 0 filtered out; finished in 0.00s
[INFO] [stdout] 
[INFO] [stdout] 
[INFO] [stdout] running 5 tests
[INFO] [stdout] test ckp002_bincode_roundtrip ... ok
[INFO] [stdout] test ckp002_new_stores_checkpoint_bitmap_sig_pubkey ... ok
[INFO] [stdout] test ckp002_eight_field_surface_readable ... ok
[INFO] [stdout] test ckp002_new_sets_submission_height_and_coin_none ... ok
[INFO] [stderr]      Running tests/test_checkpoint_status.rs (/opt/rustwide/target/release/build/dig-block/8c509f9dd3faa172/out/ckp_003_checkpoint_status-8c509f9dd3faa172)
[INFO] [stdout] test ckp002_new_stores_score_and_submitter ... ok
[INFO] [stdout] 
[INFO] [stdout] test result: ok. 5 passed; 0 failed; 0 ignored; 0 measured; 0 filtered out; finished in 0.00s
[INFO] [stdout] 
[INFO] [stdout] 
[INFO] [stdout] running 7 tests
[INFO] [stdout] test ckp003_copy_and_eq_roundtrip ... ok
[INFO] [stdout] test ckp003_create_failed_matches ... ok
[INFO] [stderr]      Running tests/test_checkpoint_score.rs (/opt/rustwide/target/release/build/dig-block/e0a65d51533e895a/out/ckp_004_checkpoint_score-e0a65d51533e895a)
[INFO] [stdout] test ckp003_create_collecting_matches ... ok
[INFO] [stdout] test ckp003_create_pending_matches ... ok
[INFO] [stdout] test ckp003_exhaustive_match_all_variants ... ok
[INFO] [stdout] test ckp003_winner_selected_construct_and_extract_fields ... ok
[INFO] [stdout] test ckp003_finalized_construct_and_extract_fields ... ok
[INFO] [stdout] 
[INFO] [stdout] test result: ok. 7 passed; 0 failed; 0 ignored; 0 measured; 0 filtered out; finished in 0.01s
[INFO] [stdout] 
[INFO] [stdout] 
[INFO] [stdout] running 6 tests
[INFO] [stdout] test ckp004_score_zero_blocks ... ok
[INFO] [stdout] test ckp004_score_minimal_nonzero ... ok
[INFO] [stdout] test ckp004_score_typical_values ... ok
[INFO] [stdout] test ckp004_score_large_product_within_u64 ... ok
[INFO] [stdout] test ckp004_score_full_stake_epoch_length ... ok
[INFO] [stdout] test ckp004_score_zero_stake ... ok
[INFO] [stderr]      Running tests/test_checkpoint_submission_methods.rs (/opt/rustwide/target/release/build/dig-block/16451d9d6cce4253/out/ckp_005_checkpoint_submission_methods-16451d9d6cce4253)
[INFO] [stdout] 
[INFO] [stdout] test result: ok. 6 passed; 0 failed; 0 ignored; 0 measured; 0 filtered out; finished in 0.00s
[INFO] [stdout] 
[INFO] [stdout] 
[INFO] [stderr]      Running tests/test_checkpoint_builder.rs (/opt/rustwide/target/release/build/dig-block/01c8e185f51c81e1/out/ckp_006_checkpoint_builder-01c8e185f51c81e1)
[INFO] [stdout] running 7 tests
[INFO] [stdout] test ckp005_record_submission_sets_height_coin_and_is_submitted ... ok
[INFO] [stdout] test ckp005_signing_percentage_delegates_to_bitmap ... ok
[INFO] [stdout] test ckp005_hash_delegates_to_checkpoint ... ok
[INFO] [stdout] test ckp005_meets_threshold_false_when_below ... ok
[INFO] [stdout] test ckp005_epoch_delegates_to_checkpoint ... ok
[INFO] [stdout] test ckp005_is_submitted_false_before_record ... ok
[INFO] [stdout] test ckp005_meets_threshold_true_when_above ... ok
[INFO] [stdout] 
[INFO] [stdout] test result: ok. 7 passed; 0 failed; 0 ignored; 0 measured; 0 filtered out; finished in 0.00s
[INFO] [stdout] 
[INFO] [stdout] 
[INFO] [stdout] running 7 tests
[INFO] [stdout] test ckp006_build_empty_checkpoint ... ok
[INFO] [stdout] test ckp006_build_single_block ... ok
[INFO] [stdout] test ckp006_epoch_and_prev_checkpoint_from_new ... ok
[INFO] [stdout] test ckp006_build_three_blocks_aggregates_tx_and_fees ... ok
[INFO] [stdout] test ckp006_block_root_matches_merkle_tree ... ok
[INFO] [stdout] test ckp006_withdrawals_root_matches_merkle_tree ... ok
[INFO] [stderr]      Running tests/test_cov_edge_cases.rs (/opt/rustwide/target/release/build/dig-block/82646a08f1388491/out/cov_edge_cases-82646a08f1388491)
[INFO] [stdout] test ckp006_set_state_root_persists ... ok
[INFO] [stdout] 
[INFO] [stdout] test result: ok. 7 passed; 0 failed; 0 ignored; 0 measured; 0 filtered out; finished in 0.00s
[INFO] [stdout] 
[INFO] [stdout] 
[INFO] [stdout] running 9 tests
[INFO] [stdout] test checkpoint_from_bytes_rejects_garbage ... ok
[INFO] [stdout] test signer_bitmap_has_signed_out_of_range_is_false ... ok
[INFO] [stdout] test signer_bitmap_has_signed_short_tail_reads_as_zero ... ok
[INFO] [stdout] test signer_bitmap_set_signed_resizes_short_bits ... ok
[INFO] [stdout] test attested_block_from_bytes_rejects_garbage ... ok
[INFO] [stdout] test checkpoint_roundtrips_through_bytes ... ok
[INFO] [stdout] test receipt_list_is_empty_false_after_push ... ok
[INFO] [stdout] test receipt_list_is_empty_true_when_no_receipts ... ok
[INFO] [stdout] test checkpoint_default_equals_new ... ok
[INFO] [stderr]      Running tests/test_block_error_structural.rs (/opt/rustwide/target/release/build/dig-block/77ae526851b185a4/out/err_001_block_error_structural-77ae526851b185a4)
[INFO] [stdout] 
[INFO] [stdout] test result: ok. 9 passed; 0 failed; 0 ignored; 0 measured; 0 filtered out; finished in 0.00s
[INFO] [stdout] 
[INFO] [stdout] 
[INFO] [stdout] running 14 tests
[INFO] [stdout] test err001_duplicate_output_shows_coin_id ... ok
[INFO] [stdout] test err001_implements_std_error ... ok
[INFO] [stdout] test err001_invalid_parent_shows_hashes ... ok
[INFO] [stdout] test err001_invalid_receipts_root_shows_hashes ... ok
[INFO] [stdout] test err001_cost_exceeded_shows_cost_and_max ... ok
[INFO] [stdout] test err001_invalid_data_display_contains_message ... ok
[INFO] [stdout] test err001_block_error_is_clone ... ok
[INFO] [stdout] test err001_double_spend_shows_coin_id ... ok
[INFO] [stdout] test err001_timestamp_too_far_shows_both_times ... ok
[INFO] [stdout] test err001_invalid_version_display_contains_expected_and_actual ... ok
[INFO] [stdout] test err001_spend_bundle_count_mismatch_shows_counts ... ok
[INFO] [stdout] test err001_unit_variants_non_empty_display ... ok
[INFO] [stdout] test err001_invalid_spends_root_shows_hashes ... ok
[INFO] [stdout] test err001_too_large_shows_size_and_max ... ok
[INFO] [stderr]      Running tests/test_block_error_execution_state.rs (/opt/rustwide/target/release/build/dig-block/9114fa2bd0f4a5db/out/err_002_block_error_execution_state-9114fa2bd0f4a5db)
[INFO] [stdout] 
[INFO] [stdout] test result: ok. 14 passed; 0 failed; 0 ignored; 0 measured; 0 filtered out; finished in 0.01s
[INFO] [stdout] 
[INFO] [stdout] 
[INFO] [stdout] running 17 tests
[INFO] [stdout] test err002_announcement_not_found_shows_hash ... ok
[INFO] [stdout] test err002_clvm_cost_exceeded_shows_cost_and_remaining ... ok
[INFO] [stdout] test err002_assertion_failed_shows_condition_and_reason ... ok
[INFO] [stdout] test err002_coin_already_exists_shows_coin_id ... ok
[INFO] [stdout] test err002_coin_minting_shows_removed_and_added ... ok
[INFO] [stdout] test err002_coin_already_spent_shows_coin_and_height ... ok
[INFO] [stdout] test err002_coin_not_found_shows_coin_id ... ok
[INFO] [stdout] test err002_not_found_shows_block_hash ... ok
[INFO] [stdout] test err002_invalid_state_root_shows_expected_and_computed ... ok
[INFO] [stdout] test err002_clvm_execution_failed_shows_coin_and_reason ... ok
[INFO] [stdout] test err002_puzzle_hash_mismatch_shows_coin_and_hashes ... ok
[INFO] [stdout] test err002_fees_mismatch_shows_header_and_computed ... ok
[INFO] [stdout] test err002_signature_failed_shows_bundle_index ... ok
[INFO] [stdout] test err002_reserve_fee_failed_shows_required_and_actual ... ok
[INFO] [stdout] test err002_tier2_tier3_clone_and_error_trait ... ok
[INFO] [stdout] test err002_invalid_proposer_signature_non_empty_display ... ok
[INFO] [stdout] test err002_cost_mismatch_shows_header_and_computed ... ok
[INFO] [stdout] 
[INFO] [stdout] test result: ok. 17 passed; 0 failed; 0 ignored; 0 measured; 0 filtered out; finished in 0.01s
[INFO] [stdout] 
[INFO] [stderr]      Running tests/test_checkpoint_error.rs (/opt/rustwide/target/release/build/dig-block/c0b1414811d13399/out/err_003_checkpoint_error-c0b1414811d13399)
[INFO] [stdout] 
[INFO] [stdout] running 9 tests
[INFO] [stdout] test err003_epoch_mismatch_shows_expected_and_got ... ok
[INFO] [stdout] test err003_not_found_display_contains_epoch ... ok
[INFO] [stdout] test err003_not_started_non_empty_display ... ok
[INFO] [stdout] test err003_score_not_higher_shows_current_and_submitted ... ok
[INFO] [stdout] test err003_implements_std_error ... ok
[INFO] [stdout] test err003_invalid_display_contains_reason ... ok
[INFO] [stdout] test err003_already_finalized_non_empty_display ... ok
[INFO] [stdout] test err003_checkpoint_error_is_clone ... ok
[INFO] [stdout] test err003_invalid_data_display_contains_message ... ok
[INFO] [stdout] 
[INFO] [stdout] test result: ok. 9 passed; 0 failed; 0 ignored; 0 measured; 0 filtered out; finished in 0.00s
[INFO] [stdout] 
[INFO] [stderr]      Running tests/test_builder_error.rs (/opt/rustwide/target/release/build/dig-block/3c767731d32ad827/out/err_004_builder_error-3c767731d32ad827)
[INFO] [stdout] 
[INFO] [stdout] running 9 tests
[INFO] [stdout] test err004_signing_failed_display_includes_reason ... ok
[INFO] [stdout] test err004_slash_proposal_too_large_display_shows_size_and_max ... ok
[INFO] [stdout] test err004_builder_error_is_clone ... ok
[INFO] [stdout] test err004_empty_block_display_matches_spec ... ok
[INFO] [stderr]      Running tests/test_receipt_error.rs (/opt/rustwide/target/release/build/dig-block/c39dac85f8030c31/out/err_005_receipt_error-c39dac85f8030c31)
[INFO] [stdout] test err004_missing_dfsp_roots_display_matches_spec ... ok
[INFO] [stdout] test err004_too_many_slash_proposals_display_shows_max ... ok
[INFO] [stdout] test err004_cost_budget_exceeded_display_shows_current_addition_max ... ok
[INFO] [stdout] test err004_implements_std_error ... ok
[INFO] [stdout] test err004_size_budget_exceeded_display_shows_current_addition_max ... ok
[INFO] [stdout] 
[INFO] [stdout] test result: ok. 9 passed; 0 failed; 0 ignored; 0 measured; 0 filtered out; finished in 0.00s
[INFO] [stdout] 
[INFO] [stdout] 
[INFO] [stdout] running 4 tests
[INFO] [stdout] test err005_receipt_implements_std_error ... ok
[INFO] [stdout] test err005_receipt_invalid_data_display ... ok
[INFO] [stdout] test err005_receipt_error_is_clone ... ok
[INFO] [stdout] test err005_receipt_not_found_display_includes_hash ... ok
[INFO] [stdout] 
[INFO] [stdout] test result: ok. 4 passed; 0 failed; 0 ignored; 0 measured; 0 filtered out; finished in 0.00s
[INFO] [stdout] 
[INFO] [stderr]      Running tests/test_signer_bitmap_error.rs (/opt/rustwide/target/release/build/dig-block/3462290874ae7a00/out/err_005_signer_bitmap_error-3462290874ae7a00)
[INFO] [stdout] 
[INFO] [stdout] running 6 tests
[INFO] [stdout] test err005_signer_invalid_length_display ... ok
[INFO] [stdout] test err005_signer_bitmap_implements_std_error ... ok
[INFO] [stdout] test err005_signer_bitmap_error_is_clone ... ok
[INFO] [stdout] test err005_signer_too_many_validators_display ... ok
[INFO] [stdout] test err005_signer_validator_count_mismatch_display ... ok
[INFO] [stdout] test err005_signer_index_out_of_bounds_display ... ok
[INFO] [stdout] 
[INFO] [stdout] test result: ok. 6 passed; 0 failed; 0 ignored; 0 measured; 0 filtered out; finished in 0.01s
[INFO] [stdout] 
[INFO] [stderr]      Running tests/test_exe_001_validate_execution_api.rs (/opt/rustwide/target/release/build/dig-block/4264821e1285831d/out/exe_001_validate_execution_api-4264821e1285831d)
[INFO] [stdout] 
[INFO] [stdout] running 6 tests
[INFO] [stdout] test empty_block_returns_empty_execution_result ... ok
[INFO] [stdout] test signature_matches_normative ... ok
[INFO] [stdout] test validation_is_deterministic ... ok
[INFO] [stdout] test accepts_dig_clvm_validation_config ... ok
[INFO] [stdout] test cost_mismatch_rejected ... ok
[INFO] [stderr]      Running tests/test_exe_002_puzzle_hash_verification.rs (/opt/rustwide/target/release/build/dig-block/58ccc0bc1a5b4c48/out/exe_002_puzzle_hash_verification-58ccc0bc1a5b4c48)
[INFO] [stdout] test fee_mismatch_rejected ... ok
[INFO] [stdout] 
[INFO] [stdout] test result: ok. 6 passed; 0 failed; 0 ignored; 0 measured; 0 filtered out; finished in 0.00s
[INFO] [stdout] 
[INFO] [stdout] 
[INFO] [stdout] running 5 tests
[INFO] [stderr]      Running tests/test_exe_003_clvm_delegation.rs (/opt/rustwide/target/release/build/dig-block/315f3bfae940e345/out/exe_003_clvm_delegation-315f3bfae940e345)
[INFO] [stdout] test helper_uses_clvm_utils_tree_hash ... ok
[INFO] [stdout] test matching_puzzle_hash_accepts_spend ... ok
[INFO] [stdout] test tampered_puzzle_reveal_rejected_with_full_context ... ok
[INFO] [stdout] test multiple_spends_one_bad_halts_on_bad_spend ... ok
[INFO] [stdout] test empty_puzzle_with_zero_hash_rejected ... ok
[INFO] [stdout] 
[INFO] [stdout] test result: ok. 5 passed; 0 failed; 0 ignored; 0 measured; 0 filtered out; finished in 0.00s
[INFO] [stdout] 
[INFO] [stdout] 
[INFO] [stdout] running 11 tests
[INFO] [stdout] test error_mapping_conservation ... ok
[INFO] [stdout] test error_mapping_double_spend ... ok
[INFO] [stdout] test error_mapping_puzzle_hash ... ok
[INFO] [stdout] test error_mapping_signature ... ok
[INFO] [stdout] test error_mapping_already_spent ... ok
[INFO] [stdout] test error_mapping_clvm_failure ... ok
[INFO] [stdout] test error_mapping_coin_not_found ... ok
[INFO] [stdout] test with_context_signature_matches ... ok
[INFO] [stdout] test with_context_empty_block_succeeds ... ok
[INFO] [stdout] test error_mapping_cost_exceeded ... ok
[INFO] [stdout] test no_direct_chia_consensus_clvm_entrypoints_in_src ... ok
[INFO] [stderr]      Running tests/test_exe_004_condition_parsing.rs (/opt/rustwide/target/release/build/dig-block/f115c64c1a8af14c/out/exe_004_condition_parsing-f115c64c1a8af14c)
[INFO] [stdout] 
[INFO] [stdout] test result: ok. 11 passed; 0 failed; 0 ignored; 0 measured; 0 filtered out; finished in 0.01s
[INFO] [stdout] 
[INFO] [stdout] 
[INFO] [stdout] running 11 tests
[INFO] [stdout] test before_seconds_absolute_collected ... ok
[INFO] [stdout] test combined_block_and_spend_level_assertions ... ok
[INFO] [stdout] test empty_conditions_collects_nothing ... ok
[INFO] [stdout] test height_absolute_collected ... ok
[INFO] [stdout] test multiple_spends_each_contribute ... ok
[INFO] [stdout] test per_spend_all_relative_fields_collected ... ok
[INFO] [stderr]      Running tests/test_exe_005_bls_delegation.rs (/opt/rustwide/target/release/build/dig-block/e9650fadf9b7855e/out/exe_005_bls_delegation-e9650fadf9b7855e)
[INFO] [stdout] test per_spend_seconds_relative_collected_with_coin_id ... ok
[INFO] [stdout] test per_spend_height_relative_collected_with_coin_id ... ok
[INFO] [stdout] test seconds_absolute_collected ... ok
[INFO] [stdout] test before_height_absolute_collected ... ok
[INFO] [stdout] test ephemeral_is_not_a_pending_assertion_value ... ok
[INFO] [stdout] 
[INFO] [stdout] test result: ok. 11 passed; 0 failed; 0 ignored; 0 measured; 0 filtered out; finished in 0.00s
[INFO] [stdout] 
[INFO] [stdout] 
[INFO] [stdout] running 4 tests
[INFO] [stdout] test dig_block_exports_chia_bls_types_verbatim ... ok
[INFO] [stdout] test signature_failed_variant_shape ... ok
[INFO] [stdout] test dig_clvm_bls_cache_type_is_accessible ... ok
[INFO] [stdout] test no_bls_aggregate_verify_in_src ... ok
[INFO] [stdout] 
[INFO] [stdout] test result: ok. 4 passed; 0 failed; 0 ignored; 0 measured; 0 filtered out; finished in 0.00s
[INFO] [stdout] 
[INFO] [stderr]      Running tests/test_exe_006_fee_consistency.rs (/opt/rustwide/target/release/build/dig-block/32341233cd214a3e/out/exe_006_fee_consistency-32341233cd214a3e)
[INFO] [stdout] 
[INFO] [stdout] running 7 tests
[INFO] [stdout] test computed_fees_start_at_zero ... ok
[INFO] [stdout] test fee_mismatch_handles_large_values ... ok
[INFO] [stdout] test zero_fees_empty_block_passes ... ok
[INFO] [stdout] test fee_mismatch_high_rejects ... ok
[INFO] [stdout] test reserve_fee_failure_maps_to_clvm_error ... ok
[INFO] [stdout] test conservation_violation_maps_to_coin_minting ... ok
[INFO] [stdout] test fee_mismatch_is_bidirectional_in_shape ... ok
[INFO] [stdout] 
[INFO] [stdout] test result: ok. 7 passed; 0 failed; 0 ignored; 0 measured; 0 filtered out; finished in 0.00s
[INFO] [stdout] 
[INFO] [stderr]      Running tests/test_exe_007_cost_consistency.rs (/opt/rustwide/target/release/build/dig-block/be6188475551277e/out/exe_007_cost_consistency-be6188475551277e)
[INFO] [stdout] 
[INFO] [stdout] running 7 tests
[INFO] [stdout] test clvm_cost_exceeded_is_different_from_cost_mismatch ... ok
[INFO] [stdout] test cost_mismatch_handles_u64_max ... ok
[INFO] [stdout] test cost_mismatch_display_includes_both_values ... ok
[INFO] [stdout] test cost_mismatch_is_bidirectional_in_shape ... ok
[INFO] [stdout] test zero_cost_empty_block_passes ... ok
[INFO] [stdout] test cost_and_fee_mismatches_are_distinct_variants ... ok
[INFO] [stdout] test cost_mismatch_high_rejects ... ok
[INFO] [stdout] 
[INFO] [stdout] test result: ok. 7 passed; 0 failed; 0 ignored; 0 measured; 0 filtered out; finished in 0.01s
[INFO] [stdout] 
[INFO] [stderr]      Running tests/test_exe_008_execution_result.rs (/opt/rustwide/target/release/build/dig-block/eae5b8fadfe6c030/out/exe_008_execution_result-eae5b8fadfe6c030)
[INFO] [stdout] 
[INFO] [stdout] running 9 tests
[INFO] [stdout] test pending_assertions_carry_kind_and_coin_id ... ok
[INFO] [stdout] test can_be_borrowed_for_tier3 ... ok
[INFO] [stdout] test all_fields_populated_and_public ... ok
[INFO] [stdout] test default_is_empty_and_zero ... ok
[INFO] [stdout] test receipts_length_matches_bundle_count ... ok
[INFO] [stdout] test bincode_roundtrip ... ok
[INFO] [stdout] test additions_are_concrete_coins ... ok
[INFO] [stdout] test totals_are_scalars ... ok
[INFO] [stdout] test removals_are_coin_ids ... ok
[INFO] [stdout] 
[INFO] [stdout] test result: ok. 9 passed; 0 failed; 0 ignored; 0 measured; 0 filtered out; finished in 0.01s
[INFO] [stdout] 
[INFO] [stdout] 
[INFO] [stderr]      Running tests/test_exe_009_pending_assertion.rs (/opt/rustwide/target/release/build/dig-block/db84391470eeca81/out/exe_009_pending_assertion-db84391470eeca81)
[INFO] [stdout] running 13 tests
[INFO] [stdout] test before_height_absolute_variant ... ok
[INFO] [stdout] test before_seconds_absolute_variant ... ok
[INFO] [stdout] test create_coin_returns_none ... ok
[INFO] [stdout] test assert_ephemeral_returns_none ... ok
[INFO] [stdout] test assertion_kind_all_variants_roundtrip ... ok
[INFO] [stdout] test pending_assertion_fits_execution_result ... ok
[INFO] [stdout] test before_height_relative_variant ... ok
[INFO] [stdout] test before_seconds_relative_variant ... ok
[INFO] [stdout] test height_absolute_variant ... ok
[INFO] [stdout] test seconds_absolute_variant ... ok
[INFO] [stdout] test seconds_relative_variant ... ok
[INFO] [stdout] test pending_assertion_bincode_roundtrip ... ok
[INFO] [stdout] test height_relative_variant ... ok
[INFO] [stdout] 
[INFO] [stdout] test result: ok. 13 passed; 0 failed; 0 ignored; 0 measured; 0 filtered out; finished in 0.01s
[INFO] [stdout] 
[INFO] [stderr]      Running tests/test_hsh_001_block_header_hash.rs (/opt/rustwide/target/release/build/dig-block/62c4bc26a8a0c96c/out/hsh_001_block_header_hash-62c4bc26a8a0c96c)
[INFO] [stdout] 
[INFO] [stdout] running 8 tests
[INFO] [stdout] test hsh001_version_is_little_endian_in_preimage ... ok
[INFO] [stdout] test hsh001_total_cost_little_endian_in_preimage ... ok
[INFO] [stdout] test hsh001_hash_matches_sha256_of_preimage ... ok
[INFO] [stdout] test hsh001_changing_height_changes_hash ... ok
[INFO] [stdout] test hsh001_hash_is_deterministic ... ok
[INFO] [stdout] test hsh001_optional_some_inserts_actual_bytes32 ... ok
[INFO] [stdout] test hsh001_preimage_length_is_constant ... ok
[INFO] [stdout] test hsh001_optional_none_inserts_zero_hash_for_each_slot ... ok
[INFO] [stdout] 
[INFO] [stdout] test result: ok. 8 passed; 0 failed; 0 ignored; 0 measured; 0 filtered out; finished in 0.00s
[INFO] [stdout] 
[INFO] [stderr]      Running tests/test_hsh_002_checkpoint_hash.rs (/opt/rustwide/target/release/build/dig-block/0c603ea6f7a5a347/out/hsh_002_checkpoint_hash-0c603ea6f7a5a347)
[INFO] [stdout] 
[INFO] [stdout] running 6 tests
[INFO] [stdout] test hsh002_changing_tx_count_changes_hash ... ok
[INFO] [stdout] test hsh002_submission_hash_delegates_to_checkpoint ... ok
[INFO] [stdout] test hsh002_preimage_length_is_160 ... ok
[INFO] [stdout] test hsh002_hash_matches_sha256_of_preimage ... ok
[INFO] [stdout] test hsh002_epoch_and_block_count_little_endian_in_preimage ... ok
[INFO] [stdout] test hsh002_hash_is_deterministic ... ok
[INFO] [stdout] 
[INFO] [stdout] test result: ok. 6 passed; 0 failed; 0 ignored; 0 measured; 0 filtered out; finished in 0.01s
[INFO] [stdout] 
[INFO] [stderr]      Running tests/test_hsh_003_spends_root.rs (/opt/rustwide/target/release/build/dig-block/88446522f146b321/out/hsh_003_spends_root-88446522f146b321)
[INFO] [stdout] 
[INFO] [stdout] running 8 tests
[INFO] [stdout] test hsh003_leaf_is_sha256_of_serialized_bundle ... ok
[INFO] [stdout] test hsh003_leaf_matches_spend_bundle_name ... ok
[INFO] [stdout] test hsh003_deterministic ... ok
[INFO] [stdout] test hsh003_multiple_bundles_block_order ... ok
[INFO] [stdout] test hsh003_single_bundle_matches_merkle_tree ... ok
[INFO] [stdout] test hsh003_order_matters ... ok
[INFO] [stdout] test hsh003_empty_returns_empty_root ... ok
[INFO] [stdout] test hsh003_l2block_delegates_to_free_function ... ok
[INFO] [stderr]      Running tests/test_hsh_004_additions_root.rs (/opt/rustwide/target/release/build/dig-block/392d286b94c8680a/out/hsh_004_additions_root-392d286b94c8680a)
[INFO] [stdout] 
[INFO] [stdout] test result: ok. 8 passed; 0 failed; 0 ignored; 0 measured; 0 filtered out; finished in 0.00s
[INFO] [stdout] 
[INFO] [stdout] 
[INFO] [stdout] running 6 tests
[INFO] [stdout] test hsh004_distinct_puzzle_hashes_two_pairs ... ok
[INFO] [stdout] test hsh004_chia_parity_two_bundles ... ok
[INFO] [stdout] test hsh004_empty_returns_empty_root ... ok
[INFO] [stdout] test hsh004_l2block_delegates_to_free_function ... ok
[INFO] [stdout] test hsh004_same_puzzle_hash_groups_coin_ids ... ok
[INFO] [stdout] test hsh004_single_coin_matches_manual_merkle_set ... ok
[INFO] [stdout] 
[INFO] [stdout] test result: ok. 6 passed; 0 failed; 0 ignored; 0 measured; 0 filtered out; finished in 0.00s
[INFO] [stdout] 
[INFO] [stderr]      Running tests/test_hsh_005_removals_root.rs (/opt/rustwide/target/release/build/dig-block/ee5238336bb94aeb/out/hsh_005_removals_root-ee5238336bb94aeb)
[INFO] [stdout] 
[INFO] [stdout] running 6 tests
[INFO] [stderr]      Running tests/test_hsh_006_filter_hash.rs (/opt/rustwide/target/release/build/dig-block/41e6e01c7aaa1789/out/hsh_006_filter_hash-41e6e01c7aaa1789)
[INFO] [stdout] test hsh005_order_independent_for_same_multiset ... ok
[INFO] [stdout] test hsh005_multiple_ids_matches_manual ... ok
[INFO] [stdout] test hsh005_single_id_matches_merkle_set ... ok
[INFO] [stdout] test hsh005_chia_parity_from_spend_bundle ... ok
[INFO] [stdout] test hsh005_empty_returns_empty_root ... ok
[INFO] [stdout] test hsh005_l2block_delegates_to_free_function ... ok
[INFO] [stdout] 
[INFO] [stdout] test result: ok. 6 passed; 0 failed; 0 ignored; 0 measured; 0 filtered out; finished in 0.00s
[INFO] [stdout] 
[INFO] [stdout] 
[INFO] [stdout] running 7 tests
[INFO] [stdout] test hsh006_both_additions_and_removals ... ok
[INFO] [stdout] test hsh006_deterministic_repeat ... ok
[INFO] [stdout] test hsh006_membership_negative_unlikely_element ... ok
[INFO] [stdout] test hsh006_empty_deterministic ... ok
[INFO] [stdout] test hsh006_removals_only_includes_coin_ids ... ok
[INFO] [stdout] test hsh006_l2block_delegates ... ok
[INFO] [stdout] test hsh006_additions_only_includes_puzzle_hashes ... ok
[INFO] [stdout] 
[INFO] [stdout] test result: ok. 7 passed; 0 failed; 0 ignored; 0 measured; 0 filtered out; finished in 0.01s
[INFO] [stdout] 
[INFO] [stderr]      Running tests/test_hsh_007_tagged_merkle.rs (/opt/rustwide/target/release/build/dig-block/30e583356ff14631/out/hsh_007_tagged_merkle-30e583356ff14631)
[INFO] [stdout] 
[INFO] [stdout] running 6 tests
[INFO] [stdout] test hsh007_chia_parity_leaf_via_sdk ... ok
[INFO] [stdout] test hsh007_leaf_hash_prefix_matches_merkle_tree_single_leaf ... ok
[INFO] [stdout] test hsh007_chia_parity_node_via_sdk ... ok
[INFO] [stdout] test hsh007_leaf_and_node_hashes_differ_for_same_underlying_bytes ... ok
[INFO] [stdout] test hsh007_node_hash_prefix_matches_merkle_tree_two_leaves ... ok
[INFO] [stdout] test hsh007_public_prefix_constants_match_blk005 ... ok
[INFO] [stdout] 
[INFO] [stdout] test result: ok. 6 passed; 0 failed; 0 ignored; 0 measured; 0 filtered out; finished in 0.01s
[INFO] [stdout] 
[INFO] [stdout] 
[INFO] [stdout] running 8 tests
[INFO] [stderr]      Running tests/test_hsh_008_receipts_root.rs (/opt/rustwide/target/release/build/dig-block/4d6583aff97923c8/out/hsh_008_receipts_root-4d6583aff97923c8)
[INFO] [stdout] test hsh008_explicit_merkle_matches_public_fn ... ok
[INFO] [stdout] test hsh008_finalize_matches_compute_receipts_root ... ok
[INFO] [stdout] test hsh008_leaf_is_sha256_of_bincode_receipt ... ok
[INFO] [stdout] test hsh008_single_receipt_matches_merkle_tree ... ok
[INFO] [stdout] test hsh008_order_matters ... ok
[INFO] [stdout] test hsh008_matches_receipt_list_from_receipts ... ok
[INFO] [stdout] test hsh008_multiple_receipts_deterministic ... ok
[INFO] [stdout] test hsh008_empty_returns_empty_root ... ok
[INFO] [stdout] 
[INFO] [stdout] test result: ok. 8 passed; 0 failed; 0 ignored; 0 measured; 0 filtered out; finished in 0.01s
[INFO] [stdout] 
[INFO] [stdout] 
[INFO] [stdout] running 6 tests
[INFO] [stderr]      Running tests/test_public_api_smoke.rs (/opt/rustwide/target/release/build/dig-block/b5bfb62c52418b36/out/public_api_smoke-b5bfb62c52418b36)
[INFO] [stdout] test empty_inputs_produce_empty_roots ... ok
[INFO] [stdout] test traits_are_object_safe ... ok
[INFO] [stdout] test wire_round_trip_via_public_serde ... ok
[INFO] [stdout] test prelude_covers_quickstart_surface ... ok
[INFO] [stdout] test protocol_constants_exposed_at_crate_root ... ok
[INFO] [stdout] test builder_output_validates_end_to_end ... ok
[INFO] [stdout] 
[INFO] [stdout] test result: ok. 6 passed; 0 failed; 0 ignored; 0 measured; 0 filtered out; finished in 0.01s
[INFO] [stdout] 
[INFO] [stderr]      Running tests/test_receipt_status.rs (/opt/rustwide/target/release/build/dig-block/756f6acc3989aae8/out/rcp_001_receipt_status-756f6acc3989aae8)
[INFO] [stdout] 
[INFO] [stdout] running 9 tests
[INFO] [stdout] test test_account_not_found_is_four ... ok
[INFO] [stdout] test test_round_trip_each_variant ... ok
[INFO] [stdout] test test_invalid_nonce_is_two ... ok
[INFO] [stdout] test test_failed_is_two_fifty_five ... ok
[INFO] [stdout] test test_unknown_byte_maps_to_failed ... ok
[INFO] [stdout] test test_insufficient_balance_is_one ... ok
[INFO] [stdout] test test_invalid_signature_is_three ... ok
[INFO] [stdout] test test_six_variants_distinct_discriminants ... ok
[INFO] [stdout] test test_success_is_zero ... ok
[INFO] [stdout] 
[INFO] [stdout] test result: ok. 9 passed; 0 failed; 0 ignored; 0 measured; 0 filtered out; finished in 0.00s
[INFO] [stdout] 
[INFO] [stdout] 
[INFO] [stderr]      Running tests/test_receipt_struct.rs (/opt/rustwide/target/release/build/dig-block/a64323b399c6c173/out/rcp_002_receipt_struct-a64323b399c6c173)
[INFO] [stdout] running 8 tests
[INFO] [stdout] test test_receipt_block_height_roundtrip ... ok
[INFO] [stdout] test test_receipt_construct_all_fields_accessible ... ok
[INFO] [stdout] test test_receipt_cumulative_fees_roundtrip ... ok
[INFO] [stdout] test test_receipt_fee_charged_roundtrip ... ok
[INFO] [stdout] test test_receipt_post_state_root_roundtrip ... ok
[INFO] [stdout] test test_receipt_tx_index_roundtrip ... ok
[INFO] [stdout] test test_receipt_status_each_variant ... ok
[INFO] [stderr]      Running tests/test_receipt_list_methods.rs (/opt/rustwide/target/release/build/dig-block/6d0a1e67e81d64ba/out/rcp_003_receipt_list_methods-6d0a1e67e81d64ba)
[INFO] [stdout] test test_receipt_tx_id_roundtrip ... ok
[INFO] [stdout] 
[INFO] [stdout] test result: ok. 8 passed; 0 failed; 0 ignored; 0 measured; 0 filtered out; finished in 0.00s
[INFO] [stdout] 
[INFO] [stdout] 
[INFO] [stdout] running 11 tests
[INFO] [stdout] test test_default_matches_new ... ok
[INFO] [stdout] test test_finalize_recomputes_root_after_push ... ok
[INFO] [stdout] test test_from_receipts_computes_non_empty_root ... ok
[INFO] [stdout] test test_get_returns_none_out_of_bounds ... ok
[INFO] [stdout] test test_get_returns_some_for_valid_index ... ok
[INFO] [stdout] test test_new_list_has_no_receipts ... ok
[INFO] [stdout] test test_get_by_tx_id_finds_receipt ... ok
[INFO] [stdout] test test_get_by_tx_id_returns_none_when_missing ... ok
[INFO] [stdout] test test_new_list_root_is_empty_root ... ok
[INFO] [stdout] test test_push_finalize_matches_from_receipts_root ... ok
[INFO] [stdout] test test_push_increments_length ... ok
[INFO] [stdout] 
[INFO] [stdout] test result: ok. 11 passed; 0 failed; 0 ignored; 0 measured; 0 filtered out; finished in 0.00s
[INFO] [stdout] 
[INFO] [stderr]      Running tests/test_receipt_list_aggregates.rs (/opt/rustwide/target/release/build/dig-block/4ffab726a1bd53b2/out/rcp_004_receipt_list_aggregates-4ffab726a1bd53b2)
[INFO] [stdout] 
[INFO] [stdout] running 9 tests
[INFO] [stdout] test test_all_failure_counts ... ok
[INFO] [stdout] test test_total_fees_empty ... ok
[INFO] [stdout] test test_total_fees_includes_failed_transactions ... ok
[INFO] [stdout] test test_len_five_receipts ... ok
[INFO] [stdout] test test_total_fees_summation ... ok
[INFO] [stdout] test test_success_plus_failure_equals_len_invariant ... ok
[INFO] [stdout] test test_len_empty_list ... ok
[INFO] [stdout] test test_mixed_status_counts ... ok
[INFO] [stdout] test test_all_success_counts ... ok
[INFO] [stdout] 
[INFO] [stdout] test result: ok. 9 passed; 0 failed; 0 ignored; 0 measured; 0 filtered out; finished in 0.00s
[INFO] [stdout] 
[INFO] [stderr]      Running tests/test_ser_001_bincode_all_types.rs (/opt/rustwide/target/release/build/dig-block/65d308fb09c4d76f/out/ser_001_bincode_all_types-65d308fb09c4d76f)
[INFO] [stdout] 
[INFO] [stdout] running 11 tests
[INFO] [stdout] test ser001_checkpoint_submission_bincode_roundtrip ... ok
[INFO] [stdout] test ser001_l2_block_bincode_roundtrip ... ok
[INFO] [stdout] test ser001_execution_result_bincode_roundtrip ... ok
[INFO] [stdout] test ser001_checkpoint_bincode_roundtrip ... ok
[INFO] [stdout] test ser001_attested_block_bincode_roundtrip ... ok
[INFO] [stdout] test ser001_bincode_smaller_than_json_for_header ... ok
[INFO] [stdout] test ser001_l2_block_header_bincode_roundtrip ... ok
[INFO] [stdout] test ser001_block_and_checkpoint_status_bincode_roundtrip ... ok
[INFO] [stdout] test ser001_signer_bitmap_bincode_roundtrip ... ok
[INFO] [stdout] test ser001_receipt_and_receipt_list_bincode_roundtrip ... ok
[INFO] [stdout] test ser001_pending_assertion_bincode_and_from_condition ... ok
[INFO] [stdout] 
[INFO] [stdout] test result: ok. 11 passed; 0 failed; 0 ignored; 0 measured; 0 filtered out; finished in 0.00s
[INFO] [stdout] 
[INFO] [stderr]      Running tests/test_ser_002_to_from_bytes.rs (/opt/rustwide/target/release/build/dig-block/166c9fbfc3f7e859/out/ser_002_to_from_bytes-166c9fbfc3f7e859)
[INFO] [stdout] 
[INFO] [stdout] running 8 tests
[INFO] [stdout] test ser002_attested_block_roundtrip_stable ... ok
[INFO] [stdout] test ser002_checkpoint_to_bytes_roundtrip_and_invalid ... ok
[INFO] [stdout] test ser002_header_from_bytes_rejects_truncated_empty_and_garbage ... ok
[INFO] [stdout] test ser002_block_to_bytes_and_roundtrip_by_hash ... ok
[INFO] [stdout] test ser002_checkpoint_submission_roundtrip_and_invalid ... ok
[INFO] [stdout] test ser002_header_from_bytes_roundtrip_ok ... ok
[INFO] [stderr]      Running tests/test_ser_003_genesis_header.rs (/opt/rustwide/target/release/build/dig-block/d29f04fbfdc91519/out/ser_003_genesis_header-d29f04fbfdc91519)
[INFO] [stdout] test ser002_block_from_bytes_invalid ... ok
[INFO] [stdout] test ser002_header_to_bytes_returns_vec ... ok
[INFO] [stdout] 
[INFO] [stdout] test result: ok. 8 passed; 0 failed; 0 ignored; 0 measured; 0 filtered out; finished in 0.00s
[INFO] [stdout] 
[INFO] [stdout] 
[INFO] [stdout] running 6 tests
[INFO] [stdout] test ser003_genesis_counts_proposer_and_optional_l1_slots ... ok
[INFO] [stdout] test ser003_genesis_height_epoch_parent_and_l1_anchors ... ok
[INFO] [stdout] test ser003_genesis_roots_filter_dfsp_and_extension ... ok
[INFO] [stdout] test ser003_genesis_timestamp_within_five_seconds_of_wall_clock ... ok
[INFO] [stdout] test ser003_genesis_round_trips_through_to_bytes ... ok
[INFO] [stdout] test ser003_genesis_version_matches_protocol_height_zero ... ok
[INFO] [stdout] 
[INFO] [stdout] test result: ok. 6 passed; 0 failed; 0 ignored; 0 measured; 0 filtered out; finished in 0.00s
[INFO] [stdout] 
[INFO] [stderr]      Running tests/test_ser_004_serde_defaults.rs (/opt/rustwide/target/release/build/dig-block/6a62df383782ea3b/out/ser_004_serde_defaults-6a62df383782ea3b)
[INFO] [stdout] 
[INFO] [stdout] running 8 tests
[INFO] [stdout] test all_defaults_produce_valid_header ... ok
[INFO] [stdout] test l1_proof_options_default_to_none ... ok
[INFO] [stdout] test slash_fields_default_to_empty ... ok
[INFO] [stdout] test checkpoint_roundtrip_stable ... ok
[INFO] [stdout] test dfsp_roots_default_to_empty_root ... ok
[INFO] [stdout] test checkpoint_submission_roundtrip_stable ... ok
[INFO] [stdout] test extension_data_defaults_to_zero_hash ... ok
[INFO] [stdout] test full_header_bincode_roundtrip_preserves_all_fields ... ok
[INFO] [stdout] 
[INFO] [stdout] test result: ok. 8 passed; 0 failed; 0 ignored; 0 measured; 0 filtered out; finished in 0.05s
[INFO] [stdout] 
[INFO] [stderr]      Running tests/test_ser_005_roundtrip_integrity.rs (/opt/rustwide/target/release/build/dig-block/816a43df0150c01b/out/ser_005_roundtrip_integrity-816a43df0150c01b)
[INFO] [stdout] 
[INFO] [stdout] running 15 tests
[INFO] [stdout] test proptest_block_status_roundtrip ... ok
[INFO] [stdout] test edge_empty_block_roundtrips ... ok
[INFO] [stdout] test edge_max_values_roundtrip ... ok
[INFO] [stdout] test edge_empty_receipt_list_roundtrips ... ok
[INFO] [stdout] test edge_zero_hash_fields_roundtrip ... ok
[INFO] [stdout] test edge_signer_bitmap_at_max_validators_roundtrips ... ok
[INFO] [stdout] test proptest_checkpoint_roundtrip ... ok
[INFO] [stdout] test proptest_checkpoint_status_roundtrip ... ok
[INFO] [stdout] test proptest_receipt_roundtrip ... ok
[INFO] [stdout] test proptest_signer_bitmap_roundtrip ... ok
[INFO] [stdout] test proptest_checkpoint_submission_roundtrip_bytes ... ok
[INFO] [stdout] test proptest_attested_block_roundtrip_bytes ... ok
[INFO] [stdout] test proptest_l2_block_header_roundtrip ... ok
[INFO] [stdout] test proptest_l2_block_roundtrip_bytes ... ok
[INFO] [stderr]      Running tests/test_str_001_cargo_dependencies.rs (/opt/rustwide/target/release/build/dig-block/d11f0d0bddaf7de3/out/str_001_cargo_dependencies-d11f0d0bddaf7de3)
[INFO] [stdout] test proptest_receipt_list_roundtrip ... ok
[INFO] [stdout] 
[INFO] [stdout] test result: ok. 15 passed; 0 failed; 0 ignored; 0 measured; 0 filtered out; finished in 0.02s
[INFO] [stdout] 
[INFO] [stdout] 
[INFO] [stdout] running 4 tests
[INFO] [stdout] test cargo_check_imports_resolve ... ok
[INFO] [stdout] test dep_presence_all_13_dependencies_listed ... ok
[INFO] [stderr] error: test failed, to rerun pass `--test str_001_cargo_dependencies`
[INFO] [stdout] test dep_versions_chia_ecosystem_at_minimum ... FAILED
[INFO] [stdout] test serde_derive_feature_present ... ok
[INFO] [stdout] 
[INFO] [stdout] failures:
[INFO] [stdout] 
[INFO] [stdout] ---- dep_versions_chia_ecosystem_at_minimum stdout ----
[INFO] [stdout] 
[INFO] [stdout] thread 'dep_versions_chia_ecosystem_at_minimum' (4839) panicked at tests/test_str_001_cargo_dependencies.rs:63:9:
[INFO] [stdout] Dependency chia-protocol must be at version 0.26, not found: chia-protocol = "0.26"
[INFO] [stdout] stack backtrace:
[INFO] [stdout]    0:     0x5ac538bd20e1 - <<std[617be2ca0a6fd877]::sys::backtrace::BacktraceLock>::print::DisplayBacktrace as core[a373ad73a504971]::fmt::Display>::fmt
[INFO] [stdout]    1:     0x5ac538be604a - core[a373ad73a504971]::fmt::write
[INFO] [stdout]    2:     0x5ac538bd62fc - <alloc[2e1b2a31b91974c5]::vec::Vec<u8> as core[a373ad73a504971]::io::write::Write>::write_fmt
[INFO] [stdout]    3:     0x5ac538bae056 - std[617be2ca0a6fd877]::panicking::default_hook::{closure#0}
[INFO] [stdout]    4:     0x5ac538bca419 - std[617be2ca0a6fd877]::panicking::default_hook
[INFO] [stdout]    5:     0x5ac538b663e0 - test[aada8e7e76ba119b]::test_main_inner::{closure#0}
[INFO] [stdout]    6:     0x5ac538bca5d2 - std[617be2ca0a6fd877]::panicking::panic_with_hook
[INFO] [stdout]    7:     0x5ac538bae102 - std[617be2ca0a6fd877]::panicking::panic_handler::{closure#0}
[INFO] [stdout]    8:     0x5ac538ba6c89 - std[617be2ca0a6fd877]::sys::backtrace::__rust_end_short_backtrace::<std[617be2ca0a6fd877]::panicking::panic_handler::{closure#0}, !>
[INFO] [stdout]    9:     0x5ac538baed0d - __rustc[ea4f61d10b84890b]::rust_begin_unwind
[INFO] [stdout]   10:     0x5ac538be677c - core[a373ad73a504971]::panicking::panic_fmt
[INFO] [stdout]   11:     0x5ac538b592fc - <str_001_cargo_dependencies[e3bf15fba47bbdd4]::dep_versions_chia_ecosystem_at_minimum::{closure#0} as core[a373ad73a504971]::ops::function::FnOnce<()>>::call_once
[INFO] [stdout]   12:     0x5ac538b5982b - test[aada8e7e76ba119b]::__rust_begin_short_backtrace::<core[a373ad73a504971]::result::Result<(), alloc[2e1b2a31b91974c5]::string::String>, fn() -> core[a373ad73a504971]::result::Result<(), alloc[2e1b2a31b91974c5]::string::String>>
[INFO] [stdout]   13:     0x5ac538b66a05 - test[aada8e7e76ba119b]::run_test::{closure#0}
[INFO] [stdout]   14:     0x5ac538b602f4 - std[617be2ca0a6fd877]::sys::backtrace::__rust_begin_short_backtrace::<test[aada8e7e76ba119b]::run_test::{closure#1}, ()>
[INFO] [stdout]   15:     0x5ac538b69a92 - <std[617be2ca0a6fd877]::thread::lifecycle::spawn_unchecked<test[aada8e7e76ba119b]::run_test::{closure#1}, ()>::{closure#1} as core[a373ad73a504971]::ops::function::FnOnce<()>>::call_once::{shim:vtable#0}
[INFO] [stdout]   16:     0x5ac538bd15df - <std[617be2ca0a6fd877]::sys::thread::unix::Thread>::new::thread_start
[INFO] [stdout]   17:     0x769c25ffcdfa - <unknown>
[INFO] [stdout]   18:     0x769c260903d4 - clone
[INFO] [stdout]   19:                0x0 - <unknown>
[INFO] [stdout] 
[INFO] [stdout] 
[INFO] [stdout] failures:
[INFO] [stdout]     dep_versions_chia_ecosystem_at_minimum
[INFO] [stdout] 
[INFO] [stdout] test result: FAILED. 3 passed; 1 failed; 0 ignored; 0 measured; 0 filtered out; finished in 0.02s
[INFO] [stdout] 
[INFO] running `Command { std: "docker" "inspect" "21f599d5bbfc86dd16c46826e09d8d1a7cbc224519da91fd4f70ef4ddcbec0e7", kill_on_drop: false }`
[INFO] running `Command { std: "docker" "rm" "-f" "21f599d5bbfc86dd16c46826e09d8d1a7cbc224519da91fd4f70ef4ddcbec0e7", kill_on_drop: false }`
[INFO] [stdout] 21f599d5bbfc86dd16c46826e09d8d1a7cbc224519da91fd4f70ef4ddcbec0e7
