[INFO] fetching crate dify-client 0.3.1...
[INFO] testing dify-client-0.3.1 against 1.100.0-beta.1+cargoflags=--release for beta-release-1.100-2
[INFO] extracting crate dify-client 0.3.1 into /workspace/builds/worker-4-tc2/source
[INFO] started tweaking crates.io crate dify-client 0.3.1
[INFO] finished tweaking crates.io crate dify-client 0.3.1
[INFO] tweaked toml for crates.io crate dify-client 0.3.1 written to /workspace/builds/worker-4-tc2/source/Cargo.toml
[INFO] validating manifest of crates.io crate dify-client 0.3.1 on toolchain 1.100.0-beta.1
[INFO] running `Command { std: CARGO_HOME="/workspace/cargo-home" RUSTUP_HOME="/workspace/rustup-home" "/workspace/cargo-home/bin/cargo" "+1.100.0-beta.1" "metadata" "--manifest-path" "Cargo.toml" "--no-deps", kill_on_drop: false }`
[INFO] running `Command { std: CARGO_HOME="/workspace/cargo-home" RUSTUP_HOME="/workspace/rustup-home" "/workspace/cargo-home/bin/cargo" "+1.100.0-beta.1" "generate-lockfile" "--manifest-path" "Cargo.toml", kill_on_drop: false }`
[INFO] [stderr]     Updating crates.io index
[INFO] [stderr]      Locking 218 packages to highest compatible versions
[INFO] [stderr]       Adding infer v0.15.0 (available: v0.22.0)
[INFO] [stderr]       Adding reqwest v0.12.28 (available: v0.13.5)
[INFO] running `Command { std: CARGO_HOME="/workspace/cargo-home" RUSTUP_HOME="/workspace/rustup-home" "/workspace/cargo-home/bin/cargo" "+1.100.0-beta.1" "fetch" "--manifest-path" "Cargo.toml", kill_on_drop: false }`
[INFO] running `Command { std: "docker" "create" "-v" "/var/lib/crater-agent-workspace/builds/worker-4-tc2/source:/opt/rustwide/workdir:ro,Z" "-v" "/var/lib/crater-agent-workspace/builds/worker-4-tc2/target:/opt/rustwide/target:rw,Z" "-v" "/var/lib/crater-agent-workspace/cargo-home:/opt/rustwide/cargo-home:ro,Z" "-v" "/var/lib/crater-agent-workspace/rustup-home:/opt/rustwide/rustup-home:ro,Z" "-m" "1610612736" "--network" "none" "ghcr.io/rust-lang/crates-build-env/linux@sha256:77db811e55d90add9212f6832c23229e3de5f1c1f9905e8cb07319ea15df73ac" "sleep" "infinity", kill_on_drop: false }`
[INFO] [stdout] 2db136531a69425a14f3dedbaea04b4f36e65b1aead094dea62f165116b8b925
[INFO] running `Command { std: "docker" "start" "2db136531a69425a14f3dedbaea04b4f36e65b1aead094dea62f165116b8b925", kill_on_drop: false }`
[INFO] running `Command { std: "docker" "inspect" "2db136531a69425a14f3dedbaea04b4f36e65b1aead094dea62f165116b8b925", kill_on_drop: false }`
[INFO] running `Command { std: "docker" "exec" "-e" "SOURCE_DIR=/opt/rustwide/workdir" "-e" "CARGO_HOME=/opt/rustwide/cargo-home" "-e" "RUSTUP_HOME=/opt/rustwide/rustup-home" "-e" "CARGO_TARGET_DIR=/opt/rustwide/target" "-w" "/opt/rustwide/workdir" "--user" "0:0" "2db136531a69425a14f3dedbaea04b4f36e65b1aead094dea62f165116b8b925" "/opt/rustwide/cargo-home/bin/cargo" "+1.100.0-beta.1" "metadata" "--no-deps" "--format-version=1", kill_on_drop: false }`
[INFO] running `Command { std: "docker" "inspect" "2db136531a69425a14f3dedbaea04b4f36e65b1aead094dea62f165116b8b925", kill_on_drop: false }`
[INFO] running `Command { std: "docker" "exec" "-e" "SOURCE_DIR=/opt/rustwide/workdir" "-e" "CARGO_HOME=/opt/rustwide/cargo-home" "-e" "RUSTUP_HOME=/opt/rustwide/rustup-home" "-e" "CARGO_TARGET_DIR=/opt/rustwide/target" "-e" "CARGO_INCREMENTAL=0" "-e" "RUST_BACKTRACE=full" "-e" "RUSTFLAGS=--cap-lints=warn" "-e" "RUSTDOCFLAGS=--cap-lints=warn" "-w" "/opt/rustwide/workdir" "--user" "0:0" "2db136531a69425a14f3dedbaea04b4f36e65b1aead094dea62f165116b8b925" "/opt/rustwide/cargo-home/bin/cargo" "+1.100.0-beta.1" "build" "--frozen" "--message-format=json" "--release", kill_on_drop: false }`
[INFO] [stderr]    Compiling pkg-config v0.3.34
[INFO] [stderr]    Compiling syn v3.0.9
[INFO] [stderr]    Compiling tokio v1.53.3
[INFO] [stderr]    Compiling http-body v1.1.0
[INFO] [stderr]    Compiling openssl v0.10.81
[INFO] [stderr]    Compiling bitflags v2.13.2
[INFO] [stderr]    Compiling openssl-macros v0.1.1
[INFO] [stderr]    Compiling unicase v2.10.0
[INFO] [stderr]    Compiling sync_wrapper v1.0.2
[INFO] [stderr]    Compiling ipnet v2.12.2
[INFO] [stderr]    Compiling http-body-util v0.1.5
[INFO] [stderr]    Compiling mime_guess v2.0.5
[INFO] [stderr]    Compiling uuid v1.28.0
[INFO] [stderr]    Compiling rustls-pki-types v1.15.1
[INFO] [stderr]    Compiling nom v7.1.3
[INFO] [stderr]    Compiling openssl-sys v0.9.117
[INFO] [stderr]    Compiling cfb v0.7.3
[INFO] [stderr]    Compiling native-tls v0.2.18
[INFO] [stderr]    Compiling infer v0.15.0
[INFO] [stderr]    Compiling eventsource-stream v0.2.3
[INFO] [stderr]    Compiling synstructure v0.14.0
[INFO] [stderr]    Compiling darling_core v0.24.1
[INFO] [stderr]    Compiling zerofrom-derive v0.1.8
[INFO] [stderr]    Compiling yoke-derive v0.8.4
[INFO] [stderr]    Compiling zerovec-derive v0.11.6
[INFO] [stderr]    Compiling displaydoc v0.2.7
[INFO] [stderr]    Compiling futures-macro v0.3.34
[INFO] [stderr]    Compiling serde_derive v1.0.229
[INFO] [stderr]    Compiling futures-util v0.3.34
[INFO] [stderr]    Compiling zerofrom v0.1.8
[INFO] [stderr]    Compiling hyper v1.12.0
[INFO] [stderr]    Compiling tokio-util v0.7.20
[INFO] [stderr]    Compiling yoke v0.8.3
[INFO] [stderr]    Compiling zerovec v0.11.8
[INFO] [stderr]    Compiling tinystr v0.8.4
[INFO] [stderr]    Compiling potential_utf v0.1.6
[INFO] [stderr]    Compiling zerotrie v0.2.5
[INFO] [stderr]    Compiling icu_locale_core v2.3.0
[INFO] [stderr]    Compiling icu_collections v2.3.0
[INFO] [stderr]    Compiling darling_macro v0.24.1
[INFO] [stderr]    Compiling darling v0.24.1
[INFO] [stderr]    Compiling tokio-native-tls v0.3.1
[INFO] [stderr]    Compiling icu_provider v2.3.1
[INFO] [stderr]    Compiling serde v1.0.229
[INFO] [stderr]    Compiling serde_with_macros v3.24.0
[INFO] [stderr]    Compiling icu_normalizer v2.3.0
[INFO] [stderr]    Compiling icu_properties v2.3.0
[INFO] [stderr]    Compiling serde_urlencoded v0.7.1
[INFO] [stderr]    Compiling hyper-util v0.1.21
[INFO] [stderr]    Compiling tower v0.5.3
[INFO] [stderr]    Compiling futures-executor v0.3.34
[INFO] [stderr]    Compiling futures v0.3.34
[INFO] [stderr]    Compiling serde_with v3.24.0
[INFO] [stderr]    Compiling idna_adapter v1.2.2
[INFO] [stderr]    Compiling idna v1.1.0
[INFO] [stderr]    Compiling hyper-tls v0.6.0
[INFO] [stderr]    Compiling url v2.5.8
[INFO] [stderr]    Compiling tower-http v0.6.11
[INFO] [stderr]    Compiling reqwest v0.12.28
[INFO] [stderr]    Compiling dify-client v0.3.1 (/opt/rustwide/workdir)
[INFO] [stdout] warning: hiding a lifetime that's elided elsewhere is confusing
[INFO] [stdout]    --> src/client.rs:145:16
[INFO] [stdout]     |
[INFO] [stdout] 145 |     pub fn api(&self) -> Api {
[INFO] [stdout]     |                ^^^^^     ^^^ the same lifetime is hidden here
[INFO] [stdout]     |                |
[INFO] [stdout]     |                the lifetime is elided here
[INFO] [stdout]     |
[INFO] [stdout]     = help: the same lifetime is referred to in inconsistent ways, making the signature confusing
[INFO] [stdout]     = note: `#[warn(mismatched_lifetime_syntaxes)]` on by default
[INFO] [stdout] help: use `'_` for type paths
[INFO] [stdout]     |
[INFO] [stdout] 145 |     pub fn api(&self) -> Api<'_> {
[INFO] [stdout]     |                             ++++
[INFO] [stdout] 
[INFO] [stdout] 
[INFO] [stderr]     Finished `release` profile [optimized] target(s) in 1m 34s
[INFO] running `Command { std: "docker" "inspect" "2db136531a69425a14f3dedbaea04b4f36e65b1aead094dea62f165116b8b925", kill_on_drop: false }`
[INFO] running `Command { std: "docker" "exec" "-e" "SOURCE_DIR=/opt/rustwide/workdir" "-e" "CARGO_HOME=/opt/rustwide/cargo-home" "-e" "RUSTUP_HOME=/opt/rustwide/rustup-home" "-e" "CARGO_TARGET_DIR=/opt/rustwide/target" "-e" "CARGO_INCREMENTAL=0" "-e" "RUST_BACKTRACE=full" "-e" "RUSTFLAGS=--cap-lints=warn" "-e" "RUSTDOCFLAGS=--cap-lints=warn" "-w" "/opt/rustwide/workdir" "--user" "0:0" "2db136531a69425a14f3dedbaea04b4f36e65b1aead094dea62f165116b8b925" "/opt/rustwide/cargo-home/bin/cargo" "+1.100.0-beta.1" "test" "--frozen" "--no-run" "--message-format=json" "--release", kill_on_drop: false }`
[INFO] [stderr]    Compiling tokio-macros v2.7.2
[INFO] [stderr]    Compiling tokio v1.53.3
[INFO] [stderr]    Compiling hyper v1.12.0
[INFO] [stderr]    Compiling tokio-native-tls v0.3.1
[INFO] [stderr]    Compiling tower v0.5.3
[INFO] [stderr]    Compiling tokio-util v0.7.20
[INFO] [stderr]    Compiling tower-http v0.6.11
[INFO] [stderr]    Compiling hyper-util v0.1.21
[INFO] [stderr]    Compiling hyper-tls v0.6.0
[INFO] [stderr]    Compiling reqwest v0.12.28
[INFO] [stderr]    Compiling dify-client v0.3.1 (/opt/rustwide/workdir)
[INFO] [stdout] warning: hiding a lifetime that's elided elsewhere is confusing
[INFO] [stdout]    --> src/client.rs:145:16
[INFO] [stdout]     |
[INFO] [stdout] 145 |     pub fn api(&self) -> Api {
[INFO] [stdout]     |                ^^^^^     ^^^ the same lifetime is hidden here
[INFO] [stdout]     |                |
[INFO] [stdout]     |                the lifetime is elided here
[INFO] [stdout]     |
[INFO] [stdout]     = help: the same lifetime is referred to in inconsistent ways, making the signature confusing
[INFO] [stdout]     = note: `#[warn(mismatched_lifetime_syntaxes)]` on by default
[INFO] [stdout] help: use `'_` for type paths
[INFO] [stdout]     |
[INFO] [stdout] 145 |     pub fn api(&self) -> Api<'_> {
[INFO] [stdout]     |                             ++++
[INFO] [stdout] 
[INFO] [stdout] 
[INFO] [stdout] warning: hiding a lifetime that's elided elsewhere is confusing
[INFO] [stdout]    --> src/client.rs:145:16
[INFO] [stdout]     |
[INFO] [stdout] 145 |     pub fn api(&self) -> Api {
[INFO] [stdout]     |                ^^^^^     ^^^ the same lifetime is hidden here
[INFO] [stdout]     |                |
[INFO] [stdout]     |                the lifetime is elided here
[INFO] [stdout]     |
[INFO] [stdout]     = help: the same lifetime is referred to in inconsistent ways, making the signature confusing
[INFO] [stdout]     = note: `#[warn(mismatched_lifetime_syntaxes)]` on by default
[INFO] [stdout] help: use `'_` for type paths
[INFO] [stdout]     |
[INFO] [stdout] 145 |     pub fn api(&self) -> Api<'_> {
[INFO] [stdout]     |                             ++++
[INFO] [stdout] 
[INFO] [stdout] 
[INFO] [stderr]     Finished `release` profile [optimized] target(s) in 58.46s
[INFO] running `Command { std: "docker" "inspect" "2db136531a69425a14f3dedbaea04b4f36e65b1aead094dea62f165116b8b925", kill_on_drop: false }`
[INFO] running `Command { std: "docker" "exec" "-e" "SOURCE_DIR=/opt/rustwide/workdir" "-e" "CARGO_HOME=/opt/rustwide/cargo-home" "-e" "RUSTUP_HOME=/opt/rustwide/rustup-home" "-e" "CARGO_TARGET_DIR=/opt/rustwide/target" "-e" "CARGO_INCREMENTAL=0" "-e" "RUST_BACKTRACE=full" "-e" "RUSTFLAGS=--cap-lints=warn" "-e" "RUSTDOCFLAGS=--cap-lints=warn" "-w" "/opt/rustwide/workdir" "--user" "0:0" "2db136531a69425a14f3dedbaea04b4f36e65b1aead094dea62f165116b8b925" "/opt/rustwide/cargo-home/bin/cargo" "+1.100.0-beta.1" "test" "--frozen" "--release", kill_on_drop: false }`
[INFO] [stderr] warning: hiding a lifetime that's elided elsewhere is confusing
[INFO] [stderr]    --> src/client.rs:145:16
[INFO] [stderr]     |
[INFO] [stderr] 145 |     pub fn api(&self) -> Api {
[INFO] [stderr]     |                ^^^^^     ^^^ the same lifetime is hidden here
[INFO] [stderr]     |                |
[INFO] [stderr]     |                the lifetime is elided here
[INFO] [stderr]     |
[INFO] [stderr]     = help: the same lifetime is referred to in inconsistent ways, making the signature confusing
[INFO] [stderr]     = note: `#[warn(mismatched_lifetime_syntaxes)]` on by default
[INFO] [stderr] help: use `'_` for type paths
[INFO] [stderr]     |
[INFO] [stderr] 145 |     pub fn api(&self) -> Api<'_> {
[INFO] [stderr]     |                             ++++
[INFO] [stderr] 
[INFO] [stderr] warning: `dify-client` (lib) generated 1 warning (run `cargo fix --lib -p dify-client` to apply 1 suggestion)
[INFO] [stderr] warning: `dify-client` (lib test) generated 1 warning (1 duplicate)
[INFO] [stderr]     Finished `release` profile [optimized] target(s) in 0.23s
[INFO] [stderr]      Running unittests src/lib.rs (/opt/rustwide/target/release/build/dify-client/ca669b7cb577d699/out/dify_client-ca669b7cb577d699)
[INFO] [stdout] 
[INFO] [stdout] running 0 tests
[INFO] [stdout] 
[INFO] [stdout] test result: ok. 0 passed; 0 failed; 0 ignored; 0 measured; 0 filtered out; finished in 0.00s
[INFO] [stdout] 
[INFO] [stderr]      Running tests/client.rs (/opt/rustwide/target/release/build/dify-client/5d51c533897790b6/out/client-5d51c533897790b6)
[INFO] [stdout] 
[INFO] [stdout] running 25 tests
[INFO] [stdout] test test_chat_message_simple ... FAILED
[INFO] [stdout] test test_completion_messages_simple ... FAILED
[INFO] [stdout] test test_completion_messages_stop ... FAILED
[INFO] [stdout] test test_chat_message_complex ... FAILED
[INFO] [stdout] test test_audio_to_text ... FAILED
[INFO] [stdout] test test_chat_message_stream_agent ... FAILED
[INFO] [stdout] test test_chat_message_stream ... FAILED
[INFO] [stdout] test test_chat_messages_stop ... FAILED
[INFO] [stdout] test test_feedback_message ... FAILED
[INFO] [stdout] test test_config ... ok
[INFO] [stdout] test test_conversations_delete ... FAILED
[INFO] [stdout] test test_messages_get ... FAILED
[INFO] [stdout] test test_messages_suggested ... FAILED
[INFO] [stdout] test test_files_upload ... FAILED
[INFO] [stdout] test test_meta ... FAILED
[INFO] [stdout] test test_completion_messages_stream ... FAILED
[INFO] [stdout] test test_conversations_get ... FAILED
[INFO] [stdout] test test_text_to_audio ... FAILED
[INFO] [stdout] test test_workflows_run_stream ... FAILED
[INFO] [stdout] test test_parameters ... FAILED
[INFO] [stdout] test test_reuse_api ... FAILED
[INFO] [stdout] test test_workflows_run ... FAILED
[INFO] [stdout] test test_workflows_stop ... FAILED
[INFO] [stdout] test test_new_client_with_config ... ok
[INFO] [stdout] test test_new_client ... ok
[INFO] [stdout] 
[INFO] [stdout] failures:
[INFO] [stdout] 
[INFO] [stdout] ---- test_chat_message_simple stdout ----
[INFO] [stdout] 
[INFO] [stdout] thread 'test_chat_message_simple' (1374) panicked at tests/client.rs:40:51:
[INFO] [stdout] DIFY_BASE_URL is not set: NotPresent
[INFO] [stdout] stack backtrace:
[INFO] [stdout]    0:     0x631149359411 - <<std[617be2ca0a6fd877]::sys::backtrace::BacktraceLock>::print::DisplayBacktrace as core[a373ad73a504971]::fmt::Display>::fmt
[INFO] [stdout]    1:     0x63114937016a - core[a373ad73a504971]::fmt::write
[INFO] [stdout]    2:     0x63114935e1cc - <alloc[2e1b2a31b91974c5]::vec::Vec<u8> as core[a373ad73a504971]::io::write::Write>::write_fmt
[INFO] [stdout]    3:     0x631149333ad6 - std[617be2ca0a6fd877]::panicking::default_hook::{closure#0}
[INFO] [stdout]    4:     0x631149350df9 - std[617be2ca0a6fd877]::panicking::default_hook
[INFO] [stdout]    5:     0x6311491e9f10 - test[aada8e7e76ba119b]::test_main_inner::{closure#0}
[INFO] [stdout]    6:     0x631149351122 - std[617be2ca0a6fd877]::panicking::panic_with_hook
[INFO] [stdout]    7:     0x631149333b82 - std[617be2ca0a6fd877]::panicking::panic_handler::{closure#0}
[INFO] [stdout]    8:     0x63114932c099 - std[617be2ca0a6fd877]::sys::backtrace::__rust_end_short_backtrace::<std[617be2ca0a6fd877]::panicking::panic_handler::{closure#0}, !>
[INFO] [stdout]    9:     0x631149334a8d - __rustc[ea4f61d10b84890b]::rust_begin_unwind
[INFO] [stdout]   10:     0x6311493708cc - core[a373ad73a504971]::panicking::panic_fmt
[INFO] [stdout]   11:     0x6311493706a2 - core[a373ad73a504971]::result::unwrap_failed
[INFO] [stdout]   12:     0x6311491ad29e - client[153ed4fbc5311196]::get_client
[INFO] [stdout]   13:     0x6311491a338c - client[153ed4fbc5311196]::test_chat_message_simple::{closure#0}
[INFO] [stdout]   14:     0x6311491b9663 - <tokio[15c522ce77bb6bd4]::runtime::scheduler::current_thread::Context>::enter::<core[a373ad73a504971]::task::poll::Poll<()>, <tokio[15c522ce77bb6bd4]::runtime::scheduler::current_thread::CoreGuard>::block_on<core[a373ad73a504971]::pin::Pin<&mut core[a373ad73a504971]::pin::Pin<&mut dyn core[a373ad73a504971]::future::future::Future<Output = ()>>>>::{closure#0}::{closure#0}>
[INFO] [stdout]   15:     0x6311491bd1dc - <tokio[15c522ce77bb6bd4]::runtime::context::scoped::Scoped<tokio[15c522ce77bb6bd4]::runtime::scheduler::Context>>::set::<<tokio[15c522ce77bb6bd4]::runtime::scheduler::current_thread::CoreGuard>::enter<<tokio[15c522ce77bb6bd4]::runtime::scheduler::current_thread::CoreGuard>::block_on<core[a373ad73a504971]::pin::Pin<&mut core[a373ad73a504971]::pin::Pin<&mut dyn core[a373ad73a504971]::future::future::Future<Output = ()>>>>::{closure#0}, core[a373ad73a504971]::option::Option<()>>::{closure#0}, (alloc[2e1b2a31b91974c5]::boxed::Box<tokio[15c522ce77bb6bd4]::runtime::scheduler::current_thread::Core>, core[a373ad73a504971]::option::Option<()>)>
[INFO] [stdout]   16:     0x6311491b9807 - <tokio[15c522ce77bb6bd4]::runtime::scheduler::current_thread::CoreGuard>::block_on::<core[a373ad73a504971]::pin::Pin<&mut core[a373ad73a504971]::pin::Pin<&mut dyn core[a373ad73a504971]::future::future::Future<Output = ()>>>>
[INFO] [stdout]   17:     0x6311491cf9e6 - tokio[15c522ce77bb6bd4]::runtime::context::runtime::enter_runtime::<<tokio[15c522ce77bb6bd4]::runtime::scheduler::current_thread::CurrentThread>::block_on<core[a373ad73a504971]::pin::Pin<&mut dyn core[a373ad73a504971]::future::future::Future<Output = ()>>>::{closure#0}, ()>
[INFO] [stdout]   18:     0x6311491ceae6 - <tokio[15c522ce77bb6bd4]::runtime::runtime::Runtime>::block_on::<core[a373ad73a504971]::pin::Pin<&mut dyn core[a373ad73a504971]::future::future::Future<Output = ()>>>
[INFO] [stdout]   19:     0x6311491af6fe - <client[153ed4fbc5311196]::test_chat_message_simple::{closure#0} as core[a373ad73a504971]::ops::function::FnOnce<()>>::call_once
[INFO] [stdout]   20:     0x6311491dd35b - test[aada8e7e76ba119b]::__rust_begin_short_backtrace::<core[a373ad73a504971]::result::Result<(), alloc[2e1b2a31b91974c5]::string::String>, fn() -> core[a373ad73a504971]::result::Result<(), alloc[2e1b2a31b91974c5]::string::String>>
[INFO] [stdout]   21:     0x6311491ea535 - test[aada8e7e76ba119b]::run_test::{closure#0}
[INFO] [stdout]   22:     0x6311491e3e24 - std[617be2ca0a6fd877]::sys::backtrace::__rust_begin_short_backtrace::<test[aada8e7e76ba119b]::run_test::{closure#1}, ()>
[INFO] [stdout]   23:     0x6311491ed5c2 - <std[617be2ca0a6fd877]::thread::lifecycle::spawn_unchecked<test[aada8e7e76ba119b]::run_test::{closure#1}, ()>::{closure#1} as core[a373ad73a504971]::ops::function::FnOnce<()>>::call_once::{shim:vtable#0}
[INFO] [stdout]   24:     0x6311493583cf - <std[617be2ca0a6fd877]::sys::thread::unix::Thread>::new::thread_start
[INFO] [stdout]   25:     0x7f3441018dfa - <unknown>
[INFO] [stdout]   26:     0x7f34410ac3d4 - clone
[INFO] [stdout]   27:                0x0 - <unknown>
[INFO] [stdout] 
[INFO] [stdout] ---- test_completion_messages_simple stdout ----
[INFO] [stdout] 
[INFO] [stdout] thread 'test_completion_messages_simple' (1378) panicked at tests/client.rs:40:51:
[INFO] [stdout] DIFY_BASE_URL is not set: NotPresent
[INFO] [stdout] stack backtrace:
[INFO] [stdout]    0:     0x631149359411 - <<std[617be2ca0a6fd877]::sys::backtrace::BacktraceLock>::print::DisplayBacktrace as core[a373ad73a504971]::fmt::Display>::fmt
[INFO] [stdout]    1:     0x63114937016a - core[a373ad73a504971]::fmt::write
[INFO] [stdout]    2:     0x63114935e1cc - <alloc[2e1b2a31b91974c5]::vec::Vec<u8> as core[a373ad73a504971]::io::write::Write>::write_fmt
[INFO] [stdout]    3:     0x631149333ad6 - std[617be2ca0a6fd877]::panicking::default_hook::{closure#0}
[INFO] [stdout]    4:     0x631149350df9 - std[617be2ca0a6fd877]::panicking::default_hook
[INFO] [stdout]    5:     0x6311491e9f10 - test[aada8e7e76ba119b]::test_main_inner::{closure#0}
[INFO] [stdout]    6:     0x631149351122 - std[617be2ca0a6fd877]::panicking::panic_with_hook
[INFO] [stdout]    7:     0x631149333b82 - std[617be2ca0a6fd877]::panicking::panic_handler::{closure#0}
[INFO] [stdout]    8:     0x63114932c099 - std[617be2ca0a6fd877]::sys::backtrace::__rust_end_short_backtrace::<std[617be2ca0a6fd877]::panicking::panic_handler::{closure#0}, !>
[INFO] [stdout]    9:     0x631149334a8d - __rustc[ea4f61d10b84890b]::rust_begin_unwind
[INFO] [stdout]   10:     0x6311493708cc - core[a373ad73a504971]::panicking::panic_fmt
[INFO] [stdout]   11:     0x6311493706a2 - core[a373ad73a504971]::result::unwrap_failed
[INFO] [stdout]   12:     0x6311491ad29e - client[153ed4fbc5311196]::get_client
[INFO] [stdout]   13:     0x6311491a7f01 - client[153ed4fbc5311196]::test_completion_messages_simple::{closure#0}
[INFO] [stdout]   14:     0x6311491b9663 - <tokio[15c522ce77bb6bd4]::runtime::scheduler::current_thread::Context>::enter::<core[a373ad73a504971]::task::poll::Poll<()>, <tokio[15c522ce77bb6bd4]::runtime::scheduler::current_thread::CoreGuard>::block_on<core[a373ad73a504971]::pin::Pin<&mut core[a373ad73a504971]::pin::Pin<&mut dyn core[a373ad73a504971]::future::future::Future<Output = ()>>>>::{closure#0}::{closure#0}>
[INFO] [stdout]   15:     0x6311491bd1dc - <tokio[15c522ce77bb6bd4]::runtime::context::scoped::Scoped<tokio[15c522ce77bb6bd4]::runtime::scheduler::Context>>::set::<<tokio[15c522ce77bb6bd4]::runtime::scheduler::current_thread::CoreGuard>::enter<<tokio[15c522ce77bb6bd4]::runtime::scheduler::current_thread::CoreGuard>::block_on<core[a373ad73a504971]::pin::Pin<&mut core[a373ad73a504971]::pin::Pin<&mut dyn core[a373ad73a504971]::future::future::Future<Output = ()>>>>::{closure#0}, core[a373ad73a504971]::option::Option<()>>::{closure#0}, (alloc[2e1b2a31b91974c5]::boxed::Box<tokio[15c522ce77bb6bd4]::runtime::scheduler::current_thread::Core>, core[a373ad73a504971]::option::Option<()>)>
[INFO] [stdout]   16:     0x6311491b9807 - <tokio[15c522ce77bb6bd4]::runtime::scheduler::current_thread::CoreGuard>::block_on::<core[a373ad73a504971]::pin::Pin<&mut core[a373ad73a504971]::pin::Pin<&mut dyn core[a373ad73a504971]::future::future::Future<Output = ()>>>>
[INFO] [stdout]   17:     0x6311491cf9e6 - tokio[15c522ce77bb6bd4]::runtime::context::runtime::enter_runtime::<<tokio[15c522ce77bb6bd4]::runtime::scheduler::current_thread::CurrentThread>::block_on<core[a373ad73a504971]::pin::Pin<&mut dyn core[a373ad73a504971]::future::future::Future<Output = ()>>>::{closure#0}, ()>
[INFO] [stdout]   18:     0x6311491ceae6 - <tokio[15c522ce77bb6bd4]::runtime::runtime::Runtime>::block_on::<core[a373ad73a504971]::pin::Pin<&mut dyn core[a373ad73a504971]::future::future::Future<Output = ()>>>
[INFO] [stdout]   19:     0x6311491b02de - <client[153ed4fbc5311196]::test_completion_messages_simple::{closure#0} as core[a373ad73a504971]::ops::function::FnOnce<()>>::call_once
[INFO] [stdout]   20:     0x6311491dd35b - test[aada8e7e76ba119b]::__rust_begin_short_backtrace::<core[a373ad73a504971]::result::Result<(), alloc[2e1b2a31b91974c5]::string::String>, fn() -> core[a373ad73a504971]::result::Result<(), alloc[2e1b2a31b91974c5]::string::String>>
[INFO] [stdout]   21:     0x6311491ea535 - test[aada8e7e76ba119b]::run_test::{closure#0}
[INFO] [stdout]   22:     0x6311491e3e24 - std[617be2ca0a6fd877]::sys::backtrace::__rust_begin_short_backtrace::<test[aada8e7e76ba119b]::run_test::{closure#1}, ()>
[INFO] [stdout]   23:     0x6311491ed5c2 - <std[617be2ca0a6fd877]::thread::lifecycle::spawn_unchecked<test[aada8e7e76ba119b]::run_test::{closure#1}, ()>::{closure#1} as core[a373ad73a504971]::ops::function::FnOnce<()>>::call_once::{shim:vtable#0}
[INFO] [stdout]   24:     0x6311493583cf - <std[617be2ca0a6fd877]::sys::thread::unix::Thread>::new::thread_start
[INFO] [stdout]   25:     0x7f3441018dfa - <unknown>
[INFO] [stdout]   26:     0x7f34410ac3d4 - clone
[INFO] [stdout]   27:                0x0 - <unknown>
[INFO] [stdout] 
[INFO] [stdout] ---- test_completion_messages_stop stdout ----
[INFO] [stdout] 
[INFO] [stdout] thread 'test_completion_messages_stop' (1379) panicked at tests/client.rs:40:51:
[INFO] [stdout] DIFY_BASE_URL is not set: NotPresent
[INFO] [stdout] stack backtrace:
[INFO] [stdout]    0:     0x631149359411 - <<std[617be2ca0a6fd877]::sys::backtrace::BacktraceLock>::print::DisplayBacktrace as core[a373ad73a504971]::fmt::Display>::fmt
[INFO] [stdout]    1:     0x63114937016a - core[a373ad73a504971]::fmt::write
[INFO] [stdout]    2:     0x63114935e1cc - <alloc[2e1b2a31b91974c5]::vec::Vec<u8> as core[a373ad73a504971]::io::write::Write>::write_fmt
[INFO] [stdout]    3:     0x631149333ad6 - std[617be2ca0a6fd877]::panicking::default_hook::{closure#0}
[INFO] [stdout]    4:     0x631149350df9 - std[617be2ca0a6fd877]::panicking::default_hook
[INFO] [stdout]    5:     0x6311491e9f10 - test[aada8e7e76ba119b]::test_main_inner::{closure#0}
[INFO] [stdout]    6:     0x631149351122 - std[617be2ca0a6fd877]::panicking::panic_with_hook
[INFO] [stdout]    7:     0x631149333b82 - std[617be2ca0a6fd877]::panicking::panic_handler::{closure#0}
[INFO] [stdout]    8:     0x63114932c099 - std[617be2ca0a6fd877]::sys::backtrace::__rust_end_short_backtrace::<std[617be2ca0a6fd877]::panicking::panic_handler::{closure#0}, !>
[INFO] [stdout]    9:     0x631149334a8d - __rustc[ea4f61d10b84890b]::rust_begin_unwind
[INFO] [stdout]   10:     0x6311493708cc - core[a373ad73a504971]::panicking::panic_fmt
[INFO] [stdout]   11:     0x6311493706a2 - core[a373ad73a504971]::result::unwrap_failed
[INFO] [stdout]   12:     0x6311491ad29e - client[153ed4fbc5311196]::get_client
[INFO] [stdout]   13:     0x6311491a6c41 - client[153ed4fbc5311196]::test_completion_messages_stop::{closure#0}
[INFO] [stdout]   14:     0x6311491b9663 - <tokio[15c522ce77bb6bd4]::runtime::scheduler::current_thread::Context>::enter::<core[a373ad73a504971]::task::poll::Poll<()>, <tokio[15c522ce77bb6bd4]::runtime::scheduler::current_thread::CoreGuard>::block_on<core[a373ad73a504971]::pin::Pin<&mut core[a373ad73a504971]::pin::Pin<&mut dyn core[a373ad73a504971]::future::future::Future<Output = ()>>>>::{closure#0}::{closure#0}>
[INFO] [stdout]   15:     0x6311491bd1dc - <tokio[15c522ce77bb6bd4]::runtime::context::scoped::Scoped<tokio[15c522ce77bb6bd4]::runtime::scheduler::Context>>::set::<<tokio[15c522ce77bb6bd4]::runtime::scheduler::current_thread::CoreGuard>::enter<<tokio[15c522ce77bb6bd4]::runtime::scheduler::current_thread::CoreGuard>::block_on<core[a373ad73a504971]::pin::Pin<&mut core[a373ad73a504971]::pin::Pin<&mut dyn core[a373ad73a504971]::future::future::Future<Output = ()>>>>::{closure#0}, core[a373ad73a504971]::option::Option<()>>::{closure#0}, (alloc[2e1b2a31b91974c5]::boxed::Box<tokio[15c522ce77bb6bd4]::runtime::scheduler::current_thread::Core>, core[a373ad73a504971]::option::Option<()>)>
[INFO] [stdout]   16:     0x6311491b9807 - <tokio[15c522ce77bb6bd4]::runtime::scheduler::current_thread::CoreGuard>::block_on::<core[a373ad73a504971]::pin::Pin<&mut core[a373ad73a504971]::pin::Pin<&mut dyn core[a373ad73a504971]::future::future::Future<Output = ()>>>>
[INFO] [stdout]   17:     0x6311491cf9e6 - tokio[15c522ce77bb6bd4]::runtime::context::runtime::enter_runtime::<<tokio[15c522ce77bb6bd4]::runtime::scheduler::current_thread::CurrentThread>::block_on<core[a373ad73a504971]::pin::Pin<&mut dyn core[a373ad73a504971]::future::future::Future<Output = ()>>>::{closure#0}, ()>
[INFO] [stdout]   18:     0x6311491ceae6 - <tokio[15c522ce77bb6bd4]::runtime::runtime::Runtime>::block_on::<core[a373ad73a504971]::pin::Pin<&mut dyn core[a373ad73a504971]::future::future::Future<Output = ()>>>
[INFO] [stdout]   19:     0x6311491b001e - <client[153ed4fbc5311196]::test_completion_messages_stop::{closure#0} as core[a373ad73a504971]::ops::function::FnOnce<()>>::call_once
[INFO] [stdout]   20:     0x6311491dd35b - test[aada8e7e76ba119b]::__rust_begin_short_backtrace::<core[a373ad73a504971]::result::Result<(), alloc[2e1b2a31b91974c5]::string::String>, fn() -> core[a373ad73a504971]::result::Result<(), alloc[2e1b2a31b91974c5]::string::String>>
[INFO] [stdout]   21:     0x6311491ea535 - test[aada8e7e76ba119b]::run_test::{closure#0}
[INFO] [stdout]   22:     0x6311491e3e24 - std[617be2ca0a6fd877]::sys::backtrace::__rust_begin_short_backtrace::<test[aada8e7e76ba119b]::run_test::{closure#1}, ()>
[INFO] [stdout]   23:     0x6311491ed5c2 - <std[617be2ca0a6fd877]::thread::lifecycle::spawn_unchecked<test[aada8e7e76ba119b]::run_test::{closure#1}, ()>::{closure#1} as core[a373ad73a504971]::ops::function::FnOnce<()>>::call_once::{shim:vtable#0}
[INFO] [stdout]   24:     0x6311493583cf - <std[617be2ca0a6fd877]::sys::thread::unix::Thread>::new::thread_start
[INFO] [stdout]   25:     0x7f3441018dfa - <unknown>
[INFO] [stdout]   26:     0x7f34410ac3d4 - clone
[INFO] [stdout]   27:                0x0 - <unknown>
[INFO] [stdout] 
[INFO] [stdout] ---- test_chat_message_complex stdout ----
[INFO] [stdout] 
[INFO] [stdout] thread 'test_chat_message_complex' (1373) panicked at tests/client.rs:40:51:
[INFO] [stdout] DIFY_BASE_URL is not set: NotPresent
[INFO] [stdout] stack backtrace:
[INFO] [stdout]    0:     0x631149359411 - <<std[617be2ca0a6fd877]::sys::backtrace::BacktraceLock>::print::DisplayBacktrace as core[a373ad73a504971]::fmt::Display>::fmt
[INFO] [stdout]    1:     0x63114937016a - core[a373ad73a504971]::fmt::write
[INFO] [stdout]    2:     0x63114935e1cc - <alloc[2e1b2a31b91974c5]::vec::Vec<u8> as core[a373ad73a504971]::io::write::Write>::write_fmt
[INFO] [stdout]    3:     0x631149333ad6 - std[617be2ca0a6fd877]::panicking::default_hook::{closure#0}
[INFO] [stdout]    4:     0x631149350df9 - std[617be2ca0a6fd877]::panicking::default_hook
[INFO] [stdout]    5:     0x6311491e9f10 - test[aada8e7e76ba119b]::test_main_inner::{closure#0}
[INFO] [stdout]    6:     0x631149351122 - std[617be2ca0a6fd877]::panicking::panic_with_hook
[INFO] [stdout]    7:     0x631149333b82 - std[617be2ca0a6fd877]::panicking::panic_handler::{closure#0}
[INFO] [stdout]    8:     0x63114932c099 - std[617be2ca0a6fd877]::sys::backtrace::__rust_end_short_backtrace::<std[617be2ca0a6fd877]::panicking::panic_handler::{closure#0}, !>
[INFO] [stdout]    9:     0x631149334a8d - __rustc[ea4f61d10b84890b]::rust_begin_unwind
[INFO] [stdout]   10:     0x6311493708cc - core[a373ad73a504971]::panicking::panic_fmt
[INFO] [stdout]   11:     0x6311493706a2 - core[a373ad73a504971]::result::unwrap_failed
[INFO] [stdout]   12:     0x6311491ad29e - client[153ed4fbc5311196]::get_client
[INFO] [stdout]   13:     0x6311491a44bc - client[153ed4fbc5311196]::test_chat_message_complex::{closure#0}
[INFO] [stdout]   14:     0x6311491b9663 - <tokio[15c522ce77bb6bd4]::runtime::scheduler::current_thread::Context>::enter::<core[a373ad73a504971]::task::poll::Poll<()>, <tokio[15c522ce77bb6bd4]::runtime::scheduler::current_thread::CoreGuard>::block_on<core[a373ad73a504971]::pin::Pin<&mut core[a373ad73a504971]::pin::Pin<&mut dyn core[a373ad73a504971]::future::future::Future<Output = ()>>>>::{closure#0}::{closure#0}>
[INFO] [stdout]   15:     0x6311491bd1dc - <tokio[15c522ce77bb6bd4]::runtime::context::scoped::Scoped<tokio[15c522ce77bb6bd4]::runtime::scheduler::Context>>::set::<<tokio[15c522ce77bb6bd4]::runtime::scheduler::current_thread::CoreGuard>::enter<<tokio[15c522ce77bb6bd4]::runtime::scheduler::current_thread::CoreGuard>::block_on<core[a373ad73a504971]::pin::Pin<&mut core[a373ad73a504971]::pin::Pin<&mut dyn core[a373ad73a504971]::future::future::Future<Output = ()>>>>::{closure#0}, core[a373ad73a504971]::option::Option<()>>::{closure#0}, (alloc[2e1b2a31b91974c5]::boxed::Box<tokio[15c522ce77bb6bd4]::runtime::scheduler::current_thread::Core>, core[a373ad73a504971]::option::Option<()>)>
[INFO] [stdout]   16:     0x6311491b9807 - <tokio[15c522ce77bb6bd4]::runtime::scheduler::current_thread::CoreGuard>::block_on::<core[a373ad73a504971]::pin::Pin<&mut core[a373ad73a504971]::pin::Pin<&mut dyn core[a373ad73a504971]::future::future::Future<Output = ()>>>>
[INFO] [stdout]   17:     0x6311491cf9e6 - tokio[15c522ce77bb6bd4]::runtime::context::runtime::enter_runtime::<<tokio[15c522ce77bb6bd4]::runtime::scheduler::current_thread::CurrentThread>::block_on<core[a373ad73a504971]::pin::Pin<&mut dyn core[a373ad73a504971]::future::future::Future<Output = ()>>>::{closure#0}, ()>
[INFO] [stdout]   18:     0x6311491ceae6 - <tokio[15c522ce77bb6bd4]::runtime::runtime::Runtime>::block_on::<core[a373ad73a504971]::pin::Pin<&mut dyn core[a373ad73a504971]::future::future::Future<Output = ()>>>
[INFO] [stdout]   19:     0x6311491af9be - <client[153ed4fbc5311196]::test_chat_message_complex::{closure#0} as core[a373ad73a504971]::ops::function::FnOnce<()>>::call_once
[INFO] [stdout]   20:     0x6311491dd35b - test[aada8e7e76ba119b]::__rust_begin_short_backtrace::<core[a373ad73a504971]::result::Result<(), alloc[2e1b2a31b91974c5]::string::String>, fn() -> core[a373ad73a504971]::result::Result<(), alloc[2e1b2a31b91974c5]::string::String>>
[INFO] [stdout]   21:     0x6311491ea535 - test[aada8e7e76ba119b]::run_test::{closure#0}
[INFO] [stdout]   22:     0x6311491e3e24 - std[617be2ca0a6fd877]::sys::backtrace::__rust_begin_short_backtrace::<test[aada8e7e76ba119b]::run_test::{closure#1}, ()>
[INFO] [stdout]   23:     0x6311491ed5c2 - <std[617be2ca0a6fd877]::thread::lifecycle::spawn_unchecked<test[aada8e7e76ba119b]::run_test::{closure#1}, ()>::{closure#1} as core[a373ad73a504971]::ops::function::FnOnce<()>>::call_once::{shim:vtable#0}
[INFO] [stdout]   24:     0x6311493583cf - <std[617be2ca0a6fd877]::sys::thread::unix::Thread>::new::thread_start
[INFO] [stdout]   25:     0x7f3441018dfa - <unknown>
[INFO] [stdout]   26:     0x7f34410ac3d4 - clone
[INFO] [stdout]   27:                0x0 - <unknown>
[INFO] [stdout] 
[INFO] [stdout] ---- test_audio_to_text stdout ----
[INFO] [stdout] 
[INFO] [stdout] thread 'test_audio_to_text' (1372) panicked at tests/client.rs:40:51:
[INFO] [stdout] DIFY_BASE_URL is not set: NotPresent
[INFO] [stdout] stack backtrace:
[INFO] [stdout]    0:     0x631149359411 - <<std[617be2ca0a6fd877]::sys::backtrace::BacktraceLock>::print::DisplayBacktrace as core[a373ad73a504971]::fmt::Display>::fmt
[INFO] [stdout]    1:     0x63114937016a - core[a373ad73a504971]::fmt::write
[INFO] [stdout]    2:     0x63114935e1cc - <alloc[2e1b2a31b91974c5]::vec::Vec<u8> as core[a373ad73a504971]::io::write::Write>::write_fmt
[INFO] [stdout]    3:     0x631149333ad6 - std[617be2ca0a6fd877]::panicking::default_hook::{closure#0}
[INFO] [stdout]    4:     0x631149350df9 - std[617be2ca0a6fd877]::panicking::default_hook
[INFO] [stdout]    5:     0x6311491e9f10 - test[aada8e7e76ba119b]::test_main_inner::{closure#0}
[INFO] [stdout]    6:     0x631149351122 - std[617be2ca0a6fd877]::panicking::panic_with_hook
[INFO] [stdout]    7:     0x631149333b82 - std[617be2ca0a6fd877]::panicking::panic_handler::{closure#0}
[INFO] [stdout]    8:     0x63114932c099 - std[617be2ca0a6fd877]::sys::backtrace::__rust_end_short_backtrace::<std[617be2ca0a6fd877]::panicking::panic_handler::{closure#0}, !>
[INFO] [stdout]    9:     0x631149334a8d - __rustc[ea4f61d10b84890b]::rust_begin_unwind
[INFO] [stdout]   10:     0x6311493708cc - core[a373ad73a504971]::panicking::panic_fmt
[INFO] [stdout]   11:     0x6311493706a2 - core[a373ad73a504971]::result::unwrap_failed
[INFO] [stdout]   12:     0x6311491ad29e - client[153ed4fbc5311196]::get_client
[INFO] [stdout]   13:     0x63114919d84c - client[153ed4fbc5311196]::test_audio_to_text::{closure#0}
[INFO] [stdout]   14:     0x6311491b9663 - <tokio[15c522ce77bb6bd4]::runtime::scheduler::current_thread::Context>::enter::<core[a373ad73a504971]::task::poll::Poll<()>, <tokio[15c522ce77bb6bd4]::runtime::scheduler::current_thread::CoreGuard>::block_on<core[a373ad73a504971]::pin::Pin<&mut core[a373ad73a504971]::pin::Pin<&mut dyn core[a373ad73a504971]::future::future::Future<Output = ()>>>>::{closure#0}::{closure#0}>
[INFO] [stdout]   15:     0x6311491bd1dc - <tokio[15c522ce77bb6bd4]::runtime::context::scoped::Scoped<tokio[15c522ce77bb6bd4]::runtime::scheduler::Context>>::set::<<tokio[15c522ce77bb6bd4]::runtime::scheduler::current_thread::CoreGuard>::enter<<tokio[15c522ce77bb6bd4]::runtime::scheduler::current_thread::CoreGuard>::block_on<core[a373ad73a504971]::pin::Pin<&mut core[a373ad73a504971]::pin::Pin<&mut dyn core[a373ad73a504971]::future::future::Future<Output = ()>>>>::{closure#0}, core[a373ad73a504971]::option::Option<()>>::{closure#0}, (alloc[2e1b2a31b91974c5]::boxed::Box<tokio[15c522ce77bb6bd4]::runtime::scheduler::current_thread::Core>, core[a373ad73a504971]::option::Option<()>)>
[INFO] [stdout]   16:     0x6311491b9807 - <tokio[15c522ce77bb6bd4]::runtime::scheduler::current_thread::CoreGuard>::block_on::<core[a373ad73a504971]::pin::Pin<&mut core[a373ad73a504971]::pin::Pin<&mut dyn core[a373ad73a504971]::future::future::Future<Output = ()>>>>
[INFO] [stdout]   17:     0x6311491cf9e6 - tokio[15c522ce77bb6bd4]::runtime::context::runtime::enter_runtime::<<tokio[15c522ce77bb6bd4]::runtime::scheduler::current_thread::CurrentThread>::block_on<core[a373ad73a504971]::pin::Pin<&mut dyn core[a373ad73a504971]::future::future::Future<Output = ()>>>::{closure#0}, ()>
[INFO] [stdout]   18:     0x6311491ceae6 - <tokio[15c522ce77bb6bd4]::runtime::runtime::Runtime>::block_on::<core[a373ad73a504971]::pin::Pin<&mut dyn core[a373ad73a504971]::future::future::Future<Output = ()>>>
[INFO] [stdout]   19:     0x6311491aebfe - <client[153ed4fbc5311196]::test_audio_to_text::{closure#0} as core[a373ad73a504971]::ops::function::FnOnce<()>>::call_once
[INFO] [stdout]   20:     0x6311491dd35b - test[aada8e7e76ba119b]::__rust_begin_short_backtrace::<core[a373ad73a504971]::result::Result<(), alloc[2e1b2a31b91974c5]::string::String>, fn() -> core[a373ad73a504971]::result::Result<(), alloc[2e1b2a31b91974c5]::string::String>>
[INFO] [stdout]   21:     0x6311491ea535 - test[aada8e7e76ba119b]::run_test::{closure#0}
[INFO] [stdout]   22:     0x6311491e3e24 - std[617be2ca0a6fd877]::sys::backtrace::__rust_begin_short_backtrace::<test[aada8e7e76ba119b]::run_test::{closure#1}, ()>
[INFO] [stdout]   23:     0x6311491ed5c2 - <std[617be2ca0a6fd877]::thread::lifecycle::spawn_unchecked<test[aada8e7e76ba119b]::run_test::{closure#1}, ()>::{closure#1} as core[a373ad73a504971]::ops::function::FnOnce<()>>::call_once::{shim:vtable#0}
[INFO] [stdout]   24:     0x6311493583cf - <std[617be2ca0a6fd877]::sys::thread::unix::Thread>::new::thread_start
[INFO] [stdout]   25:     0x7f3441018dfa - <unknown>
[INFO] [stdout]   26:     0x7f34410ac3d4 - clone
[INFO] [stdout]   27:                0x0 - <unknown>
[INFO] [stdout] 
[INFO] [stdout] ---- test_chat_message_stream_agent stdout ----
[INFO] [stdout] 
[INFO] [stdout] thread 'test_chat_message_stream_agent' (1376) panicked at tests/client.rs:40:51:
[INFO] [stdout] DIFY_BASE_URL is not set: NotPresent
[INFO] [stdout] stack backtrace:
[INFO] [stdout]    0:     0x631149359411 - <<std[617be2ca0a6fd877]::sys::backtrace::BacktraceLock>::print::DisplayBacktrace as core[a373ad73a504971]::fmt::Display>::fmt
[INFO] [stdout]    1:     0x63114937016a - core[a373ad73a504971]::fmt::write
[INFO] [stdout]    2:     0x63114935e1cc - <alloc[2e1b2a31b91974c5]::vec::Vec<u8> as core[a373ad73a504971]::io::write::Write>::write_fmt
[INFO] [stdout]    3:     0x631149333ad6 - std[617be2ca0a6fd877]::panicking::default_hook::{closure#0}
[INFO] [stdout]    4:     0x631149350df9 - std[617be2ca0a6fd877]::panicking::default_hook
[INFO] [stdout]    5:     0x6311491e9f10 - test[aada8e7e76ba119b]::test_main_inner::{closure#0}
[INFO] [stdout]    6:     0x631149351122 - std[617be2ca0a6fd877]::panicking::panic_with_hook
[INFO] [stdout]    7:     0x631149333b82 - std[617be2ca0a6fd877]::panicking::panic_handler::{closure#0}
[INFO] [stdout]    8:     0x63114932c099 - std[617be2ca0a6fd877]::sys::backtrace::__rust_end_short_backtrace::<std[617be2ca0a6fd877]::panicking::panic_handler::{closure#0}, !>
[INFO] [stdout]    9:     0x631149334a8d - __rustc[ea4f61d10b84890b]::rust_begin_unwind
[INFO] [stdout]   10:     0x6311493708cc - core[a373ad73a504971]::panicking::panic_fmt
[INFO] [stdout]   11:     0x6311493706a2 - core[a373ad73a504971]::result::unwrap_failed
[INFO] [stdout]   12:     0x6311491ad29e - client[153ed4fbc5311196]::get_client
[INFO] [stdout]   13:     0x6311491a7191 - client[153ed4fbc5311196]::test_chat_message_stream_agent::{closure#0}
[INFO] [stdout]   14:     0x6311491b9663 - <tokio[15c522ce77bb6bd4]::runtime::scheduler::current_thread::Context>::enter::<core[a373ad73a504971]::task::poll::Poll<()>, <tokio[15c522ce77bb6bd4]::runtime::scheduler::current_thread::CoreGuard>::block_on<core[a373ad73a504971]::pin::Pin<&mut core[a373ad73a504971]::pin::Pin<&mut dyn core[a373ad73a504971]::future::future::Future<Output = ()>>>>::{closure#0}::{closure#0}>
[INFO] [stdout]   15:     0x6311491bd1dc - <tokio[15c522ce77bb6bd4]::runtime::context::scoped::Scoped<tokio[15c522ce77bb6bd4]::runtime::scheduler::Context>>::set::<<tokio[15c522ce77bb6bd4]::runtime::scheduler::current_thread::CoreGuard>::enter<<tokio[15c522ce77bb6bd4]::runtime::scheduler::current_thread::CoreGuard>::block_on<core[a373ad73a504971]::pin::Pin<&mut core[a373ad73a504971]::pin::Pin<&mut dyn core[a373ad73a504971]::future::future::Future<Output = ()>>>>::{closure#0}, core[a373ad73a504971]::option::Option<()>>::{closure#0}, (alloc[2e1b2a31b91974c5]::boxed::Box<tokio[15c522ce77bb6bd4]::runtime::scheduler::current_thread::Core>, core[a373ad73a504971]::option::Option<()>)>
[INFO] [stdout]   16:     0x6311491b9807 - <tokio[15c522ce77bb6bd4]::runtime::scheduler::current_thread::CoreGuard>::block_on::<core[a373ad73a504971]::pin::Pin<&mut core[a373ad73a504971]::pin::Pin<&mut dyn core[a373ad73a504971]::future::future::Future<Output = ()>>>>
[INFO] [stdout]   17:     0x6311491cf9e6 - tokio[15c522ce77bb6bd4]::runtime::context::runtime::enter_runtime::<<tokio[15c522ce77bb6bd4]::runtime::scheduler::current_thread::CurrentThread>::block_on<core[a373ad73a504971]::pin::Pin<&mut dyn core[a373ad73a504971]::future::future::Future<Output = ()>>>::{closure#0}, ()>
[INFO] [stdout]   18:     0x6311491ceae6 - <tokio[15c522ce77bb6bd4]::runtime::runtime::Runtime>::block_on::<core[a373ad73a504971]::pin::Pin<&mut dyn core[a373ad73a504971]::future::future::Future<Output = ()>>>
[INFO] [stdout]   19:     0x6311491b017e - <client[153ed4fbc5311196]::test_chat_message_stream_agent::{closure#0} as core[a373ad73a504971]::ops::function::FnOnce<()>>::call_once
[INFO] [stdout]   20:     0x6311491dd35b - test[aada8e7e76ba119b]::__rust_begin_short_backtrace::<core[a373ad73a504971]::result::Result<(), alloc[2e1b2a31b91974c5]::string::String>, fn() -> core[a373ad73a504971]::result::Result<(), alloc[2e1b2a31b91974c5]::string::String>>
[INFO] [stdout]   21:     0x6311491ea535 - test[aada8e7e76ba119b]::run_test::{closure#0}
[INFO] [stdout]   22:     0x6311491e3e24 - std[617be2ca0a6fd877]::sys::backtrace::__rust_begin_short_backtrace::<test[aada8e7e76ba119b]::run_test::{closure#1}, ()>
[INFO] [stdout]   23:     0x6311491ed5c2 - <std[617be2ca0a6fd877]::thread::lifecycle::spawn_unchecked<test[aada8e7e76ba119b]::run_test::{closure#1}, ()>::{closure#1} as core[a373ad73a504971]::ops::function::FnOnce<()>>::call_once::{shim:vtable#0}
[INFO] [stdout]   24:     0x6311493583cf - <std[617be2ca0a6fd877]::sys::thread::unix::Thread>::new::thread_start
[INFO] [stdout]   25:     0x7f3441018dfa - <unknown>
[INFO] [stdout]   26:     0x7f34410ac3d4 - clone
[INFO] [stdout]   27:                0x0 - <unknown>
[INFO] [stdout] 
[INFO] [stdout] ---- test_chat_message_stream stdout ----
[INFO] [stdout] 
[INFO] [stdout] thread 'test_chat_message_stream' (1375) panicked at tests/client.rs:40:51:
[INFO] [stdout] DIFY_BASE_URL is not set: NotPresent
[INFO] [stdout] stack backtrace:
[INFO] [stdout]    0:     0x631149359411 - <<std[617be2ca0a6fd877]::sys::backtrace::BacktraceLock>::print::DisplayBacktrace as core[a373ad73a504971]::fmt::Display>::fmt
[INFO] [stdout]    1:     0x63114937016a - core[a373ad73a504971]::fmt::write
[INFO] [stdout]    2:     0x63114935e1cc - <alloc[2e1b2a31b91974c5]::vec::Vec<u8> as core[a373ad73a504971]::io::write::Write>::write_fmt
[INFO] [stdout]    3:     0x631149333ad6 - std[617be2ca0a6fd877]::panicking::default_hook::{closure#0}
[INFO] [stdout]    4:     0x631149350df9 - std[617be2ca0a6fd877]::panicking::default_hook
[INFO] [stdout]    5:     0x6311491e9f10 - test[aada8e7e76ba119b]::test_main_inner::{closure#0}
[INFO] [stdout]    6:     0x631149351122 - std[617be2ca0a6fd877]::panicking::panic_with_hook
[INFO] [stdout]    7:     0x631149333b82 - std[617be2ca0a6fd877]::panicking::panic_handler::{closure#0}
[INFO] [stdout]    8:     0x63114932c099 - std[617be2ca0a6fd877]::sys::backtrace::__rust_end_short_backtrace::<std[617be2ca0a6fd877]::panicking::panic_handler::{closure#0}, !>
[INFO] [stdout]    9:     0x631149334a8d - __rustc[ea4f61d10b84890b]::rust_begin_unwind
[INFO] [stdout]   10:     0x6311493708cc - core[a373ad73a504971]::panicking::panic_fmt
[INFO] [stdout]   11:     0x6311493706a2 - core[a373ad73a504971]::result::unwrap_failed
[INFO] [stdout]   12:     0x6311491ad29e - client[153ed4fbc5311196]::get_client
[INFO] [stdout]   13:     0x6311491a375c - client[153ed4fbc5311196]::test_chat_message_stream::{closure#0}
[INFO] [stdout]   14:     0x6311491b9663 - <tokio[15c522ce77bb6bd4]::runtime::scheduler::current_thread::Context>::enter::<core[a373ad73a504971]::task::poll::Poll<()>, <tokio[15c522ce77bb6bd4]::runtime::scheduler::current_thread::CoreGuard>::block_on<core[a373ad73a504971]::pin::Pin<&mut core[a373ad73a504971]::pin::Pin<&mut dyn core[a373ad73a504971]::future::future::Future<Output = ()>>>>::{closure#0}::{closure#0}>
[INFO] [stdout]   15:     0x6311491bd1dc - <tokio[15c522ce77bb6bd4]::runtime::context::scoped::Scoped<tokio[15c522ce77bb6bd4]::runtime::scheduler::Context>>::set::<<tokio[15c522ce77bb6bd4]::runtime::scheduler::current_thread::CoreGuard>::enter<<tokio[15c522ce77bb6bd4]::runtime::scheduler::current_thread::CoreGuard>::block_on<core[a373ad73a504971]::pin::Pin<&mut core[a373ad73a504971]::pin::Pin<&mut dyn core[a373ad73a504971]::future::future::Future<Output = ()>>>>::{closure#0}, core[a373ad73a504971]::option::Option<()>>::{closure#0}, (alloc[2e1b2a31b91974c5]::boxed::Box<tokio[15c522ce77bb6bd4]::runtime::scheduler::current_thread::Core>, core[a373ad73a504971]::option::Option<()>)>
[INFO] [stdout]   16:     0x6311491b9807 - <tokio[15c522ce77bb6bd4]::runtime::scheduler::current_thread::CoreGuard>::block_on::<core[a373ad73a504971]::pin::Pin<&mut core[a373ad73a504971]::pin::Pin<&mut dyn core[a373ad73a504971]::future::future::Future<Output = ()>>>>
[INFO] [stdout]   17:     0x6311491cf9e6 - tokio[15c522ce77bb6bd4]::runtime::context::runtime::enter_runtime::<<tokio[15c522ce77bb6bd4]::runtime::scheduler::current_thread::CurrentThread>::block_on<core[a373ad73a504971]::pin::Pin<&mut dyn core[a373ad73a504971]::future::future::Future<Output = ()>>>::{closure#0}, ()>
[INFO] [stdout]   18:     0x6311491ceae6 - <tokio[15c522ce77bb6bd4]::runtime::runtime::Runtime>::block_on::<core[a373ad73a504971]::pin::Pin<&mut dyn core[a373ad73a504971]::future::future::Future<Output = ()>>>
[INFO] [stdout]   19:     0x6311491af85e - <client[153ed4fbc5311196]::test_chat_message_stream::{closure#0} as core[a373ad73a504971]::ops::function::FnOnce<()>>::call_once
[INFO] [stdout]   20:     0x6311491dd35b - test[aada8e7e76ba119b]::__rust_begin_short_backtrace::<core[a373ad73a504971]::result::Result<(), alloc[2e1b2a31b91974c5]::string::String>, fn() -> core[a373ad73a504971]::result::Result<(), alloc[2e1b2a31b91974c5]::string::String>>
[INFO] [stdout]   21:     0x6311491ea535 - test[aada8e7e76ba119b]::run_test::{closure#0}
[INFO] [stdout]   22:     0x6311491e3e24 - std[617be2ca0a6fd877]::sys::backtrace::__rust_begin_short_backtrace::<test[aada8e7e76ba119b]::run_test::{closure#1}, ()>
[INFO] [stdout]   23:     0x6311491ed5c2 - <std[617be2ca0a6fd877]::thread::lifecycle::spawn_unchecked<test[aada8e7e76ba119b]::run_test::{closure#1}, ()>::{closure#1} as core[a373ad73a504971]::ops::function::FnOnce<()>>::call_once::{shim:vtable#0}
[INFO] [stdout]   24:     0x6311493583cf - <std[617be2ca0a6fd877]::sys::thread::unix::Thread>::new::thread_start
[INFO] [stdout]   25:     0x7f3441018dfa - <unknown>
[INFO] [stdout]   26:     0x7f34410ac3d4 - clone
[INFO] [stdout]   27:                0x0 - <unknown>
[INFO] [stdout] 
[INFO] [stdout] ---- test_chat_messages_stop stdout ----
[INFO] [stdout] 
[INFO] [stdout] thread 'test_chat_messages_stop' (1377) panicked at tests/client.rs:40:51:
[INFO] [stdout] DIFY_BASE_URL is not set: NotPresent
[INFO] [stdout] stack backtrace:
[INFO] [stdout]    0:     0x631149359411 - <<std[617be2ca0a6fd877]::sys::backtrace::BacktraceLock>::print::DisplayBacktrace as core[a373ad73a504971]::fmt::Display>::fmt
[INFO] [stdout]    1:     0x63114937016a - core[a373ad73a504971]::fmt::write
[INFO] [stdout]    2:     0x63114935e1cc - <alloc[2e1b2a31b91974c5]::vec::Vec<u8> as core[a373ad73a504971]::io::write::Write>::write_fmt
[INFO] [stdout]    3:     0x631149333ad6 - std[617be2ca0a6fd877]::panicking::default_hook::{closure#0}
[INFO] [stdout]    4:     0x631149350df9 - std[617be2ca0a6fd877]::panicking::default_hook
[INFO] [stdout]    5:     0x6311491e9f10 - test[aada8e7e76ba119b]::test_main_inner::{closure#0}
[INFO] [stdout]    6:     0x631149351122 - std[617be2ca0a6fd877]::panicking::panic_with_hook
[INFO] [stdout]    7:     0x631149333b82 - std[617be2ca0a6fd877]::panicking::panic_handler::{closure#0}
[INFO] [stdout]    8:     0x63114932c099 - std[617be2ca0a6fd877]::sys::backtrace::__rust_end_short_backtrace::<std[617be2ca0a6fd877]::panicking::panic_handler::{closure#0}, !>
[INFO] [stdout]    9:     0x631149334a8d - __rustc[ea4f61d10b84890b]::rust_begin_unwind
[INFO] [stdout]   10:     0x6311493708cc - core[a373ad73a504971]::panicking::panic_fmt
[INFO] [stdout]   11:     0x6311493706a2 - core[a373ad73a504971]::result::unwrap_failed
[INFO] [stdout]   12:     0x6311491ad29e - client[153ed4fbc5311196]::get_client
[INFO] [stdout]   13:     0x6311491a1d7c - client[153ed4fbc5311196]::test_chat_messages_stop::{closure#0}
[INFO] [stdout]   14:     0x6311491b9663 - <tokio[15c522ce77bb6bd4]::runtime::scheduler::current_thread::Context>::enter::<core[a373ad73a504971]::task::poll::Poll<()>, <tokio[15c522ce77bb6bd4]::runtime::scheduler::current_thread::CoreGuard>::block_on<core[a373ad73a504971]::pin::Pin<&mut core[a373ad73a504971]::pin::Pin<&mut dyn core[a373ad73a504971]::future::future::Future<Output = ()>>>>::{closure#0}::{closure#0}>
[INFO] [stdout]   15:     0x6311491bd1dc - <tokio[15c522ce77bb6bd4]::runtime::context::scoped::Scoped<tokio[15c522ce77bb6bd4]::runtime::scheduler::Context>>::set::<<tokio[15c522ce77bb6bd4]::runtime::scheduler::current_thread::CoreGuard>::enter<<tokio[15c522ce77bb6bd4]::runtime::scheduler::current_thread::CoreGuard>::block_on<core[a373ad73a504971]::pin::Pin<&mut core[a373ad73a504971]::pin::Pin<&mut dyn core[a373ad73a504971]::future::future::Future<Output = ()>>>>::{closure#0}, core[a373ad73a504971]::option::Option<()>>::{closure#0}, (alloc[2e1b2a31b91974c5]::boxed::Box<tokio[15c522ce77bb6bd4]::runtime::scheduler::current_thread::Core>, core[a373ad73a504971]::option::Option<()>)>
[INFO] [stdout]   16:     0x6311491b9807 - <tokio[15c522ce77bb6bd4]::runtime::scheduler::current_thread::CoreGuard>::block_on::<core[a373ad73a504971]::pin::Pin<&mut core[a373ad73a504971]::pin::Pin<&mut dyn core[a373ad73a504971]::future::future::Future<Output = ()>>>>
[INFO] [stdout]   17:     0x6311491cf9e6 - tokio[15c522ce77bb6bd4]::runtime::context::runtime::enter_runtime::<<tokio[15c522ce77bb6bd4]::runtime::scheduler::current_thread::CurrentThread>::block_on<core[a373ad73a504971]::pin::Pin<&mut dyn core[a373ad73a504971]::future::future::Future<Output = ()>>>::{closure#0}, ()>
[INFO] [stdout]   18:     0x6311491ceae6 - <tokio[15c522ce77bb6bd4]::runtime::runtime::Runtime>::block_on::<core[a373ad73a504971]::pin::Pin<&mut dyn core[a373ad73a504971]::future::future::Future<Output = ()>>>
[INFO] [stdout]   19:     0x6311491af43e - <client[153ed4fbc5311196]::test_chat_messages_stop::{closure#0} as core[a373ad73a504971]::ops::function::FnOnce<()>>::call_once
[INFO] [stdout]   20:     0x6311491dd35b - test[aada8e7e76ba119b]::__rust_begin_short_backtrace::<core[a373ad73a504971]::result::Result<(), alloc[2e1b2a31b91974c5]::string::String>, fn() -> core[a373ad73a504971]::result::Result<(), alloc[2e1b2a31b91974c5]::string::String>>
[INFO] [stdout]   21:     0x6311491ea535 - test[aada8e7e76ba119b]::run_test::{closure#0}
[INFO] [stdout]   22:     0x6311491e3e24 - std[617be2ca0a6fd877]::sys::backtrace::__rust_begin_short_backtrace::<test[aada8e7e76ba119b]::run_test::{closure#1}, ()>
[INFO] [stdout]   23:     0x6311491ed5c2 - <std[617be2ca0a6fd877]::thread::lifecycle::spawn_unchecked<test[aada8e7e76ba119b]::run_test::{closure#1}, ()>::{closure#1} as core[a373ad73a504971]::ops::function::FnOnce<()>>::call_once::{shim:vtable#0}
[INFO] [stdout]   24:     0x6311493583cf - <std[617be2ca0a6fd877]::sys::thread::unix::Thread>::new::thread_start
[INFO] [stdout]   25:     0x7f3441018dfa - <unknown>
[INFO] [stdout]   26:     0x7f34410ac3d4 - clone
[INFO] [stdout]   27:                0x0 - <unknown>
[INFO] [stdout] 
[INFO] [stdout] ---- test_feedback_message stdout ----
[INFO] [stdout] 
[INFO] [stdout] thread 'test_feedback_message' (1384) panicked at tests/client.rs:40:51:
[INFO] [stdout] DIFY_BASE_URL is not set: NotPresent
[INFO] [stdout] stack backtrace:
[INFO] [stdout]    0:     0x631149359411 - <<std[617be2ca0a6fd877]::sys::backtrace::BacktraceLock>::print::DisplayBacktrace as core[a373ad73a504971]::fmt::Display>::fmt
[INFO] [stdout]    1:     0x63114937016a - core[a373ad73a504971]::fmt::write
[INFO] [stdout]    2:     0x63114935e1cc - <alloc[2e1b2a31b91974c5]::vec::Vec<u8> as core[a373ad73a504971]::io::write::Write>::write_fmt
[INFO] [stdout]    3:     0x631149333ad6 - std[617be2ca0a6fd877]::panicking::default_hook::{closure#0}
[INFO] [stdout]    4:     0x631149350df9 - std[617be2ca0a6fd877]::panicking::default_hook
[INFO] [stdout]    5:     0x6311491e9f10 - test[aada8e7e76ba119b]::test_main_inner::{closure#0}
[INFO] [stdout]    6:     0x631149351122 - std[617be2ca0a6fd877]::panicking::panic_with_hook
[INFO] [stdout]    7:     0x631149333b82 - std[617be2ca0a6fd877]::panicking::panic_handler::{closure#0}
[INFO] [stdout]    8:     0x63114932c099 - std[617be2ca0a6fd877]::sys::backtrace::__rust_end_short_backtrace::<std[617be2ca0a6fd877]::panicking::panic_handler::{closure#0}, !>
[INFO] [stdout]    9:     0x631149334a8d - __rustc[ea4f61d10b84890b]::rust_begin_unwind
[INFO] [stdout]   10:     0x6311493708cc - core[a373ad73a504971]::panicking::panic_fmt
[INFO] [stdout]   11:     0x6311493706a2 - core[a373ad73a504971]::result::unwrap_failed
[INFO] [stdout]   12:     0x6311491ad29e - client[153ed4fbc5311196]::get_client
[INFO] [stdout]   13:     0x6311491a091d - client[153ed4fbc5311196]::test_feedback_message::{closure#0}
[INFO] [stdout]   14:     0x6311491b9663 - <tokio[15c522ce77bb6bd4]::runtime::scheduler::current_thread::Context>::enter::<core[a373ad73a504971]::task::poll::Poll<()>, <tokio[15c522ce77bb6bd4]::runtime::scheduler::current_thread::CoreGuard>::block_on<core[a373ad73a504971]::pin::Pin<&mut core[a373ad73a504971]::pin::Pin<&mut dyn core[a373ad73a504971]::future::future::Future<Output = ()>>>>::{closure#0}::{closure#0}>
[INFO] [stdout]   15:     0x6311491bd1dc - <tokio[15c522ce77bb6bd4]::runtime::context::scoped::Scoped<tokio[15c522ce77bb6bd4]::runtime::scheduler::Context>>::set::<<tokio[15c522ce77bb6bd4]::runtime::scheduler::current_thread::CoreGuard>::enter<<tokio[15c522ce77bb6bd4]::runtime::scheduler::current_thread::CoreGuard>::block_on<core[a373ad73a504971]::pin::Pin<&mut core[a373ad73a504971]::pin::Pin<&mut dyn core[a373ad73a504971]::future::future::Future<Output = ()>>>>::{closure#0}, core[a373ad73a504971]::option::Option<()>>::{closure#0}, (alloc[2e1b2a31b91974c5]::boxed::Box<tokio[15c522ce77bb6bd4]::runtime::scheduler::current_thread::Core>, core[a373ad73a504971]::option::Option<()>)>
[INFO] [stdout]   16:     0x6311491b9807 - <tokio[15c522ce77bb6bd4]::runtime::scheduler::current_thread::CoreGuard>::block_on::<core[a373ad73a504971]::pin::Pin<&mut core[a373ad73a504971]::pin::Pin<&mut dyn core[a373ad73a504971]::future::future::Future<Output = ()>>>>
[INFO] [stdout]   17:     0x6311491cf9e6 - tokio[15c522ce77bb6bd4]::runtime::context::runtime::enter_runtime::<<tokio[15c522ce77bb6bd4]::runtime::scheduler::current_thread::CurrentThread>::block_on<core[a373ad73a504971]::pin::Pin<&mut dyn core[a373ad73a504971]::future::future::Future<Output = ()>>>::{closure#0}, ()>
[INFO] [stdout]   18:     0x6311491ceae6 - <tokio[15c522ce77bb6bd4]::runtime::runtime::Runtime>::block_on::<core[a373ad73a504971]::pin::Pin<&mut dyn core[a373ad73a504971]::future::future::Future<Output = ()>>>
[INFO] [stdout]   19:     0x6311491af17e - <client[153ed4fbc5311196]::test_feedback_message::{closure#0} as core[a373ad73a504971]::ops::function::FnOnce<()>>::call_once
[INFO] [stdout]   20:     0x6311491dd35b - test[aada8e7e76ba119b]::__rust_begin_short_backtrace::<core[a373ad73a504971]::result::Result<(), alloc[2e1b2a31b91974c5]::string::String>, fn() -> core[a373ad73a504971]::result::Result<(), alloc[2e1b2a31b91974c5]::string::String>>
[INFO] [stdout]   21:     0x6311491ea535 - test[aada8e7e76ba119b]::run_test::{closure#0}
[INFO] [stdout]   22:     0x6311491e3e24 - std[617be2ca0a6fd877]::sys::backtrace::__rust_begin_short_backtrace::<test[aada8e7e76ba119b]::run_test::{closure#1}, ()>
[INFO] [stdout]   23:     0x6311491ed5c2 - <std[617be2ca0a6fd877]::thread::lifecycle::spawn_unchecked<test[aada8e7e76ba119b]::run_test::{closure#1}, ()>::{closure#1} as core[a373ad73a504971]::ops::function::FnOnce<()>>::call_once::{shim:vtable#0}
[INFO] [stdout]   24:     0x6311493583cf - <std[617be2ca0a6fd877]::sys::thread::unix::Thread>::new::thread_start
[INFO] [stdout]   25:     0x7f3441018dfa - <unknown>
[INFO] [stdout]   26:     0x7f34410ac3d4 - clone
[INFO] [stdout]   27:                0x0 - <unknown>
[INFO] [stdout] 
[INFO] [stdout] ---- test_conversations_delete stdout ----
[INFO] [stdout] 
[INFO] [stdout] thread 'test_conversations_delete' (1382) panicked at tests/client.rs:40:51:
[INFO] [stdout] DIFY_BASE_URL is not set: NotPresent
[INFO] [stdout] stack backtrace:
[INFO] [stdout]    0:     0x631149359411 - <<std[617be2ca0a6fd877]::sys::backtrace::BacktraceLock>::print::DisplayBacktrace as core[a373ad73a504971]::fmt::Display>::fmt
[INFO] [stdout]    1:     0x63114937016a - core[a373ad73a504971]::fmt::write
[INFO] [stdout]    2:     0x63114935e1cc - <alloc[2e1b2a31b91974c5]::vec::Vec<u8> as core[a373ad73a504971]::io::write::Write>::write_fmt
[INFO] [stdout]    3:     0x631149333ad6 - std[617be2ca0a6fd877]::panicking::default_hook::{closure#0}
[INFO] [stdout]    4:     0x631149350df9 - std[617be2ca0a6fd877]::panicking::default_hook
[INFO] [stdout]    5:     0x6311491e9f10 - test[aada8e7e76ba119b]::test_main_inner::{closure#0}
[INFO] [stdout]    6:     0x631149351122 - std[617be2ca0a6fd877]::panicking::panic_with_hook
[INFO] [stdout]    7:     0x631149333b82 - std[617be2ca0a6fd877]::panicking::panic_handler::{closure#0}
[INFO] [stdout]    8:     0x63114932c099 - std[617be2ca0a6fd877]::sys::backtrace::__rust_end_short_backtrace::<std[617be2ca0a6fd877]::panicking::panic_handler::{closure#0}, !>
[INFO] [stdout]    9:     0x631149334a8d - __rustc[ea4f61d10b84890b]::rust_begin_unwind
[INFO] [stdout]   10:     0x6311493708cc - core[a373ad73a504971]::panicking::panic_fmt
[INFO] [stdout]   11:     0x6311493706a2 - core[a373ad73a504971]::result::unwrap_failed
[INFO] [stdout]   12:     0x6311491ad29e - client[153ed4fbc5311196]::get_client
[INFO] [stdout]   13:     0x6311491a4a5c - client[153ed4fbc5311196]::test_conversations_delete::{closure#0}
[INFO] [stdout]   14:     0x6311491b9663 - <tokio[15c522ce77bb6bd4]::runtime::scheduler::current_thread::Context>::enter::<core[a373ad73a504971]::task::poll::Poll<()>, <tokio[15c522ce77bb6bd4]::runtime::scheduler::current_thread::CoreGuard>::block_on<core[a373ad73a504971]::pin::Pin<&mut core[a373ad73a504971]::pin::Pin<&mut dyn core[a373ad73a504971]::future::future::Future<Output = ()>>>>::{closure#0}::{closure#0}>
[INFO] [stdout]   15:     0x6311491bd1dc - <tokio[15c522ce77bb6bd4]::runtime::context::scoped::Scoped<tokio[15c522ce77bb6bd4]::runtime::scheduler::Context>>::set::<<tokio[15c522ce77bb6bd4]::runtime::scheduler::current_thread::CoreGuard>::enter<<tokio[15c522ce77bb6bd4]::runtime::scheduler::current_thread::CoreGuard>::block_on<core[a373ad73a504971]::pin::Pin<&mut core[a373ad73a504971]::pin::Pin<&mut dyn core[a373ad73a504971]::future::future::Future<Output = ()>>>>::{closure#0}, core[a373ad73a504971]::option::Option<()>>::{closure#0}, (alloc[2e1b2a31b91974c5]::boxed::Box<tokio[15c522ce77bb6bd4]::runtime::scheduler::current_thread::Core>, core[a373ad73a504971]::option::Option<()>)>
[INFO] [stdout]   16:     0x6311491b9807 - <tokio[15c522ce77bb6bd4]::runtime::scheduler::current_thread::CoreGuard>::block_on::<core[a373ad73a504971]::pin::Pin<&mut core[a373ad73a504971]::pin::Pin<&mut dyn core[a373ad73a504971]::future::future::Future<Output = ()>>>>
[INFO] [stdout]   17:     0x6311491cf9e6 - tokio[15c522ce77bb6bd4]::runtime::context::runtime::enter_runtime::<<tokio[15c522ce77bb6bd4]::runtime::scheduler::current_thread::CurrentThread>::block_on<core[a373ad73a504971]::pin::Pin<&mut dyn core[a373ad73a504971]::future::future::Future<Output = ()>>>::{closure#0}, ()>
[INFO] [stdout]   18:     0x6311491ceae6 - <tokio[15c522ce77bb6bd4]::runtime::runtime::Runtime>::block_on::<core[a373ad73a504971]::pin::Pin<&mut dyn core[a373ad73a504971]::future::future::Future<Output = ()>>>
[INFO] [stdout]   19:     0x6311491afb1e - <client[153ed4fbc5311196]::test_conversations_delete::{closure#0} as core[a373ad73a504971]::ops::function::FnOnce<()>>::call_once
[INFO] [stdout]   20:     0x6311491dd35b - test[aada8e7e76ba119b]::__rust_begin_short_backtrace::<core[a373ad73a504971]::result::Result<(), alloc[2e1b2a31b91974c5]::string::String>, fn() -> core[a373ad73a504971]::result::Result<(), alloc[2e1b2a31b91974c5]::string::String>>
[INFO] [stdout]   21:     0x6311491ea535 - test[aada8e7e76ba119b]::run_test::{closure#0}
[INFO] [stdout]   22:     0x6311491e3e24 - std[617be2ca0a6fd877]::sys::backtrace::__rust_begin_short_backtrace::<test[aada8e7e76ba119b]::run_test::{closure#1}, ()>
[INFO] [stdout]   23:     0x6311491ed5c2 - <std[617be2ca0a6fd877]::thread::lifecycle::spawn_unchecked<test[aada8e7e76ba119b]::run_test::{closure#1}, ()>::{closure#1} as core[a373ad73a504971]::ops::function::FnOnce<()>>::call_once::{shim:vtable#0}
[INFO] [stdout]   24:     0x6311493583cf - <std[617be2ca0a6fd877]::sys::thread::unix::Thread>::new::thread_start
[INFO] [stdout]   25:     0x7f3441018dfa - <unknown>
[INFO] [stdout]   26:     0x7f34410ac3d4 - clone
[INFO] [stdout]   27:                0x0 - <unknown>
[INFO] [stdout] 
[INFO] [stdout] ---- test_messages_get stdout ----
[INFO] [stdout] 
[INFO] [stdout] thread 'test_messages_get' (1386) panicked at tests/client.rs:40:51:
[INFO] [stdout] DIFY_BASE_URL is not set: NotPresent
[INFO] [stdout] stack backtrace:
[INFO] [stdout]    0:     0x631149359411 - <<std[617be2ca0a6fd877]::sys::backtrace::BacktraceLock>::print::DisplayBacktrace as core[a373ad73a504971]::fmt::Display>::fmt
[INFO] [stdout]    1:     0x63114937016a - core[a373ad73a504971]::fmt::write
[INFO] [stdout]    2:     0x63114935e1cc - <alloc[2e1b2a31b91974c5]::vec::Vec<u8> as core[a373ad73a504971]::io::write::Write>::write_fmt
[INFO] [stdout]    3:     0x631149333ad6 - std[617be2ca0a6fd877]::panicking::default_hook::{closure#0}
[INFO] [stdout]    4:     0x631149350df9 - std[617be2ca0a6fd877]::panicking::default_hook
[INFO] [stdout]    5:     0x6311491e9f10 - test[aada8e7e76ba119b]::test_main_inner::{closure#0}
[INFO] [stdout]    6:     0x631149351122 - std[617be2ca0a6fd877]::panicking::panic_with_hook
[INFO] [stdout]    7:     0x631149333b82 - std[617be2ca0a6fd877]::panicking::panic_handler::{closure#0}
[INFO] [stdout]    8:     0x63114932c099 - std[617be2ca0a6fd877]::sys::backtrace::__rust_end_short_backtrace::<std[617be2ca0a6fd877]::panicking::panic_handler::{closure#0}, !>
[INFO] [stdout]    9:     0x631149334a8d - __rustc[ea4f61d10b84890b]::rust_begin_unwind
[INFO] [stdout]   10:     0x6311493708cc - core[a373ad73a504971]::panicking::panic_fmt
[INFO] [stdout]   11:     0x6311493706a2 - core[a373ad73a504971]::result::unwrap_failed
[INFO] [stdout]   12:     0x6311491ad29e - client[153ed4fbc5311196]::get_client
[INFO] [stdout]   13:     0x63114919cafc - client[153ed4fbc5311196]::test_messages_get::{closure#0}
[INFO] [stdout]   14:     0x6311491b9663 - <tokio[15c522ce77bb6bd4]::runtime::scheduler::current_thread::Context>::enter::<core[a373ad73a504971]::task::poll::Poll<()>, <tokio[15c522ce77bb6bd4]::runtime::scheduler::current_thread::CoreGuard>::block_on<core[a373ad73a504971]::pin::Pin<&mut core[a373ad73a504971]::pin::Pin<&mut dyn core[a373ad73a504971]::future::future::Future<Output = ()>>>>::{closure#0}::{closure#0}>
[INFO] [stdout]   15:     0x6311491bd1dc - <tokio[15c522ce77bb6bd4]::runtime::context::scoped::Scoped<tokio[15c522ce77bb6bd4]::runtime::scheduler::Context>>::set::<<tokio[15c522ce77bb6bd4]::runtime::scheduler::current_thread::CoreGuard>::enter<<tokio[15c522ce77bb6bd4]::runtime::scheduler::current_thread::CoreGuard>::block_on<core[a373ad73a504971]::pin::Pin<&mut core[a373ad73a504971]::pin::Pin<&mut dyn core[a373ad73a504971]::future::future::Future<Output = ()>>>>::{closure#0}, core[a373ad73a504971]::option::Option<()>>::{closure#0}, (alloc[2e1b2a31b91974c5]::boxed::Box<tokio[15c522ce77bb6bd4]::runtime::scheduler::current_thread::Core>, core[a373ad73a504971]::option::Option<()>)>
[INFO] [stdout]   16:     0x6311491b9807 - <tokio[15c522ce77bb6bd4]::runtime::scheduler::current_thread::CoreGuard>::block_on::<core[a373ad73a504971]::pin::Pin<&mut core[a373ad73a504971]::pin::Pin<&mut dyn core[a373ad73a504971]::future::future::Future<Output = ()>>>>
[INFO] [stdout]   17:     0x6311491cf9e6 - tokio[15c522ce77bb6bd4]::runtime::context::runtime::enter_runtime::<<tokio[15c522ce77bb6bd4]::runtime::scheduler::current_thread::CurrentThread>::block_on<core[a373ad73a504971]::pin::Pin<&mut dyn core[a373ad73a504971]::future::future::Future<Output = ()>>>::{closure#0}, ()>
[INFO] [stdout]   18:     0x6311491ceae6 - <tokio[15c522ce77bb6bd4]::runtime::runtime::Runtime>::block_on::<core[a373ad73a504971]::pin::Pin<&mut dyn core[a373ad73a504971]::future::future::Future<Output = ()>>>
[INFO] [stdout]   19:     0x6311491aea9e - <client[153ed4fbc5311196]::test_messages_get::{closure#0} as core[a373ad73a504971]::ops::function::FnOnce<()>>::call_once
[INFO] [stdout]   20:     0x6311491dd35b - test[aada8e7e76ba119b]::__rust_begin_short_backtrace::<core[a373ad73a504971]::result::Result<(), alloc[2e1b2a31b91974c5]::string::String>, fn() -> core[a373ad73a504971]::result::Result<(), alloc[2e1b2a31b91974c5]::string::String>>
[INFO] [stdout]   21:     0x6311491ea535 - test[aada8e7e76ba119b]::run_test::{closure#0}
[INFO] [stdout]   22:     0x6311491e3e24 - std[617be2ca0a6fd877]::sys::backtrace::__rust_begin_short_backtrace::<test[aada8e7e76ba119b]::run_test::{closure#1}, ()>
[INFO] [stdout]   23:     0x6311491ed5c2 - <std[617be2ca0a6fd877]::thread::lifecycle::spawn_unchecked<test[aada8e7e76ba119b]::run_test::{closure#1}, ()>::{closure#1} as core[a373ad73a504971]::ops::function::FnOnce<()>>::call_once::{shim:vtable#0}
[INFO] [stdout]   24:     0x6311493583cf - <std[617be2ca0a6fd877]::sys::thread::unix::Thread>::new::thread_start
[INFO] [stdout]   25:     0x7f3441018dfa - <unknown>
[INFO] [stdout]   26:     0x7f34410ac3d4 - clone
[INFO] [stdout]   27:                0x0 - <unknown>
[INFO] [stdout] 
[INFO] [stdout] ---- test_messages_suggested stdout ----
[INFO] [stdout] 
[INFO] [stdout] thread 'test_messages_suggested' (1387) panicked at tests/client.rs:40:51:
[INFO] [stdout] DIFY_BASE_URL is not set: NotPresent
[INFO] [stdout] stack backtrace:
[INFO] [stdout]    0:     0x631149359411 - <<std[617be2ca0a6fd877]::sys::backtrace::BacktraceLock>::print::DisplayBacktrace as core[a373ad73a504971]::fmt::Display>::fmt
[INFO] [stdout]    1:     0x63114937016a - core[a373ad73a504971]::fmt::write
[INFO] [stdout]    2:     0x63114935e1cc - <alloc[2e1b2a31b91974c5]::vec::Vec<u8> as core[a373ad73a504971]::io::write::Write>::write_fmt
[INFO] [stdout]    3:     0x631149333ad6 - std[617be2ca0a6fd877]::panicking::default_hook::{closure#0}
[INFO] [stdout]    4:     0x631149350df9 - std[617be2ca0a6fd877]::panicking::default_hook
[INFO] [stdout]    5:     0x6311491e9f10 - test[aada8e7e76ba119b]::test_main_inner::{closure#0}
[INFO] [stdout]    6:     0x631149351122 - std[617be2ca0a6fd877]::panicking::panic_with_hook
[INFO] [stdout]    7:     0x631149333b82 - std[617be2ca0a6fd877]::panicking::panic_handler::{closure#0}
[INFO] [stdout]    8:     0x63114932c099 - std[617be2ca0a6fd877]::sys::backtrace::__rust_end_short_backtrace::<std[617be2ca0a6fd877]::panicking::panic_handler::{closure#0}, !>
[INFO] [stdout]    9:     0x631149334a8d - __rustc[ea4f61d10b84890b]::rust_begin_unwind
[INFO] [stdout]   10:     0x6311493708cc - core[a373ad73a504971]::panicking::panic_fmt
[INFO] [stdout]   11:     0x6311493706a2 - core[a373ad73a504971]::result::unwrap_failed
[INFO] [stdout]   12:     0x6311491ad29e - client[153ed4fbc5311196]::get_client
[INFO] [stdout]   13:     0x6311491a227e - client[153ed4fbc5311196]::test_messages_suggested::{closure#0}
[INFO] [stdout]   14:     0x6311491b9663 - <tokio[15c522ce77bb6bd4]::runtime::scheduler::current_thread::Context>::enter::<core[a373ad73a504971]::task::poll::Poll<()>, <tokio[15c522ce77bb6bd4]::runtime::scheduler::current_thread::CoreGuard>::block_on<core[a373ad73a504971]::pin::Pin<&mut core[a373ad73a504971]::pin::Pin<&mut dyn core[a373ad73a504971]::future::future::Future<Output = ()>>>>::{closure#0}::{closure#0}>
[INFO] [stdout]   15:     0x6311491bd1dc - <tokio[15c522ce77bb6bd4]::runtime::context::scoped::Scoped<tokio[15c522ce77bb6bd4]::runtime::scheduler::Context>>::set::<<tokio[15c522ce77bb6bd4]::runtime::scheduler::current_thread::CoreGuard>::enter<<tokio[15c522ce77bb6bd4]::runtime::scheduler::current_thread::CoreGuard>::block_on<core[a373ad73a504971]::pin::Pin<&mut core[a373ad73a504971]::pin::Pin<&mut dyn core[a373ad73a504971]::future::future::Future<Output = ()>>>>::{closure#0}, core[a373ad73a504971]::option::Option<()>>::{closure#0}, (alloc[2e1b2a31b91974c5]::boxed::Box<tokio[15c522ce77bb6bd4]::runtime::scheduler::current_thread::Core>, core[a373ad73a504971]::option::Option<()>)>
[INFO] [stdout]   16:     0x6311491b9807 - <tokio[15c522ce77bb6bd4]::runtime::scheduler::current_thread::CoreGuard>::block_on::<core[a373ad73a504971]::pin::Pin<&mut core[a373ad73a504971]::pin::Pin<&mut dyn core[a373ad73a504971]::future::future::Future<Output = ()>>>>
[INFO] [stdout]   17:     0x6311491cf9e6 - tokio[15c522ce77bb6bd4]::runtime::context::runtime::enter_runtime::<<tokio[15c522ce77bb6bd4]::runtime::scheduler::current_thread::CurrentThread>::block_on<core[a373ad73a504971]::pin::Pin<&mut dyn core[a373ad73a504971]::future::future::Future<Output = ()>>>::{closure#0}, ()>
[INFO] [stdout]   18:     0x6311491ceae6 - <tokio[15c522ce77bb6bd4]::runtime::runtime::Runtime>::block_on::<core[a373ad73a504971]::pin::Pin<&mut dyn core[a373ad73a504971]::future::future::Future<Output = ()>>>
[INFO] [stdout]   19:     0x6311491af59e - <client[153ed4fbc5311196]::test_messages_suggested::{closure#0} as core[a373ad73a504971]::ops::function::FnOnce<()>>::call_once
[INFO] [stdout]   20:     0x6311491dd35b - test[aada8e7e76ba119b]::__rust_begin_short_backtrace::<core[a373ad73a504971]::result::Result<(), alloc[2e1b2a31b91974c5]::string::String>, fn() -> core[a373ad73a504971]::result::Result<(), alloc[2e1b2a31b91974c5]::string::String>>
[INFO] [stdout]   21:     0x6311491ea535 - test[aada8e7e76ba119b]::run_test::{closure#0}
[INFO] [stdout]   22:     0x6311491e3e24 - std[617be2ca0a6fd877]::sys::backtrace::__rust_begin_short_backtrace::<test[aada8e7e76ba119b]::run_test::{closure#1}, ()>
[INFO] [stdout]   23:     0x6311491ed5c2 - <std[617be2ca0a6fd877]::thread::lifecycle::spawn_unchecked<test[aada8e7e76ba119b]::run_test::{closure#1}, ()>::{closure#1} as core[a373ad73a504971]::ops::function::FnOnce<()>>::call_once::{shim:vtable#0}
[INFO] [stdout]   24:     0x6311493583cf - <std[617be2ca0a6fd877]::sys::thread::unix::Thread>::new::thread_start
[INFO] [stdout]   25:     0x7f3441018dfa - <unknown>
[INFO] [stdout]   26:     0x7f34410ac3d4 - clone
[INFO] [stdout]   27:                0x0 - <unknown>
[INFO] [stdout] 
[INFO] [stdout] ---- test_files_upload stdout ----
[INFO] [stdout] 
[INFO] [stdout] thread 'test_files_upload' (1385) panicked at tests/client.rs:40:51:
[INFO] [stdout] DIFY_BASE_URL is not set: NotPresent
[INFO] [stdout] stack backtrace:
[INFO] [stdout]    0:     0x631149359411 - <<std[617be2ca0a6fd877]::sys::backtrace::BacktraceLock>::print::DisplayBacktrace as core[a373ad73a504971]::fmt::Display>::fmt
[INFO] [stdout]    1:     0x63114937016a - core[a373ad73a504971]::fmt::write
[INFO] [stdout]    2:     0x63114935e1cc - <alloc[2e1b2a31b91974c5]::vec::Vec<u8> as core[a373ad73a504971]::io::write::Write>::write_fmt
[INFO] [stdout]    3:     0x631149333ad6 - std[617be2ca0a6fd877]::panicking::default_hook::{closure#0}
[INFO] [stdout]    4:     0x631149350df9 - std[617be2ca0a6fd877]::panicking::default_hook
[INFO] [stdout]    5:     0x6311491e9f10 - test[aada8e7e76ba119b]::test_main_inner::{closure#0}
[INFO] [stdout]    6:     0x631149351122 - std[617be2ca0a6fd877]::panicking::panic_with_hook
[INFO] [stdout]    7:     0x631149333b82 - std[617be2ca0a6fd877]::panicking::panic_handler::{closure#0}
[INFO] [stdout]    8:     0x63114932c099 - std[617be2ca0a6fd877]::sys::backtrace::__rust_end_short_backtrace::<std[617be2ca0a6fd877]::panicking::panic_handler::{closure#0}, !>
[INFO] [stdout]    9:     0x631149334a8d - __rustc[ea4f61d10b84890b]::rust_begin_unwind
[INFO] [stdout]   10:     0x6311493708cc - core[a373ad73a504971]::panicking::panic_fmt
[INFO] [stdout]   11:     0x6311493706a2 - core[a373ad73a504971]::result::unwrap_failed
[INFO] [stdout]   12:     0x6311491ad29e - client[153ed4fbc5311196]::get_client
[INFO] [stdout]   13:     0x63114919ba9c - client[153ed4fbc5311196]::test_files_upload::{closure#0}
[INFO] [stdout]   14:     0x6311491b9663 - <tokio[15c522ce77bb6bd4]::runtime::scheduler::current_thread::Context>::enter::<core[a373ad73a504971]::task::poll::Poll<()>, <tokio[15c522ce77bb6bd4]::runtime::scheduler::current_thread::CoreGuard>::block_on<core[a373ad73a504971]::pin::Pin<&mut core[a373ad73a504971]::pin::Pin<&mut dyn core[a373ad73a504971]::future::future::Future<Output = ()>>>>::{closure#0}::{closure#0}>
[INFO] [stdout]   15:     0x6311491bd1dc - <tokio[15c522ce77bb6bd4]::runtime::context::scoped::Scoped<tokio[15c522ce77bb6bd4]::runtime::scheduler::Context>>::set::<<tokio[15c522ce77bb6bd4]::runtime::scheduler::current_thread::CoreGuard>::enter<<tokio[15c522ce77bb6bd4]::runtime::scheduler::current_thread::CoreGuard>::block_on<core[a373ad73a504971]::pin::Pin<&mut core[a373ad73a504971]::pin::Pin<&mut dyn core[a373ad73a504971]::future::future::Future<Output = ()>>>>::{closure#0}, core[a373ad73a504971]::option::Option<()>>::{closure#0}, (alloc[2e1b2a31b91974c5]::boxed::Box<tokio[15c522ce77bb6bd4]::runtime::scheduler::current_thread::Core>, core[a373ad73a504971]::option::Option<()>)>
[INFO] [stdout]   16:     0x6311491b9807 - <tokio[15c522ce77bb6bd4]::runtime::scheduler::current_thread::CoreGuard>::block_on::<core[a373ad73a504971]::pin::Pin<&mut core[a373ad73a504971]::pin::Pin<&mut dyn core[a373ad73a504971]::future::future::Future<Output = ()>>>>
[INFO] [stdout]   17:     0x6311491cf9e6 - tokio[15c522ce77bb6bd4]::runtime::context::runtime::enter_runtime::<<tokio[15c522ce77bb6bd4]::runtime::scheduler::current_thread::CurrentThread>::block_on<core[a373ad73a504971]::pin::Pin<&mut dyn core[a373ad73a504971]::future::future::Future<Output = ()>>>::{closure#0}, ()>
[INFO] [stdout]   18:     0x6311491ceae6 - <tokio[15c522ce77bb6bd4]::runtime::runtime::Runtime>::block_on::<core[a373ad73a504971]::pin::Pin<&mut dyn core[a373ad73a504971]::future::future::Future<Output = ()>>>
[INFO] [stdout]   19:     0x6311491ae93e - <client[153ed4fbc5311196]::test_files_upload::{closure#0} as core[a373ad73a504971]::ops::function::FnOnce<()>>::call_once
[INFO] [stdout]   20:     0x6311491dd35b - test[aada8e7e76ba119b]::__rust_begin_short_backtrace::<core[a373ad73a504971]::result::Result<(), alloc[2e1b2a31b91974c5]::string::String>, fn() -> core[a373ad73a504971]::result::Result<(), alloc[2e1b2a31b91974c5]::string::String>>
[INFO] [stdout]   21:     0x6311491ea535 - test[aada8e7e76ba119b]::run_test::{closure#0}
[INFO] [stdout]   22:     0x6311491e3e24 - std[617be2ca0a6fd877]::sys::backtrace::__rust_begin_short_backtrace::<test[aada8e7e76ba119b]::run_test::{closure#1}, ()>
[INFO] [stdout]   23:     0x6311491ed5c2 - <std[617be2ca0a6fd877]::thread::lifecycle::spawn_unchecked<test[aada8e7e76ba119b]::run_test::{closure#1}, ()>::{closure#1} as core[a373ad73a504971]::ops::function::FnOnce<()>>::call_once::{shim:vtable#0}
[INFO] [stdout]   24:     0x6311493583cf - <std[617be2ca0a6fd877]::sys::thread::unix::Thread>::new::thread_start
[INFO] [stdout]   25:     0x7f3441018dfa - <unknown>
[INFO] [stdout]   26:     0x7f34410ac3d4 - clone
[INFO] [stdout]   27:                0x0 - <unknown>
[INFO] [stdout] 
[INFO] [stdout] ---- test_meta stdout ----
[INFO] [stdout] 
[INFO] [stdout] thread 'test_meta' (1388) panicked at tests/client.rs:40:51:
[INFO] [stdout] DIFY_BASE_URL is not set: NotPresent
[INFO] [stdout] stack backtrace:
[INFO] [stdout]    0:     0x631149359411 - <<std[617be2ca0a6fd877]::sys::backtrace::BacktraceLock>::print::DisplayBacktrace as core[a373ad73a504971]::fmt::Display>::fmt
[INFO] [stdout]    1:     0x63114937016a - core[a373ad73a504971]::fmt::write
[INFO] [stdout]    2:     0x63114935e1cc - <alloc[2e1b2a31b91974c5]::vec::Vec<u8> as core[a373ad73a504971]::io::write::Write>::write_fmt
[INFO] [stdout]    3:     0x631149333ad6 - std[617be2ca0a6fd877]::panicking::default_hook::{closure#0}
[INFO] [stdout]    4:     0x631149350df9 - std[617be2ca0a6fd877]::panicking::default_hook
[INFO] [stdout]    5:     0x6311491e9f10 - test[aada8e7e76ba119b]::test_main_inner::{closure#0}
[INFO] [stdout]    6:     0x631149351122 - std[617be2ca0a6fd877]::panicking::panic_with_hook
[INFO] [stdout]    7:     0x631149333b82 - std[617be2ca0a6fd877]::panicking::panic_handler::{closure#0}
[INFO] [stdout]    8:     0x63114932c099 - std[617be2ca0a6fd877]::sys::backtrace::__rust_end_short_backtrace::<std[617be2ca0a6fd877]::panicking::panic_handler::{closure#0}, !>
[INFO] [stdout]    9:     0x631149334a8d - __rustc[ea4f61d10b84890b]::rust_begin_unwind
[INFO] [stdout]   10:     0x6311493708cc - core[a373ad73a504971]::panicking::panic_fmt
[INFO] [stdout]   11:     0x6311493706a2 - core[a373ad73a504971]::result::unwrap_failed
[INFO] [stdout]   12:     0x6311491ad29e - client[153ed4fbc5311196]::get_client
[INFO] [stdout]   13:     0x6311491aa491 - client[153ed4fbc5311196]::test_meta::{closure#0}
[INFO] [stdout]   14:     0x6311491b9663 - <tokio[15c522ce77bb6bd4]::runtime::scheduler::current_thread::Context>::enter::<core[a373ad73a504971]::task::poll::Poll<()>, <tokio[15c522ce77bb6bd4]::runtime::scheduler::current_thread::CoreGuard>::block_on<core[a373ad73a504971]::pin::Pin<&mut core[a373ad73a504971]::pin::Pin<&mut dyn core[a373ad73a504971]::future::future::Future<Output = ()>>>>::{closure#0}::{closure#0}>
[INFO] [stdout]   15:     0x6311491bd1dc - <tokio[15c522ce77bb6bd4]::runtime::context::scoped::Scoped<tokio[15c522ce77bb6bd4]::runtime::scheduler::Context>>::set::<<tokio[15c522ce77bb6bd4]::runtime::scheduler::current_thread::CoreGuard>::enter<<tokio[15c522ce77bb6bd4]::runtime::scheduler::current_thread::CoreGuard>::block_on<core[a373ad73a504971]::pin::Pin<&mut core[a373ad73a504971]::pin::Pin<&mut dyn core[a373ad73a504971]::future::future::Future<Output = ()>>>>::{closure#0}, core[a373ad73a504971]::option::Option<()>>::{closure#0}, (alloc[2e1b2a31b91974c5]::boxed::Box<tokio[15c522ce77bb6bd4]::runtime::scheduler::current_thread::Core>, core[a373ad73a504971]::option::Option<()>)>
[INFO] [stdout]   16:     0x6311491b9807 - <tokio[15c522ce77bb6bd4]::runtime::scheduler::current_thread::CoreGuard>::block_on::<core[a373ad73a504971]::pin::Pin<&mut core[a373ad73a504971]::pin::Pin<&mut dyn core[a373ad73a504971]::future::future::Future<Output = ()>>>>
[INFO] [stdout]   17:     0x6311491cf9e6 - tokio[15c522ce77bb6bd4]::runtime::context::runtime::enter_runtime::<<tokio[15c522ce77bb6bd4]::runtime::scheduler::current_thread::CurrentThread>::block_on<core[a373ad73a504971]::pin::Pin<&mut dyn core[a373ad73a504971]::future::future::Future<Output = ()>>>::{closure#0}, ()>
[INFO] [stdout]   18:     0x6311491ceae6 - <tokio[15c522ce77bb6bd4]::runtime::runtime::Runtime>::block_on::<core[a373ad73a504971]::pin::Pin<&mut dyn core[a373ad73a504971]::future::future::Future<Output = ()>>>
[INFO] [stdout]   19:     0x6311491b059e - <client[153ed4fbc5311196]::test_meta::{closure#0} as core[a373ad73a504971]::ops::function::FnOnce<()>>::call_once
[INFO] [stdout]   20:     0x6311491dd35b - test[aada8e7e76ba119b]::__rust_begin_short_backtrace::<core[a373ad73a504971]::result::Result<(), alloc[2e1b2a31b91974c5]::string::String>, fn() -> core[a373ad73a504971]::result::Result<(), alloc[2e1b2a31b91974c5]::string::String>>
[INFO] [stdout]   21:     0x6311491ea535 - test[aada8e7e76ba119b]::run_test::{closure#0}
[INFO] [stdout]   22:     0x6311491e3e24 - std[617be2ca0a6fd877]::sys::backtrace::__rust_begin_short_backtrace::<test[aada8e7e76ba119b]::run_test::{closure#1}, ()>
[INFO] [stdout]   23:     0x6311491ed5c2 - <std[617be2ca0a6fd877]::thread::lifecycle::spawn_unchecked<test[aada8e7e76ba119b]::run_test::{closure#1}, ()>::{closure#1} as core[a373ad73a504971]::ops::function::FnOnce<()>>::call_once::{shim:vtable#0}
[INFO] [stdout]   24:     0x6311493583cf - <std[617be2ca0a6fd877]::sys::thread::unix::Thread>::new::thread_start
[INFO] [stdout]   25:     0x7f3441018dfa - <unknown>
[INFO] [stdout]   26:     0x7f34410ac3d4 - clone
[INFO] [stdout]   27:                0x0 - <unknown>
[INFO] [stdout] 
[INFO] [stdout] ---- test_completion_messages_stream stdout ----
[INFO] [stdout] 
[INFO] [stdout] thread 'test_completion_messages_stream' (1380) panicked at tests/client.rs:40:51:
[INFO] [stdout] DIFY_BASE_URL is not set: NotPresent
[INFO] [stdout] stack backtrace:
[INFO] [stdout]    0:     0x631149359411 - <<std[617be2ca0a6fd877]::sys::backtrace::BacktraceLock>::print::DisplayBacktrace as core[a373ad73a504971]::fmt::Display>::fmt
[INFO] [stdout]    1:     0x63114937016a - core[a373ad73a504971]::fmt::write
[INFO] [stdout]    2:     0x63114935e1cc - <alloc[2e1b2a31b91974c5]::vec::Vec<u8> as core[a373ad73a504971]::io::write::Write>::write_fmt
[INFO] [stdout]    3:     0x631149333ad6 - std[617be2ca0a6fd877]::panicking::default_hook::{closure#0}
[INFO] [stdout]    4:     0x631149350df9 - std[617be2ca0a6fd877]::panicking::default_hook
[INFO] [stdout]    5:     0x6311491e9f10 - test[aada8e7e76ba119b]::test_main_inner::{closure#0}
[INFO] [stdout]    6:     0x631149351122 - std[617be2ca0a6fd877]::panicking::panic_with_hook
[INFO] [stdout]    7:     0x631149333b82 - std[617be2ca0a6fd877]::panicking::panic_handler::{closure#0}
[INFO] [stdout]    8:     0x63114932c099 - std[617be2ca0a6fd877]::sys::backtrace::__rust_end_short_backtrace::<std[617be2ca0a6fd877]::panicking::panic_handler::{closure#0}, !>
[INFO] [stdout]    9:     0x631149334a8d - __rustc[ea4f61d10b84890b]::rust_begin_unwind
[INFO] [stdout]   10:     0x6311493708cc - core[a373ad73a504971]::panicking::panic_fmt
[INFO] [stdout]   11:     0x6311493706a2 - core[a373ad73a504971]::result::unwrap_failed
[INFO] [stdout]   12:     0x6311491ad29e - client[153ed4fbc5311196]::get_client
[INFO] [stdout]   13:     0x6311491a8ec1 - client[153ed4fbc5311196]::test_completion_messages_stream::{closure#0}
[INFO] [stdout]   14:     0x6311491b9663 - <tokio[15c522ce77bb6bd4]::runtime::scheduler::current_thread::Context>::enter::<core[a373ad73a504971]::task::poll::Poll<()>, <tokio[15c522ce77bb6bd4]::runtime::scheduler::current_thread::CoreGuard>::block_on<core[a373ad73a504971]::pin::Pin<&mut core[a373ad73a504971]::pin::Pin<&mut dyn core[a373ad73a504971]::future::future::Future<Output = ()>>>>::{closure#0}::{closure#0}>
[INFO] [stdout]   15:     0x6311491bd1dc - <tokio[15c522ce77bb6bd4]::runtime::context::scoped::Scoped<tokio[15c522ce77bb6bd4]::runtime::scheduler::Context>>::set::<<tokio[15c522ce77bb6bd4]::runtime::scheduler::current_thread::CoreGuard>::enter<<tokio[15c522ce77bb6bd4]::runtime::scheduler::current_thread::CoreGuard>::block_on<core[a373ad73a504971]::pin::Pin<&mut core[a373ad73a504971]::pin::Pin<&mut dyn core[a373ad73a504971]::future::future::Future<Output = ()>>>>::{closure#0}, core[a373ad73a504971]::option::Option<()>>::{closure#0}, (alloc[2e1b2a31b91974c5]::boxed::Box<tokio[15c522ce77bb6bd4]::runtime::scheduler::current_thread::Core>, core[a373ad73a504971]::option::Option<()>)>
[INFO] [stdout]   16:     0x6311491b9807 - <tokio[15c522ce77bb6bd4]::runtime::scheduler::current_thread::CoreGuard>::block_on::<core[a373ad73a504971]::pin::Pin<&mut core[a373ad73a504971]::pin::Pin<&mut dyn core[a373ad73a504971]::future::future::Future<Output = ()>>>>
[INFO] [stdout]   17:     0x6311491cf9e6 - tokio[15c522ce77bb6bd4]::runtime::context::runtime::enter_runtime::<<tokio[15c522ce77bb6bd4]::runtime::scheduler::current_thread::CurrentThread>::block_on<core[a373ad73a504971]::pin::Pin<&mut dyn core[a373ad73a504971]::future::future::Future<Output = ()>>>::{closure#0}, ()>
[INFO] [stdout]   18:     0x6311491ceae6 - <tokio[15c522ce77bb6bd4]::runtime::runtime::Runtime>::block_on::<core[a373ad73a504971]::pin::Pin<&mut dyn core[a373ad73a504971]::future::future::Future<Output = ()>>>
[INFO] [stdout]   19:     0x6311491b043e - <client[153ed4fbc5311196]::test_completion_messages_stream::{closure#0} as core[a373ad73a504971]::ops::function::FnOnce<()>>::call_once
[INFO] [stdout]   20:     0x6311491dd35b - test[aada8e7e76ba119b]::__rust_begin_short_backtrace::<core[a373ad73a504971]::result::Result<(), alloc[2e1b2a31b91974c5]::string::String>, fn() -> core[a373ad73a504971]::result::Result<(), alloc[2e1b2a31b91974c5]::string::String>>
[INFO] [stdout]   21:     0x6311491ea535 - test[aada8e7e76ba119b]::run_test::{closure#0}
[INFO] [stdout]   22:     0x6311491e3e24 - std[617be2ca0a6fd877]::sys::backtrace::__rust_begin_short_backtrace::<test[aada8e7e76ba119b]::run_test::{closure#1}, ()>
[INFO] [stdout]   23:     0x6311491ed5c2 - <std[617be2ca0a6fd877]::thread::lifecycle::spawn_unchecked<test[aada8e7e76ba119b]::run_test::{closure#1}, ()>::{closure#1} as core[a373ad73a504971]::ops::function::FnOnce<()>>::call_once::{shim:vtable#0}
[INFO] [stdout]   24:     0x6311493583cf - <std[617be2ca0a6fd877]::sys::thread::unix::Thread>::new::thread_start
[INFO] [stdout]   25:     0x7f3441018dfa - <unknown>
[INFO] [stdout]   26:     0x7f34410ac3d4 - clone
[INFO] [stdout]   27:                0x0 - <unknown>
[INFO] [stdout] 
[INFO] [stdout] ---- test_conversations_get stdout ----
[INFO] [stdout] 
[INFO] [stdout] thread 'test_conversations_get' (1383) panicked at tests/client.rs:40:51:
[INFO] [stdout] DIFY_BASE_URL is not set: NotPresent
[INFO] [stdout] stack backtrace:
[INFO] [stdout]    0:     0x631149359411 - <<std[617be2ca0a6fd877]::sys::backtrace::BacktraceLock>::print::DisplayBacktrace as core[a373ad73a504971]::fmt::Display>::fmt
[INFO] [stdout]    1:     0x63114937016a - core[a373ad73a504971]::fmt::write
[INFO] [stdout]    2:     0x63114935e1cc - <alloc[2e1b2a31b91974c5]::vec::Vec<u8> as core[a373ad73a504971]::io::write::Write>::write_fmt
[INFO] [stdout]    3:     0x631149333ad6 - std[617be2ca0a6fd877]::panicking::default_hook::{closure#0}
[INFO] [stdout]    4:     0x631149350df9 - std[617be2ca0a6fd877]::panicking::default_hook
[INFO] [stdout]    5:     0x6311491e9f10 - test[aada8e7e76ba119b]::test_main_inner::{closure#0}
[INFO] [stdout]    6:     0x631149351122 - std[617be2ca0a6fd877]::panicking::panic_with_hook
[INFO] [stdout]    7:     0x631149333b82 - std[617be2ca0a6fd877]::panicking::panic_handler::{closure#0}
[INFO] [stdout]    8:     0x63114932c099 - std[617be2ca0a6fd877]::sys::backtrace::__rust_end_short_backtrace::<std[617be2ca0a6fd877]::panicking::panic_handler::{closure#0}, !>
[INFO] [stdout]    9:     0x631149334a8d - __rustc[ea4f61d10b84890b]::rust_begin_unwind
[INFO] [stdout]   10:     0x6311493708cc - core[a373ad73a504971]::panicking::panic_fmt
[INFO] [stdout]   11:     0x6311493706a2 - core[a373ad73a504971]::result::unwrap_failed
[INFO] [stdout]   12:     0x6311491ad29e - client[153ed4fbc5311196]::get_client
[INFO] [stdout]   13:     0x6311491a10fc - client[153ed4fbc5311196]::test_conversations_get::{closure#0}
[INFO] [stdout]   14:     0x6311491b9663 - <tokio[15c522ce77bb6bd4]::runtime::scheduler::current_thread::Context>::enter::<core[a373ad73a504971]::task::poll::Poll<()>, <tokio[15c522ce77bb6bd4]::runtime::scheduler::current_thread::CoreGuard>::block_on<core[a373ad73a504971]::pin::Pin<&mut core[a373ad73a504971]::pin::Pin<&mut dyn core[a373ad73a504971]::future::future::Future<Output = ()>>>>::{closure#0}::{closure#0}>
[INFO] [stdout]   15:     0x6311491bd1dc - <tokio[15c522ce77bb6bd4]::runtime::context::scoped::Scoped<tokio[15c522ce77bb6bd4]::runtime::scheduler::Context>>::set::<<tokio[15c522ce77bb6bd4]::runtime::scheduler::current_thread::CoreGuard>::enter<<tokio[15c522ce77bb6bd4]::runtime::scheduler::current_thread::CoreGuard>::block_on<core[a373ad73a504971]::pin::Pin<&mut core[a373ad73a504971]::pin::Pin<&mut dyn core[a373ad73a504971]::future::future::Future<Output = ()>>>>::{closure#0}, core[a373ad73a504971]::option::Option<()>>::{closure#0}, (alloc[2e1b2a31b91974c5]::boxed::Box<tokio[15c522ce77bb6bd4]::runtime::scheduler::current_thread::Core>, core[a373ad73a504971]::option::Option<()>)>
[INFO] [stdout]   16:     0x6311491b9807 - <tokio[15c522ce77bb6bd4]::runtime::scheduler::current_thread::CoreGuard>::block_on::<core[a373ad73a504971]::pin::Pin<&mut core[a373ad73a504971]::pin::Pin<&mut dyn core[a373ad73a504971]::future::future::Future<Output = ()>>>>
[INFO] [stdout]   17:     0x6311491cf9e6 - tokio[15c522ce77bb6bd4]::runtime::context::runtime::enter_runtime::<<tokio[15c522ce77bb6bd4]::runtime::scheduler::current_thread::CurrentThread>::block_on<core[a373ad73a504971]::pin::Pin<&mut dyn core[a373ad73a504971]::future::future::Future<Output = ()>>>::{closure#0}, ()>
[INFO] [stdout]   18:     0x6311491ceae6 - <tokio[15c522ce77bb6bd4]::runtime::runtime::Runtime>::block_on::<core[a373ad73a504971]::pin::Pin<&mut dyn core[a373ad73a504971]::future::future::Future<Output = ()>>>
[INFO] [stdout]   19:     0x6311491af2de - <client[153ed4fbc5311196]::test_conversations_get::{closure#0} as core[a373ad73a504971]::ops::function::FnOnce<()>>::call_once
[INFO] [stdout]   20:     0x6311491dd35b - test[aada8e7e76ba119b]::__rust_begin_short_backtrace::<core[a373ad73a504971]::result::Result<(), alloc[2e1b2a31b91974c5]::string::String>, fn() -> core[a373ad73a504971]::result::Result<(), alloc[2e1b2a31b91974c5]::string::String>>
[INFO] [stdout]   21:     0x6311491ea535 - test[aada8e7e76ba119b]::run_test::{closure#0}
[INFO] [stdout]   22:     0x6311491e3e24 - std[617be2ca0a6fd877]::sys::backtrace::__rust_begin_short_backtrace::<test[aada8e7e76ba119b]::run_test::{closure#1}, ()>
[INFO] [stdout]   23:     0x6311491ed5c2 - <std[617be2ca0a6fd877]::thread::lifecycle::spawn_unchecked<test[aada8e7e76ba119b]::run_test::{closure#1}, ()>::{closure#1} as core[a373ad73a504971]::ops::function::FnOnce<()>>::call_once::{shim:vtable#0}
[INFO] [stdout]   24:     0x6311493583cf - <std[617be2ca0a6fd877]::sys::thread::unix::Thread>::new::thread_start
[INFO] [stdout]   25:     0x7f3441018dfa - <unknown>
[INFO] [stdout]   26:     0x7f34410ac3d4 - clone
[INFO] [stdout]   27:                0x0 - <unknown>
[INFO] [stdout] 
[INFO] [stdout] ---- test_text_to_audio stdout ----
[INFO] [stdout] 
[INFO] [stdout] thread 'test_text_to_audio' (1393) panicked at tests/client.rs:40:51:
[INFO] [stdout] DIFY_BASE_URL is not set: NotPresent
[INFO] [stdout] stack backtrace:
[INFO] [stdout]    0:     0x631149359411 - <<std[617be2ca0a6fd877]::sys::backtrace::BacktraceLock>::print::DisplayBacktrace as core[a373ad73a504971]::fmt::Display>::fmt
[INFO] [stdout]    1:     0x63114937016a - core[a373ad73a504971]::fmt::write
[INFO] [stdout]    2:     0x63114935e1cc - <alloc[2e1b2a31b91974c5]::vec::Vec<u8> as core[a373ad73a504971]::io::write::Write>::write_fmt
[INFO] [stdout]    3:     0x631149333ad6 - std[617be2ca0a6fd877]::panicking::default_hook::{closure#0}
[INFO] [stdout]    4:     0x631149350df9 - std[617be2ca0a6fd877]::panicking::default_hook
[INFO] [stdout]    5:     0x6311491e9f10 - test[aada8e7e76ba119b]::test_main_inner::{closure#0}
[INFO] [stdout]    6:     0x631149351122 - std[617be2ca0a6fd877]::panicking::panic_with_hook
[INFO] [stdout]    7:     0x631149333b82 - std[617be2ca0a6fd877]::panicking::panic_handler::{closure#0}
[INFO] [stdout]    8:     0x63114932c099 - std[617be2ca0a6fd877]::sys::backtrace::__rust_end_short_backtrace::<std[617be2ca0a6fd877]::panicking::panic_handler::{closure#0}, !>
[INFO] [stdout]    9:     0x631149334a8d - __rustc[ea4f61d10b84890b]::rust_begin_unwind
[INFO] [stdout]   10:     0x6311493708cc - core[a373ad73a504971]::panicking::panic_fmt
[INFO] [stdout]   11:     0x6311493706a2 - core[a373ad73a504971]::result::unwrap_failed
[INFO] [stdout]   12:     0x6311491ad29e - client[153ed4fbc5311196]::get_client
[INFO] [stdout]   13:     0x63114919e75c - client[153ed4fbc5311196]::test_text_to_audio::{closure#0}
[INFO] [stdout]   14:     0x6311491b9663 - <tokio[15c522ce77bb6bd4]::runtime::scheduler::current_thread::Context>::enter::<core[a373ad73a504971]::task::poll::Poll<()>, <tokio[15c522ce77bb6bd4]::runtime::scheduler::current_thread::CoreGuard>::block_on<core[a373ad73a504971]::pin::Pin<&mut core[a373ad73a504971]::pin::Pin<&mut dyn core[a373ad73a504971]::future::future::Future<Output = ()>>>>::{closure#0}::{closure#0}>
[INFO] [stdout]   15:     0x6311491bd1dc - <tokio[15c522ce77bb6bd4]::runtime::context::scoped::Scoped<tokio[15c522ce77bb6bd4]::runtime::scheduler::Context>>::set::<<tokio[15c522ce77bb6bd4]::runtime::scheduler::current_thread::CoreGuard>::enter<<tokio[15c522ce77bb6bd4]::runtime::scheduler::current_thread::CoreGuard>::block_on<core[a373ad73a504971]::pin::Pin<&mut core[a373ad73a504971]::pin::Pin<&mut dyn core[a373ad73a504971]::future::future::Future<Output = ()>>>>::{closure#0}, core[a373ad73a504971]::option::Option<()>>::{closure#0}, (alloc[2e1b2a31b91974c5]::boxed::Box<tokio[15c522ce77bb6bd4]::runtime::scheduler::current_thread::Core>, core[a373ad73a504971]::option::Option<()>)>
[INFO] [stdout]   16:     0x6311491b9807 - <tokio[15c522ce77bb6bd4]::runtime::scheduler::current_thread::CoreGuard>::block_on::<core[a373ad73a504971]::pin::Pin<&mut core[a373ad73a504971]::pin::Pin<&mut dyn core[a373ad73a504971]::future::future::Future<Output = ()>>>>
[INFO] [stdout]   17:     0x6311491cf9e6 - tokio[15c522ce77bb6bd4]::runtime::context::runtime::enter_runtime::<<tokio[15c522ce77bb6bd4]::runtime::scheduler::current_thread::CurrentThread>::block_on<core[a373ad73a504971]::pin::Pin<&mut dyn core[a373ad73a504971]::future::future::Future<Output = ()>>>::{closure#0}, ()>
[INFO] [stdout]   18:     0x6311491ceae6 - <tokio[15c522ce77bb6bd4]::runtime::runtime::Runtime>::block_on::<core[a373ad73a504971]::pin::Pin<&mut dyn core[a373ad73a504971]::future::future::Future<Output = ()>>>
[INFO] [stdout]   19:     0x6311491aed5e - <client[153ed4fbc5311196]::test_text_to_audio::{closure#0} as core[a373ad73a504971]::ops::function::FnOnce<()>>::call_once
[INFO] [stdout]   20:     0x6311491dd35b - test[aada8e7e76ba119b]::__rust_begin_short_backtrace::<core[a373ad73a504971]::result::Result<(), alloc[2e1b2a31b91974c5]::string::String>, fn() -> core[a373ad73a504971]::result::Result<(), alloc[2e1b2a31b91974c5]::string::String>>
[INFO] [stdout]   21:     0x6311491ea535 - test[aada8e7e76ba119b]::run_test::{closure#0}
[INFO] [stdout]   22:     0x6311491e3e24 - std[617be2ca0a6fd877]::sys::backtrace::__rust_begin_short_backtrace::<test[aada8e7e76ba119b]::run_test::{closure#1}, ()>
[INFO] [stdout]   23:     0x6311491ed5c2 - <std[617be2ca0a6fd877]::thread::lifecycle::spawn_unchecked<test[aada8e7e76ba119b]::run_test::{closure#1}, ()>::{closure#1} as core[a373ad73a504971]::ops::function::FnOnce<()>>::call_once::{shim:vtable#0}
[INFO] [stdout]   24:     0x6311493583cf - <std[617be2ca0a6fd877]::sys::thread::unix::Thread>::new::thread_start
[INFO] [stdout]   25:     0x7f3441018dfa - <unknown>
[INFO] [stdout]   26:     0x7f34410ac3d4 - clone
[INFO] [stdout]   27:                0x0 - <unknown>
[INFO] [stdout] 
[INFO] [stdout] ---- test_workflows_run_stream stdout ----
[INFO] [stdout] 
[INFO] [stdout] thread 'test_workflows_run_stream' (1395) panicked at tests/client.rs:40:51:
[INFO] [stdout] DIFY_BASE_URL is not set: NotPresent
[INFO] [stdout] stack backtrace:
[INFO] [stdout]    0:     0x631149359411 - <<std[617be2ca0a6fd877]::sys::backtrace::BacktraceLock>::print::DisplayBacktrace as core[a373ad73a504971]::fmt::Display>::fmt
[INFO] [stdout]    1:     0x63114937016a - core[a373ad73a504971]::fmt::write
[INFO] [stdout]    2:     0x63114935e1cc - <alloc[2e1b2a31b91974c5]::vec::Vec<u8> as core[a373ad73a504971]::io::write::Write>::write_fmt
[INFO] [stdout]    3:     0x631149333ad6 - std[617be2ca0a6fd877]::panicking::default_hook::{closure#0}
[INFO] [stdout]    4:     0x631149350df9 - std[617be2ca0a6fd877]::panicking::default_hook
[INFO] [stdout]    5:     0x6311491e9f10 - test[aada8e7e76ba119b]::test_main_inner::{closure#0}
[INFO] [stdout]    6:     0x631149351122 - std[617be2ca0a6fd877]::panicking::panic_with_hook
[INFO] [stdout]    7:     0x631149333b82 - std[617be2ca0a6fd877]::panicking::panic_handler::{closure#0}
[INFO] [stdout]    8:     0x63114932c099 - std[617be2ca0a6fd877]::sys::backtrace::__rust_end_short_backtrace::<std[617be2ca0a6fd877]::panicking::panic_handler::{closure#0}, !>
[INFO] [stdout]    9:     0x631149334a8d - __rustc[ea4f61d10b84890b]::rust_begin_unwind
[INFO] [stdout]   10:     0x6311493708cc - core[a373ad73a504971]::panicking::panic_fmt
[INFO] [stdout]   11:     0x6311493706a2 - core[a373ad73a504971]::result::unwrap_failed
[INFO] [stdout]   12:     0x6311491ad29e - client[153ed4fbc5311196]::get_client
[INFO] [stdout]   13:     0x6311491a5536 - client[153ed4fbc5311196]::test_workflows_run_stream::{closure#0}
[INFO] [stdout]   14:     0x6311491b9663 - <tokio[15c522ce77bb6bd4]::runtime::scheduler::current_thread::Context>::enter::<core[a373ad73a504971]::task::poll::Poll<()>, <tokio[15c522ce77bb6bd4]::runtime::scheduler::current_thread::CoreGuard>::block_on<core[a373ad73a504971]::pin::Pin<&mut core[a373ad73a504971]::pin::Pin<&mut dyn core[a373ad73a504971]::future::future::Future<Output = ()>>>>::{closure#0}::{closure#0}>
[INFO] [stdout]   15:     0x6311491bd1dc - <tokio[15c522ce77bb6bd4]::runtime::context::scoped::Scoped<tokio[15c522ce77bb6bd4]::runtime::scheduler::Context>>::set::<<tokio[15c522ce77bb6bd4]::runtime::scheduler::current_thread::CoreGuard>::enter<<tokio[15c522ce77bb6bd4]::runtime::scheduler::current_thread::CoreGuard>::block_on<core[a373ad73a504971]::pin::Pin<&mut core[a373ad73a504971]::pin::Pin<&mut dyn core[a373ad73a504971]::future::future::Future<Output = ()>>>>::{closure#0}, core[a373ad73a504971]::option::Option<()>>::{closure#0}, (alloc[2e1b2a31b91974c5]::boxed::Box<tokio[15c522ce77bb6bd4]::runtime::scheduler::current_thread::Core>, core[a373ad73a504971]::option::Option<()>)>
[INFO] [stdout]   16:     0x6311491b9807 - <tokio[15c522ce77bb6bd4]::runtime::scheduler::current_thread::CoreGuard>::block_on::<core[a373ad73a504971]::pin::Pin<&mut core[a373ad73a504971]::pin::Pin<&mut dyn core[a373ad73a504971]::future::future::Future<Output = ()>>>>
[INFO] [stdout]   17:     0x6311491cf9e6 - tokio[15c522ce77bb6bd4]::runtime::context::runtime::enter_runtime::<<tokio[15c522ce77bb6bd4]::runtime::scheduler::current_thread::CurrentThread>::block_on<core[a373ad73a504971]::pin::Pin<&mut dyn core[a373ad73a504971]::future::future::Future<Output = ()>>>::{closure#0}, ()>
[INFO] [stdout]   18:     0x6311491ceae6 - <tokio[15c522ce77bb6bd4]::runtime::runtime::Runtime>::block_on::<core[a373ad73a504971]::pin::Pin<&mut dyn core[a373ad73a504971]::future::future::Future<Output = ()>>>
[INFO] [stdout]   19:     0x6311491afc7e - <client[153ed4fbc5311196]::test_workflows_run_stream::{closure#0} as core[a373ad73a504971]::ops::function::FnOnce<()>>::call_once
[INFO] [stdout]   20:     0x6311491dd35b - test[aada8e7e76ba119b]::__rust_begin_short_backtrace::<core[a373ad73a504971]::result::Result<(), alloc[2e1b2a31b91974c5]::string::String>, fn() -> core[a373ad73a504971]::result::Result<(), alloc[2e1b2a31b91974c5]::string::String>>
[INFO] [stdout]   21:     0x6311491ea535 - test[aada8e7e76ba119b]::run_test::{closure#0}
[INFO] [stdout]   22:     0x6311491e3e24 - std[617be2ca0a6fd877]::sys::backtrace::__rust_begin_short_backtrace::<test[aada8e7e76ba119b]::run_test::{closure#1}, ()>
[INFO] [stdout]   23:     0x6311491ed5c2 - <std[617be2ca0a6fd877]::thread::lifecycle::spawn_unchecked<test[aada8e7e76ba119b]::run_test::{closure#1}, ()>::{closure#1} as core[a373ad73a504971]::ops::function::FnOnce<()>>::call_once::{shim:vtable#0}
[INFO] [stdout]   24:     0x6311493583cf - <std[617be2ca0a6fd877]::sys::thread::unix::Thread>::new::thread_start
[INFO] [stdout]   25:     0x7f3441018dfa - <unknown>
[INFO] [stdout]   26:     0x7f34410ac3d4 - clone
[INFO] [stdout]   27:                0x0 - <unknown>
[INFO] [stdout] 
[INFO] [stdout] ---- test_parameters stdout ----
[INFO] [stdout] 
[INFO] [stdout] thread 'test_parameters' (1391) panicked at tests/client.rs:40:51:
[INFO] [stdout] DIFY_BASE_URL is not set: NotPresent
[INFO] [stdout] stack backtrace:
[INFO] [stdout]    0:     0x631149359411 - <<std[617be2ca0a6fd877]::sys::backtrace::BacktraceLock>::print::DisplayBacktrace as core[a373ad73a504971]::fmt::Display>::fmt
[INFO] [stdout]    1:     0x63114937016a - core[a373ad73a504971]::fmt::write
[INFO] [stdout]    2:     0x63114935e1cc - <alloc[2e1b2a31b91974c5]::vec::Vec<u8> as core[a373ad73a504971]::io::write::Write>::write_fmt
[INFO] [stdout]    3:     0x631149333ad6 - std[617be2ca0a6fd877]::panicking::default_hook::{closure#0}
[INFO] [stdout]    4:     0x631149350df9 - std[617be2ca0a6fd877]::panicking::default_hook
[INFO] [stdout]    5:     0x6311491e9f10 - test[aada8e7e76ba119b]::test_main_inner::{closure#0}
[INFO] [stdout]    6:     0x631149351122 - std[617be2ca0a6fd877]::panicking::panic_with_hook
[INFO] [stdout]    7:     0x631149333b82 - std[617be2ca0a6fd877]::panicking::panic_handler::{closure#0}
[INFO] [stdout]    8:     0x63114932c099 - std[617be2ca0a6fd877]::sys::backtrace::__rust_end_short_backtrace::<std[617be2ca0a6fd877]::panicking::panic_handler::{closure#0}, !>
[INFO] [stdout]    9:     0x631149334a8d - __rustc[ea4f61d10b84890b]::rust_begin_unwind
[INFO] [stdout]   10:     0x6311493708cc - core[a373ad73a504971]::panicking::panic_fmt
[INFO] [stdout]   11:     0x6311493706a2 - core[a373ad73a504971]::result::unwrap_failed
[INFO] [stdout]   12:     0x6311491ad29e - client[153ed4fbc5311196]::get_client
[INFO] [stdout]   13:     0x63114919ae3c - client[153ed4fbc5311196]::test_parameters::{closure#0}
[INFO] [stdout]   14:     0x6311491b9663 - <tokio[15c522ce77bb6bd4]::runtime::scheduler::current_thread::Context>::enter::<core[a373ad73a504971]::task::poll::Poll<()>, <tokio[15c522ce77bb6bd4]::runtime::scheduler::current_thread::CoreGuard>::block_on<core[a373ad73a504971]::pin::Pin<&mut core[a373ad73a504971]::pin::Pin<&mut dyn core[a373ad73a504971]::future::future::Future<Output = ()>>>>::{closure#0}::{closure#0}>
[INFO] [stdout]   15:     0x6311491bd1dc - <tokio[15c522ce77bb6bd4]::runtime::context::scoped::Scoped<tokio[15c522ce77bb6bd4]::runtime::scheduler::Context>>::set::<<tokio[15c522ce77bb6bd4]::runtime::scheduler::current_thread::CoreGuard>::enter<<tokio[15c522ce77bb6bd4]::runtime::scheduler::current_thread::CoreGuard>::block_on<core[a373ad73a504971]::pin::Pin<&mut core[a373ad73a504971]::pin::Pin<&mut dyn core[a373ad73a504971]::future::future::Future<Output = ()>>>>::{closure#0}, core[a373ad73a504971]::option::Option<()>>::{closure#0}, (alloc[2e1b2a31b91974c5]::boxed::Box<tokio[15c522ce77bb6bd4]::runtime::scheduler::current_thread::Core>, core[a373ad73a504971]::option::Option<()>)>
[INFO] [stdout]   16:     0x6311491b9807 - <tokio[15c522ce77bb6bd4]::runtime::scheduler::current_thread::CoreGuard>::block_on::<core[a373ad73a504971]::pin::Pin<&mut core[a373ad73a504971]::pin::Pin<&mut dyn core[a373ad73a504971]::future::future::Future<Output = ()>>>>
[INFO] [stdout]   17:     0x6311491cf9e6 - tokio[15c522ce77bb6bd4]::runtime::context::runtime::enter_runtime::<<tokio[15c522ce77bb6bd4]::runtime::scheduler::current_thread::CurrentThread>::block_on<core[a373ad73a504971]::pin::Pin<&mut dyn core[a373ad73a504971]::future::future::Future<Output = ()>>>::{closure#0}, ()>
[INFO] [stdout]   18:     0x6311491ceae6 - <tokio[15c522ce77bb6bd4]::runtime::runtime::Runtime>::block_on::<core[a373ad73a504971]::pin::Pin<&mut dyn core[a373ad73a504971]::future::future::Future<Output = ()>>>
[INFO] [stdout]   19:     0x6311491ae7de - <client[153ed4fbc5311196]::test_parameters::{closure#0} as core[a373ad73a504971]::ops::function::FnOnce<()>>::call_once
[INFO] [stdout]   20:     0x6311491dd35b - test[aada8e7e76ba119b]::__rust_begin_short_backtrace::<core[a373ad73a504971]::result::Result<(), alloc[2e1b2a31b91974c5]::string::String>, fn() -> core[a373ad73a504971]::result::Result<(), alloc[2e1b2a31b91974c5]::string::String>>
[INFO] [stdout]   21:     0x6311491ea535 - test[aada8e7e76ba119b]::run_test::{closure#0}
[INFO] [stdout]   22:     0x6311491e3e24 - std[617be2ca0a6fd877]::sys::backtrace::__rust_begin_short_backtrace::<test[aada8e7e76ba119b]::run_test::{closure#1}, ()>
[INFO] [stdout]   23:     0x6311491ed5c2 - <std[617be2ca0a6fd877]::thread::lifecycle::spawn_unchecked<test[aada8e7e76ba119b]::run_test::{closure#1}, ()>::{closure#1} as core[a373ad73a504971]::ops::function::FnOnce<()>>::call_once::{shim:vtable#0}
[INFO] [stdout]   24:     0x6311493583cf - <std[617be2ca0a6fd877]::sys::thread::unix::Thread>::new::thread_start
[INFO] [stdout]   25:     0x7f3441018dfa - <unknown>
[INFO] [stdout]   26:     0x7f34410ac3d4 - clone
[INFO] [stdout]   27:                0x0 - <unknown>
[INFO] [stdout] 
[INFO] [stdout] ---- test_reuse_api stdout ----
[INFO] [stdout] 
[INFO] [stdout] thread 'test_reuse_api' (1392) panicked at tests/client.rs:40:51:
[INFO] [stdout] DIFY_BASE_URL is not set: NotPresent
[INFO] [stdout] stack backtrace:
[INFO] [stdout]    0:     0x631149359411 - <<std[617be2ca0a6fd877]::sys::backtrace::BacktraceLock>::print::DisplayBacktrace as core[a373ad73a504971]::fmt::Display>::fmt
[INFO] [stdout]    1:     0x63114937016a - core[a373ad73a504971]::fmt::write
[INFO] [stdout]    2:     0x63114935e1cc - <alloc[2e1b2a31b91974c5]::vec::Vec<u8> as core[a373ad73a504971]::io::write::Write>::write_fmt
[INFO] [stdout]    3:     0x631149333ad6 - std[617be2ca0a6fd877]::panicking::default_hook::{closure#0}
[INFO] [stdout]    4:     0x631149350df9 - std[617be2ca0a6fd877]::panicking::default_hook
[INFO] [stdout]    5:     0x6311491e9f10 - test[aada8e7e76ba119b]::test_main_inner::{closure#0}
[INFO] [stdout]    6:     0x631149351122 - std[617be2ca0a6fd877]::panicking::panic_with_hook
[INFO] [stdout]    7:     0x631149333b82 - std[617be2ca0a6fd877]::panicking::panic_handler::{closure#0}
[INFO] [stdout]    8:     0x63114932c099 - std[617be2ca0a6fd877]::sys::backtrace::__rust_end_short_backtrace::<std[617be2ca0a6fd877]::panicking::panic_handler::{closure#0}, !>
[INFO] [stdout]    9:     0x631149334a8d - __rustc[ea4f61d10b84890b]::rust_begin_unwind
[INFO] [stdout]   10:     0x6311493708cc - core[a373ad73a504971]::panicking::panic_fmt
[INFO] [stdout]   11:     0x6311493706a2 - core[a373ad73a504971]::result::unwrap_failed
[INFO] [stdout]   12:     0x6311491ad29e - client[153ed4fbc5311196]::get_client
[INFO] [stdout]   13:     0x63114919a73e - client[153ed4fbc5311196]::test_reuse_api::{closure#0}
[INFO] [stdout]   14:     0x6311491b9663 - <tokio[15c522ce77bb6bd4]::runtime::scheduler::current_thread::Context>::enter::<core[a373ad73a504971]::task::poll::Poll<()>, <tokio[15c522ce77bb6bd4]::runtime::scheduler::current_thread::CoreGuard>::block_on<core[a373ad73a504971]::pin::Pin<&mut core[a373ad73a504971]::pin::Pin<&mut dyn core[a373ad73a504971]::future::future::Future<Output = ()>>>>::{closure#0}::{closure#0}>
[INFO] [stdout]   15:     0x6311491bd1dc - <tokio[15c522ce77bb6bd4]::runtime::context::scoped::Scoped<tokio[15c522ce77bb6bd4]::runtime::scheduler::Context>>::set::<<tokio[15c522ce77bb6bd4]::runtime::scheduler::current_thread::CoreGuard>::enter<<tokio[15c522ce77bb6bd4]::runtime::scheduler::current_thread::CoreGuard>::block_on<core[a373ad73a504971]::pin::Pin<&mut core[a373ad73a504971]::pin::Pin<&mut dyn core[a373ad73a504971]::future::future::Future<Output = ()>>>>::{closure#0}, core[a373ad73a504971]::option::Option<()>>::{closure#0}, (alloc[2e1b2a31b91974c5]::boxed::Box<tokio[15c522ce77bb6bd4]::runtime::scheduler::current_thread::Core>, core[a373ad73a504971]::option::Option<()>)>
[INFO] [stdout]   16:     0x6311491b9807 - <tokio[15c522ce77bb6bd4]::runtime::scheduler::current_thread::CoreGuard>::block_on::<core[a373ad73a504971]::pin::Pin<&mut core[a373ad73a504971]::pin::Pin<&mut dyn core[a373ad73a504971]::future::future::Future<Output = ()>>>>
[INFO] [stdout]   17:     0x6311491cf9e6 - tokio[15c522ce77bb6bd4]::runtime::context::runtime::enter_runtime::<<tokio[15c522ce77bb6bd4]::runtime::scheduler::current_thread::CurrentThread>::block_on<core[a373ad73a504971]::pin::Pin<&mut dyn core[a373ad73a504971]::future::future::Future<Output = ()>>>::{closure#0}, ()>
[INFO] [stdout]   18:     0x6311491ceae6 - <tokio[15c522ce77bb6bd4]::runtime::runtime::Runtime>::block_on::<core[a373ad73a504971]::pin::Pin<&mut dyn core[a373ad73a504971]::future::future::Future<Output = ()>>>
[INFO] [stdout]   19:     0x6311491ae50e - <client[153ed4fbc5311196]::test_reuse_api::{closure#0} as core[a373ad73a504971]::ops::function::FnOnce<()>>::call_once
[INFO] [stdout]   20:     0x6311491dd35b - test[aada8e7e76ba119b]::__rust_begin_short_backtrace::<core[a373ad73a504971]::result::Result<(), alloc[2e1b2a31b91974c5]::string::String>, fn() -> core[a373ad73a504971]::result::Result<(), alloc[2e1b2a31b91974c5]::string::String>>
[INFO] [stdout]   21:     0x6311491ea535 - test[aada8e7e76ba119b]::run_test::{closure#0}
[INFO] [stdout]   22:     0x6311491e3e24 - std[617be2ca0a6fd877]::sys::backtrace::__rust_begin_short_backtrace::<test[aada8e7e76ba119b]::run_test::{closure#1}, ()>
[INFO] [stdout]   23:     0x6311491ed5c2 - <std[617be2ca0a6fd877]::thread::lifecycle::spawn_unchecked<test[aada8e7e76ba119b]::run_test::{closure#1}, ()>::{closure#1} as core[a373ad73a504971]::ops::function::FnOnce<()>>::call_once::{shim:vtable#0}
[INFO] [stdout]   24:     0x6311493583cf - <std[617be2ca0a6fd877]::sys::thread::unix::Thread>::new::thread_start
[INFO] [stdout]   25:     0x7f3441018dfa - <unknown>
[INFO] [stdout]   26:     0x7f34410ac3d4 - clone
[INFO] [stdout]   27:                0x0 - <unknown>
[INFO] [stdout] 
[INFO] [stdout] ---- test_workflows_run stdout ----
[INFO] [stdout] 
[INFO] [stdout] thread 'test_workflows_run' (1394) panicked at tests/client.rs:40:51:
[INFO] [stdout] DIFY_BASE_URL is not set: NotPresent
[INFO] [stdout] stack backtrace:
[INFO] [stdout]    0:     0x631149359411 - <<std[617be2ca0a6fd877]::sys::backtrace::BacktraceLock>::print::DisplayBacktrace as core[a373ad73a504971]::fmt::Display>::fmt
[INFO] [stdout]    1:     0x63114937016a - core[a373ad73a504971]::fmt::write
[INFO] [stdout]    2:     0x63114935e1cc - <alloc[2e1b2a31b91974c5]::vec::Vec<u8> as core[a373ad73a504971]::io::write::Write>::write_fmt
[INFO] [stdout]    3:     0x631149333ad6 - std[617be2ca0a6fd877]::panicking::default_hook::{closure#0}
[INFO] [stdout]    4:     0x631149350df9 - std[617be2ca0a6fd877]::panicking::default_hook
[INFO] [stdout]    5:     0x6311491e9f10 - test[aada8e7e76ba119b]::test_main_inner::{closure#0}
[INFO] [stdout]    6:     0x631149351122 - std[617be2ca0a6fd877]::panicking::panic_with_hook
[INFO] [stdout]    7:     0x631149333b82 - std[617be2ca0a6fd877]::panicking::panic_handler::{closure#0}
[INFO] [stdout]    8:     0x63114932c099 - std[617be2ca0a6fd877]::sys::backtrace::__rust_end_short_backtrace::<std[617be2ca0a6fd877]::panicking::panic_handler::{closure#0}, !>
[INFO] [stdout]    9:     0x631149334a8d - __rustc[ea4f61d10b84890b]::rust_begin_unwind
[INFO] [stdout]   10:     0x6311493708cc - core[a373ad73a504971]::panicking::panic_fmt
[INFO] [stdout]   11:     0x6311493706a2 - core[a373ad73a504971]::result::unwrap_failed
[INFO] [stdout]   12:     0x6311491ad29e - client[153ed4fbc5311196]::get_client
[INFO] [stdout]   13:     0x63114919f5b1 - client[153ed4fbc5311196]::test_workflows_run::{closure#0}
[INFO] [stdout]   14:     0x6311491b9663 - <tokio[15c522ce77bb6bd4]::runtime::scheduler::current_thread::Context>::enter::<core[a373ad73a504971]::task::poll::Poll<()>, <tokio[15c522ce77bb6bd4]::runtime::scheduler::current_thread::CoreGuard>::block_on<core[a373ad73a504971]::pin::Pin<&mut core[a373ad73a504971]::pin::Pin<&mut dyn core[a373ad73a504971]::future::future::Future<Output = ()>>>>::{closure#0}::{closure#0}>
[INFO] [stdout]   15:     0x6311491bd1dc - <tokio[15c522ce77bb6bd4]::runtime::context::scoped::Scoped<tokio[15c522ce77bb6bd4]::runtime::scheduler::Context>>::set::<<tokio[15c522ce77bb6bd4]::runtime::scheduler::current_thread::CoreGuard>::enter<<tokio[15c522ce77bb6bd4]::runtime::scheduler::current_thread::CoreGuard>::block_on<core[a373ad73a504971]::pin::Pin<&mut core[a373ad73a504971]::pin::Pin<&mut dyn core[a373ad73a504971]::future::future::Future<Output = ()>>>>::{closure#0}, core[a373ad73a504971]::option::Option<()>>::{closure#0}, (alloc[2e1b2a31b91974c5]::boxed::Box<tokio[15c522ce77bb6bd4]::runtime::scheduler::current_thread::Core>, core[a373ad73a504971]::option::Option<()>)>
[INFO] [stdout]   16:     0x6311491b9807 - <tokio[15c522ce77bb6bd4]::runtime::scheduler::current_thread::CoreGuard>::block_on::<core[a373ad73a504971]::pin::Pin<&mut core[a373ad73a504971]::pin::Pin<&mut dyn core[a373ad73a504971]::future::future::Future<Output = ()>>>>
[INFO] [stdout]   17:     0x6311491cf9e6 - tokio[15c522ce77bb6bd4]::runtime::context::runtime::enter_runtime::<<tokio[15c522ce77bb6bd4]::runtime::scheduler::current_thread::CurrentThread>::block_on<core[a373ad73a504971]::pin::Pin<&mut dyn core[a373ad73a504971]::future::future::Future<Output = ()>>>::{closure#0}, ()>
[INFO] [stdout]   18:     0x6311491ceae6 - <tokio[15c522ce77bb6bd4]::runtime::runtime::Runtime>::block_on::<core[a373ad73a504971]::pin::Pin<&mut dyn core[a373ad73a504971]::future::future::Future<Output = ()>>>
[INFO] [stdout]   19:     0x6311491aeebe - <client[153ed4fbc5311196]::test_workflows_run::{closure#0} as core[a373ad73a504971]::ops::function::FnOnce<()>>::call_once
[INFO] [stdout]   20:     0x6311491dd35b - test[aada8e7e76ba119b]::__rust_begin_short_backtrace::<core[a373ad73a504971]::result::Result<(), alloc[2e1b2a31b91974c5]::string::String>, fn() -> core[a373ad73a504971]::result::Result<(), alloc[2e1b2a31b91974c5]::string::String>>
[INFO] [stdout]   21:     0x6311491ea535 - test[aada8e7e76ba119b]::run_test::{closure#0}
[INFO] [stdout]   22:     0x6311491e3e24 - std[617be2ca0a6fd877]::sys::backtrace::__rust_begin_short_backtrace::<test[aada8e7e76ba119b]::run_test::{closure#1}, ()>
[INFO] [stdout]   23:     0x6311491ed5c2 - <std[617be2ca0a6fd877]::thread::lifecycle::spawn_unchecked<test[aada8e7e76ba119b]::run_test::{closure#1}, ()>::{closure#1} as core[a373ad73a504971]::ops::function::FnOnce<()>>::call_once::{shim:vtable#0}
[INFO] [stdout]   24:     0x6311493583cf - <std[617be2ca0a6fd877]::sys::thread::unix::Thread>::new::thread_start
[INFO] [stdout]   25:     0x7f3441018dfa - <unknown>
[INFO] [stdout]   26:     0x7f34410ac3d4 - clone
[INFO] [stdout]   27:                0x0 - <unknown>
[INFO] [stdout] 
[INFO] [stdout] ---- test_workflows_stop stdout ----
[INFO] [stdout] 
[INFO] [stdout] thread 'test_workflows_stop' (1396) panicked at tests/client.rs:40:51:
[INFO] [stdout] DIFY_BASE_URL is not set: NotPresent
[INFO] [stdout] stack backtrace:
[INFO] [stdout]    0:     0x631149359411 - <<std[617be2ca0a6fd877]::sys::backtrace::BacktraceLock>::print::DisplayBacktrace as core[a373ad73a504971]::fmt::Display>::fmt
[INFO] [stdout]    1:     0x63114937016a - core[a373ad73a504971]::fmt::write
[INFO] [stdout]    2:     0x63114935e1cc - <alloc[2e1b2a31b91974c5]::vec::Vec<u8> as core[a373ad73a504971]::io::write::Write>::write_fmt
[INFO] [stdout]    3:     0x631149333ad6 - std[617be2ca0a6fd877]::panicking::default_hook::{closure#0}
[INFO] [stdout]    4:     0x631149350df9 - std[617be2ca0a6fd877]::panicking::default_hook
[INFO] [stdout]    5:     0x6311491e9f10 - test[aada8e7e76ba119b]::test_main_inner::{closure#0}
[INFO] [stdout]    6:     0x631149351122 - std[617be2ca0a6fd877]::panicking::panic_with_hook
[INFO] [stdout]    7:     0x631149333b82 - std[617be2ca0a6fd877]::panicking::panic_handler::{closure#0}
[INFO] [stdout]    8:     0x63114932c099 - std[617be2ca0a6fd877]::sys::backtrace::__rust_end_short_backtrace::<std[617be2ca0a6fd877]::panicking::panic_handler::{closure#0}, !>
[INFO] [stdout]    9:     0x631149334a8d - __rustc[ea4f61d10b84890b]::rust_begin_unwind
[INFO] [stdout]   10:     0x6311493708cc - core[a373ad73a504971]::panicking::panic_fmt
[INFO] [stdout]   11:     0x6311493706a2 - core[a373ad73a504971]::result::unwrap_failed
[INFO] [stdout]   12:     0x6311491ad29e - client[153ed4fbc5311196]::get_client
[INFO] [stdout]   13:     0x6311491a03c1 - client[153ed4fbc5311196]::test_workflows_stop::{closure#0}
[INFO] [stdout]   14:     0x6311491b9663 - <tokio[15c522ce77bb6bd4]::runtime::scheduler::current_thread::Context>::enter::<core[a373ad73a504971]::task::poll::Poll<()>, <tokio[15c522ce77bb6bd4]::runtime::scheduler::current_thread::CoreGuard>::block_on<core[a373ad73a504971]::pin::Pin<&mut core[a373ad73a504971]::pin::Pin<&mut dyn core[a373ad73a504971]::future::future::Future<Output = ()>>>>::{closure#0}::{closure#0}>
[INFO] [stdout]   15:     0x6311491bd1dc - <tokio[15c522ce77bb6bd4]::runtime::context::scoped::Scoped<tokio[15c522ce77bb6bd4]::runtime::scheduler::Context>>::set::<<tokio[15c522ce77bb6bd4]::runtime::scheduler::current_thread::CoreGuard>::enter<<tokio[15c522ce77bb6bd4]::runtime::scheduler::current_thread::CoreGuard>::block_on<core[a373ad73a504971]::pin::Pin<&mut core[a373ad73a504971]::pin::Pin<&mut dyn core[a373ad73a504971]::future::future::Future<Output = ()>>>>::{closure#0}, core[a373ad73a504971]::option::Option<()>>::{closure#0}, (alloc[2e1b2a31b91974c5]::boxed::Box<tokio[15c522ce77bb6bd4]::runtime::scheduler::current_thread::Core>, core[a373ad73a504971]::option::Option<()>)>
[INFO] [stdout]   16:     0x6311491b9807 - <tokio[15c522ce77bb6bd4]::runtime::scheduler::current_thread::CoreGuard>::block_on::<core[a373ad73a504971]::pin::Pin<&mut core[a373ad73a504971]::pin::Pin<&mut dyn core[a373ad73a504971]::future::future::Future<Output = ()>>>>
[INFO] [stdout]   17:     0x6311491cf9e6 - tokio[15c522ce77bb6bd4]::runtime::context::runtime::enter_runtime::<<tokio[15c522ce77bb6bd4]::runtime::scheduler::current_thread::CurrentThread>::block_on<core[a373ad73a504971]::pin::Pin<&mut dyn core[a373ad73a504971]::future::future::Future<Output = ()>>>::{closure#0}, ()>
[INFO] [stdout]   18:     0x6311491ceae6 - <tokio[15c522ce77bb6bd4]::runtime::runtime::Runtime>::block_on::<core[a373ad73a504971]::pin::Pin<&mut dyn core[a373ad73a504971]::future::future::Future<Output = ()>>>
[INFO] [stdout]   19:     0x6311491af01e - <client[153ed4fbc5311196]::test_workflows_stop::{closure#0} as core[a373ad73a504971]::ops::function::FnOnce<()>>::call_once
[INFO] [stdout]   20:     0x6311491dd35b - test[aada8e7e76ba119b]::__rust_begin_short_backtrace::<core[a373ad73a504971]::result::Result<(), alloc[2e1b2a31b91974c5]::string::String>, fn() -> core[a373ad73a504971]::result::Result<(), alloc[2e1b2a31b91974c5]::string::String>>
[INFO] [stdout]   21:     0x6311491ea535 - test[aada8e7e76ba119b]::run_test::{closure#0}
[INFO] [stdout]   22:     0x6311491e3e24 - std[617be2ca0a6fd877]::sys::backtrace::__rust_begin_short_backtrace::<test[aada8e7e76ba119b]::run_test::{closure#1}, ()>
[INFO] [stdout]   23:     0x6311491ed5c2 - <std[617be2ca0a6fd877]::thread::lifecycle::spawn_unchecked<test[aada8e7e76ba119b]::run_test::{closure#1}, ()>::{closure#1} as core[a373ad73a504971]::ops::function::FnOnce<()>>::call_once::{shim:vtable#0}
[INFO] [stdout]   24:     0x6311493583cf - <std[617be2ca0a6fd877]::sys::thread::unix::Thread>::new::thread_start
[INFO] [stdout]   25:     0x7f3441018dfa - <unknown>
[INFO] [stderr] error: test failed, to rerun pass `--test client`
[INFO] [stdout]   26:     0x7f34410ac3d4 - clone
[INFO] [stdout]   27:                0x0 - <unknown>
[INFO] [stdout] 
[INFO] [stdout] 
[INFO] [stdout] failures:
[INFO] [stdout]     test_audio_to_text
[INFO] [stdout]     test_chat_message_complex
[INFO] [stdout]     test_chat_message_simple
[INFO] [stdout]     test_chat_message_stream
[INFO] [stdout]     test_chat_message_stream_agent
[INFO] [stdout]     test_chat_messages_stop
[INFO] [stdout]     test_completion_messages_simple
[INFO] [stdout]     test_completion_messages_stop
[INFO] [stdout]     test_completion_messages_stream
[INFO] [stdout]     test_conversations_delete
[INFO] [stdout]     test_conversations_get
[INFO] [stdout]     test_feedback_message
[INFO] [stdout]     test_files_upload
[INFO] [stdout]     test_messages_get
[INFO] [stdout]     test_messages_suggested
[INFO] [stdout]     test_meta
[INFO] [stdout]     test_parameters
[INFO] [stdout]     test_reuse_api
[INFO] [stdout]     test_text_to_audio
[INFO] [stdout]     test_workflows_run
[INFO] [stdout]     test_workflows_run_stream
[INFO] [stdout]     test_workflows_stop
[INFO] [stdout] 
[INFO] [stdout] test result: FAILED. 3 passed; 22 failed; 0 ignored; 0 measured; 0 filtered out; finished in 0.10s
[INFO] [stdout] 
[INFO] running `Command { std: "docker" "inspect" "2db136531a69425a14f3dedbaea04b4f36e65b1aead094dea62f165116b8b925", kill_on_drop: false }`
[INFO] running `Command { std: "docker" "rm" "-f" "2db136531a69425a14f3dedbaea04b4f36e65b1aead094dea62f165116b8b925", kill_on_drop: false }`
[INFO] [stdout] 2db136531a69425a14f3dedbaea04b4f36e65b1aead094dea62f165116b8b925
