[INFO] fetching crate diffutils 0.5.0...
[INFO] testing diffutils-0.5.0 against 1.100.0-beta.1+cargoflags=--release for beta-release-1.100-2
[INFO] extracting crate diffutils 0.5.0 into /workspace/builds/worker-2-tc2/source
[INFO] started tweaking crates.io crate diffutils 0.5.0
[INFO] removed 0 missing tests
[INFO] finished tweaking crates.io crate diffutils 0.5.0
[INFO] tweaked toml for crates.io crate diffutils 0.5.0 written to /workspace/builds/worker-2-tc2/source/Cargo.toml
[INFO] validating manifest of crates.io crate diffutils 0.5.0 on toolchain 1.100.0-beta.1
[INFO] running `Command { std: CARGO_HOME="/workspace/cargo-home" RUSTUP_HOME="/workspace/rustup-home" "/workspace/cargo-home/bin/cargo" "+1.100.0-beta.1" "metadata" "--manifest-path" "Cargo.toml" "--no-deps", kill_on_drop: false }`
[INFO] crate crates.io crate diffutils 0.5.0 already has a lockfile, it will not be regenerated
[INFO] running `Command { std: CARGO_HOME="/workspace/cargo-home" RUSTUP_HOME="/workspace/rustup-home" "/workspace/cargo-home/bin/cargo" "+1.100.0-beta.1" "fetch" "--manifest-path" "Cargo.toml", kill_on_drop: false }`
[INFO] running `Command { std: "docker" "create" "-v" "/var/lib/crater-agent-workspace/builds/worker-2-tc2/source:/opt/rustwide/workdir:ro,Z" "-v" "/var/lib/crater-agent-workspace/builds/worker-2-tc2/target:/opt/rustwide/target:rw,Z" "-v" "/var/lib/crater-agent-workspace/cargo-home:/opt/rustwide/cargo-home:ro,Z" "-v" "/var/lib/crater-agent-workspace/rustup-home:/opt/rustwide/rustup-home:ro,Z" "-m" "1610612736" "--network" "none" "ghcr.io/rust-lang/crates-build-env/linux@sha256:77db811e55d90add9212f6832c23229e3de5f1c1f9905e8cb07319ea15df73ac" "sleep" "infinity", kill_on_drop: false }`
[INFO] [stdout] b669f81f6eb6ff61a6e2dcb3e2450ffc81e30e06a77f5976c36e235cb3cfb89b
[INFO] running `Command { std: "docker" "start" "b669f81f6eb6ff61a6e2dcb3e2450ffc81e30e06a77f5976c36e235cb3cfb89b", kill_on_drop: false }`
[INFO] running `Command { std: "docker" "inspect" "b669f81f6eb6ff61a6e2dcb3e2450ffc81e30e06a77f5976c36e235cb3cfb89b", kill_on_drop: false }`
[INFO] running `Command { std: "docker" "exec" "-e" "SOURCE_DIR=/opt/rustwide/workdir" "-e" "CARGO_HOME=/opt/rustwide/cargo-home" "-e" "RUSTUP_HOME=/opt/rustwide/rustup-home" "-e" "CARGO_TARGET_DIR=/opt/rustwide/target" "-w" "/opt/rustwide/workdir" "--user" "0:0" "b669f81f6eb6ff61a6e2dcb3e2450ffc81e30e06a77f5976c36e235cb3cfb89b" "/opt/rustwide/cargo-home/bin/cargo" "+1.100.0-beta.1" "metadata" "--no-deps" "--format-version=1", kill_on_drop: false }`
[INFO] running `Command { std: "docker" "inspect" "b669f81f6eb6ff61a6e2dcb3e2450ffc81e30e06a77f5976c36e235cb3cfb89b", kill_on_drop: false }`
[INFO] running `Command { std: "docker" "exec" "-e" "SOURCE_DIR=/opt/rustwide/workdir" "-e" "CARGO_HOME=/opt/rustwide/cargo-home" "-e" "RUSTUP_HOME=/opt/rustwide/rustup-home" "-e" "CARGO_TARGET_DIR=/opt/rustwide/target" "-e" "CARGO_INCREMENTAL=0" "-e" "RUST_BACKTRACE=full" "-e" "RUSTFLAGS=--cap-lints=warn" "-e" "RUSTDOCFLAGS=--cap-lints=warn" "-w" "/opt/rustwide/workdir" "--user" "0:0" "b669f81f6eb6ff61a6e2dcb3e2450ffc81e30e06a77f5976c36e235cb3cfb89b" "/opt/rustwide/cargo-home/bin/cargo" "+1.100.0-beta.1" "build" "--frozen" "--message-format=json" "--release", kill_on_drop: false }`
[INFO] [stderr]    Compiling autocfg v1.1.0
[INFO] [stderr]    Compiling memchr v2.7.1
[INFO] [stderr]    Compiling regex-syntax v0.8.5
[INFO] [stderr]    Compiling iana-time-zone v0.1.60
[INFO] [stderr]    Compiling unicode-width v0.2.2
[INFO] [stderr]    Compiling diff v0.1.13
[INFO] [stderr]    Compiling same-file v1.0.6
[INFO] [stderr]    Compiling itoa v1.0.17
[INFO] [stderr]    Compiling num-traits v0.2.18
[INFO] [stderr]    Compiling aho-corasick v1.1.2
[INFO] [stderr]    Compiling chrono v0.4.42
[INFO] [stderr]    Compiling regex-automata v0.4.12
[INFO] [stderr]    Compiling regex v1.12.2
[INFO] [stderr]    Compiling diffutils v0.5.0 (/opt/rustwide/workdir)
[INFO] [stderr]     Finished `release` profile [optimized] target(s) in 28.47s
[INFO] running `Command { std: "docker" "inspect" "b669f81f6eb6ff61a6e2dcb3e2450ffc81e30e06a77f5976c36e235cb3cfb89b", kill_on_drop: false }`
[INFO] running `Command { std: "docker" "exec" "-e" "SOURCE_DIR=/opt/rustwide/workdir" "-e" "CARGO_HOME=/opt/rustwide/cargo-home" "-e" "RUSTUP_HOME=/opt/rustwide/rustup-home" "-e" "CARGO_TARGET_DIR=/opt/rustwide/target" "-e" "CARGO_INCREMENTAL=0" "-e" "RUST_BACKTRACE=full" "-e" "RUSTFLAGS=--cap-lints=warn" "-e" "RUSTDOCFLAGS=--cap-lints=warn" "-w" "/opt/rustwide/workdir" "--user" "0:0" "b669f81f6eb6ff61a6e2dcb3e2450ffc81e30e06a77f5976c36e235cb3cfb89b" "/opt/rustwide/cargo-home/bin/cargo" "+1.100.0-beta.1" "test" "--frozen" "--no-run" "--message-format=json" "--release", kill_on_drop: false }`
[INFO] [stderr]    Compiling libc v0.2.178
[INFO] [stderr]    Compiling predicates-core v1.0.6
[INFO] [stderr]    Compiling rustix v1.1.3
[INFO] [stderr]    Compiling getrandom v0.3.1
[INFO] [stderr]    Compiling anstyle v1.0.6
[INFO] [stderr]    Compiling bitflags v2.4.2
[INFO] [stderr]    Compiling linux-raw-sys v0.11.0
[INFO] [stderr]    Compiling assert_cmd v2.1.1
[INFO] [stderr]    Compiling termtree v0.4.1
[INFO] [stderr]    Compiling difflib v0.4.0
[INFO] [stderr]    Compiling normalize-line-endings v0.3.0
[INFO] [stderr]    Compiling cfg-if v1.0.0
[INFO] [stderr]    Compiling fastrand v2.1.1
[INFO] [stderr]    Compiling regex-automata v0.4.12
[INFO] [stderr]    Compiling float-cmp v0.10.0
[INFO] [stderr]    Compiling yansi v1.0.1
[INFO] [stderr]    Compiling once_cell v1.19.0
[INFO] [stderr]    Compiling predicates-tree v1.0.9
[INFO] [stderr]    Compiling pretty_assertions v1.4.1
[INFO] [stderr]    Compiling wait-timeout v0.2.0
[INFO] [stderr]    Compiling tempfile v3.24.0
[INFO] [stderr]    Compiling regex v1.12.2
[INFO] [stderr]    Compiling bstr v1.9.0
[INFO] [stderr]    Compiling predicates v3.1.3
[INFO] [stderr]    Compiling diffutils v0.5.0 (/opt/rustwide/workdir)
[INFO] [stderr]     Finished `release` profile [optimized] target(s) in 1m 07s
[INFO] running `Command { std: "docker" "inspect" "b669f81f6eb6ff61a6e2dcb3e2450ffc81e30e06a77f5976c36e235cb3cfb89b", kill_on_drop: false }`
[INFO] running `Command { std: "docker" "exec" "-e" "SOURCE_DIR=/opt/rustwide/workdir" "-e" "CARGO_HOME=/opt/rustwide/cargo-home" "-e" "RUSTUP_HOME=/opt/rustwide/rustup-home" "-e" "CARGO_TARGET_DIR=/opt/rustwide/target" "-e" "CARGO_INCREMENTAL=0" "-e" "RUST_BACKTRACE=full" "-e" "RUSTFLAGS=--cap-lints=warn" "-e" "RUSTDOCFLAGS=--cap-lints=warn" "-w" "/opt/rustwide/workdir" "--user" "0:0" "b669f81f6eb6ff61a6e2dcb3e2450ffc81e30e06a77f5976c36e235cb3cfb89b" "/opt/rustwide/cargo-home/bin/cargo" "+1.100.0-beta.1" "test" "--frozen" "--release", kill_on_drop: false }`
[INFO] [stderr]     Finished `release` profile [optimized] target(s) in 0.09s
[INFO] [stderr]      Running unittests src/lib.rs (/opt/rustwide/target/release/build/diffutils/8c3363bb718d957a/out/diffutilslib-8c3363bb718d957a)
[INFO] [stdout] 
[INFO] [stdout] running 125 tests
[INFO] [stdout] test ed_diff::tests::test_basic ... ok
[INFO] [stdout] test cmp::tests::execution_modes ... ok
[INFO] [stdout] test context_diff::tests::test_permutations_reverse ... FAILED
[INFO] [stdout] test ed_diff::tests::test_permutations ... FAILED
[INFO] [stdout] test cmp::tests::skips ... ok
[INFO] [stdout] test ed_diff::tests::test_permutations_empty_lines ... FAILED
[INFO] [stdout] test cmp::tests::positional ... ok
[INFO] [stdout] test normal_diff::tests::test_permutations_empty_lines ... FAILED
[INFO] [stdout] test ed_diff::tests::test_permutations_reverse ... FAILED
[INFO] [stdout] test normal_diff::tests::test_permutations_reverse ... FAILED
[INFO] [stdout] test ed_diff::tests::test_stop_early ... ok
[INFO] [stdout] test cmp::tests::max_bytes ... ok
[INFO] [stdout] test normal_diff::tests::test_basic ... ok
[INFO] [stdout] test context_diff::tests::test_permutations_empty_lines ... FAILED
[INFO] [stdout] test context_diff::tests::test_permutations_missing_lines ... FAILED
[INFO] [stdout] test normal_diff::tests::test_permutations ... FAILED
[INFO] [stdout] test params::tests::basics_ed ... ok
[INFO] [stdout] test normal_diff::tests::test_permutations_missing_line_ending ... FAILED
[INFO] [stdout] test normal_diff::tests::test_stop_early ... ok
[INFO] [stdout] test context_diff::tests::test_permutations ... FAILED
[INFO] [stdout] test params::tests::brief ... ok
[INFO] [stdout] test context_diff::tests::test_stop_early ... ok
[INFO] [stdout] test params::tests::conflicting_output_styles ... ok
[INFO] [stdout] test params::tests::basics ... ok
[INFO] [stdout] test params::tests::empty ... ok
[INFO] [stdout] test params::tests::double_dash ... ok
[INFO] [stdout] test params::tests::default_to_stdin ... ok
[INFO] [stdout] test side_diff::tests::config::test_full_width_40_tab_8 ... ok
[INFO] [stdout] test side_diff::tests::config::test_full_width_80_tab_4 ... ok
[INFO] [stdout] test side_diff::tests::config::test_minimal_width_3_tab_4 ... ok
[INFO] [stdout] test side_diff::tests::config::test_odd_width_7_tab_3 ... ok
[INFO] [stdout] test params::tests::missing_arguments ... ok
[INFO] [stdout] test side_diff::tests::config::test_small_width_10_tab_4 ... ok
[INFO] [stdout] test side_diff::tests::config::test_tab_size_larger_than_width ... ok
[INFO] [stdout] test side_diff::tests::diff::test_added_line ... ok
[INFO] [stdout] test side_diff::tests::diff::test_empty_files ... ok
[INFO] [stdout] test side_diff::tests::diff::test_equal_lines ... ok
[INFO] [stdout] test side_diff::tests::diff::test_different_lines ... ok
[INFO] [stdout] test side_diff::tests::diff::test_insert_remove_middle ... ok
[INFO] [stdout] test side_diff::tests::diff::test_interleaved_add_remove ... ok
[INFO] [stdout] test side_diff::tests::diff::test_mixed_operations_complex ... ok
[INFO] [stdout] test side_diff::tests::diff::test_mixed_whitespace ... ok
[INFO] [stdout] test side_diff::tests::diff::test_multiple_adjacent_changes ... ok
[INFO] [stdout] test params::tests::unknown_argument ... ok
[INFO] [stdout] test side_diff::tests::diff::test_gap_between_changes ... ok
[INFO] [stdout] test side_diff::tests::diff::test_multiple_changes ... ok
[INFO] [stdout] test side_diff::tests::config::test_full_width_30_tab_2 ... ok
[INFO] [stdout] test params::tests::context_count ... ok
[INFO] [stdout] test side_diff::tests::diff::test_partially_matching_lines ... ok
[INFO] [stdout] test side_diff::tests::diff::test_removed_line ... ok
[INFO] [stdout] test side_diff::tests::diff::test_swapped_lines ... ok
[INFO] [stdout] test side_diff::tests::format_tabs_and_spaces::test_format_tabs_and_spaces_expanded_true ... ok
[INFO] [stdout] test side_diff::tests::format_tabs_and_spaces::test_format_tabs_and_spaces_from_greater_than_to ... ok
[INFO] [stdout] test side_diff::tests::format_tabs_and_spaces::test_minimal_gap_with_tab ... ok
[INFO] [stdout] test side_diff::tests::format_tabs_and_spaces::test_format_from_non_zero_position ... ok
[INFO] [stdout] test side_diff::tests::diff::test_unicode_and_special_chars ... ok
[INFO] [stdout] test side_diff::tests::format_tabs_and_spaces::test_exact_tab_boundary_from_midpoint ... ok
[INFO] [stdout] test side_diff::tests::format_tabs_and_spaces::test_mixed_tabs_and_spaces_edge_case ... ok
[INFO] [stdout] test side_diff::tests::format_tabs_and_spaces::test_expanded_false_with_tab_at_end ... ok
[INFO] [stdout] test side_diff::tests::format_tabs_and_spaces::test_expanded_true_with_offset ... ok
[INFO] [stdout] test side_diff::tests::format_tabs_and_spaces::test_multiple_full_tabs_needed ... ok
[INFO] [stdout] test side_diff::tests::format_tabs_and_spaces::test_uneven_tab_boundary_with_spaces ... ok
[INFO] [stdout] test side_diff::tests::process_half_line::test_break_if_invalid_max_width ... ok
[INFO] [stdout] test side_diff::tests::process_half_line::test_carriage_return ... ok
[INFO] [stdout] test side_diff::tests::process_half_line::test_expanded_true ... ok
[INFO] [stdout] test side_diff::tests::process_half_line::test_expanded_true_with_gutter ... ok
[INFO] [stdout] test side_diff::tests::process_half_line::test_empty_line_left_expanded_false ... ok
[INFO] [stdout] test side_diff::tests::process_half_line::test_exact_width_fit ... ok
[INFO] [stdout] test params::tests::report_identical_files ... ok
[INFO] [stdout] test params::tests::context_invalid ... ok
[INFO] [stdout] test side_diff::tests::format_tabs_and_spaces::test_format_tabs_and_spaces_expanded_false ... ok
[INFO] [stdout] test side_diff::tests::process_half_line::test_mixed_invalid_utf8_with_valid ... ok
[INFO] [stdout] test side_diff::tests::process_half_line::test_mixed_tabs ... ok
[INFO] [stdout] test side_diff::tests::process_half_line::test_mixed_tabs_and_spaces_inversion ... ok
[INFO] [stdout] test side_diff::tests::process_half_line::test_line_only_with_tabs ... ok
[INFO] [stdout] test side_diff::tests::process_half_line::test_mixed_tabs_expanded ... ok
[INFO] [stdout] test side_diff::tests::process_half_line::test_new_line ... ok
[INFO] [stdout] test side_diff::tests::process_half_line::test_newline_handling ... ok
[INFO] [stdout] test side_diff::tests::process_half_line::test_multiple_carriage_returns_is_right_true ... ok
[INFO] [stdout] test side_diff::tests::process_half_line::test_non_utf8_bytes ... ok
[INFO] [stdout] test side_diff::tests::process_half_line::test_expanded_with_tabs ... ok
[INFO] [stdout] test side_diff::tests::process_half_line::test_expanded_with_tabs_and_space_gutter ... ok
[INFO] [stdout] test side_diff::tests::process_half_line::test_overflow_multibyte ... ok
[INFO] [stdout] test side_diff::tests::process_half_line::test_mixed_tabs_expanded_with_gutter ... ok
[INFO] [stdout] test side_diff::tests::process_half_line::test_right_line_padding ... ok
[INFO] [stdout] test side_diff::tests::process_half_line::test_mixed_tabs_with_gutter ... ok
[INFO] [stdout] test side_diff::tests::process_half_line::test_non_utf8_non_preserve_ascii_bytes_cut ... ok
[INFO] [stdout] test side_diff::tests::process_half_line::test_non_utf8_bytes_ignore_padding_bytes ... ok
[INFO] [stdout] test side_diff::tests::process_half_line::test_mixed_tabs_spaces ... ok
[INFO] [stdout] test side_diff::tests::process_half_line::test_multiple_carriage_returns ... ok
[INFO] [stdout] test side_diff::tests::process_half_line::test_left_empty_white_space_gutter ... ok
[INFO] [stdout] test side_diff::tests::process_half_line::test_max_width_zero ... ok
[INFO] [stdout] test side_diff::tests::process_half_line::test_s_size_eq_max_width_p1 ... ok
[INFO] [stdout] test side_diff::tests::process_half_line::test_tabs_expanded ... ok
[INFO] [stdout] test side_diff::tests::push_output::test_lines_exceeding_half_width ... ok
[INFO] [stdout] test side_diff::tests::process_half_line::test_tabs_unexpanded ... ok
[INFO] [stdout] test side_diff::tests::process_half_line::test_white_space_gutter ... ok
[INFO] [stdout] test side_diff::tests::process_half_line::test_zero_width_unicode_chars ... ok
[INFO] [stdout] test side_diff::tests::process_half_line::test_width0_chars ... ok
[INFO] [stdout] test side_diff::tests::push_output::test_both_empty ... ok
[INFO] [stdout] test params::tests::expand_tabs ... ok
[INFO] [stdout] test side_diff::tests::push_output::test_both_lines_non_empty_with_space_symbol_max_tabs ... ok
[INFO] [stdout] test side_diff::tests::push_output::test_left_empty_right_not_added ... ok
[INFO] [stdout] test params::tests::context_valid ... ok
[INFO] [stdout] test side_diff::tests::push_output::test_non_space_symbol_with_padding ... ok
[INFO] [stdout] test side_diff::tests::push_output::test_output_cut_with_maximization ... ok
[INFO] [stdout] test side_diff::tests::push_output::test_tabs_in_lines_expanded ... ok
[INFO] [stdout] test side_diff::tests::process_half_line::test_utf8_multibyte ... ok
[INFO] [stdout] test side_diff::tests::push_output::test_right_empty_left_not_del ... ok
[INFO] [stdout] test unified_diff::tests::test_permutations_missing_lines ... FAILED
[INFO] [stdout] test params::tests::unified_invalid ... ok
[INFO] [stdout] test utils::tests::expand_tabs::basics ... ok
[INFO] [stdout] test utils::tests::modification_time::set_time ... ok
[INFO] [stdout] test unified_diff::tests::test_permutations ... FAILED
[INFO] [stdout] test utils::tests::expand_tabs::multibyte_chars ... ok
[INFO] [stdout] test unified_diff::tests::test_permutations_empty_lines ... FAILED
[INFO] [stdout] test unified_diff::tests::test_permutations_missing_line_ending ... FAILED
[INFO] [stdout] test unified_diff::tests::test_permutations_reverse ... FAILED
[INFO] [stdout] test utils::tests::expand_tabs::invalid_utf8 ... ok
[INFO] [stdout] test utils::tests::write_line::basics ... ok
[INFO] [stdout] test side_diff::tests::push_output::test_unicode_characters ... ok
[INFO] [stdout] test utils::tests::modification_time::invalid_file ... ok
[INFO] [stdout] test params::tests::tabsize ... ok
[INFO] [stdout] test unified_diff::tests::test_stop_early ... ok
[INFO] [stdout] test params::tests::unified_valid ... ok
[INFO] [stdout] 
[INFO] [stdout] failures:
[INFO] [stdout] 
[INFO] [stdout] ---- context_diff::tests::test_permutations_reverse stdout ----
[INFO] [stdout] 
[INFO] [stdout] thread 'context_diff::tests::test_permutations_reverse' (948) panicked at src/context_diff.rs:695:38:
[INFO] [stdout] called `Result::unwrap()` on an `Err` value: Os { code: 2, kind: NotFound, message: "No such file or directory" }
[INFO] [stdout] stack backtrace:
[INFO] [stdout]    0:     0x6352a1a7e046 - <<std[617be2ca0a6fd877]::sys::backtrace::BacktraceLock>::print::DisplayBacktrace as core[a373ad73a504971]::fmt::Display>::fmt
[INFO] [stdout]    1:     0x6352a193040a - core[a373ad73a504971]::fmt::write
[INFO] [stdout]    2:     0x6352a1a83c4c - <alloc[2e1b2a31b91974c5]::vec::Vec<u8> as core[a373ad73a504971]::io::write::Write>::write_fmt
[INFO] [stdout]    3:     0x6352a1a59db2 - std[617be2ca0a6fd877]::panicking::default_hook::{closure#0}
[INFO] [stdout]    4:     0x6352a1a76121 - std[617be2ca0a6fd877]::panicking::default_hook
[INFO] [stdout]    5:     0x6352a1a76302 - std[617be2ca0a6fd877]::panicking::panic_with_hook
[INFO] [stdout]    6:     0x6352a1a59e62 - std[617be2ca0a6fd877]::panicking::panic_handler::{closure#0}
[INFO] [stdout]    7:     0x6352a1a52a29 - std[617be2ca0a6fd877]::sys::backtrace::__rust_end_short_backtrace::<std[617be2ca0a6fd877]::panicking::panic_handler::{closure#0}, !>
[INFO] [stdout]    8:     0x6352a1a5aa7d - __rustc[ea4f61d10b84890b]::rust_begin_unwind
[INFO] [stdout]    9:     0x6352a1930b2c - core[a373ad73a504971]::panicking::panic_fmt
[INFO] [stdout]   10:     0x6352a1930902 - core[a373ad73a504971]::result::unwrap_failed
[INFO] [stdout]   11:     0x6352a197c66e - <diffutilslib[df1d6e9ae2cf0bc9]::context_diff::tests::test_permutations_reverse::{closure#0} as core[a373ad73a504971]::ops::function::FnOnce<()>>::call_once
[INFO] [stdout]   12:     0x6352a1a86a6b - test[aada8e7e76ba119b]::__rust_begin_short_backtrace::<core[a373ad73a504971]::result::Result<(), alloc[2e1b2a31b91974c5]::string::String>, fn() -> core[a373ad73a504971]::result::Result<(), alloc[2e1b2a31b91974c5]::string::String>>
[INFO] [stdout]   13:     0x6352a1a94914 - test[aada8e7e76ba119b]::run_test::{closure#0}
[INFO] [stdout]   14:     0x6352a1a8e044 - std[617be2ca0a6fd877]::sys::backtrace::__rust_begin_short_backtrace::<test[aada8e7e76ba119b]::run_test::{closure#1}, ()>
[INFO] [stdout]   15:     0x6352a1a986d2 - <std[617be2ca0a6fd877]::thread::lifecycle::spawn_unchecked<test[aada8e7e76ba119b]::run_test::{closure#1}, ()>::{closure#1} as core[a373ad73a504971]::ops::function::FnOnce<()>>::call_once::{shim:vtable#0}
[INFO] [stdout]   16:     0x6352a1a7d104 - <std[617be2ca0a6fd877]::sys::thread::unix::Thread>::new::thread_start
[INFO] [stdout]   17:     0x721d8dfb5dfa - <unknown>
[INFO] [stdout]   18:     0x721d8e0493d4 - clone
[INFO] [stdout]   19:                0x0 - <unknown>
[INFO] [stdout] 
[INFO] [stdout] ---- ed_diff::tests::test_permutations stdout ----
[INFO] [stdout] 
[INFO] [stdout] thread 'ed_diff::tests::test_permutations' (951) panicked at src/ed_diff.rs:229:38:
[INFO] [stdout] called `Result::unwrap()` on an `Err` value: Os { code: 2, kind: NotFound, message: "No such file or directory" }
[INFO] [stdout] stack backtrace:
[INFO] [stdout]    0:     0x6352a1a7e046 - <<std[617be2ca0a6fd877]::sys::backtrace::BacktraceLock>::print::DisplayBacktrace as core[a373ad73a504971]::fmt::Display>::fmt
[INFO] [stdout]    1:     0x6352a193040a - core[a373ad73a504971]::fmt::write
[INFO] [stdout]    2:     0x6352a1a83c4c - <alloc[2e1b2a31b91974c5]::vec::Vec<u8> as core[a373ad73a504971]::io::write::Write>::write_fmt
[INFO] [stdout]    3:     0x6352a1a59db2 - std[617be2ca0a6fd877]::panicking::default_hook::{closure#0}
[INFO] [stdout]    4:     0x6352a1a76121 - std[617be2ca0a6fd877]::panicking::default_hook
[INFO] [stdout]    5:     0x6352a1a76302 - std[617be2ca0a6fd877]::panicking::panic_with_hook
[INFO] [stdout]    6:     0x6352a1a59e62 - std[617be2ca0a6fd877]::panicking::panic_handler::{closure#0}
[INFO] [stdout]    7:     0x6352a1a52a29 - std[617be2ca0a6fd877]::sys::backtrace::__rust_end_short_backtrace::<std[617be2ca0a6fd877]::panicking::panic_handler::{closure#0}, !>
[INFO] [stdout]    8:     0x6352a1a5aa7d - __rustc[ea4f61d10b84890b]::rust_begin_unwind
[INFO] [stdout]    9:     0x6352a1930b2c - core[a373ad73a504971]::panicking::panic_fmt
[INFO] [stdout]   10:     0x6352a1930902 - core[a373ad73a504971]::result::unwrap_failed
[INFO] [stdout]   11:     0x6352a199cb64 - <diffutilslib[df1d6e9ae2cf0bc9]::ed_diff::tests::test_permutations::{closure#0} as core[a373ad73a504971]::ops::function::FnOnce<()>>::call_once
[INFO] [stdout]   12:     0x6352a1a86a6b - test[aada8e7e76ba119b]::__rust_begin_short_backtrace::<core[a373ad73a504971]::result::Result<(), alloc[2e1b2a31b91974c5]::string::String>, fn() -> core[a373ad73a504971]::result::Result<(), alloc[2e1b2a31b91974c5]::string::String>>
[INFO] [stdout]   13:     0x6352a1a94914 - test[aada8e7e76ba119b]::run_test::{closure#0}
[INFO] [stdout]   14:     0x6352a1a8e044 - std[617be2ca0a6fd877]::sys::backtrace::__rust_begin_short_backtrace::<test[aada8e7e76ba119b]::run_test::{closure#1}, ()>
[INFO] [stdout]   15:     0x6352a1a986d2 - <std[617be2ca0a6fd877]::thread::lifecycle::spawn_unchecked<test[aada8e7e76ba119b]::run_test::{closure#1}, ()>::{closure#1} as core[a373ad73a504971]::ops::function::FnOnce<()>>::call_once::{shim:vtable#0}
[INFO] [stdout]   16:     0x6352a1a7d104 - <std[617be2ca0a6fd877]::sys::thread::unix::Thread>::new::thread_start
[INFO] [stdout]   17:     0x721d8dfb5dfa - <unknown>
[INFO] [stdout]   18:     0x721d8e0493d4 - clone
[INFO] [stdout]   19:                0x0 - <unknown>
[INFO] [stdout] 
[INFO] [stdout] ---- ed_diff::tests::test_permutations_empty_lines stdout ----
[INFO] [stdout] 
[INFO] [stdout] thread 'ed_diff::tests::test_permutations_empty_lines' (952) panicked at src/ed_diff.rs:303:38:
[INFO] [stdout] called `Result::unwrap()` on an `Err` value: Os { code: 2, kind: NotFound, message: "No such file or directory" }
[INFO] [stdout] stack backtrace:
[INFO] [stdout]    0:     0x6352a1a7e046 - <<std[617be2ca0a6fd877]::sys::backtrace::BacktraceLock>::print::DisplayBacktrace as core[a373ad73a504971]::fmt::Display>::fmt
[INFO] [stdout]    1:     0x6352a193040a - core[a373ad73a504971]::fmt::write
[INFO] [stdout]    2:     0x6352a1a83c4c - <alloc[2e1b2a31b91974c5]::vec::Vec<u8> as core[a373ad73a504971]::io::write::Write>::write_fmt
[INFO] [stdout]    3:     0x6352a1a59db2 - std[617be2ca0a6fd877]::panicking::default_hook::{closure#0}
[INFO] [stdout]    4:     0x6352a1a76121 - std[617be2ca0a6fd877]::panicking::default_hook
[INFO] [stdout]    5:     0x6352a1a76302 - std[617be2ca0a6fd877]::panicking::panic_with_hook
[INFO] [stdout]    6:     0x6352a1a59e62 - std[617be2ca0a6fd877]::panicking::panic_handler::{closure#0}
[INFO] [stdout]    7:     0x6352a1a52a29 - std[617be2ca0a6fd877]::sys::backtrace::__rust_end_short_backtrace::<std[617be2ca0a6fd877]::panicking::panic_handler::{closure#0}, !>
[INFO] [stdout]    8:     0x6352a1a5aa7d - __rustc[ea4f61d10b84890b]::rust_begin_unwind
[INFO] [stdout]    9:     0x6352a1930b2c - core[a373ad73a504971]::panicking::panic_fmt
[INFO] [stdout]   10:     0x6352a1930902 - core[a373ad73a504971]::result::unwrap_failed
[INFO] [stdout]   11:     0x6352a19a0021 - <diffutilslib[df1d6e9ae2cf0bc9]::ed_diff::tests::test_permutations_empty_lines::{closure#0} as core[a373ad73a504971]::ops::function::FnOnce<()>>::call_once
[INFO] [stdout]   12:     0x6352a1a86a6b - test[aada8e7e76ba119b]::__rust_begin_short_backtrace::<core[a373ad73a504971]::result::Result<(), alloc[2e1b2a31b91974c5]::string::String>, fn() -> core[a373ad73a504971]::result::Result<(), alloc[2e1b2a31b91974c5]::string::String>>
[INFO] [stdout]   13:     0x6352a1a94914 - test[aada8e7e76ba119b]::run_test::{closure#0}
[INFO] [stdout]   14:     0x6352a1a8e044 - std[617be2ca0a6fd877]::sys::backtrace::__rust_begin_short_backtrace::<test[aada8e7e76ba119b]::run_test::{closure#1}, ()>
[INFO] [stdout]   15:     0x6352a1a986d2 - <std[617be2ca0a6fd877]::thread::lifecycle::spawn_unchecked<test[aada8e7e76ba119b]::run_test::{closure#1}, ()>::{closure#1} as core[a373ad73a504971]::ops::function::FnOnce<()>>::call_once::{shim:vtable#0}
[INFO] [stdout]   16:     0x6352a1a7d104 - <std[617be2ca0a6fd877]::sys::thread::unix::Thread>::new::thread_start
[INFO] [stdout]   17:     0x721d8dfb5dfa - <unknown>
[INFO] [stdout]   18:     0x721d8e0493d4 - clone
[INFO] [stdout]   19:                0x0 - <unknown>
[INFO] [stdout] 
[INFO] [stdout] ---- normal_diff::tests::test_permutations_empty_lines stdout ----
[INFO] [stdout] 
[INFO] [stdout] thread 'normal_diff::tests::test_permutations_empty_lines' (957) panicked at src/normal_diff.rs:445:38:
[INFO] [stdout] called `Result::unwrap()` on an `Err` value: Os { code: 2, kind: NotFound, message: "No such file or directory" }
[INFO] [stdout] stack backtrace:
[INFO] [stdout]    0:     0x6352a1a7e046 - <<std[617be2ca0a6fd877]::sys::backtrace::BacktraceLock>::print::DisplayBacktrace as core[a373ad73a504971]::fmt::Display>::fmt
[INFO] [stdout]    1:     0x6352a193040a - core[a373ad73a504971]::fmt::write
[INFO] [stdout]    2:     0x6352a1a83c4c - <alloc[2e1b2a31b91974c5]::vec::Vec<u8> as core[a373ad73a504971]::io::write::Write>::write_fmt
[INFO] [stdout]    3:     0x6352a1a59db2 - std[617be2ca0a6fd877]::panicking::default_hook::{closure#0}
[INFO] [stdout]    4:     0x6352a1a76121 - std[617be2ca0a6fd877]::panicking::default_hook
[INFO] [stdout]    5:     0x6352a1a76302 - std[617be2ca0a6fd877]::panicking::panic_with_hook
[INFO] [stdout]    6:     0x6352a1a59e62 - std[617be2ca0a6fd877]::panicking::panic_handler::{closure#0}
[INFO] [stdout]    7:     0x6352a1a52a29 - std[617be2ca0a6fd877]::sys::backtrace::__rust_end_short_backtrace::<std[617be2ca0a6fd877]::panicking::panic_handler::{closure#0}, !>
[INFO] [stdout]    8:     0x6352a1a5aa7d - __rustc[ea4f61d10b84890b]::rust_begin_unwind
[INFO] [stdout]    9:     0x6352a1930b2c - core[a373ad73a504971]::panicking::panic_fmt
[INFO] [stdout]   10:     0x6352a1930902 - core[a373ad73a504971]::result::unwrap_failed
[INFO] [stdout]   11:     0x6352a1977204 - <diffutilslib[df1d6e9ae2cf0bc9]::normal_diff::tests::test_permutations_empty_lines::{closure#0} as core[a373ad73a504971]::ops::function::FnOnce<()>>::call_once
[INFO] [stdout]   12:     0x6352a1a86a6b - test[aada8e7e76ba119b]::__rust_begin_short_backtrace::<core[a373ad73a504971]::result::Result<(), alloc[2e1b2a31b91974c5]::string::String>, fn() -> core[a373ad73a504971]::result::Result<(), alloc[2e1b2a31b91974c5]::string::String>>
[INFO] [stdout]   13:     0x6352a1a94914 - test[aada8e7e76ba119b]::run_test::{closure#0}
[INFO] [stdout]   14:     0x6352a1a8e044 - std[617be2ca0a6fd877]::sys::backtrace::__rust_begin_short_backtrace::<test[aada8e7e76ba119b]::run_test::{closure#1}, ()>
[INFO] [stdout]   15:     0x6352a1a986d2 - <std[617be2ca0a6fd877]::thread::lifecycle::spawn_unchecked<test[aada8e7e76ba119b]::run_test::{closure#1}, ()>::{closure#1} as core[a373ad73a504971]::ops::function::FnOnce<()>>::call_once::{shim:vtable#0}
[INFO] [stdout]   16:     0x6352a1a7d104 - <std[617be2ca0a6fd877]::sys::thread::unix::Thread>::new::thread_start
[INFO] [stdout]   17:     0x721d8dfb5dfa - <unknown>
[INFO] [stdout]   18:     0x721d8e0493d4 - clone
[INFO] [stdout]   19:                0x0 - <unknown>
[INFO] [stdout] 
[INFO] [stdout] ---- ed_diff::tests::test_permutations_reverse stdout ----
[INFO] [stdout] 
[INFO] [stdout] thread 'ed_diff::tests::test_permutations_reverse' (953) panicked at src/ed_diff.rs:383:38:
[INFO] [stdout] called `Result::unwrap()` on an `Err` value: Os { code: 2, kind: NotFound, message: "No such file or directory" }
[INFO] [stdout] stack backtrace:
[INFO] [stdout]    0:     0x6352a1a7e046 - <<std[617be2ca0a6fd877]::sys::backtrace::BacktraceLock>::print::DisplayBacktrace as core[a373ad73a504971]::fmt::Display>::fmt
[INFO] [stdout]    1:     0x6352a193040a - core[a373ad73a504971]::fmt::write
[INFO] [stdout]    2:     0x6352a1a83c4c - <alloc[2e1b2a31b91974c5]::vec::Vec<u8> as core[a373ad73a504971]::io::write::Write>::write_fmt
[INFO] [stdout]    3:     0x6352a1a59db2 - std[617be2ca0a6fd877]::panicking::default_hook::{closure#0}
[INFO] [stdout]    4:     0x6352a1a76121 - std[617be2ca0a6fd877]::panicking::default_hook
[INFO] [stdout]    5:     0x6352a1a76302 - std[617be2ca0a6fd877]::panicking::panic_with_hook
[INFO] [stdout]    6:     0x6352a1a59e62 - std[617be2ca0a6fd877]::panicking::panic_handler::{closure#0}
[INFO] [stdout]    7:     0x6352a1a52a29 - std[617be2ca0a6fd877]::sys::backtrace::__rust_end_short_backtrace::<std[617be2ca0a6fd877]::panicking::panic_handler::{closure#0}, !>
[INFO] [stdout]    8:     0x6352a1a5aa7d - __rustc[ea4f61d10b84890b]::rust_begin_unwind
[INFO] [stdout]    9:     0x6352a1930b2c - core[a373ad73a504971]::panicking::panic_fmt
[INFO] [stdout]   10:     0x6352a1930902 - core[a373ad73a504971]::result::unwrap_failed
[INFO] [stdout]   11:     0x6352a199e529 - <diffutilslib[df1d6e9ae2cf0bc9]::ed_diff::tests::test_permutations_reverse::{closure#0} as core[a373ad73a504971]::ops::function::FnOnce<()>>::call_once
[INFO] [stdout]   12:     0x6352a1a86a6b - test[aada8e7e76ba119b]::__rust_begin_short_backtrace::<core[a373ad73a504971]::result::Result<(), alloc[2e1b2a31b91974c5]::string::String>, fn() -> core[a373ad73a504971]::result::Result<(), alloc[2e1b2a31b91974c5]::string::String>>
[INFO] [stdout]   13:     0x6352a1a94914 - test[aada8e7e76ba119b]::run_test::{closure#0}
[INFO] [stdout]   14:     0x6352a1a8e044 - std[617be2ca0a6fd877]::sys::backtrace::__rust_begin_short_backtrace::<test[aada8e7e76ba119b]::run_test::{closure#1}, ()>
[INFO] [stdout]   15:     0x6352a1a986d2 - <std[617be2ca0a6fd877]::thread::lifecycle::spawn_unchecked<test[aada8e7e76ba119b]::run_test::{closure#1}, ()>::{closure#1} as core[a373ad73a504971]::ops::function::FnOnce<()>>::call_once::{shim:vtable#0}
[INFO] [stdout]   16:     0x6352a1a7d104 - <std[617be2ca0a6fd877]::sys::thread::unix::Thread>::new::thread_start
[INFO] [stdout]   17:     0x721d8dfb5dfa - <unknown>
[INFO] [stdout]   18:     0x721d8e0493d4 - clone
[INFO] [stdout]   19:                0x0 - <unknown>
[INFO] [stdout] 
[INFO] [stdout] ---- normal_diff::tests::test_permutations_reverse stdout ----
[INFO] [stdout] 
[INFO] [stdout] thread 'normal_diff::tests::test_permutations_reverse' (959) panicked at src/normal_diff.rs:523:38:
[INFO] [stdout] called `Result::unwrap()` on an `Err` value: Os { code: 2, kind: NotFound, message: "No such file or directory" }
[INFO] [stdout] stack backtrace:
[INFO] [stdout]    0:     0x6352a1a7e046 - <<std[617be2ca0a6fd877]::sys::backtrace::BacktraceLock>::print::DisplayBacktrace as core[a373ad73a504971]::fmt::Display>::fmt
[INFO] [stdout]    1:     0x6352a193040a - core[a373ad73a504971]::fmt::write
[INFO] [stdout]    2:     0x6352a1a83c4c - <alloc[2e1b2a31b91974c5]::vec::Vec<u8> as core[a373ad73a504971]::io::write::Write>::write_fmt
[INFO] [stdout]    3:     0x6352a1a59db2 - std[617be2ca0a6fd877]::panicking::default_hook::{closure#0}
[INFO] [stdout]    4:     0x6352a1a76121 - std[617be2ca0a6fd877]::panicking::default_hook
[INFO] [stdout]    5:     0x6352a1a76302 - std[617be2ca0a6fd877]::panicking::panic_with_hook
[INFO] [stdout]    6:     0x6352a1a59e62 - std[617be2ca0a6fd877]::panicking::panic_handler::{closure#0}
[INFO] [stdout]    7:     0x6352a1a52a29 - std[617be2ca0a6fd877]::sys::backtrace::__rust_end_short_backtrace::<std[617be2ca0a6fd877]::panicking::panic_handler::{closure#0}, !>
[INFO] [stdout]    8:     0x6352a1a5aa7d - __rustc[ea4f61d10b84890b]::rust_begin_unwind
[INFO] [stdout]    9:     0x6352a1930b2c - core[a373ad73a504971]::panicking::panic_fmt
[INFO] [stdout]   10:     0x6352a1930902 - core[a373ad73a504971]::result::unwrap_failed
[INFO] [stdout]   11:     0x6352a197596f - <diffutilslib[df1d6e9ae2cf0bc9]::normal_diff::tests::test_permutations_reverse::{closure#0} as core[a373ad73a504971]::ops::function::FnOnce<()>>::call_once
[INFO] [stdout]   12:     0x6352a1a86a6b - test[aada8e7e76ba119b]::__rust_begin_short_backtrace::<core[a373ad73a504971]::result::Result<(), alloc[2e1b2a31b91974c5]::string::String>, fn() -> core[a373ad73a504971]::result::Result<(), alloc[2e1b2a31b91974c5]::string::String>>
[INFO] [stdout]   13:     0x6352a1a94914 - test[aada8e7e76ba119b]::run_test::{closure#0}
[INFO] [stdout]   14:     0x6352a1a8e044 - std[617be2ca0a6fd877]::sys::backtrace::__rust_begin_short_backtrace::<test[aada8e7e76ba119b]::run_test::{closure#1}, ()>
[INFO] [stdout]   15:     0x6352a1a986d2 - <std[617be2ca0a6fd877]::thread::lifecycle::spawn_unchecked<test[aada8e7e76ba119b]::run_test::{closure#1}, ()>::{closure#1} as core[a373ad73a504971]::ops::function::FnOnce<()>>::call_once::{shim:vtable#0}
[INFO] [stdout]   16:     0x6352a1a7d104 - <std[617be2ca0a6fd877]::sys::thread::unix::Thread>::new::thread_start
[INFO] [stdout]   17:     0x721d8dfb5dfa - <unknown>
[INFO] [stdout]   18:     0x721d8e0493d4 - clone
[INFO] [stdout]   19:                0x0 - <unknown>
[INFO] [stdout] 
[INFO] [stdout] ---- context_diff::tests::test_permutations_empty_lines stdout ----
[INFO] [stdout] 
[INFO] [stdout] thread 'context_diff::tests::test_permutations_empty_lines' (946) panicked at src/context_diff.rs:524:38:
[INFO] [stdout] called `Result::unwrap()` on an `Err` value: Os { code: 2, kind: NotFound, message: "No such file or directory" }
[INFO] [stdout] stack backtrace:
[INFO] [stdout]    0:     0x6352a1a7e046 - <<std[617be2ca0a6fd877]::sys::backtrace::BacktraceLock>::print::DisplayBacktrace as core[a373ad73a504971]::fmt::Display>::fmt
[INFO] [stdout]    1:     0x6352a193040a - core[a373ad73a504971]::fmt::write
[INFO] [stdout]    2:     0x6352a1a83c4c - <alloc[2e1b2a31b91974c5]::vec::Vec<u8> as core[a373ad73a504971]::io::write::Write>::write_fmt
[INFO] [stdout]    3:     0x6352a1a59db2 - std[617be2ca0a6fd877]::panicking::default_hook::{closure#0}
[INFO] [stdout]    4:     0x6352a1a76121 - std[617be2ca0a6fd877]::panicking::default_hook
[INFO] [stdout]    5:     0x6352a1a76302 - std[617be2ca0a6fd877]::panicking::panic_with_hook
[INFO] [stdout]    6:     0x6352a1a59e62 - std[617be2ca0a6fd877]::panicking::panic_handler::{closure#0}
[INFO] [stdout]    7:     0x6352a1a52a29 - std[617be2ca0a6fd877]::sys::backtrace::__rust_end_short_backtrace::<std[617be2ca0a6fd877]::panicking::panic_handler::{closure#0}, !>
[INFO] [stdout]    8:     0x6352a1a5aa7d - __rustc[ea4f61d10b84890b]::rust_begin_unwind
[INFO] [stdout]    9:     0x6352a1930b2c - core[a373ad73a504971]::panicking::panic_fmt
[INFO] [stdout]   10:     0x6352a1930902 - core[a373ad73a504971]::result::unwrap_failed
[INFO] [stdout]   11:     0x6352a197dfe5 - <diffutilslib[df1d6e9ae2cf0bc9]::context_diff::tests::test_permutations_empty_lines::{closure#0} as core[a373ad73a504971]::ops::function::FnOnce<()>>::call_once
[INFO] [stdout]   12:     0x6352a1a86a6b - test[aada8e7e76ba119b]::__rust_begin_short_backtrace::<core[a373ad73a504971]::result::Result<(), alloc[2e1b2a31b91974c5]::string::String>, fn() -> core[a373ad73a504971]::result::Result<(), alloc[2e1b2a31b91974c5]::string::String>>
[INFO] [stdout]   13:     0x6352a1a94914 - test[aada8e7e76ba119b]::run_test::{closure#0}
[INFO] [stdout]   14:     0x6352a1a8e044 - std[617be2ca0a6fd877]::sys::backtrace::__rust_begin_short_backtrace::<test[aada8e7e76ba119b]::run_test::{closure#1}, ()>
[INFO] [stdout]   15:     0x6352a1a986d2 - <std[617be2ca0a6fd877]::thread::lifecycle::spawn_unchecked<test[aada8e7e76ba119b]::run_test::{closure#1}, ()>::{closure#1} as core[a373ad73a504971]::ops::function::FnOnce<()>>::call_once::{shim:vtable#0}
[INFO] [stdout]   16:     0x6352a1a7d104 - <std[617be2ca0a6fd877]::sys::thread::unix::Thread>::new::thread_start
[INFO] [stdout]   17:     0x721d8dfb5dfa - <unknown>
[INFO] [stdout]   18:     0x721d8e0493d4 - clone
[INFO] [stdout]   19:                0x0 - <unknown>
[INFO] [stdout] 
[INFO] [stdout] ---- context_diff::tests::test_permutations_missing_lines stdout ----
[INFO] [stdout] 
[INFO] [stdout] thread 'context_diff::tests::test_permutations_missing_lines' (947) panicked at src/context_diff.rs:608:38:
[INFO] [stdout] called `Result::unwrap()` on an `Err` value: Os { code: 2, kind: NotFound, message: "No such file or directory" }
[INFO] [stdout] stack backtrace:
[INFO] [stdout]    0:     0x6352a1a7e046 - <<std[617be2ca0a6fd877]::sys::backtrace::BacktraceLock>::print::DisplayBacktrace as core[a373ad73a504971]::fmt::Display>::fmt
[INFO] [stdout]    1:     0x6352a193040a - core[a373ad73a504971]::fmt::write
[INFO] [stdout]    2:     0x6352a1a83c4c - <alloc[2e1b2a31b91974c5]::vec::Vec<u8> as core[a373ad73a504971]::io::write::Write>::write_fmt
[INFO] [stdout]    3:     0x6352a1a59db2 - std[617be2ca0a6fd877]::panicking::default_hook::{closure#0}
[INFO] [stdout]    4:     0x6352a1a76121 - std[617be2ca0a6fd877]::panicking::default_hook
[INFO] [stdout]    5:     0x6352a1a76302 - std[617be2ca0a6fd877]::panicking::panic_with_hook
[INFO] [stdout]    6:     0x6352a1a59e62 - std[617be2ca0a6fd877]::panicking::panic_handler::{closure#0}
[INFO] [stdout]    7:     0x6352a1a52a29 - std[617be2ca0a6fd877]::sys::backtrace::__rust_end_short_backtrace::<std[617be2ca0a6fd877]::panicking::panic_handler::{closure#0}, !>
[INFO] [stdout]    8:     0x6352a1a5aa7d - __rustc[ea4f61d10b84890b]::rust_begin_unwind
[INFO] [stdout]    9:     0x6352a1930b2c - core[a373ad73a504971]::panicking::panic_fmt
[INFO] [stdout]   10:     0x6352a1930902 - core[a373ad73a504971]::result::unwrap_failed
[INFO] [stdout]   11:     0x6352a197f9ce - <diffutilslib[df1d6e9ae2cf0bc9]::context_diff::tests::test_permutations_missing_lines::{closure#0} as core[a373ad73a504971]::ops::function::FnOnce<()>>::call_once
[INFO] [stdout]   12:     0x6352a1a86a6b - test[aada8e7e76ba119b]::__rust_begin_short_backtrace::<core[a373ad73a504971]::result::Result<(), alloc[2e1b2a31b91974c5]::string::String>, fn() -> core[a373ad73a504971]::result::Result<(), alloc[2e1b2a31b91974c5]::string::String>>
[INFO] [stdout]   13:     0x6352a1a94914 - test[aada8e7e76ba119b]::run_test::{closure#0}
[INFO] [stdout]   14:     0x6352a1a8e044 - std[617be2ca0a6fd877]::sys::backtrace::__rust_begin_short_backtrace::<test[aada8e7e76ba119b]::run_test::{closure#1}, ()>
[INFO] [stdout]   15:     0x6352a1a986d2 - <std[617be2ca0a6fd877]::thread::lifecycle::spawn_unchecked<test[aada8e7e76ba119b]::run_test::{closure#1}, ()>::{closure#1} as core[a373ad73a504971]::ops::function::FnOnce<()>>::call_once::{shim:vtable#0}
[INFO] [stdout]   16:     0x6352a1a7d104 - <std[617be2ca0a6fd877]::sys::thread::unix::Thread>::new::thread_start
[INFO] [stdout]   17:     0x721d8dfb5dfa - <unknown>
[INFO] [stdout]   18:     0x721d8e0493d4 - clone
[INFO] [stdout]   19:                0x0 - <unknown>
[INFO] [stdout] 
[INFO] [stdout] ---- normal_diff::tests::test_permutations stdout ----
[INFO] [stdout] 
[INFO] [stdout] thread 'normal_diff::tests::test_permutations' (956) panicked at src/normal_diff.rs:279:38:
[INFO] [stdout] called `Result::unwrap()` on an `Err` value: Os { code: 2, kind: NotFound, message: "No such file or directory" }
[INFO] [stdout] stack backtrace:
[INFO] [stdout]    0:     0x6352a1a7e046 - <<std[617be2ca0a6fd877]::sys::backtrace::BacktraceLock>::print::DisplayBacktrace as core[a373ad73a504971]::fmt::Display>::fmt
[INFO] [stdout]    1:     0x6352a193040a - core[a373ad73a504971]::fmt::write
[INFO] [stdout]    2:     0x6352a1a83c4c - <alloc[2e1b2a31b91974c5]::vec::Vec<u8> as core[a373ad73a504971]::io::write::Write>::write_fmt
[INFO] [stdout]    3:     0x6352a1a59db2 - std[617be2ca0a6fd877]::panicking::default_hook::{closure#0}
[INFO] [stdout]    4:     0x6352a1a76121 - std[617be2ca0a6fd877]::panicking::default_hook
[INFO] [stdout]    5:     0x6352a1a76302 - std[617be2ca0a6fd877]::panicking::panic_with_hook
[INFO] [stdout]    6:     0x6352a1a59e62 - std[617be2ca0a6fd877]::panicking::panic_handler::{closure#0}
[INFO] [stdout]    7:     0x6352a1a52a29 - std[617be2ca0a6fd877]::sys::backtrace::__rust_end_short_backtrace::<std[617be2ca0a6fd877]::panicking::panic_handler::{closure#0}, !>
[INFO] [stdout]    8:     0x6352a1a5aa7d - __rustc[ea4f61d10b84890b]::rust_begin_unwind
[INFO] [stdout]    9:     0x6352a1930b2c - core[a373ad73a504971]::panicking::panic_fmt
[INFO] [stdout]   10:     0x6352a1930902 - core[a373ad73a504971]::result::unwrap_failed
[INFO] [stdout]   11:     0x6352a1974215 - <diffutilslib[df1d6e9ae2cf0bc9]::normal_diff::tests::test_permutations::{closure#0} as core[a373ad73a504971]::ops::function::FnOnce<()>>::call_once
[INFO] [stdout]   12:     0x6352a1a86a6b - test[aada8e7e76ba119b]::__rust_begin_short_backtrace::<core[a373ad73a504971]::result::Result<(), alloc[2e1b2a31b91974c5]::string::String>, fn() -> core[a373ad73a504971]::result::Result<(), alloc[2e1b2a31b91974c5]::string::String>>
[INFO] [stdout]   13:     0x6352a1a94914 - test[aada8e7e76ba119b]::run_test::{closure#0}
[INFO] [stdout]   14:     0x6352a1a8e044 - std[617be2ca0a6fd877]::sys::backtrace::__rust_begin_short_backtrace::<test[aada8e7e76ba119b]::run_test::{closure#1}, ()>
[INFO] [stdout]   15:     0x6352a1a986d2 - <std[617be2ca0a6fd877]::thread::lifecycle::spawn_unchecked<test[aada8e7e76ba119b]::run_test::{closure#1}, ()>::{closure#1} as core[a373ad73a504971]::ops::function::FnOnce<()>>::call_once::{shim:vtable#0}
[INFO] [stdout]   16:     0x6352a1a7d104 - <std[617be2ca0a6fd877]::sys::thread::unix::Thread>::new::thread_start
[INFO] [stdout]   17:     0x721d8dfb5dfa - <unknown>
[INFO] [stdout]   18:     0x721d8e0493d4 - clone
[INFO] [stdout]   19:                0x0 - <unknown>
[INFO] [stdout] 
[INFO] [stdout] ---- normal_diff::tests::test_permutations_missing_line_ending stdout ----
[INFO] [stdout] 
[INFO] [stdout] thread 'normal_diff::tests::test_permutations_missing_line_ending' (958) panicked at src/normal_diff.rs:371:42:
[INFO] [stdout] called `Result::unwrap()` on an `Err` value: Os { code: 2, kind: NotFound, message: "No such file or directory" }
[INFO] [stdout] stack backtrace:
[INFO] [stdout]    0:     0x6352a1a7e046 - <<std[617be2ca0a6fd877]::sys::backtrace::BacktraceLock>::print::DisplayBacktrace as core[a373ad73a504971]::fmt::Display>::fmt
[INFO] [stdout]    1:     0x6352a193040a - core[a373ad73a504971]::fmt::write
[INFO] [stdout]    2:     0x6352a1a83c4c - <alloc[2e1b2a31b91974c5]::vec::Vec<u8> as core[a373ad73a504971]::io::write::Write>::write_fmt
[INFO] [stdout]    3:     0x6352a1a59db2 - std[617be2ca0a6fd877]::panicking::default_hook::{closure#0}
[INFO] [stdout]    4:     0x6352a1a76121 - std[617be2ca0a6fd877]::panicking::default_hook
[INFO] [stdout]    5:     0x6352a1a76302 - std[617be2ca0a6fd877]::panicking::panic_with_hook
[INFO] [stdout]    6:     0x6352a1a59e62 - std[617be2ca0a6fd877]::panicking::panic_handler::{closure#0}
[INFO] [stdout]    7:     0x6352a1a52a29 - std[617be2ca0a6fd877]::sys::backtrace::__rust_end_short_backtrace::<std[617be2ca0a6fd877]::panicking::panic_handler::{closure#0}, !>
[INFO] [stdout]    8:     0x6352a1a5aa7d - __rustc[ea4f61d10b84890b]::rust_begin_unwind
[INFO] [stdout]    9:     0x6352a1930b2c - core[a373ad73a504971]::panicking::panic_fmt
[INFO] [stdout]   10:     0x6352a1930902 - core[a373ad73a504971]::result::unwrap_failed
[INFO] [stdout]   11:     0x6352a1978a0b - <diffutilslib[df1d6e9ae2cf0bc9]::normal_diff::tests::test_permutations_missing_line_ending::{closure#0} as core[a373ad73a504971]::ops::function::FnOnce<()>>::call_once
[INFO] [stdout]   12:     0x6352a1a86a6b - test[aada8e7e76ba119b]::__rust_begin_short_backtrace::<core[a373ad73a504971]::result::Result<(), alloc[2e1b2a31b91974c5]::string::String>, fn() -> core[a373ad73a504971]::result::Result<(), alloc[2e1b2a31b91974c5]::string::String>>
[INFO] [stdout]   13:     0x6352a1a94914 - test[aada8e7e76ba119b]::run_test::{closure#0}
[INFO] [stdout]   14:     0x6352a1a8e044 - std[617be2ca0a6fd877]::sys::backtrace::__rust_begin_short_backtrace::<test[aada8e7e76ba119b]::run_test::{closure#1}, ()>
[INFO] [stdout]   15:     0x6352a1a986d2 - <std[617be2ca0a6fd877]::thread::lifecycle::spawn_unchecked<test[aada8e7e76ba119b]::run_test::{closure#1}, ()>::{closure#1} as core[a373ad73a504971]::ops::function::FnOnce<()>>::call_once::{shim:vtable#0}
[INFO] [stdout]   16:     0x6352a1a7d104 - <std[617be2ca0a6fd877]::sys::thread::unix::Thread>::new::thread_start
[INFO] [stdout]   17:     0x721d8dfb5dfa - <unknown>
[INFO] [stdout]   18:     0x721d8e0493d4 - clone
[INFO] [stdout]   19:                0x0 - <unknown>
[INFO] [stdout] 
[INFO] [stdout] ---- context_diff::tests::test_permutations stdout ----
[INFO] [stdout] 
[INFO] [stdout] thread 'context_diff::tests::test_permutations' (945) panicked at src/context_diff.rs:443:38:
[INFO] [stdout] called `Result::unwrap()` on an `Err` value: Os { code: 2, kind: NotFound, message: "No such file or directory" }
[INFO] [stdout] stack backtrace:
[INFO] [stdout]    0:     0x6352a1a7e046 - <<std[617be2ca0a6fd877]::sys::backtrace::BacktraceLock>::print::DisplayBacktrace as core[a373ad73a504971]::fmt::Display>::fmt
[INFO] [stdout]    1:     0x6352a193040a - core[a373ad73a504971]::fmt::write
[INFO] [stdout]    2:     0x6352a1a83c4c - <alloc[2e1b2a31b91974c5]::vec::Vec<u8> as core[a373ad73a504971]::io::write::Write>::write_fmt
[INFO] [stdout]    3:     0x6352a1a59db2 - std[617be2ca0a6fd877]::panicking::default_hook::{closure#0}
[INFO] [stdout]    4:     0x6352a1a76121 - std[617be2ca0a6fd877]::panicking::default_hook
[INFO] [stdout]    5:     0x6352a1a76302 - std[617be2ca0a6fd877]::panicking::panic_with_hook
[INFO] [stdout]    6:     0x6352a1a59e62 - std[617be2ca0a6fd877]::panicking::panic_handler::{closure#0}
[INFO] [stdout]    7:     0x6352a1a52a29 - std[617be2ca0a6fd877]::sys::backtrace::__rust_end_short_backtrace::<std[617be2ca0a6fd877]::panicking::panic_handler::{closure#0}, !>
[INFO] [stdout]    8:     0x6352a1a5aa7d - __rustc[ea4f61d10b84890b]::rust_begin_unwind
[INFO] [stdout]    9:     0x6352a1930b2c - core[a373ad73a504971]::panicking::panic_fmt
[INFO] [stdout]   10:     0x6352a1930902 - core[a373ad73a504971]::result::unwrap_failed
[INFO] [stdout]   11:     0x6352a197adf4 - <diffutilslib[df1d6e9ae2cf0bc9]::context_diff::tests::test_permutations::{closure#0} as core[a373ad73a504971]::ops::function::FnOnce<()>>::call_once
[INFO] [stdout]   12:     0x6352a1a86a6b - test[aada8e7e76ba119b]::__rust_begin_short_backtrace::<core[a373ad73a504971]::result::Result<(), alloc[2e1b2a31b91974c5]::string::String>, fn() -> core[a373ad73a504971]::result::Result<(), alloc[2e1b2a31b91974c5]::string::String>>
[INFO] [stdout]   13:     0x6352a1a94914 - test[aada8e7e76ba119b]::run_test::{closure#0}
[INFO] [stdout]   14:     0x6352a1a8e044 - std[617be2ca0a6fd877]::sys::backtrace::__rust_begin_short_backtrace::<test[aada8e7e76ba119b]::run_test::{closure#1}, ()>
[INFO] [stdout]   15:     0x6352a1a986d2 - <std[617be2ca0a6fd877]::thread::lifecycle::spawn_unchecked<test[aada8e7e76ba119b]::run_test::{closure#1}, ()>::{closure#1} as core[a373ad73a504971]::ops::function::FnOnce<()>>::call_once::{shim:vtable#0}
[INFO] [stdout]   16:     0x6352a1a7d104 - <std[617be2ca0a6fd877]::sys::thread::unix::Thread>::new::thread_start
[INFO] [stdout]   17:     0x721d8dfb5dfa - <unknown>
[INFO] [stdout]   18:     0x721d8e0493d4 - clone
[INFO] [stdout]   19:                0x0 - <unknown>
[INFO] [stdout] 
[INFO] [stdout] ---- unified_diff::tests::test_permutations_missing_lines stdout ----
[INFO] [stdout] 
[INFO] [stdout] thread 'unified_diff::tests::test_permutations_missing_lines' (1057) panicked at src/unified_diff.rs:763:38:
[INFO] [stdout] called `Result::unwrap()` on an `Err` value: Os { code: 2, kind: NotFound, message: "No such file or directory" }
[INFO] [stdout] stack backtrace:
[INFO] [stdout]    0:     0x6352a1a7e046 - <<std[617be2ca0a6fd877]::sys::backtrace::BacktraceLock>::print::DisplayBacktrace as core[a373ad73a504971]::fmt::Display>::fmt
[INFO] [stdout]    1:     0x6352a193040a - core[a373ad73a504971]::fmt::write
[INFO] [stdout]    2:     0x6352a1a83c4c - <alloc[2e1b2a31b91974c5]::vec::Vec<u8> as core[a373ad73a504971]::io::write::Write>::write_fmt
[INFO] [stdout]    3:     0x6352a1a59db2 - std[617be2ca0a6fd877]::panicking::default_hook::{closure#0}
[INFO] [stdout]    4:     0x6352a1a76121 - std[617be2ca0a6fd877]::panicking::default_hook
[INFO] [stdout]    5:     0x6352a1a76302 - std[617be2ca0a6fd877]::panicking::panic_with_hook
[INFO] [stdout]    6:     0x6352a1a59e62 - std[617be2ca0a6fd877]::panicking::panic_handler::{closure#0}
[INFO] [stdout]    7:     0x6352a1a52a29 - std[617be2ca0a6fd877]::sys::backtrace::__rust_end_short_backtrace::<std[617be2ca0a6fd877]::panicking::panic_handler::{closure#0}, !>
[INFO] [stdout]    8:     0x6352a1a5aa7d - __rustc[ea4f61d10b84890b]::rust_begin_unwind
[INFO] [stdout]    9:     0x6352a1930b2c - core[a373ad73a504971]::panicking::panic_fmt
[INFO] [stdout]   10:     0x6352a1930902 - core[a373ad73a504971]::result::unwrap_failed
[INFO] [stdout]   11:     0x6352a1986f1c - <diffutilslib[df1d6e9ae2cf0bc9]::unified_diff::tests::test_permutations_missing_lines::{closure#0} as core[a373ad73a504971]::ops::function::FnOnce<()>>::call_once
[INFO] [stdout]   12:     0x6352a1a86a6b - test[aada8e7e76ba119b]::__rust_begin_short_backtrace::<core[a373ad73a504971]::result::Result<(), alloc[2e1b2a31b91974c5]::string::String>, fn() -> core[a373ad73a504971]::result::Result<(), alloc[2e1b2a31b91974c5]::string::String>>
[INFO] [stdout]   13:     0x6352a1a94914 - test[aada8e7e76ba119b]::run_test::{closure#0}
[INFO] [stdout]   14:     0x6352a1a8e044 - std[617be2ca0a6fd877]::sys::backtrace::__rust_begin_short_backtrace::<test[aada8e7e76ba119b]::run_test::{closure#1}, ()>
[INFO] [stdout]   15:     0x6352a1a986d2 - <std[617be2ca0a6fd877]::thread::lifecycle::spawn_unchecked<test[aada8e7e76ba119b]::run_test::{closure#1}, ()>::{closure#1} as core[a373ad73a504971]::ops::function::FnOnce<()>>::call_once::{shim:vtable#0}
[INFO] [stdout]   16:     0x6352a1a7d104 - <std[617be2ca0a6fd877]::sys::thread::unix::Thread>::new::thread_start
[INFO] [stdout]   17:     0x721d8dfb5dfa - <unknown>
[INFO] [stdout]   18:     0x721d8e0493d4 - clone
[INFO] [stdout]   19:                0x0 - <unknown>
[INFO] [stdout] 
[INFO] [stdout] ---- unified_diff::tests::test_permutations stdout ----
[INFO] [stdout] 
[INFO] [stdout] thread 'unified_diff::tests::test_permutations' (1054) panicked at src/unified_diff.rs:470:38:
[INFO] [stdout] called `Result::unwrap()` on an `Err` value: Os { code: 2, kind: NotFound, message: "No such file or directory" }
[INFO] [stdout] stack backtrace:
[INFO] [stdout]    0:     0x6352a1a7e046 - <<std[617be2ca0a6fd877]::sys::backtrace::BacktraceLock>::print::DisplayBacktrace as core[a373ad73a504971]::fmt::Display>::fmt
[INFO] [stdout]    1:     0x6352a193040a - core[a373ad73a504971]::fmt::write
[INFO] [stdout]    2:     0x6352a1a83c4c - <alloc[2e1b2a31b91974c5]::vec::Vec<u8> as core[a373ad73a504971]::io::write::Write>::write_fmt
[INFO] [stdout]    3:     0x6352a1a59db2 - std[617be2ca0a6fd877]::panicking::default_hook::{closure#0}
[INFO] [stdout]    4:     0x6352a1a76121 - std[617be2ca0a6fd877]::panicking::default_hook
[INFO] [stdout]    5:     0x6352a1a76302 - std[617be2ca0a6fd877]::panicking::panic_with_hook
[INFO] [stdout]    6:     0x6352a1a59e62 - std[617be2ca0a6fd877]::panicking::panic_handler::{closure#0}
[INFO] [stdout]    7:     0x6352a1a52a29 - std[617be2ca0a6fd877]::sys::backtrace::__rust_end_short_backtrace::<std[617be2ca0a6fd877]::panicking::panic_handler::{closure#0}, !>
[INFO] [stdout]    8:     0x6352a1a5aa7d - __rustc[ea4f61d10b84890b]::rust_begin_unwind
[INFO] [stdout]    9:     0x6352a1930b2c - core[a373ad73a504971]::panicking::panic_fmt
[INFO] [stdout]   10:     0x6352a1930902 - core[a373ad73a504971]::result::unwrap_failed
[INFO] [stdout]   11:     0x6352a19821ff - <diffutilslib[df1d6e9ae2cf0bc9]::unified_diff::tests::test_permutations::{closure#0} as core[a373ad73a504971]::ops::function::FnOnce<()>>::call_once
[INFO] [stdout]   12:     0x6352a1a86a6b - test[aada8e7e76ba119b]::__rust_begin_short_backtrace::<core[a373ad73a504971]::result::Result<(), alloc[2e1b2a31b91974c5]::string::String>, fn() -> core[a373ad73a504971]::result::Result<(), alloc[2e1b2a31b91974c5]::string::String>>
[INFO] [stdout]   13:     0x6352a1a94914 - test[aada8e7e76ba119b]::run_test::{closure#0}
[INFO] [stdout]   14:     0x6352a1a8e044 - std[617be2ca0a6fd877]::sys::backtrace::__rust_begin_short_backtrace::<test[aada8e7e76ba119b]::run_test::{closure#1}, ()>
[INFO] [stdout]   15:     0x6352a1a986d2 - <std[617be2ca0a6fd877]::thread::lifecycle::spawn_unchecked<test[aada8e7e76ba119b]::run_test::{closure#1}, ()>::{closure#1} as core[a373ad73a504971]::ops::function::FnOnce<()>>::call_once::{shim:vtable#0}
[INFO] [stdout]   16:     0x6352a1a7d104 - <std[617be2ca0a6fd877]::sys::thread::unix::Thread>::new::thread_start
[INFO] [stdout]   17:     0x721d8dfb5dfa - <unknown>
[INFO] [stdout]   18:     0x721d8e0493d4 - clone
[INFO] [stdout]   19:                0x0 - <unknown>
[INFO] [stdout] 
[INFO] [stdout] ---- unified_diff::tests::test_permutations_empty_lines stdout ----
[INFO] [stdout] 
[INFO] [stdout] thread 'unified_diff::tests::test_permutations_empty_lines' (1055) panicked at src/unified_diff.rs:682:42:
[INFO] [stdout] called `Result::unwrap()` on an `Err` value: Os { code: 2, kind: NotFound, message: "No such file or directory" }
[INFO] [stdout] stack backtrace:
[INFO] [stdout]    0:     0x6352a1a7e046 - <<std[617be2ca0a6fd877]::sys::backtrace::BacktraceLock>::print::DisplayBacktrace as core[a373ad73a504971]::fmt::Display>::fmt
[INFO] [stdout]    1:     0x6352a193040a - core[a373ad73a504971]::fmt::write
[INFO] [stdout]    2:     0x6352a1a83c4c - <alloc[2e1b2a31b91974c5]::vec::Vec<u8> as core[a373ad73a504971]::io::write::Write>::write_fmt
[INFO] [stdout]    3:     0x6352a1a59db2 - std[617be2ca0a6fd877]::panicking::default_hook::{closure#0}
[INFO] [stdout]    4:     0x6352a1a76121 - std[617be2ca0a6fd877]::panicking::default_hook
[INFO] [stdout]    5:     0x6352a1a76302 - std[617be2ca0a6fd877]::panicking::panic_with_hook
[INFO] [stdout]    6:     0x6352a1a59e62 - std[617be2ca0a6fd877]::panicking::panic_handler::{closure#0}
[INFO] [stdout]    7:     0x6352a1a52a29 - std[617be2ca0a6fd877]::sys::backtrace::__rust_end_short_backtrace::<std[617be2ca0a6fd877]::panicking::panic_handler::{closure#0}, !>
[INFO] [stdout]    8:     0x6352a1a5aa7d - __rustc[ea4f61d10b84890b]::rust_begin_unwind
[INFO] [stdout]    9:     0x6352a1930b2c - core[a373ad73a504971]::panicking::panic_fmt
[INFO] [stdout]   10:     0x6352a1930902 - core[a373ad73a504971]::result::unwrap_failed
[INFO] [stdout]   11:     0x6352a198555a - <diffutilslib[df1d6e9ae2cf0bc9]::unified_diff::tests::test_permutations_empty_lines::{closure#0} as core[a373ad73a504971]::ops::function::FnOnce<()>>::call_once
[INFO] [stdout]   12:     0x6352a1a86a6b - test[aada8e7e76ba119b]::__rust_begin_short_backtrace::<core[a373ad73a504971]::result::Result<(), alloc[2e1b2a31b91974c5]::string::String>, fn() -> core[a373ad73a504971]::result::Result<(), alloc[2e1b2a31b91974c5]::string::String>>
[INFO] [stdout]   13:     0x6352a1a94914 - test[aada8e7e76ba119b]::run_test::{closure#0}
[INFO] [stdout]   14:     0x6352a1a8e044 - std[617be2ca0a6fd877]::sys::backtrace::__rust_begin_short_backtrace::<test[aada8e7e76ba119b]::run_test::{closure#1}, ()>
[INFO] [stdout]   15:     0x6352a1a986d2 - <std[617be2ca0a6fd877]::thread::lifecycle::spawn_unchecked<test[aada8e7e76ba119b]::run_test::{closure#1}, ()>::{closure#1} as core[a373ad73a504971]::ops::function::FnOnce<()>>::call_once::{shim:vtable#0}
[INFO] [stdout]   16:     0x6352a1a7d104 - <std[617be2ca0a6fd877]::sys::thread::unix::Thread>::new::thread_start
[INFO] [stdout]   17:     0x721d8dfb5dfa - <unknown>
[INFO] [stdout]   18:     0x721d8e0493d4 - clone
[INFO] [stdout]   19:                0x0 - <unknown>
[INFO] [stdout] 
[INFO] [stdout] ---- unified_diff::tests::test_permutations_missing_line_ending stdout ----
[INFO] [stdout] 
[INFO] [stdout] thread 'unified_diff::tests::test_permutations_missing_line_ending' (1056) panicked at src/unified_diff.rs:586:42:
[INFO] [stdout] called `Result::unwrap()` on an `Err` value: Os { code: 2, kind: NotFound, message: "No such file or directory" }
[INFO] [stdout] stack backtrace:
[INFO] [stdout]    0:     0x6352a1a7e046 - <<std[617be2ca0a6fd877]::sys::backtrace::BacktraceLock>::print::DisplayBacktrace as core[a373ad73a504971]::fmt::Display>::fmt
[INFO] [stdout]    1:     0x6352a193040a - core[a373ad73a504971]::fmt::write
[INFO] [stdout]    2:     0x6352a1a83c4c - <alloc[2e1b2a31b91974c5]::vec::Vec<u8> as core[a373ad73a504971]::io::write::Write>::write_fmt
[INFO] [stdout]    3:     0x6352a1a59db2 - std[617be2ca0a6fd877]::panicking::default_hook::{closure#0}
[INFO] [stdout]    4:     0x6352a1a76121 - std[617be2ca0a6fd877]::panicking::default_hook
[INFO] [stdout]    5:     0x6352a1a76302 - std[617be2ca0a6fd877]::panicking::panic_with_hook
[INFO] [stdout]    6:     0x6352a1a59e62 - std[617be2ca0a6fd877]::panicking::panic_handler::{closure#0}
[INFO] [stdout]    7:     0x6352a1a52a29 - std[617be2ca0a6fd877]::sys::backtrace::__rust_end_short_backtrace::<std[617be2ca0a6fd877]::panicking::panic_handler::{closure#0}, !>
[INFO] [stdout]    8:     0x6352a1a5aa7d - __rustc[ea4f61d10b84890b]::rust_begin_unwind
[INFO] [stdout]    9:     0x6352a1930b2c - core[a373ad73a504971]::panicking::panic_fmt
[INFO] [stdout]   10:     0x6352a1930902 - core[a373ad73a504971]::result::unwrap_failed
[INFO] [stdout]   11:     0x6352a1988803 - <diffutilslib[df1d6e9ae2cf0bc9]::unified_diff::tests::test_permutations_missing_line_ending::{closure#0} as core[a373ad73a504971]::ops::function::FnOnce<()>>::call_once
[INFO] [stdout]   12:     0x6352a1a86a6b - test[aada8e7e76ba119b]::__rust_begin_short_backtrace::<core[a373ad73a504971]::result::Result<(), alloc[2e1b2a31b91974c5]::string::String>, fn() -> core[a373ad73a504971]::result::Result<(), alloc[2e1b2a31b91974c5]::string::String>>
[INFO] [stdout]   13:     0x6352a1a94914 - test[aada8e7e76ba119b]::run_test::{closure#0}
[INFO] [stdout]   14:     0x6352a1a8e044 - std[617be2ca0a6fd877]::sys::backtrace::__rust_begin_short_backtrace::<test[aada8e7e76ba119b]::run_test::{closure#1}, ()>
[INFO] [stdout]   15:     0x6352a1a986d2 - <std[617be2ca0a6fd877]::thread::lifecycle::spawn_unchecked<test[aada8e7e76ba119b]::run_test::{closure#1}, ()>::{closure#1} as core[a373ad73a504971]::ops::function::FnOnce<()>>::call_once::{shim:vtable#0}
[INFO] [stdout]   16:     0x6352a1a7d104 - <std[617be2ca0a6fd877]::sys::thread::unix::Thread>::new::thread_start
[INFO] [stdout]   17:     0x721d8dfb5dfa - <unknown>
[INFO] [stdout]   18:     0x721d8e0493d4 - clone
[INFO] [stdout]   19:                0x0 - <unknown>
[INFO] [stdout] 
[INFO] [stdout] ---- unified_diff::tests::test_permutations_reverse stdout ----
[INFO] [stdout] 
[INFO] [stdout] thread 'unified_diff::tests::test_permutations_reverse' (1058) panicked at src/unified_diff.rs:849:38:
[INFO] [stdout] called `Result::unwrap()` on an `Err` value: Os { code: 2, kind: NotFound, message: "No such file or directory" }
[INFO] [stdout] stack backtrace:
[INFO] [stdout]    0:     0x6352a1a7e046 - <<std[617be2ca0a6fd877]::sys::backtrace::BacktraceLock>::print::DisplayBacktrace as core[a373ad73a504971]::fmt::Display>::fmt
[INFO] [stdout]    1:     0x6352a193040a - core[a373ad73a504971]::fmt::write
[INFO] [stdout]    2:     0x6352a1a83c4c - <alloc[2e1b2a31b91974c5]::vec::Vec<u8> as core[a373ad73a504971]::io::write::Write>::write_fmt
[INFO] [stdout]    3:     0x6352a1a59db2 - std[617be2ca0a6fd877]::panicking::default_hook::{closure#0}
[INFO] [stdout]    4:     0x6352a1a76121 - std[617be2ca0a6fd877]::panicking::default_hook
[INFO] [stdout]    5:     0x6352a1a76302 - std[617be2ca0a6fd877]::panicking::panic_with_hook
[INFO] [stdout]    6:     0x6352a1a59e62 - std[617be2ca0a6fd877]::panicking::panic_handler::{closure#0}
[INFO] [stdout]    7:     0x6352a1a52a29 - std[617be2ca0a6fd877]::sys::backtrace::__rust_end_short_backtrace::<std[617be2ca0a6fd877]::panicking::panic_handler::{closure#0}, !>
[INFO] [stdout]    8:     0x6352a1a5aa7d - __rustc[ea4f61d10b84890b]::rust_begin_unwind
[INFO] [stdout]    9:     0x6352a1930b2c - core[a373ad73a504971]::panicking::panic_fmt
[INFO] [stdout]   10:     0x6352a1930902 - core[a373ad73a504971]::result::unwrap_failed
[INFO] [stdout]   11:     0x6352a1983b3e - <diffutilslib[df1d6e9ae2cf0bc9]::unified_diff::tests::test_permutations_reverse::{closure#0} as core[a373ad73a504971]::ops::function::FnOnce<()>>::call_once
[INFO] [stdout]   12:     0x6352a1a86a6b - test[aada8e7e76ba119b]::__rust_begin_short_backtrace::<core[a373ad73a504971]::result::Result<(), alloc[2e1b2a31b91974c5]::string::String>, fn() -> core[a373ad73a504971]::result::Result<(), alloc[2e1b2a31b91974c5]::string::String>>
[INFO] [stdout]   13:     0x6352a1a94914 - test[aada8e7e76ba119b]::run_test::{closure#0}
[INFO] [stdout]   14:     0x6352a1a8e044 - std[617be2ca0a6fd877]::sys::backtrace::__rust_begin_short_backtrace::<test[aada8e7e76ba119b]::run_test::{closure#1}, ()>
[INFO] [stdout]   15:     0x6352a1a986d2 - <std[617be2ca0a6fd877]::thread::lifecycle::spawn_unchecked<test[aada8e7e76ba119b]::run_test::{closure#1}, ()>::{closure#1} as core[a373ad73a504971]::ops::function::FnOnce<()>>::call_once::{shim:vtable#0}
[INFO] [stdout]   16:     0x6352a1a7d104 - <std[617be2ca0a6fd877]::sys::thread::unix::Thread>::new::thread_start
[INFO] [stdout]   17:     0x721d8dfb5dfa - <unknown>
[INFO] [stdout]   18:     0x721d8e0493d4 - clone
[INFO] [stdout]   19:                0x0 - <unknown>
[INFO] [stdout] 
[INFO] [stdout] 
[INFO] [stdout] failures:
[INFO] [stdout]     context_diff::tests::test_permutations
[INFO] [stdout]     context_diff::tests::test_permutations_empty_lines
[INFO] [stdout]     context_diff::tests::test_permutations_missing_lines
[INFO] [stdout]     context_diff::tests::test_permutations_reverse
[INFO] [stdout]     ed_diff::tests::test_permutations
[INFO] [stdout]     ed_diff::tests::test_permutations_empty_lines
[INFO] [stdout]     ed_diff::tests::test_permutations_reverse
[INFO] [stdout]     normal_diff::tests::test_permutations
[INFO] [stdout]     normal_diff::tests::test_permutations_empty_lines
[INFO] [stdout]     normal_diff::tests::test_permutations_missing_line_ending
[INFO] [stdout]     normal_diff::tests::test_permutations_reverse
[INFO] [stdout]     unified_diff::tests::test_permutations
[INFO] [stdout]     unified_diff::tests::test_permutations_empty_lines
[INFO] [stdout]     unified_diff::tests::test_permutations_missing_line_ending
[INFO] [stdout]     unified_diff::tests::test_permutations_missing_lines
[INFO] [stdout]     unified_diff::tests::test_permutations_reverse
[INFO] [stdout] 
[INFO] [stdout] test result: FAILED. 109 passed; 16 failed; 0 ignored; 0 measured; 0 filtered out; finished in 0.06s
[INFO] [stdout] 
[INFO] [stderr] error: test failed, to rerun pass `--lib`
[INFO] running `Command { std: "docker" "inspect" "b669f81f6eb6ff61a6e2dcb3e2450ffc81e30e06a77f5976c36e235cb3cfb89b", kill_on_drop: false }`
[INFO] running `Command { std: "docker" "rm" "-f" "b669f81f6eb6ff61a6e2dcb3e2450ffc81e30e06a77f5976c36e235cb3cfb89b", kill_on_drop: false }`
[INFO] [stdout] b669f81f6eb6ff61a6e2dcb3e2450ffc81e30e06a77f5976c36e235cb3cfb89b
