[INFO] fetching crate diesel_migrations 2.3.2...
[INFO] testing diesel_migrations-2.3.2 against 1.100.0-beta.1+cargoflags=--release for beta-release-1.100-2
[INFO] extracting crate diesel_migrations 2.3.2 into /workspace/builds/worker-3-tc2/source
[INFO] started tweaking crates.io crate diesel_migrations 2.3.2
[INFO] finished tweaking crates.io crate diesel_migrations 2.3.2
[INFO] tweaked toml for crates.io crate diesel_migrations 2.3.2 written to /workspace/builds/worker-3-tc2/source/Cargo.toml
[INFO] validating manifest of crates.io crate diesel_migrations 2.3.2 on toolchain 1.100.0-beta.1
[INFO] running `Command { std: CARGO_HOME="/workspace/cargo-home" RUSTUP_HOME="/workspace/rustup-home" "/workspace/cargo-home/bin/cargo" "+1.100.0-beta.1" "metadata" "--manifest-path" "Cargo.toml" "--no-deps", kill_on_drop: false }`
[INFO] crate crates.io crate diesel_migrations 2.3.2 already has a lockfile, it will not be regenerated
[INFO] running `Command { std: CARGO_HOME="/workspace/cargo-home" RUSTUP_HOME="/workspace/rustup-home" "/workspace/cargo-home/bin/cargo" "+1.100.0-beta.1" "fetch" "--manifest-path" "Cargo.toml", kill_on_drop: false }`
[INFO] running `Command { std: "docker" "create" "-v" "/var/lib/crater-agent-workspace/builds/worker-3-tc2/source:/opt/rustwide/workdir:ro,Z" "-v" "/var/lib/crater-agent-workspace/builds/worker-3-tc2/target:/opt/rustwide/target:rw,Z" "-v" "/var/lib/crater-agent-workspace/cargo-home:/opt/rustwide/cargo-home:ro,Z" "-v" "/var/lib/crater-agent-workspace/rustup-home:/opt/rustwide/rustup-home:ro,Z" "-m" "1610612736" "--network" "none" "ghcr.io/rust-lang/crates-build-env/linux@sha256:77db811e55d90add9212f6832c23229e3de5f1c1f9905e8cb07319ea15df73ac" "sleep" "infinity", kill_on_drop: false }`
[INFO] [stdout] 461e391a394ae7ea0a1de93eb4763eae67b83744c618f603a34f31c4930e2c3f
[INFO] running `Command { std: "docker" "start" "461e391a394ae7ea0a1de93eb4763eae67b83744c618f603a34f31c4930e2c3f", kill_on_drop: false }`
[INFO] running `Command { std: "docker" "inspect" "461e391a394ae7ea0a1de93eb4763eae67b83744c618f603a34f31c4930e2c3f", kill_on_drop: false }`
[INFO] running `Command { std: "docker" "exec" "-e" "SOURCE_DIR=/opt/rustwide/workdir" "-e" "CARGO_HOME=/opt/rustwide/cargo-home" "-e" "RUSTUP_HOME=/opt/rustwide/rustup-home" "-e" "CARGO_TARGET_DIR=/opt/rustwide/target" "-w" "/opt/rustwide/workdir" "--user" "0:0" "461e391a394ae7ea0a1de93eb4763eae67b83744c618f603a34f31c4930e2c3f" "/opt/rustwide/cargo-home/bin/cargo" "+1.100.0-beta.1" "metadata" "--no-deps" "--format-version=1", kill_on_drop: false }`
[INFO] running `Command { std: "docker" "inspect" "461e391a394ae7ea0a1de93eb4763eae67b83744c618f603a34f31c4930e2c3f", kill_on_drop: false }`
[INFO] running `Command { std: "docker" "exec" "-e" "SOURCE_DIR=/opt/rustwide/workdir" "-e" "CARGO_HOME=/opt/rustwide/cargo-home" "-e" "RUSTUP_HOME=/opt/rustwide/rustup-home" "-e" "CARGO_TARGET_DIR=/opt/rustwide/target" "-e" "CARGO_INCREMENTAL=0" "-e" "RUST_BACKTRACE=full" "-e" "RUSTFLAGS=--cap-lints=warn" "-e" "RUSTDOCFLAGS=--cap-lints=warn" "-w" "/opt/rustwide/workdir" "--user" "0:0" "461e391a394ae7ea0a1de93eb4763eae67b83744c618f603a34f31c4930e2c3f" "/opt/rustwide/cargo-home/bin/cargo" "+1.100.0-beta.1" "build" "--frozen" "--message-format=json" "--release", kill_on_drop: false }`
[INFO] [stderr]    Compiling strsim v0.11.1
[INFO] [stderr]    Compiling serde_core v1.0.228
[INFO] [stderr]    Compiling winnow v1.0.1
[INFO] [stderr]    Compiling serde v1.0.228
[INFO] [stderr]    Compiling winnow v0.7.15
[INFO] [stderr]    Compiling either v1.15.0
[INFO] [stderr]    Compiling syn v2.0.117
[INFO] [stderr]    Compiling diesel_derives v2.3.8
[INFO] [stderr]    Compiling serde_spanned v1.1.1
[INFO] [stderr]    Compiling toml_datetime v0.7.5+spec-1.1.0
[INFO] [stderr]    Compiling downcast-rs v2.0.2
[INFO] [stderr]    Compiling toml_parser v1.1.2+spec-1.1.0
[INFO] [stderr]    Compiling toml v0.9.12+spec-1.1.0
[INFO] [stderr]    Compiling darling_core v0.21.3
[INFO] [stderr]    Compiling diesel_table_macro_syntax v0.3.0
[INFO] [stderr]    Compiling serde_derive v1.0.228
[INFO] [stderr]    Compiling darling_macro v0.21.3
[INFO] [stderr]    Compiling darling v0.21.3
[INFO] [stderr]    Compiling dsl_auto_type v0.2.0
[INFO] [stderr]    Compiling migrations_internals v2.3.0
[INFO] [stderr]    Compiling migrations_macros v2.3.0
[INFO] [stderr]    Compiling diesel v2.3.8
[INFO] [stderr]    Compiling diesel_migrations v2.3.2 (/opt/rustwide/workdir)
[INFO] [stderr]     Finished `release` profile [optimized] target(s) in 43.30s
[INFO] running `Command { std: "docker" "inspect" "461e391a394ae7ea0a1de93eb4763eae67b83744c618f603a34f31c4930e2c3f", kill_on_drop: false }`
[INFO] running `Command { std: "docker" "exec" "-e" "SOURCE_DIR=/opt/rustwide/workdir" "-e" "CARGO_HOME=/opt/rustwide/cargo-home" "-e" "RUSTUP_HOME=/opt/rustwide/rustup-home" "-e" "CARGO_TARGET_DIR=/opt/rustwide/target" "-e" "CARGO_INCREMENTAL=0" "-e" "RUST_BACKTRACE=full" "-e" "RUSTFLAGS=--cap-lints=warn" "-e" "RUSTDOCFLAGS=--cap-lints=warn" "-w" "/opt/rustwide/workdir" "--user" "0:0" "461e391a394ae7ea0a1de93eb4763eae67b83744c618f603a34f31c4930e2c3f" "/opt/rustwide/cargo-home/bin/cargo" "+1.100.0-beta.1" "test" "--frozen" "--no-run" "--message-format=json" "--release", kill_on_drop: false }`
[INFO] [stderr]    Compiling libc v0.2.184
[INFO] [stderr]    Compiling bitflags v2.11.0
[INFO] [stderr]    Compiling fastrand v2.4.1
[INFO] [stderr]    Compiling once_cell v1.21.4
[INFO] [stderr]    Compiling rustix v1.1.4
[INFO] [stderr]    Compiling getrandom v0.4.2
[INFO] [stderr]    Compiling tempfile v3.27.0
[INFO] [stderr]    Compiling diesel_migrations v2.3.2 (/opt/rustwide/workdir)
[INFO] [stderr]     Finished `release` profile [optimized] target(s) in 7.52s
[INFO] running `Command { std: "docker" "inspect" "461e391a394ae7ea0a1de93eb4763eae67b83744c618f603a34f31c4930e2c3f", kill_on_drop: false }`
[INFO] running `Command { std: "docker" "exec" "-e" "SOURCE_DIR=/opt/rustwide/workdir" "-e" "CARGO_HOME=/opt/rustwide/cargo-home" "-e" "RUSTUP_HOME=/opt/rustwide/rustup-home" "-e" "CARGO_TARGET_DIR=/opt/rustwide/target" "-e" "CARGO_INCREMENTAL=0" "-e" "RUST_BACKTRACE=full" "-e" "RUSTFLAGS=--cap-lints=warn" "-e" "RUSTDOCFLAGS=--cap-lints=warn" "-w" "/opt/rustwide/workdir" "--user" "0:0" "461e391a394ae7ea0a1de93eb4763eae67b83744c618f603a34f31c4930e2c3f" "/opt/rustwide/cargo-home/bin/cargo" "+1.100.0-beta.1" "test" "--frozen" "--release", kill_on_drop: false }`
[INFO] [stderr]     Finished `release` profile [optimized] target(s) in 0.12s
[INFO] [stderr]      Running unittests src/lib.rs (/opt/rustwide/target/release/build/diesel_migrations/a61fa050572fe422/out/diesel_migrations-a61fa050572fe422)
[INFO] [stdout] 
[INFO] [stdout] running 6 tests
[INFO] [stdout] test file_based_migrations::tests::migration_directory_checks_parents ... ok
[INFO] [stdout] test file_based_migrations::tests::migration_directory_not_found_if_no_migration_dir_exists ... ok
[INFO] [stdout] test file_based_migrations::tests::migration_paths_in_directory_ignores_dot_directories ... ok
[INFO] [stdout] test file_based_migrations::tests::migration_paths_in_directory_ignores_files ... ok
[INFO] [stdout] test file_based_migrations::tests::migration_paths_in_directory_ignores_empty_directories ... FAILED
[INFO] [stdout] test file_based_migrations::tests::migration_directory_defaults_to_pwd_slash_migrations ... ok
[INFO] [stdout] 
[INFO] [stdout] failures:
[INFO] [stdout] 
[INFO] [stdout] ---- file_based_migrations::tests::migration_paths_in_directory_ignores_empty_directories stdout ----
[INFO] [stdout] 
[INFO] [stdout] thread 'file_based_migrations::tests::migration_paths_in_directory_ignores_empty_directories' (646) panicked at src/file_based_migrations.rs:389:14:
[INFO] [stdout] called `Result::unwrap()` on an `Err` value: UnknownMigrationFormat("/tmp/dieselfPTjoQ/migrations/an_empty_migration_dir")
[INFO] [stdout] stack backtrace:
[INFO] [stdout]    0:     0x571b5aa6f121 - <<std[617be2ca0a6fd877]::sys::backtrace::BacktraceLock>::print::DisplayBacktrace as core[a373ad73a504971]::fmt::Display>::fmt
[INFO] [stdout]    1:     0x571b5aa8410a - core[a373ad73a504971]::fmt::write
[INFO] [stdout]    2:     0x571b5aa7362c - <alloc[2e1b2a31b91974c5]::vec::Vec<u8> as core[a373ad73a504971]::io::write::Write>::write_fmt
[INFO] [stdout]    3:     0x571b5aa49ba6 - std[617be2ca0a6fd877]::panicking::default_hook::{closure#0}
[INFO] [stdout]    4:     0x571b5aa66de9 - std[617be2ca0a6fd877]::panicking::default_hook
[INFO] [stdout]    5:     0x571b5a9e0f50 - test[aada8e7e76ba119b]::test_main_inner::{closure#0}
[INFO] [stdout]    6:     0x571b5aa66fa2 - std[617be2ca0a6fd877]::panicking::panic_with_hook
[INFO] [stdout]    7:     0x571b5aa49c52 - std[617be2ca0a6fd877]::panicking::panic_handler::{closure#0}
[INFO] [stdout]    8:     0x571b5aa427a9 - std[617be2ca0a6fd877]::sys::backtrace::__rust_end_short_backtrace::<std[617be2ca0a6fd877]::panicking::panic_handler::{closure#0}, !>
[INFO] [stdout]    9:     0x571b5aa4a85d - __rustc[ea4f61d10b84890b]::rust_begin_unwind
[INFO] [stdout]   10:     0x571b5aa8487c - core[a373ad73a504971]::panicking::panic_fmt
[INFO] [stdout]   11:     0x571b5aa84652 - core[a373ad73a504971]::result::unwrap_failed
[INFO] [stdout]   12:     0x571b5a9d3f54 - <diesel_migrations[2fc104a29aeeb1a7]::file_based_migrations::tests::migration_paths_in_directory_ignores_empty_directories::{closure#0} as core[a373ad73a504971]::ops::function::FnOnce<()>>::call_once
[INFO] [stdout]   13:     0x571b5a9d439b - test[aada8e7e76ba119b]::__rust_begin_short_backtrace::<core[a373ad73a504971]::result::Result<(), alloc[2e1b2a31b91974c5]::string::String>, fn() -> core[a373ad73a504971]::result::Result<(), alloc[2e1b2a31b91974c5]::string::String>>
[INFO] [stdout]   14:     0x571b5a9e1575 - test[aada8e7e76ba119b]::run_test::{closure#0}
[INFO] [stdout]   15:     0x571b5a9dae64 - std[617be2ca0a6fd877]::sys::backtrace::__rust_begin_short_backtrace::<test[aada8e7e76ba119b]::run_test::{closure#1}, ()>
[INFO] [stdout]   16:     0x571b5a9e4602 - <std[617be2ca0a6fd877]::thread::lifecycle::spawn_unchecked<test[aada8e7e76ba119b]::run_test::{closure#1}, ()>::{closure#1} as core[a373ad73a504971]::ops::function::FnOnce<()>>::call_once::{shim:vtable#0}
[INFO] [stdout]   17:     0x571b5aa6e97f - <std[617be2ca0a6fd877]::sys::thread::unix::Thread>::new::thread_start
[INFO] [stdout]   18:     0x793c1eff4dfa - <unknown>
[INFO] [stdout]   19:     0x793c1f0883d4 - clone
[INFO] [stdout]   20:                0x0 - <unknown>
[INFO] [stdout] 
[INFO] [stdout] 
[INFO] [stdout] failures:
[INFO] [stdout]     file_based_migrations::tests::migration_paths_in_directory_ignores_empty_directories
[INFO] [stdout] 
[INFO] [stdout] test result: FAILED. 5 passed; 1 failed; 0 ignored; 0 measured; 0 filtered out; finished in 0.01s
[INFO] [stdout] 
[INFO] [stderr] error: test failed, to rerun pass `--lib`
[INFO] running `Command { std: "docker" "inspect" "461e391a394ae7ea0a1de93eb4763eae67b83744c618f603a34f31c4930e2c3f", kill_on_drop: false }`
[INFO] running `Command { std: "docker" "rm" "-f" "461e391a394ae7ea0a1de93eb4763eae67b83744c618f603a34f31c4930e2c3f", kill_on_drop: false }`
[INFO] [stdout] 461e391a394ae7ea0a1de93eb4763eae67b83744c618f603a34f31c4930e2c3f
