[INFO] fetching crate diesel_as_wrap 0.1.1...
[INFO] testing diesel_as_wrap-0.1.1 against 1.100.0-beta.1+cargoflags=--release for beta-release-1.100-2
[INFO] extracting crate diesel_as_wrap 0.1.1 into /workspace/builds/worker-6-tc2/source
[INFO] started tweaking crates.io crate diesel_as_wrap 0.1.1
[INFO] finished tweaking crates.io crate diesel_as_wrap 0.1.1
[INFO] tweaked toml for crates.io crate diesel_as_wrap 0.1.1 written to /workspace/builds/worker-6-tc2/source/Cargo.toml
[INFO] validating manifest of crates.io crate diesel_as_wrap 0.1.1 on toolchain 1.100.0-beta.1
[INFO] running `Command { std: CARGO_HOME="/workspace/cargo-home" RUSTUP_HOME="/workspace/rustup-home" "/workspace/cargo-home/bin/cargo" "+1.100.0-beta.1" "metadata" "--manifest-path" "Cargo.toml" "--no-deps", kill_on_drop: false }`
[INFO] crate crates.io crate diesel_as_wrap 0.1.1 already has a lockfile, it will not be regenerated
[INFO] running `Command { std: CARGO_HOME="/workspace/cargo-home" RUSTUP_HOME="/workspace/rustup-home" "/workspace/cargo-home/bin/cargo" "+1.100.0-beta.1" "fetch" "--manifest-path" "Cargo.toml", kill_on_drop: false }`
[INFO] running `Command { std: "docker" "create" "-v" "/var/lib/crater-agent-workspace/builds/worker-6-tc2/source:/opt/rustwide/workdir:ro,Z" "-v" "/var/lib/crater-agent-workspace/builds/worker-6-tc2/target:/opt/rustwide/target:rw,Z" "-v" "/var/lib/crater-agent-workspace/cargo-home:/opt/rustwide/cargo-home:ro,Z" "-v" "/var/lib/crater-agent-workspace/rustup-home:/opt/rustwide/rustup-home:ro,Z" "-m" "1610612736" "--network" "none" "ghcr.io/rust-lang/crates-build-env/linux@sha256:77db811e55d90add9212f6832c23229e3de5f1c1f9905e8cb07319ea15df73ac" "sleep" "infinity", kill_on_drop: false }`
[INFO] [stdout] 394617be9061a43e626436ef28cc2c91e6462bf1dcfaade6500b731f2ffa6fc3
[INFO] running `Command { std: "docker" "start" "394617be9061a43e626436ef28cc2c91e6462bf1dcfaade6500b731f2ffa6fc3", kill_on_drop: false }`
[INFO] running `Command { std: "docker" "inspect" "394617be9061a43e626436ef28cc2c91e6462bf1dcfaade6500b731f2ffa6fc3", kill_on_drop: false }`
[INFO] running `Command { std: "docker" "exec" "-e" "SOURCE_DIR=/opt/rustwide/workdir" "-e" "CARGO_HOME=/opt/rustwide/cargo-home" "-e" "RUSTUP_HOME=/opt/rustwide/rustup-home" "-e" "CARGO_TARGET_DIR=/opt/rustwide/target" "-w" "/opt/rustwide/workdir" "--user" "0:0" "394617be9061a43e626436ef28cc2c91e6462bf1dcfaade6500b731f2ffa6fc3" "/opt/rustwide/cargo-home/bin/cargo" "+1.100.0-beta.1" "metadata" "--no-deps" "--format-version=1", kill_on_drop: false }`
[INFO] running `Command { std: "docker" "inspect" "394617be9061a43e626436ef28cc2c91e6462bf1dcfaade6500b731f2ffa6fc3", kill_on_drop: false }`
[INFO] running `Command { std: "docker" "exec" "-e" "SOURCE_DIR=/opt/rustwide/workdir" "-e" "CARGO_HOME=/opt/rustwide/cargo-home" "-e" "RUSTUP_HOME=/opt/rustwide/rustup-home" "-e" "CARGO_TARGET_DIR=/opt/rustwide/target" "-e" "CARGO_INCREMENTAL=0" "-e" "RUST_BACKTRACE=full" "-e" "RUSTFLAGS=--cap-lints=warn" "-e" "RUSTDOCFLAGS=--cap-lints=warn" "-w" "/opt/rustwide/workdir" "--user" "0:0" "394617be9061a43e626436ef28cc2c91e6462bf1dcfaade6500b731f2ffa6fc3" "/opt/rustwide/cargo-home/bin/cargo" "+1.100.0-beta.1" "build" "--frozen" "--message-format=json" "--release", kill_on_drop: false }`
[INFO] [stderr]    Compiling proc-macro2 v1.0.93
[INFO] [stderr]    Compiling either v1.13.0
[INFO] [stderr]    Compiling quote v1.0.38
[INFO] [stderr]    Compiling syn v2.0.96
[INFO] [stderr]    Compiling darling_core v0.20.10
[INFO] [stderr]    Compiling diesel_table_macro_syntax v0.2.0
[INFO] [stderr]    Compiling darling_macro v0.20.10
[INFO] [stderr]    Compiling darling v0.20.10
[INFO] [stderr]    Compiling dsl_auto_type v0.1.2
[INFO] [stderr]    Compiling diesel_derives v2.2.3
[INFO] [stderr]    Compiling diesel v2.2.6
[INFO] [stderr]    Compiling diesel_as_wrap v0.1.1 (/opt/rustwide/workdir)
[INFO] [stderr] warning: unused dependency `diesel`
[INFO] [stderr]  --> Cargo.toml:1:15
[INFO] [stderr]   |
[INFO] [stderr] 1 | [dependencies.diesel]
[INFO] [stderr]   |               ^^^^^^^
[INFO] [stderr]   |
[INFO] [stderr]   = note: `cargo::unused_dependencies` is set to `warn` by default
[INFO] [stderr] help: consider removing the dependency on `diesel`
[INFO] [stderr] warning: `diesel_as_wrap` (manifest) generated 1 warning
[INFO] [stderr]     Finished `release` profile [optimized] target(s) in 27.59s
[INFO] running `Command { std: "docker" "inspect" "394617be9061a43e626436ef28cc2c91e6462bf1dcfaade6500b731f2ffa6fc3", kill_on_drop: false }`
[INFO] running `Command { std: "docker" "exec" "-e" "SOURCE_DIR=/opt/rustwide/workdir" "-e" "CARGO_HOME=/opt/rustwide/cargo-home" "-e" "RUSTUP_HOME=/opt/rustwide/rustup-home" "-e" "CARGO_TARGET_DIR=/opt/rustwide/target" "-e" "CARGO_INCREMENTAL=0" "-e" "RUST_BACKTRACE=full" "-e" "RUSTFLAGS=--cap-lints=warn" "-e" "RUSTDOCFLAGS=--cap-lints=warn" "-w" "/opt/rustwide/workdir" "--user" "0:0" "394617be9061a43e626436ef28cc2c91e6462bf1dcfaade6500b731f2ffa6fc3" "/opt/rustwide/cargo-home/bin/cargo" "+1.100.0-beta.1" "test" "--frozen" "--no-run" "--message-format=json" "--release", kill_on_drop: false }`
[INFO] [stderr]    Compiling diesel_as_wrap v0.1.1 (/opt/rustwide/workdir)
[INFO] [stderr] warning: unused dependency `diesel`
[INFO] [stderr]  --> Cargo.toml:1:15
[INFO] [stderr]   |
[INFO] [stderr] 1 | [dependencies.diesel]
[INFO] [stderr]   |               ^^^^^^^
[INFO] [stderr]   |
[INFO] [stderr]   = note: `cargo::unused_dependencies` is set to `warn` by default
[INFO] [stderr] help: consider removing the dependency on `diesel`
[INFO] [stderr] warning: `diesel_as_wrap` (manifest) generated 1 warning
[INFO] [stderr]     Finished `release` profile [optimized] target(s) in 0.21s
[INFO] running `Command { std: "docker" "inspect" "394617be9061a43e626436ef28cc2c91e6462bf1dcfaade6500b731f2ffa6fc3", kill_on_drop: false }`
[INFO] running `Command { std: "docker" "exec" "-e" "SOURCE_DIR=/opt/rustwide/workdir" "-e" "CARGO_HOME=/opt/rustwide/cargo-home" "-e" "RUSTUP_HOME=/opt/rustwide/rustup-home" "-e" "CARGO_TARGET_DIR=/opt/rustwide/target" "-e" "CARGO_INCREMENTAL=0" "-e" "RUST_BACKTRACE=full" "-e" "RUSTFLAGS=--cap-lints=warn" "-e" "RUSTDOCFLAGS=--cap-lints=warn" "-w" "/opt/rustwide/workdir" "--user" "0:0" "394617be9061a43e626436ef28cc2c91e6462bf1dcfaade6500b731f2ffa6fc3" "/opt/rustwide/cargo-home/bin/cargo" "+1.100.0-beta.1" "test" "--frozen" "--release", kill_on_drop: false }`
[INFO] [stderr] warning: unused dependency `diesel`
[INFO] [stderr]  --> Cargo.toml:1:15
[INFO] [stderr]   |
[INFO] [stderr] 1 | [dependencies.diesel]
[INFO] [stderr]   |               ^^^^^^^
[INFO] [stderr]   |
[INFO] [stderr]   = note: `cargo::unused_dependencies` is set to `warn` by default
[INFO] [stderr] help: consider removing the dependency on `diesel`
[INFO] [stderr] warning: `diesel_as_wrap` (manifest) generated 1 warning
[INFO] [stderr]     Finished `release` profile [optimized] target(s) in 0.05s
[INFO] [stderr]      Running unittests src/lib.rs (/opt/rustwide/target/release/build/diesel_as_wrap/e27e2bc3d2667f1d/out/diesel_as_wrap-e27e2bc3d2667f1d)
[INFO] [stderr]    Doc-tests diesel_as_wrap
[INFO] [stdout] 
[INFO] [stdout] running 0 tests
[INFO] [stdout] 
[INFO] [stdout] test result: ok. 0 passed; 0 failed; 0 ignored; 0 measured; 0 filtered out; finished in 0.00s
[INFO] [stdout] 
[INFO] [stdout] 
[INFO] [stdout] running 2 tests
[INFO] [stdout] test src/lib.rs - wrap (line 12) ... FAILED
[INFO] [stderr] error: doctest failed, to rerun pass `--doc`
[INFO] [stdout] test src/lib.rs - wrap (line 37) ... FAILED
[INFO] [stdout] 
[INFO] [stdout] failures:
[INFO] [stdout] 
[INFO] [stdout] ---- src/lib.rs - wrap (line 12) stdout ----
[INFO] [stdout] error: cannot find macro `wrap` in this scope
[INFO] [stdout]   --> src/lib.rs:13:1
[INFO] [stdout]    |
[INFO] [stdout] 13 | wrap! {
[INFO] [stdout]    | ^^^^
[INFO] [stdout] 
[INFO] [stdout] error: aborting due to 1 previous error
[INFO] [stdout] 
[INFO] [stdout] Couldn't compile the test.
[INFO] [stdout] ---- src/lib.rs - wrap (line 37) stdout ----
[INFO] [stdout] error: cannot find derive macro `Queryable` in this scope
[INFO] [stdout]   --> src/lib.rs:55:17
[INFO] [stdout]    |
[INFO] [stdout] 55 | #[derive(Debug, Queryable, Selectable, Insertable)]
[INFO] [stdout]    |                 ^^^^^^^^^
[INFO] [stdout] 
[INFO] [stdout] error: cannot find derive macro `Selectable` in this scope
[INFO] [stdout]   --> src/lib.rs:55:28
[INFO] [stdout]    |
[INFO] [stdout] 55 | #[derive(Debug, Queryable, Selectable, Insertable)]
[INFO] [stdout]    |                            ^^^^^^^^^^
[INFO] [stdout] 
[INFO] [stdout] error: cannot find derive macro `Insertable` in this scope
[INFO] [stdout]   --> src/lib.rs:55:40
[INFO] [stdout]    |
[INFO] [stdout] 55 | #[derive(Debug, Queryable, Selectable, Insertable)]
[INFO] [stdout]    |                                        ^^^^^^^^^^
[INFO] [stdout] 
[INFO] [stdout] error: cannot find attribute `diesel` in this scope
[INFO] [stdout]   --> src/lib.rs:56:3
[INFO] [stdout]    |
[INFO] [stdout] 56 | #[diesel(table_name = crate::schema::foo)]
[INFO] [stdout]    |   ^^^^^^
[INFO] [stdout]    |
[INFO] [stdout]    = note: `diesel` is in scope, but it is a crate, not an attribute
[INFO] [stdout] 
[INFO] [stdout] error: cannot find attribute `diesel` in this scope
[INFO] [stdout]   --> src/lib.rs:58:7
[INFO] [stdout]    |
[INFO] [stdout] 58 |     #[diesel(deserialize_as = uuid_wrap::As)]
[INFO] [stdout]    |       ^^^^^^
[INFO] [stdout]    |
[INFO] [stdout]    = note: `diesel` is in scope, but it is a crate, not an attribute
[INFO] [stdout] 
[INFO] [stdout] error: cannot find attribute `diesel` in this scope
[INFO] [stdout]   --> src/lib.rs:59:7
[INFO] [stdout]    |
[INFO] [stdout] 59 |     #[diesel(serialize_as = uuid_wrap::As)]
[INFO] [stdout]    |       ^^^^^^
[INFO] [stdout]    |
[INFO] [stdout]    = note: `diesel` is in scope, but it is a crate, not an attribute
[INFO] [stdout] 
[INFO] [stdout] error: cannot find attribute `diesel` in this scope
[INFO] [stdout]   --> src/lib.rs:61:7
[INFO] [stdout]    |
[INFO] [stdout] 61 |     #[diesel(deserialize_as = uuid_wrap::AsOption)]
[INFO] [stdout]    |       ^^^^^^
[INFO] [stdout]    |
[INFO] [stdout]    = note: `diesel` is in scope, but it is a crate, not an attribute
[INFO] [stdout] 
[INFO] [stdout] error: cannot find attribute `diesel` in this scope
[INFO] [stdout]   --> src/lib.rs:62:7
[INFO] [stdout]    |
[INFO] [stdout] 62 |     #[diesel(serialize_as = uuid_wrap::AsOption)]
[INFO] [stdout]    |       ^^^^^^
[INFO] [stdout]    |
[INFO] [stdout]    = note: `diesel` is in scope, but it is a crate, not an attribute
[INFO] [stdout] 
[INFO] [stdout] error: cannot find macro `wrap` in this scope
[INFO] [stdout]   --> src/lib.rs:38:1
[INFO] [stdout]    |
[INFO] [stdout] 38 | wrap! {
[INFO] [stdout]    | ^^^^
[INFO] [stdout] 
[INFO] [stdout] error[E0425]: cannot find type `Uuid` in this scope
[INFO] [stdout]   --> src/lib.rs:60:9
[INFO] [stdout]    |
[INFO] [stdout] 60 |     id: Uuid,
[INFO] [stdout]    |         ^^^^ not found in this scope
[INFO] [stdout] 
[INFO] [stdout] error[E0425]: cannot find type `Uuid` in this scope
[INFO] [stdout]   --> src/lib.rs:63:20
[INFO] [stdout]    |
[INFO] [stdout] 63 |     opt_id: Option<Uuid>,
[INFO] [stdout]    |                    ^^^^ not found in this scope
[INFO] [stdout]    |
[INFO] [stdout] help: you might be missing a type parameter
[INFO] [stdout]    |
[INFO] [stdout] 57 | pub struct Foo<Uuid> {
[INFO] [stdout]    |               ++++++
[INFO] [stdout] 
[INFO] [stdout] error: aborting due to 11 previous errors
[INFO] [stdout] 
[INFO] [stdout] For more information about this error, try `rustc --explain E0425`.
[INFO] [stdout] Couldn't compile the test.
[INFO] [stdout] 
[INFO] [stdout] failures:
[INFO] [stdout]     src/lib.rs - wrap (line 12)
[INFO] [stdout]     src/lib.rs - wrap (line 37)
[INFO] [stdout] 
[INFO] [stdout] test result: FAILED. 0 passed; 2 failed; 0 ignored; 0 measured; 0 filtered out; finished in 0.17s
[INFO] [stdout] 
[INFO] running `Command { std: "docker" "inspect" "394617be9061a43e626436ef28cc2c91e6462bf1dcfaade6500b731f2ffa6fc3", kill_on_drop: false }`
[INFO] running `Command { std: "docker" "rm" "-f" "394617be9061a43e626436ef28cc2c91e6462bf1dcfaade6500b731f2ffa6fc3", kill_on_drop: false }`
[INFO] [stdout] 394617be9061a43e626436ef28cc2c91e6462bf1dcfaade6500b731f2ffa6fc3
