[INFO] fetching crate diesel-uplete 0.2.0...
[INFO] testing diesel-uplete-0.2.0 against 1.99.0-beta.8+cargoflags=--release for beta-release-1.100-2
[INFO] extracting crate diesel-uplete 0.2.0 into /workspace/builds/worker-3-tc1/source
[INFO] started tweaking crates.io crate diesel-uplete 0.2.0
[INFO] finished tweaking crates.io crate diesel-uplete 0.2.0
[INFO] tweaked toml for crates.io crate diesel-uplete 0.2.0 written to /workspace/builds/worker-3-tc1/source/Cargo.toml
[INFO] validating manifest of crates.io crate diesel-uplete 0.2.0 on toolchain 1.99.0-beta.8
[INFO] running `Command { std: CARGO_HOME="/workspace/cargo-home" RUSTUP_HOME="/workspace/rustup-home" "/workspace/cargo-home/bin/cargo" "+1.99.0-beta.8" "metadata" "--manifest-path" "Cargo.toml" "--no-deps", kill_on_drop: false }`
[INFO] crate crates.io crate diesel-uplete 0.2.0 already has a lockfile, it will not be regenerated
[INFO] running `Command { std: CARGO_HOME="/workspace/cargo-home" RUSTUP_HOME="/workspace/rustup-home" "/workspace/cargo-home/bin/cargo" "+1.99.0-beta.8" "fetch" "--manifest-path" "Cargo.toml", kill_on_drop: false }`
[INFO] [stderr]     Blocking waiting for file lock on package cache
[INFO] [stderr]     Updating crates.io index
[INFO] [stderr]     Blocking waiting for file lock on package cache
[INFO] [stderr]  Downloading crates ...
[INFO] [stderr]   Downloaded tempfile v3.20.0
[INFO] [stderr]   Downloaded tuplex v0.1.2
[INFO] [stderr]   Downloaded errno v0.3.13
[INFO] [stderr]   Downloaded windows-targets v0.53.2
[INFO] [stderr]   Downloaded diesel_table_macro_syntax v0.1.0
[INFO] [stderr]   Downloaded pq-sys v0.4.8
[INFO] [stderr]   Downloaded quote v1.0.35
[INFO] [stderr]   Downloaded bitflags v2.4.2
[INFO] [stderr]   Downloaded proc-macro2 v1.0.78
[INFO] [stderr]   Downloaded itoa v1.0.10
[INFO] [stderr]   Downloaded diesel_derives v2.1.2
[INFO] [stderr]   Downloaded syn v2.0.49
[INFO] [stderr]   Downloaded diesel v2.1.4
[INFO] [stderr]   Downloaded rustix v1.0.7
[INFO] [stderr]   Downloaded linux-raw-sys v0.9.4
[INFO] running `Command { std: "docker" "create" "-v" "/var/lib/crater-agent-workspace/builds/worker-3-tc1/source:/opt/rustwide/workdir:ro,Z" "-v" "/var/lib/crater-agent-workspace/builds/worker-3-tc1/target:/opt/rustwide/target:rw,Z" "-v" "/var/lib/crater-agent-workspace/cargo-home:/opt/rustwide/cargo-home:ro,Z" "-v" "/var/lib/crater-agent-workspace/rustup-home:/opt/rustwide/rustup-home:ro,Z" "-m" "1610612736" "--network" "none" "ghcr.io/rust-lang/crates-build-env/linux@sha256:77db811e55d90add9212f6832c23229e3de5f1c1f9905e8cb07319ea15df73ac" "sleep" "infinity", kill_on_drop: false }`
[INFO] [stdout] e8574301adb2ef36a9eb4bb26989e7f0d8d022e0358c3a615e4e89b9b4d3818f
[INFO] running `Command { std: "docker" "start" "e8574301adb2ef36a9eb4bb26989e7f0d8d022e0358c3a615e4e89b9b4d3818f", kill_on_drop: false }`
[INFO] running `Command { std: "docker" "inspect" "e8574301adb2ef36a9eb4bb26989e7f0d8d022e0358c3a615e4e89b9b4d3818f", kill_on_drop: false }`
[INFO] running `Command { std: "docker" "exec" "-e" "SOURCE_DIR=/opt/rustwide/workdir" "-e" "CARGO_HOME=/opt/rustwide/cargo-home" "-e" "RUSTUP_HOME=/opt/rustwide/rustup-home" "-e" "CARGO_TARGET_DIR=/opt/rustwide/target" "-w" "/opt/rustwide/workdir" "--user" "0:0" "e8574301adb2ef36a9eb4bb26989e7f0d8d022e0358c3a615e4e89b9b4d3818f" "/opt/rustwide/cargo-home/bin/cargo" "+1.99.0-beta.8" "metadata" "--no-deps" "--format-version=1", kill_on_drop: false }`
[INFO] running `Command { std: "docker" "inspect" "e8574301adb2ef36a9eb4bb26989e7f0d8d022e0358c3a615e4e89b9b4d3818f", kill_on_drop: false }`
[INFO] running `Command { std: "docker" "exec" "-e" "SOURCE_DIR=/opt/rustwide/workdir" "-e" "CARGO_HOME=/opt/rustwide/cargo-home" "-e" "RUSTUP_HOME=/opt/rustwide/rustup-home" "-e" "CARGO_TARGET_DIR=/opt/rustwide/target" "-e" "CARGO_INCREMENTAL=0" "-e" "RUST_BACKTRACE=full" "-e" "RUSTFLAGS=--cap-lints=warn" "-e" "RUSTDOCFLAGS=--cap-lints=warn" "-w" "/opt/rustwide/workdir" "--user" "0:0" "e8574301adb2ef36a9eb4bb26989e7f0d8d022e0358c3a615e4e89b9b4d3818f" "/opt/rustwide/cargo-home/bin/cargo" "+1.99.0-beta.8" "build" "--frozen" "--message-format=json" "--release", kill_on_drop: false }`
[INFO] [stderr]    Compiling proc-macro2 v1.0.78
[INFO] [stderr]    Compiling itoa v1.0.10
[INFO] [stderr]    Compiling bitflags v2.4.2
[INFO] [stderr]    Compiling tuplex v0.1.2
[INFO] [stderr]    Compiling quote v1.0.35
[INFO] [stderr]    Compiling syn v2.0.49
[INFO] [stderr]    Compiling diesel_table_macro_syntax v0.1.0
[INFO] [stderr]    Compiling diesel_derives v2.1.2
[INFO] [stderr]    Compiling diesel v2.1.4
[INFO] [stderr]    Compiling diesel-uplete v0.2.0 (/opt/rustwide/workdir)
[INFO] [stderr]     Finished `release` profile [optimized] target(s) in 19.04s
[INFO] running `Command { std: "docker" "inspect" "e8574301adb2ef36a9eb4bb26989e7f0d8d022e0358c3a615e4e89b9b4d3818f", kill_on_drop: false }`
[INFO] running `Command { std: "docker" "exec" "-e" "SOURCE_DIR=/opt/rustwide/workdir" "-e" "CARGO_HOME=/opt/rustwide/cargo-home" "-e" "RUSTUP_HOME=/opt/rustwide/rustup-home" "-e" "CARGO_TARGET_DIR=/opt/rustwide/target" "-e" "CARGO_INCREMENTAL=0" "-e" "RUST_BACKTRACE=full" "-e" "RUSTFLAGS=--cap-lints=warn" "-e" "RUSTDOCFLAGS=--cap-lints=warn" "-w" "/opt/rustwide/workdir" "--user" "0:0" "e8574301adb2ef36a9eb4bb26989e7f0d8d022e0358c3a615e4e89b9b4d3818f" "/opt/rustwide/cargo-home/bin/cargo" "+1.99.0-beta.8" "test" "--frozen" "--no-run" "--message-format=json" "--release", kill_on_drop: false }`
[INFO] [stderr]    Compiling bitflags v2.4.2
[INFO] [stderr]    Compiling pq-sys v0.4.8
[INFO] [stderr]    Compiling rustix v1.0.7
[INFO] [stderr]    Compiling linux-raw-sys v0.9.4
[INFO] [stderr]    Compiling once_cell v1.21.3
[INFO] [stderr]    Compiling fastrand v2.3.0
[INFO] [stderr]    Compiling diesel v2.1.4
[INFO] [stderr]    Compiling tempfile v3.20.0
[INFO] [stderr]    Compiling diesel-uplete v0.2.0 (/opt/rustwide/workdir)
[INFO] [stderr]     Finished `release` profile [optimized] target(s) in 15.17s
[INFO] running `Command { std: "docker" "inspect" "e8574301adb2ef36a9eb4bb26989e7f0d8d022e0358c3a615e4e89b9b4d3818f", kill_on_drop: false }`
[INFO] running `Command { std: "docker" "exec" "-e" "SOURCE_DIR=/opt/rustwide/workdir" "-e" "CARGO_HOME=/opt/rustwide/cargo-home" "-e" "RUSTUP_HOME=/opt/rustwide/rustup-home" "-e" "CARGO_TARGET_DIR=/opt/rustwide/target" "-e" "CARGO_INCREMENTAL=0" "-e" "RUST_BACKTRACE=full" "-e" "RUSTFLAGS=--cap-lints=warn" "-e" "RUSTDOCFLAGS=--cap-lints=warn" "-w" "/opt/rustwide/workdir" "--user" "0:0" "e8574301adb2ef36a9eb4bb26989e7f0d8d022e0358c3a615e4e89b9b4d3818f" "/opt/rustwide/cargo-home/bin/cargo" "+1.99.0-beta.8" "test" "--frozen" "--release", kill_on_drop: false }`
[INFO] [stderr]     Finished `release` profile [optimized] target(s) in 0.05s
[INFO] [stdout] 
[INFO] [stderr]      Running unittests src/lib.rs (/opt/rustwide/target/release/deps/diesel_uplete-3739453a39b94fc0)
[INFO] [stdout] running 3 tests
[INFO] [stderr] error: test failed, to rerun pass `--lib`
[INFO] [stdout] test tests::test_count_methods ... ok
[INFO] [stdout] test tests::test_generated_sql ... ok
[INFO] [stdout] test tests::test_db_stuff ... FAILED
[INFO] [stdout] 
[INFO] [stdout] failures:
[INFO] [stdout] 
[INFO] [stdout] ---- tests::test_db_stuff stdout ----
[INFO] [stdout] 
[INFO] [stdout] thread 'tests::test_db_stuff' (494) panicked at src/lib.rs:467:61:
[INFO] [stdout] called `Result::unwrap()` on an `Err` value: NotPresent
[INFO] [stdout] stack backtrace:
[INFO] [stdout]    0:     0x596d6839a6f1 - <<std[70759c8f55707aa4]::sys::backtrace::BacktraceLock>::print::DisplayBacktrace as core[df12db4294e9bfd3]::fmt::Display>::fmt
[INFO] [stdout]    1:     0x596d683aef4a - core[df12db4294e9bfd3]::fmt::write
[INFO] [stdout]    2:     0x596d6839edec - <alloc[2182bb758b4b3781]::vec::Vec<u8> as core[df12db4294e9bfd3]::io::write::Write>::write_fmt
[INFO] [stdout]    3:     0x596d683755d6 - std[70759c8f55707aa4]::panicking::default_hook::{closure#0}
[INFO] [stdout]    4:     0x596d68392619 - std[70759c8f55707aa4]::panicking::default_hook
[INFO] [stdout]    5:     0x596d683263a0 - test[9d35eded1c95d3be]::test_main_inner::<test[9d35eded1c95d3be]::test_main_static::{closure#0}>::{closure#0}
[INFO] [stdout]    6:     0x596d683927d2 - std[70759c8f55707aa4]::panicking::panic_with_hook
[INFO] [stdout]    7:     0x596d68375682 - std[70759c8f55707aa4]::panicking::panic_handler::{closure#0}
[INFO] [stdout]    8:     0x596d6836e2e9 - std[70759c8f55707aa4]::sys::backtrace::__rust_end_short_backtrace::<std[70759c8f55707aa4]::panicking::panic_handler::{closure#0}, !>
[INFO] [stdout]    9:     0x596d6837627d - __rustc[8fa7c3cbc660c2b3]::rust_begin_unwind
[INFO] [stdout]   10:     0x596d683af67c - core[df12db4294e9bfd3]::panicking::panic_fmt
[INFO] [stdout]   11:     0x596d683af452 - core[df12db4294e9bfd3]::result::unwrap_failed
[INFO] [stdout]   12:     0x596d6830a8c3 - diesel_uplete[89904175b07dcc32]::tests::test_db_stuff
[INFO] [stdout]   13:     0x596d68312b34 - <diesel_uplete[89904175b07dcc32]::tests::test_db_stuff::{closure#0} as core[df12db4294e9bfd3]::ops::function::FnOnce<()>>::call_once
[INFO] [stdout]   14:     0x596d6831968b - test[9d35eded1c95d3be]::__rust_begin_short_backtrace::<core[df12db4294e9bfd3]::result::Result<(), alloc[2182bb758b4b3781]::string::String>, fn() -> core[df12db4294e9bfd3]::result::Result<(), alloc[2182bb758b4b3781]::string::String>>
[INFO] [stdout]   15:     0x596d68326cf5 - test[9d35eded1c95d3be]::run_test::{closure#0}
[INFO] [stdout]   16:     0x596d683205b4 - std[70759c8f55707aa4]::sys::backtrace::__rust_begin_short_backtrace::<test[9d35eded1c95d3be]::run_test::{closure#1}, ()>
[INFO] [stdout]   17:     0x596d68329e52 - <std[70759c8f55707aa4]::thread::lifecycle::spawn_unchecked<test[9d35eded1c95d3be]::run_test::{closure#1}, ()>::{closure#1} as core[df12db4294e9bfd3]::ops::function::FnOnce<()>>::call_once::{shim:vtable#0}
[INFO] [stdout]   18:     0x596d68399fc9 - <std[70759c8f55707aa4]::sys::thread::unix::Thread>::new::thread_start
[INFO] [stdout]   19:     0x7427628bddfa - <unknown>
[INFO] [stdout]   20:     0x7427629513d4 - clone
[INFO] [stdout]   21:                0x0 - <unknown>
[INFO] [stdout] 
[INFO] [stdout] 
[INFO] [stdout] failures:
[INFO] [stdout]     tests::test_db_stuff
[INFO] [stdout] 
[INFO] [stdout] test result: FAILED. 2 passed; 1 failed; 0 ignored; 0 measured; 0 filtered out; finished in 0.00s
[INFO] [stdout] 
[INFO] running `Command { std: "docker" "inspect" "e8574301adb2ef36a9eb4bb26989e7f0d8d022e0358c3a615e4e89b9b4d3818f", kill_on_drop: false }`
[INFO] running `Command { std: "docker" "rm" "-f" "e8574301adb2ef36a9eb4bb26989e7f0d8d022e0358c3a615e4e89b9b4d3818f", kill_on_drop: false }`
[INFO] [stdout] e8574301adb2ef36a9eb4bb26989e7f0d8d022e0358c3a615e4e89b9b4d3818f
