[INFO] fetching crate diesel-oci 0.5.1...
[INFO] testing diesel-oci-0.5.1 against 1.100.0-beta.1+cargoflags=--release for beta-release-1.100-2
[INFO] extracting crate diesel-oci 0.5.1 into /workspace/builds/worker-1-tc2/source
[INFO] started tweaking crates.io crate diesel-oci 0.5.1
[INFO] finished tweaking crates.io crate diesel-oci 0.5.1
[INFO] tweaked toml for crates.io crate diesel-oci 0.5.1 written to /workspace/builds/worker-1-tc2/source/Cargo.toml
[INFO] validating manifest of crates.io crate diesel-oci 0.5.1 on toolchain 1.100.0-beta.1
[INFO] running `Command { std: CARGO_HOME="/workspace/cargo-home" RUSTUP_HOME="/workspace/rustup-home" "/workspace/cargo-home/bin/cargo" "+1.100.0-beta.1" "metadata" "--manifest-path" "Cargo.toml" "--no-deps", kill_on_drop: false }`
[INFO] crate crates.io crate diesel-oci 0.5.1 already has a lockfile, it will not be regenerated
[INFO] running `Command { std: CARGO_HOME="/workspace/cargo-home" RUSTUP_HOME="/workspace/rustup-home" "/workspace/cargo-home/bin/cargo" "+1.100.0-beta.1" "fetch" "--manifest-path" "Cargo.toml", kill_on_drop: false }`
[INFO] running `Command { std: "docker" "create" "-v" "/var/lib/crater-agent-workspace/builds/worker-1-tc2/source:/opt/rustwide/workdir:ro,Z" "-v" "/var/lib/crater-agent-workspace/builds/worker-1-tc2/target:/opt/rustwide/target:rw,Z" "-v" "/var/lib/crater-agent-workspace/cargo-home:/opt/rustwide/cargo-home:ro,Z" "-v" "/var/lib/crater-agent-workspace/rustup-home:/opt/rustwide/rustup-home:ro,Z" "-m" "1610612736" "--network" "none" "ghcr.io/rust-lang/crates-build-env/linux@sha256:77db811e55d90add9212f6832c23229e3de5f1c1f9905e8cb07319ea15df73ac" "sleep" "infinity", kill_on_drop: false }`
[INFO] [stdout] 9a8671e14c7193970bce1f32d67fced236cb075412400367af488cc897c6fdb4
[INFO] running `Command { std: "docker" "start" "9a8671e14c7193970bce1f32d67fced236cb075412400367af488cc897c6fdb4", kill_on_drop: false }`
[INFO] running `Command { std: "docker" "inspect" "9a8671e14c7193970bce1f32d67fced236cb075412400367af488cc897c6fdb4", kill_on_drop: false }`
[INFO] running `Command { std: "docker" "exec" "-e" "SOURCE_DIR=/opt/rustwide/workdir" "-e" "CARGO_HOME=/opt/rustwide/cargo-home" "-e" "RUSTUP_HOME=/opt/rustwide/rustup-home" "-e" "CARGO_TARGET_DIR=/opt/rustwide/target" "-w" "/opt/rustwide/workdir" "--user" "0:0" "9a8671e14c7193970bce1f32d67fced236cb075412400367af488cc897c6fdb4" "/opt/rustwide/cargo-home/bin/cargo" "+1.100.0-beta.1" "metadata" "--no-deps" "--format-version=1", kill_on_drop: false }`
[INFO] running `Command { std: "docker" "inspect" "9a8671e14c7193970bce1f32d67fced236cb075412400367af488cc897c6fdb4", kill_on_drop: false }`
[INFO] running `Command { std: "docker" "exec" "-e" "SOURCE_DIR=/opt/rustwide/workdir" "-e" "CARGO_HOME=/opt/rustwide/cargo-home" "-e" "RUSTUP_HOME=/opt/rustwide/rustup-home" "-e" "CARGO_TARGET_DIR=/opt/rustwide/target" "-e" "CARGO_INCREMENTAL=0" "-e" "RUST_BACKTRACE=full" "-e" "RUSTFLAGS=--cap-lints=warn" "-e" "RUSTDOCFLAGS=--cap-lints=warn" "-w" "/opt/rustwide/workdir" "--user" "0:0" "9a8671e14c7193970bce1f32d67fced236cb075412400367af488cc897c6fdb4" "/opt/rustwide/cargo-home/bin/cargo" "+1.100.0-beta.1" "build" "--frozen" "--message-format=json" "--release", kill_on_drop: false }`
[INFO] [stderr]    Compiling stable_deref_trait v1.2.1
[INFO] [stderr]    Compiling fnv v1.0.7
[INFO] [stderr]    Compiling ident_case v1.0.1
[INFO] [stderr]    Compiling smallvec v1.15.1
[INFO] [stderr]    Compiling libc v0.2.177
[INFO] [stderr]    Compiling syn v1.0.109
[INFO] [stderr]    Compiling litemap v0.8.1
[INFO] [stderr]    Compiling strsim v0.11.1
[INFO] [stderr]    Compiling parking_lot_core v0.9.12
[INFO] [stderr]    Compiling writeable v0.6.2
[INFO] [stderr]    Compiling icu_normalizer_data v2.1.1
[INFO] [stderr]    Compiling scopeguard v1.2.0
[INFO] [stderr]    Compiling icu_properties_data v2.1.1
[INFO] [stderr]    Compiling strsim v0.10.0
[INFO] [stderr]    Compiling syn v2.0.111
[INFO] [stderr]    Compiling find-msvc-tools v0.1.5
[INFO] [stderr]    Compiling heck v0.5.0
[INFO] [stderr]    Compiling either v1.15.0
[INFO] [stderr]    Compiling diesel_derives v2.3.5
[INFO] [stderr]    Compiling lock_api v0.4.14
[INFO] [stderr]    Compiling chrono v0.4.42
[INFO] [stderr]    Compiling serde v1.0.228
[INFO] [stderr]    Compiling paste v1.0.15
[INFO] [stderr]    Compiling cc v1.2.47
[INFO] [stderr]    Compiling log v0.4.28
[INFO] [stderr]    Compiling downcast-rs v2.0.2
[INFO] [stderr]    Compiling percent-encoding v2.3.2
[INFO] [stderr]    Compiling utf8_iter v1.0.4
[INFO] [stderr]    Compiling once_cell v1.21.3
[INFO] [stderr]    Compiling form_urlencoded v1.2.2
[INFO] [stderr]    Compiling odpic-sys v0.1.1
[INFO] [stderr]    Compiling parking_lot v0.12.5
[INFO] [stderr]    Compiling scheduled-thread-pool v0.2.7
[INFO] [stderr]    Compiling r2d2 v0.8.10
[INFO] [stderr]    Compiling darling_core v0.13.4
[INFO] [stderr]    Compiling synstructure v0.13.2
[INFO] [stderr]    Compiling darling_core v0.21.3
[INFO] [stderr]    Compiling diesel_table_macro_syntax v0.3.0
[INFO] [stderr]    Compiling zerofrom-derive v0.1.6
[INFO] [stderr]    Compiling yoke-derive v0.8.1
[INFO] [stderr]    Compiling zerovec-derive v0.11.2
[INFO] [stderr]    Compiling displaydoc v0.2.5
[INFO] [stderr]    Compiling serde_derive v1.0.228
[INFO] [stderr]    Compiling darling_macro v0.13.4
[INFO] [stderr]    Compiling darling v0.13.4
[INFO] [stderr]    Compiling oracle_procmacro v0.1.2
[INFO] [stderr]    Compiling zerofrom v0.1.6
[INFO] [stderr]    Compiling yoke v0.8.1
[INFO] [stderr]    Compiling zerotrie v0.2.3
[INFO] [stderr]    Compiling zerovec v0.11.5
[INFO] [stderr]    Compiling darling_macro v0.21.3
[INFO] [stderr]    Compiling tinystr v0.8.2
[INFO] [stderr]    Compiling potential_utf v0.1.4
[INFO] [stderr]    Compiling icu_collections v2.1.1
[INFO] [stderr]    Compiling darling v0.21.3
[INFO] [stderr]    Compiling dsl_auto_type v0.2.0
[INFO] [stderr]    Compiling icu_locale_core v2.1.1
[INFO] [stderr]    Compiling icu_provider v2.1.1
[INFO] [stderr]    Compiling oracle v0.6.3
[INFO] [stderr]    Compiling icu_properties v2.1.1
[INFO] [stderr]    Compiling icu_normalizer v2.1.1
[INFO] [stderr]    Compiling idna_adapter v1.2.1
[INFO] [stderr]    Compiling idna v1.1.0
[INFO] [stderr]    Compiling url v2.5.7
[INFO] [stderr]    Compiling diesel v2.3.4
[INFO] [stderr]    Compiling diesel-dynamic-schema v0.2.4
[INFO] [stderr]    Compiling diesel-oci v0.5.1 (/opt/rustwide/workdir)
[INFO] [stdout] warning: struct `ReturningClauseFromSqlHelper` is never constructed
[INFO] [stdout]    --> src/oracle/connection/mod.rs:401:8
[INFO] [stdout]     |
[INFO] [stdout] 401 | struct ReturningClauseFromSqlHelper<T, ST>(T, PhantomData<ST>);
[INFO] [stdout]     |        ^^^^^^^^^^^^^^^^^^^^^^^^^^^^
[INFO] [stdout]     |
[INFO] [stdout]     = note: `#[warn(dead_code)]` (part of `#[warn(unused)]`) on by default
[INFO] [stdout] 
[INFO] [stdout] 
[INFO] [stderr]     Finished `release` profile [optimized] target(s) in 47.61s
[INFO] running `Command { std: "docker" "inspect" "9a8671e14c7193970bce1f32d67fced236cb075412400367af488cc897c6fdb4", kill_on_drop: false }`
[INFO] running `Command { std: "docker" "exec" "-e" "SOURCE_DIR=/opt/rustwide/workdir" "-e" "CARGO_HOME=/opt/rustwide/cargo-home" "-e" "RUSTUP_HOME=/opt/rustwide/rustup-home" "-e" "CARGO_TARGET_DIR=/opt/rustwide/target" "-e" "CARGO_INCREMENTAL=0" "-e" "RUST_BACKTRACE=full" "-e" "RUSTFLAGS=--cap-lints=warn" "-e" "RUSTDOCFLAGS=--cap-lints=warn" "-w" "/opt/rustwide/workdir" "--user" "0:0" "9a8671e14c7193970bce1f32d67fced236cb075412400367af488cc897c6fdb4" "/opt/rustwide/cargo-home/bin/cargo" "+1.100.0-beta.1" "test" "--frozen" "--no-run" "--message-format=json" "--release", kill_on_drop: false }`
[INFO] [stderr]    Compiling num-traits v0.2.19
[INFO] [stderr]    Compiling dotenvy v0.15.7
[INFO] [stderr]    Compiling num-derive v0.4.2
[INFO] [stderr]    Compiling chrono v0.4.42
[INFO] [stderr]    Compiling num-integer v0.1.46
[INFO] [stderr]    Compiling num-complex v0.4.6
[INFO] [stderr]    Compiling num-rational v0.4.2
[INFO] [stderr]    Compiling num-iter v0.1.45
[INFO] [stderr]    Compiling num v0.4.3
[INFO] [stderr]    Compiling diesel v2.3.4
[INFO] [stderr]    Compiling oracle v0.6.3
[INFO] [stderr]    Compiling diesel-dynamic-schema v0.2.4
[INFO] [stderr]    Compiling diesel-oci v0.5.1 (/opt/rustwide/workdir)
[INFO] [stdout] warning: struct `ReturningClauseFromSqlHelper` is never constructed
[INFO] [stdout]    --> src/oracle/connection/mod.rs:401:8
[INFO] [stdout]     |
[INFO] [stdout] 401 | struct ReturningClauseFromSqlHelper<T, ST>(T, PhantomData<ST>);
[INFO] [stdout]     |        ^^^^^^^^^^^^^^^^^^^^^^^^^^^^
[INFO] [stdout]     |
[INFO] [stdout]     = note: `#[warn(dead_code)]` (part of `#[warn(unused)]`) on by default
[INFO] [stdout] 
[INFO] [stdout] 
[INFO] [stdout] warning: use of deprecated constant `std::i64::MIN`: replaced by the `MIN` associated constant on this type
[INFO] [stdout]    --> src/test/mod.rs:664:39
[INFO] [stdout]     |
[INFO] [stdout] 664 |             assert_eq!(val[0].0, i64::MIN);
[INFO] [stdout]     |                                       ^^^
[INFO] [stdout]     |
[INFO] [stdout]     = note: `#[warn(deprecated)]` on by default
[INFO] [stdout] 
[INFO] [stdout] 
[INFO] [stdout] warning: use of deprecated constant `std::i64::MAX`: replaced by the `MAX` associated constant on this type
[INFO] [stdout]    --> src/test/mod.rs:665:39
[INFO] [stdout]     |
[INFO] [stdout] 665 |             assert_eq!(val[1].0, i64::MAX);
[INFO] [stdout]     |                                       ^^^
[INFO] [stdout] 
[INFO] [stdout] 
[INFO] [stdout] warning: use of deprecated constant `std::i16::MIN`: replaced by the `MIN` associated constant on this type
[INFO] [stdout]    --> src/test/mod.rs:666:39
[INFO] [stdout]     |
[INFO] [stdout] 666 |             assert_eq!(val[0].1, i16::MIN);
[INFO] [stdout]     |                                       ^^^
[INFO] [stdout] 
[INFO] [stdout] 
[INFO] [stdout] warning: use of deprecated constant `std::i16::MAX`: replaced by the `MAX` associated constant on this type
[INFO] [stdout]    --> src/test/mod.rs:667:39
[INFO] [stdout]     |
[INFO] [stdout] 667 |             assert_eq!(val[1].1, i16::MAX);
[INFO] [stdout]     |                                       ^^^
[INFO] [stdout] 
[INFO] [stdout] 
[INFO] [stdout] warning: use of deprecated constant `std::i32::MIN`: replaced by the `MIN` associated constant on this type
[INFO] [stdout]    --> src/test/mod.rs:668:39
[INFO] [stdout]     |
[INFO] [stdout] 668 |             assert_eq!(val[0].2, i32::MIN);
[INFO] [stdout]     |                                       ^^^
[INFO] [stdout] 
[INFO] [stdout] 
[INFO] [stdout] warning: use of deprecated constant `std::i32::MAX`: replaced by the `MAX` associated constant on this type
[INFO] [stdout]    --> src/test/mod.rs:669:39
[INFO] [stdout]     |
[INFO] [stdout] 669 |             assert_eq!(val[1].2, i32::MAX);
[INFO] [stdout]     |                                       ^^^
[INFO] [stdout] 
[INFO] [stdout] 
[INFO] [stdout] warning: use of deprecated constant `std::i64::MIN`: replaced by the `MIN` associated constant on this type
[INFO] [stdout]    --> src/test/mod.rs:686:27
[INFO] [stdout]     |
[INFO] [stdout] 686 |                 Some(i64::MIN),
[INFO] [stdout]     |                           ^^^
[INFO] [stdout] 
[INFO] [stdout] 
[INFO] [stdout] warning: use of deprecated constant `std::i64::MAX`: replaced by the `MAX` associated constant on this type
[INFO] [stdout]    --> src/test/mod.rs:687:27
[INFO] [stdout]     |
[INFO] [stdout] 687 |                 Some(i64::MAX),
[INFO] [stdout]     |                           ^^^
[INFO] [stdout] 
[INFO] [stdout] 
[INFO] [stdout] warning: use of deprecated constant `std::i16::MIN`: replaced by the `MIN` associated constant on this type
[INFO] [stdout]    --> src/test/mod.rs:688:27
[INFO] [stdout]     |
[INFO] [stdout] 688 |                 Some(i16::MIN),
[INFO] [stdout]     |                           ^^^
[INFO] [stdout] 
[INFO] [stdout] 
[INFO] [stdout] warning: use of deprecated constant `std::i32::MAX`: replaced by the `MAX` associated constant on this type
[INFO] [stdout]    --> src/test/mod.rs:689:27
[INFO] [stdout]     |
[INFO] [stdout] 689 |                 Some(i32::MAX),
[INFO] [stdout]     |                           ^^^
[INFO] [stdout] 
[INFO] [stdout] 
[INFO] [stdout] warning: use of deprecated constant `std::i64::MIN`: replaced by the `MIN` associated constant on this type
[INFO] [stdout]    --> src/test/mod.rs:708:29
[INFO] [stdout]     |
[INFO] [stdout] 708 |                 big.eq(i64::MIN),
[INFO] [stdout]     |                             ^^^
[INFO] [stdout] 
[INFO] [stdout] 
[INFO] [stdout] warning: use of deprecated constant `std::i64::MIN`: replaced by the `MIN` associated constant on this type
[INFO] [stdout]    --> src/test/mod.rs:709:30
[INFO] [stdout]     |
[INFO] [stdout] 709 |                 big2.eq(i64::MIN),
[INFO] [stdout]     |                              ^^^
[INFO] [stdout] 
[INFO] [stdout] 
[INFO] [stdout] warning: use of deprecated constant `std::i16::MIN`: replaced by the `MIN` associated constant on this type
[INFO] [stdout]    --> src/test/mod.rs:710:31
[INFO] [stdout]     |
[INFO] [stdout] 710 |                 small.eq(i16::MIN),
[INFO] [stdout]     |                               ^^^
[INFO] [stdout] 
[INFO] [stdout] 
[INFO] [stdout] warning: use of deprecated constant `std::i32::MIN`: replaced by the `MIN` associated constant on this type
[INFO] [stdout]    --> src/test/mod.rs:711:32
[INFO] [stdout]     |
[INFO] [stdout] 711 |                 normal.eq(i32::MIN),
[INFO] [stdout]     |                                ^^^
[INFO] [stdout] 
[INFO] [stdout] 
[INFO] [stdout] warning: use of deprecated constant `std::i64::MAX`: replaced by the `MAX` associated constant on this type
[INFO] [stdout]    --> src/test/mod.rs:723:29
[INFO] [stdout]     |
[INFO] [stdout] 723 |                 big.eq(i64::MAX),
[INFO] [stdout]     |                             ^^^
[INFO] [stdout] 
[INFO] [stdout] 
[INFO] [stdout] warning: use of deprecated constant `std::i64::MAX`: replaced by the `MAX` associated constant on this type
[INFO] [stdout]    --> src/test/mod.rs:724:30
[INFO] [stdout]     |
[INFO] [stdout] 724 |                 big2.eq(i64::MAX),
[INFO] [stdout]     |                              ^^^
[INFO] [stdout] 
[INFO] [stdout] 
[INFO] [stdout] warning: use of deprecated constant `std::i16::MAX`: replaced by the `MAX` associated constant on this type
[INFO] [stdout]    --> src/test/mod.rs:725:31
[INFO] [stdout]     |
[INFO] [stdout] 725 |                 small.eq(i16::MAX),
[INFO] [stdout]     |                               ^^^
[INFO] [stdout] 
[INFO] [stdout] 
[INFO] [stdout] warning: use of deprecated constant `std::i32::MAX`: replaced by the `MAX` associated constant on this type
[INFO] [stdout]    --> src/test/mod.rs:726:32
[INFO] [stdout]     |
[INFO] [stdout] 726 |                 normal.eq(i32::MAX),
[INFO] [stdout]     |                                ^^^
[INFO] [stdout] 
[INFO] [stdout] 
[INFO] [stdout] warning: use of deprecated constant `std::i64::MIN`: replaced by the `MIN` associated constant on this type
[INFO] [stdout]    --> src/test/mod.rs:760:44
[INFO] [stdout]     |
[INFO] [stdout] 760 |             assert_eq!(val[0].0, Some(i64::MIN));
[INFO] [stdout]     |                                            ^^^
[INFO] [stdout] 
[INFO] [stdout] 
[INFO] [stdout] warning: use of deprecated constant `std::i64::MAX`: replaced by the `MAX` associated constant on this type
[INFO] [stdout]    --> src/test/mod.rs:762:44
[INFO] [stdout]     |
[INFO] [stdout] 762 |             assert_eq!(val[1].0, Some(i64::MAX));
[INFO] [stdout]     |                                            ^^^
[INFO] [stdout] 
[INFO] [stdout] 
[INFO] [stdout] warning: use of deprecated constant `std::i16::MIN`: replaced by the `MIN` associated constant on this type
[INFO] [stdout]    --> src/test/mod.rs:764:44
[INFO] [stdout]     |
[INFO] [stdout] 764 |             assert_eq!(val[0].1, Some(i16::MIN));
[INFO] [stdout]     |                                            ^^^
[INFO] [stdout] 
[INFO] [stdout] 
[INFO] [stdout] warning: use of deprecated constant `std::i16::MAX`: replaced by the `MAX` associated constant on this type
[INFO] [stdout]    --> src/test/mod.rs:766:44
[INFO] [stdout]     |
[INFO] [stdout] 766 |             assert_eq!(val[1].1, Some(i16::MAX));
[INFO] [stdout]     |                                            ^^^
[INFO] [stdout] 
[INFO] [stdout] 
[INFO] [stdout] warning: use of deprecated constant `std::i32::MIN`: replaced by the `MIN` associated constant on this type
[INFO] [stdout]    --> src/test/mod.rs:768:44
[INFO] [stdout]     |
[INFO] [stdout] 768 |             assert_eq!(val[0].2, Some(i32::MIN));
[INFO] [stdout]     |                                            ^^^
[INFO] [stdout] 
[INFO] [stdout] 
[INFO] [stdout] warning: use of deprecated constant `std::i32::MAX`: replaced by the `MAX` associated constant on this type
[INFO] [stdout]    --> src/test/mod.rs:770:44
[INFO] [stdout]     |
[INFO] [stdout] 770 |             assert_eq!(val[1].2, Some(i32::MAX));
[INFO] [stdout]     |                                            ^^^
[INFO] [stdout] 
[INFO] [stdout] 
[INFO] [stdout] warning: use of deprecated constant `std::i64::MAX`: replaced by the `MAX` associated constant on this type
[INFO] [stdout]    --> src/test/mod.rs:807:37
[INFO] [stdout]     |
[INFO] [stdout] 807 |                 .filter(big.eq(i64::MAX))
[INFO] [stdout]     |                                     ^^^
[INFO] [stdout] 
[INFO] [stdout] 
[INFO] [stdout] warning: use of deprecated module `std::i16`: all constants in this module replaced by associated constants on the type
[INFO] [stdout]    --> src/test/mod.rs:614:15
[INFO] [stdout]     |
[INFO] [stdout] 614 |     use std::{i16, i32, i64};
[INFO] [stdout]     |               ^^^
[INFO] [stdout] 
[INFO] [stdout] 
[INFO] [stdout] warning: use of deprecated module `std::i32`: all constants in this module replaced by associated constants on the type
[INFO] [stdout]    --> src/test/mod.rs:614:20
[INFO] [stdout]     |
[INFO] [stdout] 614 |     use std::{i16, i32, i64};
[INFO] [stdout]     |                    ^^^
[INFO] [stdout] 
[INFO] [stdout] 
[INFO] [stdout] warning: use of deprecated module `std::i64`: all constants in this module replaced by associated constants on the type
[INFO] [stdout]    --> src/test/mod.rs:614:25
[INFO] [stdout]     |
[INFO] [stdout] 614 |     use std::{i16, i32, i64};
[INFO] [stdout]     |                         ^^^
[INFO] [stdout] 
[INFO] [stdout] 
[INFO] [stdout] warning: use of deprecated constant `std::i64::MIN`: replaced by the `MIN` associated constant on this type
[INFO] [stdout]    --> src/test/mod.rs:978:19
[INFO] [stdout]     |
[INFO] [stdout] 978 |         Some(i64::MIN),
[INFO] [stdout]     |                   ^^^
[INFO] [stdout] 
[INFO] [stdout] 
[INFO] [stdout] warning: use of deprecated constant `std::i64::MAX`: replaced by the `MAX` associated constant on this type
[INFO] [stdout]    --> src/test/mod.rs:979:19
[INFO] [stdout]     |
[INFO] [stdout] 979 |         Some(i64::MAX),
[INFO] [stdout]     |                   ^^^
[INFO] [stdout] 
[INFO] [stdout] 
[INFO] [stdout] warning: use of deprecated constant `std::i16::MIN`: replaced by the `MIN` associated constant on this type
[INFO] [stdout]    --> src/test/mod.rs:980:19
[INFO] [stdout]     |
[INFO] [stdout] 980 |         Some(i16::MIN),
[INFO] [stdout]     |                   ^^^
[INFO] [stdout] 
[INFO] [stdout] 
[INFO] [stdout] warning: use of deprecated constant `std::i32::MAX`: replaced by the `MAX` associated constant on this type
[INFO] [stdout]    --> src/test/mod.rs:981:19
[INFO] [stdout]     |
[INFO] [stdout] 981 |         Some(i32::MAX),
[INFO] [stdout]     |                   ^^^
[INFO] [stdout] 
[INFO] [stdout] 
[INFO] [stdout] warning: use of deprecated constant `std::i64::MIN`: replaced by the `MIN` associated constant on this type
[INFO] [stdout]     --> src/test/mod.rs:1000:21
[INFO] [stdout]      |
[INFO] [stdout] 1000 |         big.eq(i64::MIN),
[INFO] [stdout]      |                     ^^^
[INFO] [stdout] 
[INFO] [stdout] 
[INFO] [stdout] warning: use of deprecated constant `std::i64::MIN`: replaced by the `MIN` associated constant on this type
[INFO] [stdout]     --> src/test/mod.rs:1001:22
[INFO] [stdout]      |
[INFO] [stdout] 1001 |         big2.eq(i64::MIN),
[INFO] [stdout]      |                      ^^^
[INFO] [stdout] 
[INFO] [stdout] 
[INFO] [stdout] warning: use of deprecated constant `std::i16::MIN`: replaced by the `MIN` associated constant on this type
[INFO] [stdout]     --> src/test/mod.rs:1002:23
[INFO] [stdout]      |
[INFO] [stdout] 1002 |         small.eq(i16::MIN),
[INFO] [stdout]      |                       ^^^
[INFO] [stdout] 
[INFO] [stdout] 
[INFO] [stdout] warning: use of deprecated constant `std::i32::MIN`: replaced by the `MIN` associated constant on this type
[INFO] [stdout]     --> src/test/mod.rs:1003:24
[INFO] [stdout]      |
[INFO] [stdout] 1003 |         normal.eq(i32::MIN),
[INFO] [stdout]      |                        ^^^
[INFO] [stdout] 
[INFO] [stdout] 
[INFO] [stdout] warning: use of deprecated constant `std::i64::MAX`: replaced by the `MAX` associated constant on this type
[INFO] [stdout]     --> src/test/mod.rs:1015:21
[INFO] [stdout]      |
[INFO] [stdout] 1015 |         big.eq(i64::MAX),
[INFO] [stdout]      |                     ^^^
[INFO] [stdout] 
[INFO] [stdout] 
[INFO] [stdout] warning: use of deprecated constant `std::i64::MAX`: replaced by the `MAX` associated constant on this type
[INFO] [stdout]     --> src/test/mod.rs:1016:22
[INFO] [stdout]      |
[INFO] [stdout] 1016 |         big2.eq(i64::MAX),
[INFO] [stdout]      |                      ^^^
[INFO] [stdout] 
[INFO] [stdout] 
[INFO] [stdout] warning: use of deprecated constant `std::i16::MAX`: replaced by the `MAX` associated constant on this type
[INFO] [stdout]     --> src/test/mod.rs:1017:23
[INFO] [stdout]      |
[INFO] [stdout] 1017 |         small.eq(i16::MAX),
[INFO] [stdout]      |                       ^^^
[INFO] [stdout] 
[INFO] [stdout] 
[INFO] [stdout] warning: use of deprecated constant `std::i32::MAX`: replaced by the `MAX` associated constant on this type
[INFO] [stdout]     --> src/test/mod.rs:1018:24
[INFO] [stdout]      |
[INFO] [stdout] 1018 |         normal.eq(i32::MAX),
[INFO] [stdout]      |                        ^^^
[INFO] [stdout] 
[INFO] [stdout] 
[INFO] [stdout] warning: use of deprecated module `std::i16`: all constants in this module replaced by associated constants on the type
[INFO] [stdout]    --> src/test/mod.rs:970:15
[INFO] [stdout]     |
[INFO] [stdout] 970 |     use std::{i16, i32, i64};
[INFO] [stdout]     |               ^^^
[INFO] [stdout] 
[INFO] [stdout] 
[INFO] [stdout] warning: use of deprecated module `std::i32`: all constants in this module replaced by associated constants on the type
[INFO] [stdout]    --> src/test/mod.rs:970:20
[INFO] [stdout]     |
[INFO] [stdout] 970 |     use std::{i16, i32, i64};
[INFO] [stdout]     |                    ^^^
[INFO] [stdout] 
[INFO] [stdout] 
[INFO] [stdout] warning: use of deprecated module `std::i64`: all constants in this module replaced by associated constants on the type
[INFO] [stdout]    --> src/test/mod.rs:970:25
[INFO] [stdout]     |
[INFO] [stdout] 970 |     use std::{i16, i32, i64};
[INFO] [stdout]     |                         ^^^
[INFO] [stdout] 
[INFO] [stdout] 
[INFO] [stdout] warning: struct `ReturningClauseFromSqlHelper` is never constructed
[INFO] [stdout]    --> src/oracle/connection/mod.rs:401:8
[INFO] [stdout]     |
[INFO] [stdout] 401 | struct ReturningClauseFromSqlHelper<T, ST>(T, PhantomData<ST>);
[INFO] [stdout]     |        ^^^^^^^^^^^^^^^^^^^^^^^^^^^^
[INFO] [stdout]     |
[INFO] [stdout]     = note: `#[warn(dead_code)]` (part of `#[warn(unused)]`) on by default
[INFO] [stdout] 
[INFO] [stdout] 
[INFO] [stdout] warning: struct `CoordinateSystemDescription` is never constructed
[INFO] [stdout]     --> src/test/mod.rs:1142:12
[INFO] [stdout]      |
[INFO] [stdout] 1142 | pub struct CoordinateSystemDescription {
[INFO] [stdout]      |            ^^^^^^^^^^^^^^^^^^^^^^^^^^^
[INFO] [stdout] 
[INFO] [stdout] 
[INFO] [stderr]     Finished `release` profile [optimized] target(s) in 30.95s
[INFO] running `Command { std: "docker" "inspect" "9a8671e14c7193970bce1f32d67fced236cb075412400367af488cc897c6fdb4", kill_on_drop: false }`
[INFO] running `Command { std: "docker" "exec" "-e" "SOURCE_DIR=/opt/rustwide/workdir" "-e" "CARGO_HOME=/opt/rustwide/cargo-home" "-e" "RUSTUP_HOME=/opt/rustwide/rustup-home" "-e" "CARGO_TARGET_DIR=/opt/rustwide/target" "-e" "CARGO_INCREMENTAL=0" "-e" "RUST_BACKTRACE=full" "-e" "RUSTFLAGS=--cap-lints=warn" "-e" "RUSTDOCFLAGS=--cap-lints=warn" "-w" "/opt/rustwide/workdir" "--user" "0:0" "9a8671e14c7193970bce1f32d67fced236cb075412400367af488cc897c6fdb4" "/opt/rustwide/cargo-home/bin/cargo" "+1.100.0-beta.1" "test" "--frozen" "--release", kill_on_drop: false }`
[INFO] [stderr] warning: struct `ReturningClauseFromSqlHelper` is never constructed
[INFO] [stderr]    --> src/oracle/connection/mod.rs:401:8
[INFO] [stderr]     |
[INFO] [stderr] 401 | struct ReturningClauseFromSqlHelper<T, ST>(T, PhantomData<ST>);
[INFO] [stderr]     |        ^^^^^^^^^^^^^^^^^^^^^^^^^^^^
[INFO] [stderr]     |
[INFO] [stderr]     = note: `#[warn(dead_code)]` (part of `#[warn(unused)]`) on by default
[INFO] [stderr] 
[INFO] [stderr] warning: use of deprecated constant `std::i64::MIN`: replaced by the `MIN` associated constant on this type
[INFO] [stderr]    --> src/test/mod.rs:664:39
[INFO] [stderr]     |
[INFO] [stderr] 664 |             assert_eq!(val[0].0, i64::MIN);
[INFO] [stderr]     |                                       ^^^
[INFO] [stderr]     |
[INFO] [stderr]     = note: `#[warn(deprecated)]` on by default
[INFO] [stderr] 
[INFO] [stderr] warning: use of deprecated constant `std::i64::MAX`: replaced by the `MAX` associated constant on this type
[INFO] [stderr]    --> src/test/mod.rs:665:39
[INFO] [stderr]     |
[INFO] [stderr] 665 |             assert_eq!(val[1].0, i64::MAX);
[INFO] [stderr]     |                                       ^^^
[INFO] [stderr] 
[INFO] [stderr] warning: use of deprecated constant `std::i16::MIN`: replaced by the `MIN` associated constant on this type
[INFO] [stderr]    --> src/test/mod.rs:666:39
[INFO] [stderr]     |
[INFO] [stderr] 666 |             assert_eq!(val[0].1, i16::MIN);
[INFO] [stderr]     |                                       ^^^
[INFO] [stderr] 
[INFO] [stderr] warning: use of deprecated constant `std::i16::MAX`: replaced by the `MAX` associated constant on this type
[INFO] [stderr]    --> src/test/mod.rs:667:39
[INFO] [stderr]     |
[INFO] [stderr] 667 |             assert_eq!(val[1].1, i16::MAX);
[INFO] [stderr]     |                                       ^^^
[INFO] [stderr] 
[INFO] [stderr] warning: use of deprecated constant `std::i32::MIN`: replaced by the `MIN` associated constant on this type
[INFO] [stderr]    --> src/test/mod.rs:668:39
[INFO] [stderr]     |
[INFO] [stderr] 668 |             assert_eq!(val[0].2, i32::MIN);
[INFO] [stderr]     |                                       ^^^
[INFO] [stderr] 
[INFO] [stderr] warning: use of deprecated constant `std::i32::MAX`: replaced by the `MAX` associated constant on this type
[INFO] [stderr]    --> src/test/mod.rs:669:39
[INFO] [stderr]     |
[INFO] [stderr] 669 |             assert_eq!(val[1].2, i32::MAX);
[INFO] [stderr]     |                                       ^^^
[INFO] [stderr] 
[INFO] [stderr] warning: use of deprecated constant `std::i64::MIN`: replaced by the `MIN` associated constant on this type
[INFO] [stderr]    --> src/test/mod.rs:686:27
[INFO] [stderr]     |
[INFO] [stderr] 686 |                 Some(i64::MIN),
[INFO] [stderr]     |                           ^^^
[INFO] [stderr] 
[INFO] [stderr] warning: use of deprecated constant `std::i64::MAX`: replaced by the `MAX` associated constant on this type
[INFO] [stderr]    --> src/test/mod.rs:687:27
[INFO] [stderr]     |
[INFO] [stderr] 687 |                 Some(i64::MAX),
[INFO] [stderr]     |                           ^^^
[INFO] [stderr] 
[INFO] [stderr] warning: use of deprecated constant `std::i16::MIN`: replaced by the `MIN` associated constant on this type
[INFO] [stderr]    --> src/test/mod.rs:688:27
[INFO] [stderr]     |
[INFO] [stderr] 688 |                 Some(i16::MIN),
[INFO] [stderr]     |                           ^^^
[INFO] [stderr] 
[INFO] [stderr] warning: use of deprecated constant `std::i32::MAX`: replaced by the `MAX` associated constant on this type
[INFO] [stderr]    --> src/test/mod.rs:689:27
[INFO] [stderr]     |
[INFO] [stderr] 689 |                 Some(i32::MAX),
[INFO] [stderr]     |                           ^^^
[INFO] [stderr] 
[INFO] [stderr] warning: use of deprecated constant `std::i64::MIN`: replaced by the `MIN` associated constant on this type
[INFO] [stderr]    --> src/test/mod.rs:708:29
[INFO] [stderr]     |
[INFO] [stderr] 708 |                 big.eq(i64::MIN),
[INFO] [stderr]     |                             ^^^
[INFO] [stderr] 
[INFO] [stderr] warning: use of deprecated constant `std::i64::MIN`: replaced by the `MIN` associated constant on this type
[INFO] [stderr]    --> src/test/mod.rs:709:30
[INFO] [stderr]     |
[INFO] [stderr] 709 |                 big2.eq(i64::MIN),
[INFO] [stderr]     |                              ^^^
[INFO] [stderr] 
[INFO] [stderr] warning: use of deprecated constant `std::i16::MIN`: replaced by the `MIN` associated constant on this type
[INFO] [stderr]    --> src/test/mod.rs:710:31
[INFO] [stderr]     |
[INFO] [stderr] 710 |                 small.eq(i16::MIN),
[INFO] [stderr]     |                               ^^^
[INFO] [stderr] 
[INFO] [stderr] warning: use of deprecated constant `std::i32::MIN`: replaced by the `MIN` associated constant on this type
[INFO] [stderr]    --> src/test/mod.rs:711:32
[INFO] [stderr]     |
[INFO] [stderr] 711 |                 normal.eq(i32::MIN),
[INFO] [stderr]     |                                ^^^
[INFO] [stderr] 
[INFO] [stderr] warning: use of deprecated constant `std::i64::MAX`: replaced by the `MAX` associated constant on this type
[INFO] [stderr]    --> src/test/mod.rs:723:29
[INFO] [stderr]     |
[INFO] [stderr] 723 |                 big.eq(i64::MAX),
[INFO] [stderr]     |                             ^^^
[INFO] [stderr] 
[INFO] [stderr] warning: use of deprecated constant `std::i64::MAX`: replaced by the `MAX` associated constant on this type
[INFO] [stderr]    --> src/test/mod.rs:724:30
[INFO] [stderr]     |
[INFO] [stderr] 724 |                 big2.eq(i64::MAX),
[INFO] [stderr]     |                              ^^^
[INFO] [stderr] 
[INFO] [stderr] warning: use of deprecated constant `std::i16::MAX`: replaced by the `MAX` associated constant on this type
[INFO] [stderr]    --> src/test/mod.rs:725:31
[INFO] [stderr]     |
[INFO] [stderr] 725 |                 small.eq(i16::MAX),
[INFO] [stderr]     |                               ^^^
[INFO] [stderr] 
[INFO] [stderr] warning: use of deprecated constant `std::i32::MAX`: replaced by the `MAX` associated constant on this type
[INFO] [stderr]    --> src/test/mod.rs:726:32
[INFO] [stderr]     |
[INFO] [stderr] 726 |                 normal.eq(i32::MAX),
[INFO] [stderr]     |                                ^^^
[INFO] [stderr] 
[INFO] [stderr] warning: use of deprecated constant `std::i64::MIN`: replaced by the `MIN` associated constant on this type
[INFO] [stderr]    --> src/test/mod.rs:760:44
[INFO] [stderr]     |
[INFO] [stderr] 760 |             assert_eq!(val[0].0, Some(i64::MIN));
[INFO] [stderr]     |                                            ^^^
[INFO] [stderr] 
[INFO] [stderr] warning: use of deprecated constant `std::i64::MAX`: replaced by the `MAX` associated constant on this type
[INFO] [stderr]    --> src/test/mod.rs:762:44
[INFO] [stderr]     |
[INFO] [stderr] 762 |             assert_eq!(val[1].0, Some(i64::MAX));
[INFO] [stderr]     |                                            ^^^
[INFO] [stderr] 
[INFO] [stderr] warning: use of deprecated constant `std::i16::MIN`: replaced by the `MIN` associated constant on this type
[INFO] [stderr]    --> src/test/mod.rs:764:44
[INFO] [stderr]     |
[INFO] [stderr] 764 |             assert_eq!(val[0].1, Some(i16::MIN));
[INFO] [stderr]     |                                            ^^^
[INFO] [stderr] 
[INFO] [stderr] warning: use of deprecated constant `std::i16::MAX`: replaced by the `MAX` associated constant on this type
[INFO] [stderr]    --> src/test/mod.rs:766:44
[INFO] [stderr]     |
[INFO] [stderr] 766 |             assert_eq!(val[1].1, Some(i16::MAX));
[INFO] [stderr]     |                                            ^^^
[INFO] [stderr] 
[INFO] [stderr] warning: use of deprecated constant `std::i32::MIN`: replaced by the `MIN` associated constant on this type
[INFO] [stderr]    --> src/test/mod.rs:768:44
[INFO] [stderr]     |
[INFO] [stderr] 768 |             assert_eq!(val[0].2, Some(i32::MIN));
[INFO] [stderr]     |                                            ^^^
[INFO] [stderr] 
[INFO] [stderr] warning: use of deprecated constant `std::i32::MAX`: replaced by the `MAX` associated constant on this type
[INFO] [stderr]    --> src/test/mod.rs:770:44
[INFO] [stderr]     |
[INFO] [stderr] 770 |             assert_eq!(val[1].2, Some(i32::MAX));
[INFO] [stderr]     |                                            ^^^
[INFO] [stderr] 
[INFO] [stderr] warning: use of deprecated constant `std::i64::MAX`: replaced by the `MAX` associated constant on this type
[INFO] [stderr]    --> src/test/mod.rs:807:37
[INFO] [stderr]     |
[INFO] [stderr] 807 |                 .filter(big.eq(i64::MAX))
[INFO] [stderr]     |                                     ^^^
[INFO] [stderr] 
[INFO] [stderr] warning: use of deprecated module `std::i16`: all constants in this module replaced by associated constants on the type
[INFO] [stderr]    --> src/test/mod.rs:614:15
[INFO] [stderr]     |
[INFO] [stderr] 614 |     use std::{i16, i32, i64};
[INFO] [stderr]     |               ^^^
[INFO] [stderr] 
[INFO] [stderr] warning: use of deprecated module `std::i32`: all constants in this module replaced by associated constants on the type
[INFO] [stderr]    --> src/test/mod.rs:614:20
[INFO] [stderr]     |
[INFO] [stderr] 614 |     use std::{i16, i32, i64};
[INFO] [stderr]     |                    ^^^
[INFO] [stderr] 
[INFO] [stderr] warning: use of deprecated module `std::i64`: all constants in this module replaced by associated constants on the type
[INFO] [stderr]    --> src/test/mod.rs:614:25
[INFO] [stderr]     |
[INFO] [stderr] 614 |     use std::{i16, i32, i64};
[INFO] [stderr]     |                         ^^^
[INFO] [stderr] 
[INFO] [stderr] warning: use of deprecated constant `std::i64::MIN`: replaced by the `MIN` associated constant on this type
[INFO] [stderr]    --> src/test/mod.rs:978:19
[INFO] [stderr]     |
[INFO] [stderr] 978 |         Some(i64::MIN),
[INFO] [stderr]     |                   ^^^
[INFO] [stderr] 
[INFO] [stderr] warning: use of deprecated constant `std::i64::MAX`: replaced by the `MAX` associated constant on this type
[INFO] [stderr]    --> src/test/mod.rs:979:19
[INFO] [stderr]     |
[INFO] [stderr] 979 |         Some(i64::MAX),
[INFO] [stderr]     |                   ^^^
[INFO] [stderr] 
[INFO] [stderr] warning: use of deprecated constant `std::i16::MIN`: replaced by the `MIN` associated constant on this type
[INFO] [stderr]    --> src/test/mod.rs:980:19
[INFO] [stderr]     |
[INFO] [stderr] 980 |         Some(i16::MIN),
[INFO] [stderr]     |                   ^^^
[INFO] [stderr] 
[INFO] [stderr] warning: use of deprecated constant `std::i32::MAX`: replaced by the `MAX` associated constant on this type
[INFO] [stderr]    --> src/test/mod.rs:981:19
[INFO] [stderr]     |
[INFO] [stderr] 981 |         Some(i32::MAX),
[INFO] [stderr]     |                   ^^^
[INFO] [stderr] 
[INFO] [stderr] warning: use of deprecated constant `std::i64::MIN`: replaced by the `MIN` associated constant on this type
[INFO] [stderr]     --> src/test/mod.rs:1000:21
[INFO] [stderr]      |
[INFO] [stderr] 1000 |         big.eq(i64::MIN),
[INFO] [stderr]      |                     ^^^
[INFO] [stderr] 
[INFO] [stderr] warning: use of deprecated constant `std::i64::MIN`: replaced by the `MIN` associated constant on this type
[INFO] [stderr]     --> src/test/mod.rs:1001:22
[INFO] [stderr]      |
[INFO] [stderr] 1001 |         big2.eq(i64::MIN),
[INFO] [stderr]      |                      ^^^
[INFO] [stderr] 
[INFO] [stderr] warning: use of deprecated constant `std::i16::MIN`: replaced by the `MIN` associated constant on this type
[INFO] [stderr]     --> src/test/mod.rs:1002:23
[INFO] [stderr]      |
[INFO] [stderr] 1002 |         small.eq(i16::MIN),
[INFO] [stderr]      |                       ^^^
[INFO] [stderr] 
[INFO] [stderr] warning: use of deprecated constant `std::i32::MIN`: replaced by the `MIN` associated constant on this type
[INFO] [stderr]     --> src/test/mod.rs:1003:24
[INFO] [stderr]      |
[INFO] [stderr] 1003 |         normal.eq(i32::MIN),
[INFO] [stderr]      |                        ^^^
[INFO] [stderr] 
[INFO] [stderr] warning: use of deprecated constant `std::i64::MAX`: replaced by the `MAX` associated constant on this type
[INFO] [stderr]     --> src/test/mod.rs:1015:21
[INFO] [stderr]      |
[INFO] [stderr] 1015 |         big.eq(i64::MAX),
[INFO] [stderr]      |                     ^^^
[INFO] [stderr] 
[INFO] [stderr] warning: use of deprecated constant `std::i64::MAX`: replaced by the `MAX` associated constant on this type
[INFO] [stderr]     --> src/test/mod.rs:1016:22
[INFO] [stderr]      |
[INFO] [stderr] 1016 |         big2.eq(i64::MAX),
[INFO] [stderr]      |                      ^^^
[INFO] [stderr] 
[INFO] [stderr] warning: use of deprecated constant `std::i16::MAX`: replaced by the `MAX` associated constant on this type
[INFO] [stderr]     --> src/test/mod.rs:1017:23
[INFO] [stderr]      |
[INFO] [stderr] 1017 |         small.eq(i16::MAX),
[INFO] [stderr]      |                       ^^^
[INFO] [stderr] 
[INFO] [stderr] warning: use of deprecated constant `std::i32::MAX`: replaced by the `MAX` associated constant on this type
[INFO] [stderr]     --> src/test/mod.rs:1018:24
[INFO] [stderr]      |
[INFO] [stderr] 1018 |         normal.eq(i32::MAX),
[INFO] [stderr]      |                        ^^^
[INFO] [stderr] 
[INFO] [stderr] warning: use of deprecated module `std::i16`: all constants in this module replaced by associated constants on the type
[INFO] [stderr]    --> src/test/mod.rs:970:15
[INFO] [stderr]     |
[INFO] [stderr] 970 |     use std::{i16, i32, i64};
[INFO] [stderr]     |               ^^^
[INFO] [stderr] 
[INFO] [stderr] warning: use of deprecated module `std::i32`: all constants in this module replaced by associated constants on the type
[INFO] [stderr]    --> src/test/mod.rs:970:20
[INFO] [stderr]     |
[INFO] [stderr] 970 |     use std::{i16, i32, i64};
[INFO] [stderr]     |                    ^^^
[INFO] [stderr] 
[INFO] [stderr] warning: use of deprecated module `std::i64`: all constants in this module replaced by associated constants on the type
[INFO] [stderr]    --> src/test/mod.rs:970:25
[INFO] [stderr]     |
[INFO] [stderr] 970 |     use std::{i16, i32, i64};
[INFO] [stderr]     |                         ^^^
[INFO] [stderr] 
[INFO] [stderr] warning: struct `CoordinateSystemDescription` is never constructed
[INFO] [stderr]     --> src/test/mod.rs:1142:12
[INFO] [stderr]      |
[INFO] [stderr] 1142 | pub struct CoordinateSystemDescription {
[INFO] [stderr]      |            ^^^^^^^^^^^^^^^^^^^^^^^^^^^
[INFO] [stderr] 
[INFO] [stderr] warning: `diesel-oci` (lib) generated 1 warning
[INFO] [stderr] warning: `diesel-oci` (lib test) generated 45 warnings (1 duplicate)
[INFO] [stderr]     Finished `release` profile [optimized] target(s) in 0.26s
[INFO] [stderr]      Running unittests src/lib.rs (/opt/rustwide/target/release/build/diesel-oci/ff5004e9c3a4b05f/out/diesel_oci-ff5004e9c3a4b05f)
[INFO] [stdout] 
[INFO] [stdout] running 38 tests
[INFO] [stdout] test test::connect ... FAILED
[INFO] [stdout] test test::batch_insert_1 ... FAILED
[INFO] [stdout] test test::alias ... FAILED
[INFO] [stdout] test test::gst_compat ... FAILED
[INFO] [stdout] test test::dynamic_select::mixed_value_query ... FAILED
[INFO] [stdout] test test::clob ... FAILED
[INFO] [stdout] test test::exists ... FAILED
[INFO] [stdout] test test::insert_returning_gst_types ... FAILED
[INFO] [stdout] test test::props_orig ... FAILED
[INFO] [stdout] test test::insert_returning ... FAILED
[INFO] [stdout] test test::insert_returning_with_nulls ... FAILED
[INFO] [stdout] test test::transaction_commit ... FAILED
[INFO] [stdout] test test::transaction_nested_commit_commit ... FAILED
[INFO] [stdout] test test::transaction_nested_commit_rollback_commit ... FAILED
[INFO] [stdout] test test::transaction_nested_rollback_commit_rollback ... FAILED
[INFO] [stdout] test test::systable ... FAILED
[INFO] [stdout] test test::transaction_nested_commit_commit_commit ... FAILED
[INFO] [stdout] test test::transaction_nested_rollback_commit ... FAILED
[INFO] [stdout] test test::dynamic_select::dynamic_query ... FAILED
[INFO] [stdout] test test::ambigious_col_names ... FAILED
[INFO] [stdout] test test::limit ... FAILED
[INFO] [stdout] test test::test_diesel_migration ... FAILED
[INFO] [stdout] test test::timestamp ... FAILED
[INFO] [stdout] test test::transaction_nested_commit_rollback_rollback ... FAILED
[INFO] [stdout] test test::transaction_nested_rollback_commit_commit ... FAILED
[INFO] [stdout] test test::time_intervals ... FAILED
[INFO] [stdout] test test::transaction_nested_commit_commit_rollback ... FAILED
[INFO] [stdout] test test::use_named_queries ... FAILED
[INFO] [stdout] test test::transaction_nested_rollback_rollback_rollback ... FAILED
[INFO] [stdout] test test::transaction_rollback ... FAILED
[INFO] [stdout] test test::numeric_type_mapping ... FAILED
[INFO] [stdout] test test::create_table ... FAILED
[INFO] [stdout] test test::use_named_queries_aliased ... FAILED
[INFO] [stdout] test test::updateing_unique_constraint ... FAILED
[INFO] [stdout] test test::umlauts ... FAILED
[INFO] [stdout] test test::transaction_nested_commit_rollback ... FAILED
[INFO] [stdout] test test::transaction_nested_rollback_rollback ... FAILED
[INFO] [stdout] test test::transaction_nested_rollback_rollback_commit ... FAILED
[INFO] [stdout] 
[INFO] [stdout] failures:
[INFO] [stdout] 
[INFO] [stdout] ---- test::connect stdout ----
[INFO] [stdout] 
[INFO] [stdout] thread 'test::connect' (1668) panicked at src/test/mod.rs:46:14:
[INFO] [stdout] OCI_DATABASE_URL must be set in order to run tests: NotPresent
[INFO] [stdout] stack backtrace:
[INFO] [stdout]    0:     0x5b680bfa4bc1 - <<std[617be2ca0a6fd877]::sys::backtrace::BacktraceLock>::print::DisplayBacktrace as core[a373ad73a504971]::fmt::Display>::fmt
[INFO] [stdout]    1:     0x5b680bfbb1ea - core[a373ad73a504971]::fmt::write
[INFO] [stdout]    2:     0x5b680bfa8e8c - <alloc[2e1b2a31b91974c5]::vec::Vec<u8> as core[a373ad73a504971]::io::write::Write>::write_fmt
[INFO] [stdout]    3:     0x5b680bf80ad6 - std[617be2ca0a6fd877]::panicking::default_hook::{closure#0}
[INFO] [stdout]    4:     0x5b680bf9cfb9 - std[617be2ca0a6fd877]::panicking::default_hook
[INFO] [stdout]    5:     0x5b680befb3e0 - test[aada8e7e76ba119b]::test_main_inner::{closure#0}
[INFO] [stdout]    6:     0x5b680bf9d172 - std[617be2ca0a6fd877]::panicking::panic_with_hook
[INFO] [stdout]    7:     0x5b680bf80b82 - std[617be2ca0a6fd877]::panicking::panic_handler::{closure#0}
[INFO] [stdout]    8:     0x5b680bf79629 - std[617be2ca0a6fd877]::sys::backtrace::__rust_end_short_backtrace::<std[617be2ca0a6fd877]::panicking::panic_handler::{closure#0}, !>
[INFO] [stdout]    9:     0x5b680bf8182d - __rustc[ea4f61d10b84890b]::rust_begin_unwind
[INFO] [stdout]   10:     0x5b680bfbb91c - core[a373ad73a504971]::panicking::panic_fmt
[INFO] [stdout]   11:     0x5b680bfbb6f2 - core[a373ad73a504971]::result::unwrap_failed
[INFO] [stdout]   12:     0x5b680be6f278 - diesel_oci[2af30e86371da1]::test::database_url_from_env
[INFO] [stdout]   13:     0x5b680be81277 - <diesel_oci[2af30e86371da1]::test::connect::{closure#0} as core[a373ad73a504971]::ops::function::FnOnce<()>>::call_once
[INFO] [stdout]   14:     0x5b680beee82b - test[aada8e7e76ba119b]::__rust_begin_short_backtrace::<core[a373ad73a504971]::result::Result<(), alloc[2e1b2a31b91974c5]::string::String>, fn() -> core[a373ad73a504971]::result::Result<(), alloc[2e1b2a31b91974c5]::string::String>>
[INFO] [stdout]   15:     0x5b680befba05 - test[aada8e7e76ba119b]::run_test::{closure#0}
[INFO] [stdout]   16:     0x5b680bef52f4 - std[617be2ca0a6fd877]::sys::backtrace::__rust_begin_short_backtrace::<test[aada8e7e76ba119b]::run_test::{closure#1}, ()>
[INFO] [stdout]   17:     0x5b680befea92 - <std[617be2ca0a6fd877]::thread::lifecycle::spawn_unchecked<test[aada8e7e76ba119b]::run_test::{closure#1}, ()>::{closure#1} as core[a373ad73a504971]::ops::function::FnOnce<()>>::call_once::{shim:vtable#0}
[INFO] [stdout]   18:     0x5b680bfa43ef - <std[617be2ca0a6fd877]::sys::thread::unix::Thread>::new::thread_start
[INFO] [stdout]   19:     0x7e1898e01dfa - <unknown>
[INFO] [stdout]   20:     0x7e1898e953d4 - clone
[INFO] [stdout]   21:                0x0 - <unknown>
[INFO] [stdout] 
[INFO] [stdout] ---- test::batch_insert_1 stdout ----
[INFO] [stdout] 
[INFO] [stdout] thread 'test::batch_insert_1' (1666) panicked at src/test/mod.rs:46:14:
[INFO] [stdout] OCI_DATABASE_URL must be set in order to run tests: NotPresent
[INFO] [stdout] stack backtrace:
[INFO] [stdout]    0:     0x5b680bfa4bc1 - <<std[617be2ca0a6fd877]::sys::backtrace::BacktraceLock>::print::DisplayBacktrace as core[a373ad73a504971]::fmt::Display>::fmt
[INFO] [stdout]    1:     0x5b680bfbb1ea - core[a373ad73a504971]::fmt::write
[INFO] [stdout]    2:     0x5b680bfa8e8c - <alloc[2e1b2a31b91974c5]::vec::Vec<u8> as core[a373ad73a504971]::io::write::Write>::write_fmt
[INFO] [stdout]    3:     0x5b680bf80ad6 - std[617be2ca0a6fd877]::panicking::default_hook::{closure#0}
[INFO] [stdout]    4:     0x5b680bf9cfb9 - std[617be2ca0a6fd877]::panicking::default_hook
[INFO] [stdout]    5:     0x5b680befb3e0 - test[aada8e7e76ba119b]::test_main_inner::{closure#0}
[INFO] [stdout]    6:     0x5b680bf9d172 - std[617be2ca0a6fd877]::panicking::panic_with_hook
[INFO] [stdout]    7:     0x5b680bf80b82 - std[617be2ca0a6fd877]::panicking::panic_handler::{closure#0}
[INFO] [stdout]    8:     0x5b680bf79629 - std[617be2ca0a6fd877]::sys::backtrace::__rust_end_short_backtrace::<std[617be2ca0a6fd877]::panicking::panic_handler::{closure#0}, !>
[INFO] [stdout]    9:     0x5b680bf8182d - __rustc[ea4f61d10b84890b]::rust_begin_unwind
[INFO] [stdout]   10:     0x5b680bfbb91c - core[a373ad73a504971]::panicking::panic_fmt
[INFO] [stdout]   11:     0x5b680bfbb6f2 - core[a373ad73a504971]::result::unwrap_failed
[INFO] [stdout]   12:     0x5b680be6f278 - diesel_oci[2af30e86371da1]::test::database_url_from_env
[INFO] [stdout]   13:     0x5b680be6ec3e - diesel_oci[2af30e86371da1]::test::init_testing
[INFO] [stdout]   14:     0x5b680be75f94 - <diesel_oci[2af30e86371da1]::test::batch_insert_1::{closure#0} as core[a373ad73a504971]::ops::function::FnOnce<()>>::call_once
[INFO] [stdout]   15:     0x5b680beee82b - test[aada8e7e76ba119b]::__rust_begin_short_backtrace::<core[a373ad73a504971]::result::Result<(), alloc[2e1b2a31b91974c5]::string::String>, fn() -> core[a373ad73a504971]::result::Result<(), alloc[2e1b2a31b91974c5]::string::String>>
[INFO] [stdout]   16:     0x5b680befba05 - test[aada8e7e76ba119b]::run_test::{closure#0}
[INFO] [stdout]   17:     0x5b680bef52f4 - std[617be2ca0a6fd877]::sys::backtrace::__rust_begin_short_backtrace::<test[aada8e7e76ba119b]::run_test::{closure#1}, ()>
[INFO] [stdout]   18:     0x5b680befea92 - <std[617be2ca0a6fd877]::thread::lifecycle::spawn_unchecked<test[aada8e7e76ba119b]::run_test::{closure#1}, ()>::{closure#1} as core[a373ad73a504971]::ops::function::FnOnce<()>>::call_once::{shim:vtable#0}
[INFO] [stdout]   19:     0x5b680bfa43ef - <std[617be2ca0a6fd877]::sys::thread::unix::Thread>::new::thread_start
[INFO] [stdout]   20:     0x7e1898e01dfa - <unknown>
[INFO] [stdout]   21:     0x7e1898e953d4 - clone
[INFO] [stdout]   22:                0x0 - <unknown>
[INFO] [stdout] 
[INFO] [stdout] ---- test::alias stdout ----
[INFO] [stdout] 
[INFO] [stdout] thread 'test::alias' (1664) panicked at src/test/mod.rs:46:14:
[INFO] [stdout] OCI_DATABASE_URL must be set in order to run tests: NotPresent
[INFO] [stdout] stack backtrace:
[INFO] [stdout]    0:     0x5b680bfa4bc1 - <<std[617be2ca0a6fd877]::sys::backtrace::BacktraceLock>::print::DisplayBacktrace as core[a373ad73a504971]::fmt::Display>::fmt
[INFO] [stdout]    1:     0x5b680bfbb1ea - core[a373ad73a504971]::fmt::write
[INFO] [stdout]    2:     0x5b680bfa8e8c - <alloc[2e1b2a31b91974c5]::vec::Vec<u8> as core[a373ad73a504971]::io::write::Write>::write_fmt
[INFO] [stdout]    3:     0x5b680bf80ad6 - std[617be2ca0a6fd877]::panicking::default_hook::{closure#0}
[INFO] [stdout]    4:     0x5b680bf9cfb9 - std[617be2ca0a6fd877]::panicking::default_hook
[INFO] [stdout]    5:     0x5b680befb3e0 - test[aada8e7e76ba119b]::test_main_inner::{closure#0}
[INFO] [stdout]    6:     0x5b680bf9d172 - std[617be2ca0a6fd877]::panicking::panic_with_hook
[INFO] [stdout]    7:     0x5b680bf80b82 - std[617be2ca0a6fd877]::panicking::panic_handler::{closure#0}
[INFO] [stdout]    8:     0x5b680bf79629 - std[617be2ca0a6fd877]::sys::backtrace::__rust_end_short_backtrace::<std[617be2ca0a6fd877]::panicking::panic_handler::{closure#0}, !>
[INFO] [stdout]    9:     0x5b680bf8182d - __rustc[ea4f61d10b84890b]::rust_begin_unwind
[INFO] [stdout]   10:     0x5b680bfbb91c - core[a373ad73a504971]::panicking::panic_fmt
[INFO] [stdout]   11:     0x5b680bfbb6f2 - core[a373ad73a504971]::result::unwrap_failed
[INFO] [stdout]   12:     0x5b680be6f278 - diesel_oci[2af30e86371da1]::test::database_url_from_env
[INFO] [stdout]   13:     0x5b680be6ec3e - diesel_oci[2af30e86371da1]::test::init_testing
[INFO] [stdout]   14:     0x5b680be7ffc4 - <diesel_oci[2af30e86371da1]::test::alias::{closure#0} as core[a373ad73a504971]::ops::function::FnOnce<()>>::call_once
[INFO] [stdout]   15:     0x5b680beee82b - test[aada8e7e76ba119b]::__rust_begin_short_backtrace::<core[a373ad73a504971]::result::Result<(), alloc[2e1b2a31b91974c5]::string::String>, fn() -> core[a373ad73a504971]::result::Result<(), alloc[2e1b2a31b91974c5]::string::String>>
[INFO] [stdout]   16:     0x5b680befba05 - test[aada8e7e76ba119b]::run_test::{closure#0}
[INFO] [stdout]   17:     0x5b680bef52f4 - std[617be2ca0a6fd877]::sys::backtrace::__rust_begin_short_backtrace::<test[aada8e7e76ba119b]::run_test::{closure#1}, ()>
[INFO] [stdout]   18:     0x5b680befea92 - <std[617be2ca0a6fd877]::thread::lifecycle::spawn_unchecked<test[aada8e7e76ba119b]::run_test::{closure#1}, ()>::{closure#1} as core[a373ad73a504971]::ops::function::FnOnce<()>>::call_once::{shim:vtable#0}
[INFO] [stdout]   19:     0x5b680bfa43ef - <std[617be2ca0a6fd877]::sys::thread::unix::Thread>::new::thread_start
[INFO] [stdout]   20:     0x7e1898e01dfa - <unknown>
[INFO] [stdout]   21:     0x7e1898e953d4 - clone
[INFO] [stdout]   22:                0x0 - <unknown>
[INFO] [stdout] 
[INFO] [stdout] ---- test::gst_compat stdout ----
[INFO] [stdout] 
[INFO] [stdout] thread 'test::gst_compat' (1673) panicked at src/test/mod.rs:46:14:
[INFO] [stdout] OCI_DATABASE_URL must be set in order to run tests: NotPresent
[INFO] [stdout] stack backtrace:
[INFO] [stdout]    0:     0x5b680bfa4bc1 - <<std[617be2ca0a6fd877]::sys::backtrace::BacktraceLock>::print::DisplayBacktrace as core[a373ad73a504971]::fmt::Display>::fmt
[INFO] [stdout]    1:     0x5b680bfbb1ea - core[a373ad73a504971]::fmt::write
[INFO] [stdout]    2:     0x5b680bfa8e8c - <alloc[2e1b2a31b91974c5]::vec::Vec<u8> as core[a373ad73a504971]::io::write::Write>::write_fmt
[INFO] [stdout]    3:     0x5b680bf80ad6 - std[617be2ca0a6fd877]::panicking::default_hook::{closure#0}
[INFO] [stdout]    4:     0x5b680bf9cfb9 - std[617be2ca0a6fd877]::panicking::default_hook
[INFO] [stdout]    5:     0x5b680befb3e0 - test[aada8e7e76ba119b]::test_main_inner::{closure#0}
[INFO] [stdout]    6:     0x5b680bf9d172 - std[617be2ca0a6fd877]::panicking::panic_with_hook
[INFO] [stdout]    7:     0x5b680bf80b82 - std[617be2ca0a6fd877]::panicking::panic_handler::{closure#0}
[INFO] [stdout]    8:     0x5b680bf79629 - std[617be2ca0a6fd877]::sys::backtrace::__rust_end_short_backtrace::<std[617be2ca0a6fd877]::panicking::panic_handler::{closure#0}, !>
[INFO] [stdout]    9:     0x5b680bf8182d - __rustc[ea4f61d10b84890b]::rust_begin_unwind
[INFO] [stdout]   10:     0x5b680bfbb91c - core[a373ad73a504971]::panicking::panic_fmt
[INFO] [stdout]   11:     0x5b680bfbb6f2 - core[a373ad73a504971]::result::unwrap_failed
[INFO] [stdout]   12:     0x5b680be6f278 - diesel_oci[2af30e86371da1]::test::database_url_from_env
[INFO] [stdout]   13:     0x5b680be6ec3e - diesel_oci[2af30e86371da1]::test::init_testing
[INFO] [stdout]   14:     0x5b680be74774 - <diesel_oci[2af30e86371da1]::test::gst_compat::{closure#0} as core[a373ad73a504971]::ops::function::FnOnce<()>>::call_once
[INFO] [stdout]   15:     0x5b680beee82b - test[aada8e7e76ba119b]::__rust_begin_short_backtrace::<core[a373ad73a504971]::result::Result<(), alloc[2e1b2a31b91974c5]::string::String>, fn() -> core[a373ad73a504971]::result::Result<(), alloc[2e1b2a31b91974c5]::string::String>>
[INFO] [stdout]   16:     0x5b680befba05 - test[aada8e7e76ba119b]::run_test::{closure#0}
[INFO] [stdout]   17:     0x5b680bef52f4 - std[617be2ca0a6fd877]::sys::backtrace::__rust_begin_short_backtrace::<test[aada8e7e76ba119b]::run_test::{closure#1}, ()>
[INFO] [stdout]   18:     0x5b680befea92 - <std[617be2ca0a6fd877]::thread::lifecycle::spawn_unchecked<test[aada8e7e76ba119b]::run_test::{closure#1}, ()>::{closure#1} as core[a373ad73a504971]::ops::function::FnOnce<()>>::call_once::{shim:vtable#0}
[INFO] [stdout]   19:     0x5b680bfa43ef - <std[617be2ca0a6fd877]::sys::thread::unix::Thread>::new::thread_start
[INFO] [stdout]   20:     0x7e1898e01dfa - <unknown>
[INFO] [stdout]   21:     0x7e1898e953d4 - clone
[INFO] [stdout]   22:                0x0 - <unknown>
[INFO] [stdout] 
[INFO] [stdout] ---- test::dynamic_select::mixed_value_query stdout ----
[INFO] [stdout] 
[INFO] [stdout] thread 'test::dynamic_select::mixed_value_query' (1671) panicked at src/test/mod.rs:46:14:
[INFO] [stdout] OCI_DATABASE_URL must be set in order to run tests: NotPresent
[INFO] [stdout] stack backtrace:
[INFO] [stdout]    0:     0x5b680bfa4bc1 - <<std[617be2ca0a6fd877]::sys::backtrace::BacktraceLock>::print::DisplayBacktrace as core[a373ad73a504971]::fmt::Display>::fmt
[INFO] [stdout]    1:     0x5b680bfbb1ea - core[a373ad73a504971]::fmt::write
[INFO] [stdout]    2:     0x5b680bfa8e8c - <alloc[2e1b2a31b91974c5]::vec::Vec<u8> as core[a373ad73a504971]::io::write::Write>::write_fmt
[INFO] [stdout]    3:     0x5b680bf80ad6 - std[617be2ca0a6fd877]::panicking::default_hook::{closure#0}
[INFO] [stdout]    4:     0x5b680bf9cfb9 - std[617be2ca0a6fd877]::panicking::default_hook
[INFO] [stdout]    5:     0x5b680befb3e0 - test[aada8e7e76ba119b]::test_main_inner::{closure#0}
[INFO] [stdout]    6:     0x5b680bf9d172 - std[617be2ca0a6fd877]::panicking::panic_with_hook
[INFO] [stdout]    7:     0x5b680bf80b82 - std[617be2ca0a6fd877]::panicking::panic_handler::{closure#0}
[INFO] [stdout]    8:     0x5b680bf79629 - std[617be2ca0a6fd877]::sys::backtrace::__rust_end_short_backtrace::<std[617be2ca0a6fd877]::panicking::panic_handler::{closure#0}, !>
[INFO] [stdout]    9:     0x5b680bf8182d - __rustc[ea4f61d10b84890b]::rust_begin_unwind
[INFO] [stdout]   10:     0x5b680bfbb91c - core[a373ad73a504971]::panicking::panic_fmt
[INFO] [stdout]   11:     0x5b680bfbb6f2 - core[a373ad73a504971]::result::unwrap_failed
[INFO] [stdout]   12:     0x5b680be6f278 - diesel_oci[2af30e86371da1]::test::database_url_from_env
[INFO] [stdout]   13:     0x5b680be6ec3e - diesel_oci[2af30e86371da1]::test::init_testing
[INFO] [stdout]   14:     0x5b680bece901 - <diesel_oci[2af30e86371da1]::test::dynamic_select::mixed_value_query::{closure#0} as core[a373ad73a504971]::ops::function::FnOnce<()>>::call_once
[INFO] [stdout]   15:     0x5b680beee82b - test[aada8e7e76ba119b]::__rust_begin_short_backtrace::<core[a373ad73a504971]::result::Result<(), alloc[2e1b2a31b91974c5]::string::String>, fn() -> core[a373ad73a504971]::result::Result<(), alloc[2e1b2a31b91974c5]::string::String>>
[INFO] [stdout]   16:     0x5b680befba05 - test[aada8e7e76ba119b]::run_test::{closure#0}
[INFO] [stdout]   17:     0x5b680bef52f4 - std[617be2ca0a6fd877]::sys::backtrace::__rust_begin_short_backtrace::<test[aada8e7e76ba119b]::run_test::{closure#1}, ()>
[INFO] [stdout]   18:     0x5b680befea92 - <std[617be2ca0a6fd877]::thread::lifecycle::spawn_unchecked<test[aada8e7e76ba119b]::run_test::{closure#1}, ()>::{closure#1} as core[a373ad73a504971]::ops::function::FnOnce<()>>::call_once::{shim:vtable#0}
[INFO] [stdout]   19:     0x5b680bfa43ef - <std[617be2ca0a6fd877]::sys::thread::unix::Thread>::new::thread_start
[INFO] [stdout]   20:     0x7e1898e01dfa - <unknown>
[INFO] [stdout]   21:     0x7e1898e953d4 - clone
[INFO] [stdout]   22:                0x0 - <unknown>
[INFO] [stdout] 
[INFO] [stdout] ---- test::clob stdout ----
[INFO] [stdout] 
[INFO] [stdout] thread 'test::clob' (1667) panicked at src/test/mod.rs:46:14:
[INFO] [stdout] OCI_DATABASE_URL must be set in order to run tests: NotPresent
[INFO] [stdout] stack backtrace:
[INFO] [stdout]    0:     0x5b680bfa4bc1 - <<std[617be2ca0a6fd877]::sys::backtrace::BacktraceLock>::print::DisplayBacktrace as core[a373ad73a504971]::fmt::Display>::fmt
[INFO] [stdout]    1:     0x5b680bfbb1ea - core[a373ad73a504971]::fmt::write
[INFO] [stdout]    2:     0x5b680bfa8e8c - <alloc[2e1b2a31b91974c5]::vec::Vec<u8> as core[a373ad73a504971]::io::write::Write>::write_fmt
[INFO] [stdout]    3:     0x5b680bf80ad6 - std[617be2ca0a6fd877]::panicking::default_hook::{closure#0}
[INFO] [stdout]    4:     0x5b680bf9cfb9 - std[617be2ca0a6fd877]::panicking::default_hook
[INFO] [stdout]    5:     0x5b680befb3e0 - test[aada8e7e76ba119b]::test_main_inner::{closure#0}
[INFO] [stdout]    6:     0x5b680bf9d172 - std[617be2ca0a6fd877]::panicking::panic_with_hook
[INFO] [stdout]    7:     0x5b680bf80b82 - std[617be2ca0a6fd877]::panicking::panic_handler::{closure#0}
[INFO] [stdout]    8:     0x5b680bf79629 - std[617be2ca0a6fd877]::sys::backtrace::__rust_end_short_backtrace::<std[617be2ca0a6fd877]::panicking::panic_handler::{closure#0}, !>
[INFO] [stdout]    9:     0x5b680bf8182d - __rustc[ea4f61d10b84890b]::rust_begin_unwind
[INFO] [stdout]   10:     0x5b680bfbb91c - core[a373ad73a504971]::panicking::panic_fmt
[INFO] [stdout]   11:     0x5b680bfbb6f2 - core[a373ad73a504971]::result::unwrap_failed
[INFO] [stdout]   12:     0x5b680be6f278 - diesel_oci[2af30e86371da1]::test::database_url_from_env
[INFO] [stdout]   13:     0x5b680be6ec3e - diesel_oci[2af30e86371da1]::test::init_testing
[INFO] [stdout]   14:     0x5b680be7fbd3 - <diesel_oci[2af30e86371da1]::test::clob::{closure#0} as core[a373ad73a504971]::ops::function::FnOnce<()>>::call_once
[INFO] [stdout]   15:     0x5b680beee82b - test[aada8e7e76ba119b]::__rust_begin_short_backtrace::<core[a373ad73a504971]::result::Result<(), alloc[2e1b2a31b91974c5]::string::String>, fn() -> core[a373ad73a504971]::result::Result<(), alloc[2e1b2a31b91974c5]::string::String>>
[INFO] [stdout]   16:     0x5b680befba05 - test[aada8e7e76ba119b]::run_test::{closure#0}
[INFO] [stdout]   17:     0x5b680bef52f4 - std[617be2ca0a6fd877]::sys::backtrace::__rust_begin_short_backtrace::<test[aada8e7e76ba119b]::run_test::{closure#1}, ()>
[INFO] [stdout]   18:     0x5b680befea92 - <std[617be2ca0a6fd877]::thread::lifecycle::spawn_unchecked<test[aada8e7e76ba119b]::run_test::{closure#1}, ()>::{closure#1} as core[a373ad73a504971]::ops::function::FnOnce<()>>::call_once::{shim:vtable#0}
[INFO] [stdout]   19:     0x5b680bfa43ef - <std[617be2ca0a6fd877]::sys::thread::unix::Thread>::new::thread_start
[INFO] [stdout]   20:     0x7e1898e01dfa - <unknown>
[INFO] [stdout]   21:     0x7e1898e953d4 - clone
[INFO] [stdout]   22:                0x0 - <unknown>
[INFO] [stdout] 
[INFO] [stdout] ---- test::exists stdout ----
[INFO] [stdout] 
[INFO] [stdout] thread 'test::exists' (1672) panicked at src/test/mod.rs:46:14:
[INFO] [stdout] OCI_DATABASE_URL must be set in order to run tests: NotPresent
[INFO] [stdout] stack backtrace:
[INFO] [stdout]    0:     0x5b680bfa4bc1 - <<std[617be2ca0a6fd877]::sys::backtrace::BacktraceLock>::print::DisplayBacktrace as core[a373ad73a504971]::fmt::Display>::fmt
[INFO] [stdout]    1:     0x5b680bfbb1ea - core[a373ad73a504971]::fmt::write
[INFO] [stdout]    2:     0x5b680bfa8e8c - <alloc[2e1b2a31b91974c5]::vec::Vec<u8> as core[a373ad73a504971]::io::write::Write>::write_fmt
[INFO] [stdout]    3:     0x5b680bf80ad6 - std[617be2ca0a6fd877]::panicking::default_hook::{closure#0}
[INFO] [stdout]    4:     0x5b680bf9cfb9 - std[617be2ca0a6fd877]::panicking::default_hook
[INFO] [stdout]    5:     0x5b680befb3e0 - test[aada8e7e76ba119b]::test_main_inner::{closure#0}
[INFO] [stdout]    6:     0x5b680bf9d172 - std[617be2ca0a6fd877]::panicking::panic_with_hook
[INFO] [stdout]    7:     0x5b680bf80b82 - std[617be2ca0a6fd877]::panicking::panic_handler::{closure#0}
[INFO] [stdout]    8:     0x5b680bf79629 - std[617be2ca0a6fd877]::sys::backtrace::__rust_end_short_backtrace::<std[617be2ca0a6fd877]::panicking::panic_handler::{closure#0}, !>
[INFO] [stdout]    9:     0x5b680bf8182d - __rustc[ea4f61d10b84890b]::rust_begin_unwind
[INFO] [stdout]   10:     0x5b680bfbb91c - core[a373ad73a504971]::panicking::panic_fmt
[INFO] [stdout]   11:     0x5b680bfbb6f2 - core[a373ad73a504971]::result::unwrap_failed
[INFO] [stdout]   12:     0x5b680be6f278 - diesel_oci[2af30e86371da1]::test::database_url_from_env
[INFO] [stdout]   13:     0x5b680be6ec3e - diesel_oci[2af30e86371da1]::test::init_testing
[INFO] [stdout]   14:     0x5b680be8102d - <diesel_oci[2af30e86371da1]::test::exists::{closure#0} as core[a373ad73a504971]::ops::function::FnOnce<()>>::call_once
[INFO] [stdout]   15:     0x5b680beee82b - test[aada8e7e76ba119b]::__rust_begin_short_backtrace::<core[a373ad73a504971]::result::Result<(), alloc[2e1b2a31b91974c5]::string::String>, fn() -> core[a373ad73a504971]::result::Result<(), alloc[2e1b2a31b91974c5]::string::String>>
[INFO] [stdout]   16:     0x5b680befba05 - test[aada8e7e76ba119b]::run_test::{closure#0}
[INFO] [stdout]   17:     0x5b680bef52f4 - std[617be2ca0a6fd877]::sys::backtrace::__rust_begin_short_backtrace::<test[aada8e7e76ba119b]::run_test::{closure#1}, ()>
[INFO] [stdout]   18:     0x5b680befea92 - <std[617be2ca0a6fd877]::thread::lifecycle::spawn_unchecked<test[aada8e7e76ba119b]::run_test::{closure#1}, ()>::{closure#1} as core[a373ad73a504971]::ops::function::FnOnce<()>>::call_once::{shim:vtable#0}
[INFO] [stdout]   19:     0x5b680bfa43ef - <std[617be2ca0a6fd877]::sys::thread::unix::Thread>::new::thread_start
[INFO] [stdout]   20:     0x7e1898e01dfa - <unknown>
[INFO] [stdout]   21:     0x7e1898e953d4 - clone
[INFO] [stdout]   22:                0x0 - <unknown>
[INFO] [stdout] 
[INFO] [stdout] ---- test::insert_returning_gst_types stdout ----
[INFO] [stdout] 
[INFO] [stdout] thread 'test::insert_returning_gst_types' (1675) panicked at src/test/mod.rs:46:14:
[INFO] [stdout] OCI_DATABASE_URL must be set in order to run tests: NotPresent
[INFO] [stdout] stack backtrace:
[INFO] [stdout]    0:     0x5b680bfa4bc1 - <<std[617be2ca0a6fd877]::sys::backtrace::BacktraceLock>::print::DisplayBacktrace as core[a373ad73a504971]::fmt::Display>::fmt
[INFO] [stdout]    1:     0x5b680bfbb1ea - core[a373ad73a504971]::fmt::write
[INFO] [stdout]    2:     0x5b680bfa8e8c - <alloc[2e1b2a31b91974c5]::vec::Vec<u8> as core[a373ad73a504971]::io::write::Write>::write_fmt
[INFO] [stdout]    3:     0x5b680bf80ad6 - std[617be2ca0a6fd877]::panicking::default_hook::{closure#0}
[INFO] [stdout]    4:     0x5b680bf9cfb9 - std[617be2ca0a6fd877]::panicking::default_hook
[INFO] [stdout]    5:     0x5b680befb3e0 - test[aada8e7e76ba119b]::test_main_inner::{closure#0}
[INFO] [stdout]    6:     0x5b680bf9d172 - std[617be2ca0a6fd877]::panicking::panic_with_hook
[INFO] [stdout]    7:     0x5b680bf80b82 - std[617be2ca0a6fd877]::panicking::panic_handler::{closure#0}
[INFO] [stdout]    8:     0x5b680bf79629 - std[617be2ca0a6fd877]::sys::backtrace::__rust_end_short_backtrace::<std[617be2ca0a6fd877]::panicking::panic_handler::{closure#0}, !>
[INFO] [stdout]    9:     0x5b680bf8182d - __rustc[ea4f61d10b84890b]::rust_begin_unwind
[INFO] [stdout]   10:     0x5b680bfbb91c - core[a373ad73a504971]::panicking::panic_fmt
[INFO] [stdout]   11:     0x5b680bfbb6f2 - core[a373ad73a504971]::result::unwrap_failed
[INFO] [stdout]   12:     0x5b680be6f278 - diesel_oci[2af30e86371da1]::test::database_url_from_env
[INFO] [stdout]   13:     0x5b680be6ec3e - diesel_oci[2af30e86371da1]::test::init_testing
[INFO] [stdout]   14:     0x5b680be7bfb4 - <diesel_oci[2af30e86371da1]::test::insert_returning_gst_types::{closure#0} as core[a373ad73a504971]::ops::function::FnOnce<()>>::call_once
[INFO] [stdout]   15:     0x5b680beee82b - test[aada8e7e76ba119b]::__rust_begin_short_backtrace::<core[a373ad73a504971]::result::Result<(), alloc[2e1b2a31b91974c5]::string::String>, fn() -> core[a373ad73a504971]::result::Result<(), alloc[2e1b2a31b91974c5]::string::String>>
[INFO] [stdout]   16:     0x5b680befba05 - test[aada8e7e76ba119b]::run_test::{closure#0}
[INFO] [stdout]   17:     0x5b680bef52f4 - std[617be2ca0a6fd877]::sys::backtrace::__rust_begin_short_backtrace::<test[aada8e7e76ba119b]::run_test::{closure#1}, ()>
[INFO] [stdout]   18:     0x5b680befea92 - <std[617be2ca0a6fd877]::thread::lifecycle::spawn_unchecked<test[aada8e7e76ba119b]::run_test::{closure#1}, ()>::{closure#1} as core[a373ad73a504971]::ops::function::FnOnce<()>>::call_once::{shim:vtable#0}
[INFO] [stdout]   19:     0x5b680bfa43ef - <std[617be2ca0a6fd877]::sys::thread::unix::Thread>::new::thread_start
[INFO] [stdout]   20:     0x7e1898e01dfa - <unknown>
[INFO] [stdout]   21:     0x7e1898e953d4 - clone
[INFO] [stdout]   22:                0x0 - <unknown>
[INFO] [stdout] 
[INFO] [stdout] ---- test::props_orig stdout ----
[INFO] [stdout] 
[INFO] [stdout] thread 'test::props_orig' (1679) panicked at src/test/mod.rs:46:14:
[INFO] [stdout] OCI_DATABASE_URL must be set in order to run tests: NotPresent
[INFO] [stdout] stack backtrace:
[INFO] [stdout]    0:     0x5b680bfa4bc1 - <<std[617be2ca0a6fd877]::sys::backtrace::BacktraceLock>::print::DisplayBacktrace as core[a373ad73a504971]::fmt::Display>::fmt
[INFO] [stdout]    1:     0x5b680bfbb1ea - core[a373ad73a504971]::fmt::write
[INFO] [stdout]    2:     0x5b680bfa8e8c - <alloc[2e1b2a31b91974c5]::vec::Vec<u8> as core[a373ad73a504971]::io::write::Write>::write_fmt
[INFO] [stdout]    3:     0x5b680bf80ad6 - std[617be2ca0a6fd877]::panicking::default_hook::{closure#0}
[INFO] [stdout]    4:     0x5b680bf9cfb9 - std[617be2ca0a6fd877]::panicking::default_hook
[INFO] [stdout]    5:     0x5b680befb3e0 - test[aada8e7e76ba119b]::test_main_inner::{closure#0}
[INFO] [stdout]    6:     0x5b680bf9d172 - std[617be2ca0a6fd877]::panicking::panic_with_hook
[INFO] [stdout]    7:     0x5b680bf80b82 - std[617be2ca0a6fd877]::panicking::panic_handler::{closure#0}
[INFO] [stdout]    8:     0x5b680bf79629 - std[617be2ca0a6fd877]::sys::backtrace::__rust_end_short_backtrace::<std[617be2ca0a6fd877]::panicking::panic_handler::{closure#0}, !>
[INFO] [stdout]    9:     0x5b680bf8182d - __rustc[ea4f61d10b84890b]::rust_begin_unwind
[INFO] [stdout]   10:     0x5b680bfbb91c - core[a373ad73a504971]::panicking::panic_fmt
[INFO] [stdout]   11:     0x5b680bfbb6f2 - core[a373ad73a504971]::result::unwrap_failed
[INFO] [stdout]   12:     0x5b680be6f278 - diesel_oci[2af30e86371da1]::test::database_url_from_env
[INFO] [stdout]   13:     0x5b680be6ec3e - diesel_oci[2af30e86371da1]::test::init_testing
[INFO] [stdout]   14:     0x5b680be758a0 - <diesel_oci[2af30e86371da1]::test::props_orig::{closure#0} as core[a373ad73a504971]::ops::function::FnOnce<()>>::call_once
[INFO] [stdout]   15:     0x5b680beee82b - test[aada8e7e76ba119b]::__rust_begin_short_backtrace::<core[a373ad73a504971]::result::Result<(), alloc[2e1b2a31b91974c5]::string::String>, fn() -> core[a373ad73a504971]::result::Result<(), alloc[2e1b2a31b91974c5]::string::String>>
[INFO] [stdout]   16:     0x5b680befba05 - test[aada8e7e76ba119b]::run_test::{closure#0}
[INFO] [stdout]   17:     0x5b680bef52f4 - std[617be2ca0a6fd877]::sys::backtrace::__rust_begin_short_backtrace::<test[aada8e7e76ba119b]::run_test::{closure#1}, ()>
[INFO] [stdout]   18:     0x5b680befea92 - <std[617be2ca0a6fd877]::thread::lifecycle::spawn_unchecked<test[aada8e7e76ba119b]::run_test::{closure#1}, ()>::{closure#1} as core[a373ad73a504971]::ops::function::FnOnce<()>>::call_once::{shim:vtable#0}
[INFO] [stdout]   19:     0x5b680bfa43ef - <std[617be2ca0a6fd877]::sys::thread::unix::Thread>::new::thread_start
[INFO] [stdout]   20:     0x7e1898e01dfa - <unknown>
[INFO] [stdout]   21:     0x7e1898e953d4 - clone
[INFO] [stdout]   22:                0x0 - <unknown>
[INFO] [stdout] 
[INFO] [stdout] ---- test::insert_returning stdout ----
[INFO] [stdout] 
[INFO] [stdout] thread 'test::insert_returning' (1674) panicked at src/test/mod.rs:46:14:
[INFO] [stdout] OCI_DATABASE_URL must be set in order to run tests: NotPresent
[INFO] [stdout] stack backtrace:
[INFO] [stdout]    0:     0x5b680bfa4bc1 - <<std[617be2ca0a6fd877]::sys::backtrace::BacktraceLock>::print::DisplayBacktrace as core[a373ad73a504971]::fmt::Display>::fmt
[INFO] [stdout]    1:     0x5b680bfbb1ea - core[a373ad73a504971]::fmt::write
[INFO] [stdout]    2:     0x5b680bfa8e8c - <alloc[2e1b2a31b91974c5]::vec::Vec<u8> as core[a373ad73a504971]::io::write::Write>::write_fmt
[INFO] [stdout]    3:     0x5b680bf80ad6 - std[617be2ca0a6fd877]::panicking::default_hook::{closure#0}
[INFO] [stdout]    4:     0x5b680bf9cfb9 - std[617be2ca0a6fd877]::panicking::default_hook
[INFO] [stdout]    5:     0x5b680befb3e0 - test[aada8e7e76ba119b]::test_main_inner::{closure#0}
[INFO] [stdout]    6:     0x5b680bf9d172 - std[617be2ca0a6fd877]::panicking::panic_with_hook
[INFO] [stdout]    7:     0x5b680bf80b82 - std[617be2ca0a6fd877]::panicking::panic_handler::{closure#0}
[INFO] [stdout]    8:     0x5b680bf79629 - std[617be2ca0a6fd877]::sys::backtrace::__rust_end_short_backtrace::<std[617be2ca0a6fd877]::panicking::panic_handler::{closure#0}, !>
[INFO] [stdout]    9:     0x5b680bf8182d - __rustc[ea4f61d10b84890b]::rust_begin_unwind
[INFO] [stdout]   10:     0x5b680bfbb91c - core[a373ad73a504971]::panicking::panic_fmt
[INFO] [stdout]   11:     0x5b680bfbb6f2 - core[a373ad73a504971]::result::unwrap_failed
[INFO] [stdout]   12:     0x5b680be6f278 - diesel_oci[2af30e86371da1]::test::database_url_from_env
[INFO] [stdout]   13:     0x5b680be6ec3e - diesel_oci[2af30e86371da1]::test::init_testing
[INFO] [stdout]   14:     0x5b680be785f1 - <diesel_oci[2af30e86371da1]::test::insert_returning::{closure#0} as core[a373ad73a504971]::ops::function::FnOnce<()>>::call_once
[INFO] [stdout]   15:     0x5b680beee82b - test[aada8e7e76ba119b]::__rust_begin_short_backtrace::<core[a373ad73a504971]::result::Result<(), alloc[2e1b2a31b91974c5]::string::String>, fn() -> core[a373ad73a504971]::result::Result<(), alloc[2e1b2a31b91974c5]::string::String>>
[INFO] [stdout]   16:     0x5b680befba05 - test[aada8e7e76ba119b]::run_test::{closure#0}
[INFO] [stdout]   17:     0x5b680bef52f4 - std[617be2ca0a6fd877]::sys::backtrace::__rust_begin_short_backtrace::<test[aada8e7e76ba119b]::run_test::{closure#1}, ()>
[INFO] [stdout]   18:     0x5b680befea92 - <std[617be2ca0a6fd877]::thread::lifecycle::spawn_unchecked<test[aada8e7e76ba119b]::run_test::{closure#1}, ()>::{closure#1} as core[a373ad73a504971]::ops::function::FnOnce<()>>::call_once::{shim:vtable#0}
[INFO] [stdout]   19:     0x5b680bfa43ef - <std[617be2ca0a6fd877]::sys::thread::unix::Thread>::new::thread_start
[INFO] [stdout]   20:     0x7e1898e01dfa - <unknown>
[INFO] [stdout]   21:     0x7e1898e953d4 - clone
[INFO] [stdout]   22:                0x0 - <unknown>
[INFO] [stdout] 
[INFO] [stdout] ---- test::insert_returning_with_nulls stdout ----
[INFO] [stdout] 
[INFO] [stdout] thread 'test::insert_returning_with_nulls' (1676) panicked at src/test/mod.rs:46:14:
[INFO] [stdout] OCI_DATABASE_URL must be set in order to run tests: NotPresent
[INFO] [stdout] stack backtrace:
[INFO] [stdout]    0:     0x5b680bfa4bc1 - <<std[617be2ca0a6fd877]::sys::backtrace::BacktraceLock>::print::DisplayBacktrace as core[a373ad73a504971]::fmt::Display>::fmt
[INFO] [stdout]    1:     0x5b680bfbb1ea - core[a373ad73a504971]::fmt::write
[INFO] [stdout]    2:     0x5b680bfa8e8c - <alloc[2e1b2a31b91974c5]::vec::Vec<u8> as core[a373ad73a504971]::io::write::Write>::write_fmt
[INFO] [stdout]    3:     0x5b680bf80ad6 - std[617be2ca0a6fd877]::panicking::default_hook::{closure#0}
[INFO] [stdout]    4:     0x5b680bf9cfb9 - std[617be2ca0a6fd877]::panicking::default_hook
[INFO] [stdout]    5:     0x5b680befb3e0 - test[aada8e7e76ba119b]::test_main_inner::{closure#0}
[INFO] [stdout]    6:     0x5b680bf9d172 - std[617be2ca0a6fd877]::panicking::panic_with_hook
[INFO] [stdout]    7:     0x5b680bf80b82 - std[617be2ca0a6fd877]::panicking::panic_handler::{closure#0}
[INFO] [stdout]    8:     0x5b680bf79629 - std[617be2ca0a6fd877]::sys::backtrace::__rust_end_short_backtrace::<std[617be2ca0a6fd877]::panicking::panic_handler::{closure#0}, !>
[INFO] [stdout]    9:     0x5b680bf8182d - __rustc[ea4f61d10b84890b]::rust_begin_unwind
[INFO] [stdout]   10:     0x5b680bfbb91c - core[a373ad73a504971]::panicking::panic_fmt
[INFO] [stdout]   11:     0x5b680bfbb6f2 - core[a373ad73a504971]::result::unwrap_failed
[INFO] [stdout]   12:     0x5b680be6f278 - diesel_oci[2af30e86371da1]::test::database_url_from_env
[INFO] [stdout]   13:     0x5b680be6ec3e - diesel_oci[2af30e86371da1]::test::init_testing
[INFO] [stdout]   14:     0x5b680be7cb0d - <diesel_oci[2af30e86371da1]::test::insert_returning_with_nulls::{closure#0} as core[a373ad73a504971]::ops::function::FnOnce<()>>::call_once
[INFO] [stdout]   15:     0x5b680beee82b - test[aada8e7e76ba119b]::__rust_begin_short_backtrace::<core[a373ad73a504971]::result::Result<(), alloc[2e1b2a31b91974c5]::string::String>, fn() -> core[a373ad73a504971]::result::Result<(), alloc[2e1b2a31b91974c5]::string::String>>
[INFO] [stdout]   16:     0x5b680befba05 - test[aada8e7e76ba119b]::run_test::{closure#0}
[INFO] [stdout]   17:     0x5b680bef52f4 - std[617be2ca0a6fd877]::sys::backtrace::__rust_begin_short_backtrace::<test[aada8e7e76ba119b]::run_test::{closure#1}, ()>
[INFO] [stdout]   18:     0x5b680befea92 - <std[617be2ca0a6fd877]::thread::lifecycle::spawn_unchecked<test[aada8e7e76ba119b]::run_test::{closure#1}, ()>::{closure#1} as core[a373ad73a504971]::ops::function::FnOnce<()>>::call_once::{shim:vtable#0}
[INFO] [stdout]   19:     0x5b680bfa43ef - <std[617be2ca0a6fd877]::sys::thread::unix::Thread>::new::thread_start
[INFO] [stdout]   20:     0x7e1898e01dfa - <unknown>
[INFO] [stdout]   21:     0x7e1898e953d4 - clone
[INFO] [stdout]   22:                0x0 - <unknown>
[INFO] [stdout] 
[INFO] [stdout] ---- test::transaction_commit stdout ----
[INFO] [stdout] 
[INFO] [stdout] thread 'test::transaction_commit' (1684) panicked at src/test/mod.rs:46:14:
[INFO] [stdout] OCI_DATABASE_URL must be set in order to run tests: NotPresent
[INFO] [stdout] stack backtrace:
[INFO] [stdout]    0:     0x5b680bfa4bc1 - <<std[617be2ca0a6fd877]::sys::backtrace::BacktraceLock>::print::DisplayBacktrace as core[a373ad73a504971]::fmt::Display>::fmt
[INFO] [stdout]    1:     0x5b680bfbb1ea - core[a373ad73a504971]::fmt::write
[INFO] [stdout]    2:     0x5b680bfa8e8c - <alloc[2e1b2a31b91974c5]::vec::Vec<u8> as core[a373ad73a504971]::io::write::Write>::write_fmt
[INFO] [stdout]    3:     0x5b680bf80ad6 - std[617be2ca0a6fd877]::panicking::default_hook::{closure#0}
[INFO] [stdout]    4:     0x5b680bf9cfb9 - std[617be2ca0a6fd877]::panicking::default_hook
[INFO] [stdout]    5:     0x5b680befb3e0 - test[aada8e7e76ba119b]::test_main_inner::{closure#0}
[INFO] [stdout]    6:     0x5b680bf9d172 - std[617be2ca0a6fd877]::panicking::panic_with_hook
[INFO] [stdout]    7:     0x5b680bf80b82 - std[617be2ca0a6fd877]::panicking::panic_handler::{closure#0}
[INFO] [stdout]    8:     0x5b680bf79629 - std[617be2ca0a6fd877]::sys::backtrace::__rust_end_short_backtrace::<std[617be2ca0a6fd877]::panicking::panic_handler::{closure#0}, !>
[INFO] [stdout]    9:     0x5b680bf8182d - __rustc[ea4f61d10b84890b]::rust_begin_unwind
[INFO] [stdout]   10:     0x5b680bfbb91c - core[a373ad73a504971]::panicking::panic_fmt
[INFO] [stdout]   11:     0x5b680bfbb6f2 - core[a373ad73a504971]::result::unwrap_failed
[INFO] [stdout]   12:     0x5b680be6f278 - diesel_oci[2af30e86371da1]::test::database_url_from_env
[INFO] [stdout]   13:     0x5b680be6ec3e - diesel_oci[2af30e86371da1]::test::init_testing
[INFO] [stdout]   14:     0x5b680be7990c - <diesel_oci[2af30e86371da1]::test::transaction_commit::{closure#0} as core[a373ad73a504971]::ops::function::FnOnce<()>>::call_once
[INFO] [stdout]   15:     0x5b680beee82b - test[aada8e7e76ba119b]::__rust_begin_short_backtrace::<core[a373ad73a504971]::result::Result<(), alloc[2e1b2a31b91974c5]::string::String>, fn() -> core[a373ad73a504971]::result::Result<(), alloc[2e1b2a31b91974c5]::string::String>>
[INFO] [stdout]   16:     0x5b680befba05 - test[aada8e7e76ba119b]::run_test::{closure#0}
[INFO] [stdout]   17:     0x5b680bef52f4 - std[617be2ca0a6fd877]::sys::backtrace::__rust_begin_short_backtrace::<test[aada8e7e76ba119b]::run_test::{closure#1}, ()>
[INFO] [stdout]   18:     0x5b680befea92 - <std[617be2ca0a6fd877]::thread::lifecycle::spawn_unchecked<test[aada8e7e76ba119b]::run_test::{closure#1}, ()>::{closure#1} as core[a373ad73a504971]::ops::function::FnOnce<()>>::call_once::{shim:vtable#0}
[INFO] [stdout]   19:     0x5b680bfa43ef - <std[617be2ca0a6fd877]::sys::thread::unix::Thread>::new::thread_start
[INFO] [stdout]   20:     0x7e1898e01dfa - <unknown>
[INFO] [stdout]   21:     0x7e1898e953d4 - clone
[INFO] [stdout]   22:                0x0 - <unknown>
[INFO] [stdout] 
[INFO] [stdout] ---- test::transaction_nested_commit_commit stdout ----
[INFO] [stdout] 
[INFO] [stdout] thread 'test::transaction_nested_commit_commit' (1685) panicked at src/test/mod.rs:46:14:
[INFO] [stdout] OCI_DATABASE_URL must be set in order to run tests: NotPresent
[INFO] [stdout] stack backtrace:
[INFO] [stdout]    0:     0x5b680bfa4bc1 - <<std[617be2ca0a6fd877]::sys::backtrace::BacktraceLock>::print::DisplayBacktrace as core[a373ad73a504971]::fmt::Display>::fmt
[INFO] [stdout]    1:     0x5b680bfbb1ea - core[a373ad73a504971]::fmt::write
[INFO] [stdout]    2:     0x5b680bfa8e8c - <alloc[2e1b2a31b91974c5]::vec::Vec<u8> as core[a373ad73a504971]::io::write::Write>::write_fmt
[INFO] [stdout]    3:     0x5b680bf80ad6 - std[617be2ca0a6fd877]::panicking::default_hook::{closure#0}
[INFO] [stdout]    4:     0x5b680bf9cfb9 - std[617be2ca0a6fd877]::panicking::default_hook
[INFO] [stdout]    5:     0x5b680befb3e0 - test[aada8e7e76ba119b]::test_main_inner::{closure#0}
[INFO] [stdout]    6:     0x5b680bf9d172 - std[617be2ca0a6fd877]::panicking::panic_with_hook
[INFO] [stdout]    7:     0x5b680bf80b82 - std[617be2ca0a6fd877]::panicking::panic_handler::{closure#0}
[INFO] [stdout]    8:     0x5b680bf79629 - std[617be2ca0a6fd877]::sys::backtrace::__rust_end_short_backtrace::<std[617be2ca0a6fd877]::panicking::panic_handler::{closure#0}, !>
[INFO] [stdout]    9:     0x5b680bf8182d - __rustc[ea4f61d10b84890b]::rust_begin_unwind
[INFO] [stdout]   10:     0x5b680bfbb91c - core[a373ad73a504971]::panicking::panic_fmt
[INFO] [stdout]   11:     0x5b680bfbb6f2 - core[a373ad73a504971]::result::unwrap_failed
[INFO] [stdout]   12:     0x5b680be6f278 - diesel_oci[2af30e86371da1]::test::database_url_from_env
[INFO] [stdout]   13:     0x5b680be6ec3e - diesel_oci[2af30e86371da1]::test::init_testing
[INFO] [stdout]   14:     0x5b680be7d31c - <diesel_oci[2af30e86371da1]::test::transaction_nested_commit_commit::{closure#0} as core[a373ad73a504971]::ops::function::FnOnce<()>>::call_once
[INFO] [stdout]   15:     0x5b680beee82b - test[aada8e7e76ba119b]::__rust_begin_short_backtrace::<core[a373ad73a504971]::result::Result<(), alloc[2e1b2a31b91974c5]::string::String>, fn() -> core[a373ad73a504971]::result::Result<(), alloc[2e1b2a31b91974c5]::string::String>>
[INFO] [stdout]   16:     0x5b680befba05 - test[aada8e7e76ba119b]::run_test::{closure#0}
[INFO] [stdout]   17:     0x5b680bef52f4 - std[617be2ca0a6fd877]::sys::backtrace::__rust_begin_short_backtrace::<test[aada8e7e76ba119b]::run_test::{closure#1}, ()>
[INFO] [stdout]   18:     0x5b680befea92 - <std[617be2ca0a6fd877]::thread::lifecycle::spawn_unchecked<test[aada8e7e76ba119b]::run_test::{closure#1}, ()>::{closure#1} as core[a373ad73a504971]::ops::function::FnOnce<()>>::call_once::{shim:vtable#0}
[INFO] [stdout]   19:     0x5b680bfa43ef - <std[617be2ca0a6fd877]::sys::thread::unix::Thread>::new::thread_start
[INFO] [stdout]   20:     0x7e1898e01dfa - <unknown>
[INFO] [stdout]   21:     0x7e1898e953d4 - clone
[INFO] [stdout]   22:                0x0 - <unknown>
[INFO] [stdout] 
[INFO] [stdout] ---- test::transaction_nested_commit_rollback_commit stdout ----
[INFO] [stdout] 
[INFO] [stdout] thread 'test::transaction_nested_commit_rollback_commit' (1689) panicked at src/test/mod.rs:46:14:
[INFO] [stdout] OCI_DATABASE_URL must be set in order to run tests: NotPresent
[INFO] [stdout] stack backtrace:
[INFO] [stdout]    0:     0x5b680bfa4bc1 - <<std[617be2ca0a6fd877]::sys::backtrace::BacktraceLock>::print::DisplayBacktrace as core[a373ad73a504971]::fmt::Display>::fmt
[INFO] [stdout]    1:     0x5b680bfbb1ea - core[a373ad73a504971]::fmt::write
[INFO] [stdout]    2:     0x5b680bfa8e8c - <alloc[2e1b2a31b91974c5]::vec::Vec<u8> as core[a373ad73a504971]::io::write::Write>::write_fmt
[INFO] [stdout]    3:     0x5b680bf80ad6 - std[617be2ca0a6fd877]::panicking::default_hook::{closure#0}
[INFO] [stdout]    4:     0x5b680bf9cfb9 - std[617be2ca0a6fd877]::panicking::default_hook
[INFO] [stdout]    5:     0x5b680befb3e0 - test[aada8e7e76ba119b]::test_main_inner::{closure#0}
[INFO] [stdout]    6:     0x5b680bf9d172 - std[617be2ca0a6fd877]::panicking::panic_with_hook
[INFO] [stdout]    7:     0x5b680bf80b82 - std[617be2ca0a6fd877]::panicking::panic_handler::{closure#0}
[INFO] [stdout]    8:     0x5b680bf79629 - std[617be2ca0a6fd877]::sys::backtrace::__rust_end_short_backtrace::<std[617be2ca0a6fd877]::panicking::panic_handler::{closure#0}, !>
[INFO] [stdout]    9:     0x5b680bf8182d - __rustc[ea4f61d10b84890b]::rust_begin_unwind
[INFO] [stdout]   10:     0x5b680bfbb91c - core[a373ad73a504971]::panicking::panic_fmt
[INFO] [stdout]   11:     0x5b680bfbb6f2 - core[a373ad73a504971]::result::unwrap_failed
[INFO] [stdout]   12:     0x5b680be6f278 - diesel_oci[2af30e86371da1]::test::database_url_from_env
[INFO] [stdout]   13:     0x5b680be6ec3e - diesel_oci[2af30e86371da1]::test::init_testing
[INFO] [stdout]   14:     0x5b680be7e80c - <diesel_oci[2af30e86371da1]::test::transaction_nested_commit_rollback_commit::{closure#0} as core[a373ad73a504971]::ops::function::FnOnce<()>>::call_once
[INFO] [stdout]   15:     0x5b680beee82b - test[aada8e7e76ba119b]::__rust_begin_short_backtrace::<core[a373ad73a504971]::result::Result<(), alloc[2e1b2a31b91974c5]::string::String>, fn() -> core[a373ad73a504971]::result::Result<(), alloc[2e1b2a31b91974c5]::string::String>>
[INFO] [stdout]   16:     0x5b680befba05 - test[aada8e7e76ba119b]::run_test::{closure#0}
[INFO] [stdout]   17:     0x5b680bef52f4 - std[617be2ca0a6fd877]::sys::backtrace::__rust_begin_short_backtrace::<test[aada8e7e76ba119b]::run_test::{closure#1}, ()>
[INFO] [stdout]   18:     0x5b680befea92 - <std[617be2ca0a6fd877]::thread::lifecycle::spawn_unchecked<test[aada8e7e76ba119b]::run_test::{closure#1}, ()>::{closure#1} as core[a373ad73a504971]::ops::function::FnOnce<()>>::call_once::{shim:vtable#0}
[INFO] [stdout]   19:     0x5b680bfa43ef - <std[617be2ca0a6fd877]::sys::thread::unix::Thread>::new::thread_start
[INFO] [stdout]   20:     0x7e1898e01dfa - <unknown>
[INFO] [stdout]   21:     0x7e1898e953d4 - clone
[INFO] [stdout]   22:                0x0 - <unknown>
[INFO] [stdout] 
[INFO] [stdout] ---- test::transaction_nested_rollback_commit_rollback stdout ----
[INFO] [stdout] 
[INFO] [stdout] thread 'test::transaction_nested_rollback_commit_rollback' (1693) panicked at src/test/mod.rs:46:14:
[INFO] [stdout] OCI_DATABASE_URL must be set in order to run tests: NotPresent
[INFO] [stdout] stack backtrace:
[INFO] [stdout]    0:     0x5b680bfa4bc1 - <<std[617be2ca0a6fd877]::sys::backtrace::BacktraceLock>::print::DisplayBacktrace as core[a373ad73a504971]::fmt::Display>::fmt
[INFO] [stdout]    1:     0x5b680bfbb1ea - core[a373ad73a504971]::fmt::write
[INFO] [stdout]    2:     0x5b680bfa8e8c - <alloc[2e1b2a31b91974c5]::vec::Vec<u8> as core[a373ad73a504971]::io::write::Write>::write_fmt
[INFO] [stdout]    3:     0x5b680bf80ad6 - std[617be2ca0a6fd877]::panicking::default_hook::{closure#0}
[INFO] [stdout]    4:     0x5b680bf9cfb9 - std[617be2ca0a6fd877]::panicking::default_hook
[INFO] [stdout]    5:     0x5b680befb3e0 - test[aada8e7e76ba119b]::test_main_inner::{closure#0}
[INFO] [stdout]    6:     0x5b680bf9d172 - std[617be2ca0a6fd877]::panicking::panic_with_hook
[INFO] [stdout]    7:     0x5b680bf80b82 - std[617be2ca0a6fd877]::panicking::panic_handler::{closure#0}
[INFO] [stdout]    8:     0x5b680bf79629 - std[617be2ca0a6fd877]::sys::backtrace::__rust_end_short_backtrace::<std[617be2ca0a6fd877]::panicking::panic_handler::{closure#0}, !>
[INFO] [stdout]    9:     0x5b680bf8182d - __rustc[ea4f61d10b84890b]::rust_begin_unwind
[INFO] [stdout]   10:     0x5b680bfbb91c - core[a373ad73a504971]::panicking::panic_fmt
[INFO] [stdout]   11:     0x5b680bfbb6f2 - core[a373ad73a504971]::result::unwrap_failed
[INFO] [stdout]   12:     0x5b680be6f278 - diesel_oci[2af30e86371da1]::test::database_url_from_env
[INFO] [stdout]   13:     0x5b680be6ec3e - diesel_oci[2af30e86371da1]::test::init_testing
[INFO] [stdout]   14:     0x5b680be7f23c - <diesel_oci[2af30e86371da1]::test::transaction_nested_rollback_commit_rollback::{closure#0} as core[a373ad73a504971]::ops::function::FnOnce<()>>::call_once
[INFO] [stdout]   15:     0x5b680beee82b - test[aada8e7e76ba119b]::__rust_begin_short_backtrace::<core[a373ad73a504971]::result::Result<(), alloc[2e1b2a31b91974c5]::string::String>, fn() -> core[a373ad73a504971]::result::Result<(), alloc[2e1b2a31b91974c5]::string::String>>
[INFO] [stdout]   16:     0x5b680befba05 - test[aada8e7e76ba119b]::run_test::{closure#0}
[INFO] [stdout]   17:     0x5b680bef52f4 - std[617be2ca0a6fd877]::sys::backtrace::__rust_begin_short_backtrace::<test[aada8e7e76ba119b]::run_test::{closure#1}, ()>
[INFO] [stdout]   18:     0x5b680befea92 - <std[617be2ca0a6fd877]::thread::lifecycle::spawn_unchecked<test[aada8e7e76ba119b]::run_test::{closure#1}, ()>::{closure#1} as core[a373ad73a504971]::ops::function::FnOnce<()>>::call_once::{shim:vtable#0}
[INFO] [stdout]   19:     0x5b680bfa43ef - <std[617be2ca0a6fd877]::sys::thread::unix::Thread>::new::thread_start
[INFO] [stdout]   20:     0x7e1898e01dfa - <unknown>
[INFO] [stdout]   21:     0x7e1898e953d4 - clone
[INFO] [stdout]   22:                0x0 - <unknown>
[INFO] [stdout] 
[INFO] [stdout] ---- test::systable stdout ----
[INFO] [stdout] 
[INFO] [stdout] thread 'test::systable' (1680) panicked at src/test/mod.rs:46:14:
[INFO] [stdout] OCI_DATABASE_URL must be set in order to run tests: NotPresent
[INFO] [stdout] stack backtrace:
[INFO] [stdout]    0:     0x5b680bfa4bc1 - <<std[617be2ca0a6fd877]::sys::backtrace::BacktraceLock>::print::DisplayBacktrace as core[a373ad73a504971]::fmt::Display>::fmt
[INFO] [stdout]    1:     0x5b680bfbb1ea - core[a373ad73a504971]::fmt::write
[INFO] [stdout]    2:     0x5b680bfa8e8c - <alloc[2e1b2a31b91974c5]::vec::Vec<u8> as core[a373ad73a504971]::io::write::Write>::write_fmt
[INFO] [stdout]    3:     0x5b680bf80ad6 - std[617be2ca0a6fd877]::panicking::default_hook::{closure#0}
[INFO] [stdout]    4:     0x5b680bf9cfb9 - std[617be2ca0a6fd877]::panicking::default_hook
[INFO] [stdout]    5:     0x5b680befb3e0 - test[aada8e7e76ba119b]::test_main_inner::{closure#0}
[INFO] [stdout]    6:     0x5b680bf9d172 - std[617be2ca0a6fd877]::panicking::panic_with_hook
[INFO] [stdout]    7:     0x5b680bf80b82 - std[617be2ca0a6fd877]::panicking::panic_handler::{closure#0}
[INFO] [stdout]    8:     0x5b680bf79629 - std[617be2ca0a6fd877]::sys::backtrace::__rust_end_short_backtrace::<std[617be2ca0a6fd877]::panicking::panic_handler::{closure#0}, !>
[INFO] [stdout]    9:     0x5b680bf8182d - __rustc[ea4f61d10b84890b]::rust_begin_unwind
[INFO] [stdout]   10:     0x5b680bfbb91c - core[a373ad73a504971]::panicking::panic_fmt
[INFO] [stdout]   11:     0x5b680bfbb6f2 - core[a373ad73a504971]::result::unwrap_failed
[INFO] [stdout]   12:     0x5b680be6f278 - diesel_oci[2af30e86371da1]::test::database_url_from_env
[INFO] [stdout]   13:     0x5b680be6ec3e - diesel_oci[2af30e86371da1]::test::init_testing
[INFO] [stdout]   14:     0x5b680be82130 - <diesel_oci[2af30e86371da1]::test::systable::{closure#0} as core[a373ad73a504971]::ops::function::FnOnce<()>>::call_once
[INFO] [stdout]   15:     0x5b680beee82b - test[aada8e7e76ba119b]::__rust_begin_short_backtrace::<core[a373ad73a504971]::result::Result<(), alloc[2e1b2a31b91974c5]::string::String>, fn() -> core[a373ad73a504971]::result::Result<(), alloc[2e1b2a31b91974c5]::string::String>>
[INFO] [stdout]   16:     0x5b680befba05 - test[aada8e7e76ba119b]::run_test::{closure#0}
[INFO] [stdout]   17:     0x5b680bef52f4 - std[617be2ca0a6fd877]::sys::backtrace::__rust_begin_short_backtrace::<test[aada8e7e76ba119b]::run_test::{closure#1}, ()>
[INFO] [stdout]   18:     0x5b680befea92 - <std[617be2ca0a6fd877]::thread::lifecycle::spawn_unchecked<test[aada8e7e76ba119b]::run_test::{closure#1}, ()>::{closure#1} as core[a373ad73a504971]::ops::function::FnOnce<()>>::call_once::{shim:vtable#0}
[INFO] [stdout]   19:     0x5b680bfa43ef - <std[617be2ca0a6fd877]::sys::thread::unix::Thread>::new::thread_start
[INFO] [stdout]   20:     0x7e1898e01dfa - <unknown>
[INFO] [stdout]   21:     0x7e1898e953d4 - clone
[INFO] [stdout]   22:                0x0 - <unknown>
[INFO] [stdout] 
[INFO] [stdout] ---- test::transaction_nested_commit_commit_commit stdout ----
[INFO] [stdout] 
[INFO] [stdout] thread 'test::transaction_nested_commit_commit_commit' (1686) panicked at src/test/mod.rs:46:14:
[INFO] [stdout] OCI_DATABASE_URL must be set in order to run tests: NotPresent
[INFO] [stdout] stack backtrace:
[INFO] [stdout]    0:     0x5b680bfa4bc1 - <<std[617be2ca0a6fd877]::sys::backtrace::BacktraceLock>::print::DisplayBacktrace as core[a373ad73a504971]::fmt::Display>::fmt
[INFO] [stdout]    1:     0x5b680bfbb1ea - core[a373ad73a504971]::fmt::write
[INFO] [stdout]    2:     0x5b680bfa8e8c - <alloc[2e1b2a31b91974c5]::vec::Vec<u8> as core[a373ad73a504971]::io::write::Write>::write_fmt
[INFO] [stdout]    3:     0x5b680bf80ad6 - std[617be2ca0a6fd877]::panicking::default_hook::{closure#0}
[INFO] [stdout]    4:     0x5b680bf9cfb9 - std[617be2ca0a6fd877]::panicking::default_hook
[INFO] [stdout]    5:     0x5b680befb3e0 - test[aada8e7e76ba119b]::test_main_inner::{closure#0}
[INFO] [stdout]    6:     0x5b680bf9d172 - std[617be2ca0a6fd877]::panicking::panic_with_hook
[INFO] [stdout]    7:     0x5b680bf80b82 - std[617be2ca0a6fd877]::panicking::panic_handler::{closure#0}
[INFO] [stdout]    8:     0x5b680bf79629 - std[617be2ca0a6fd877]::sys::backtrace::__rust_end_short_backtrace::<std[617be2ca0a6fd877]::panicking::panic_handler::{closure#0}, !>
[INFO] [stdout]    9:     0x5b680bf8182d - __rustc[ea4f61d10b84890b]::rust_begin_unwind
[INFO] [stdout]   10:     0x5b680bfbb91c - core[a373ad73a504971]::panicking::panic_fmt
[INFO] [stdout]   11:     0x5b680bfbb6f2 - core[a373ad73a504971]::result::unwrap_failed
[INFO] [stdout]   12:     0x5b680be6f278 - diesel_oci[2af30e86371da1]::test::database_url_from_env
[INFO] [stdout]   13:     0x5b680be6ec3e - diesel_oci[2af30e86371da1]::test::init_testing
[INFO] [stdout]   14:     0x5b680be7e09c - <diesel_oci[2af30e86371da1]::test::transaction_nested_commit_commit_commit::{closure#0} as core[a373ad73a504971]::ops::function::FnOnce<()>>::call_once
[INFO] [stdout]   15:     0x5b680beee82b - test[aada8e7e76ba119b]::__rust_begin_short_backtrace::<core[a373ad73a504971]::result::Result<(), alloc[2e1b2a31b91974c5]::string::String>, fn() -> core[a373ad73a504971]::result::Result<(), alloc[2e1b2a31b91974c5]::string::String>>
[INFO] [stdout]   16:     0x5b680befba05 - test[aada8e7e76ba119b]::run_test::{closure#0}
[INFO] [stdout]   17:     0x5b680bef52f4 - std[617be2ca0a6fd877]::sys::backtrace::__rust_begin_short_backtrace::<test[aada8e7e76ba119b]::run_test::{closure#1}, ()>
[INFO] [stdout]   18:     0x5b680befea92 - <std[617be2ca0a6fd877]::thread::lifecycle::spawn_unchecked<test[aada8e7e76ba119b]::run_test::{closure#1}, ()>::{closure#1} as core[a373ad73a504971]::ops::function::FnOnce<()>>::call_once::{shim:vtable#0}
[INFO] [stdout]   19:     0x5b680bfa43ef - <std[617be2ca0a6fd877]::sys::thread::unix::Thread>::new::thread_start
[INFO] [stdout]   20:     0x7e1898e01dfa - <unknown>
[INFO] [stdout]   21:     0x7e1898e953d4 - clone
[INFO] [stdout]   22:                0x0 - <unknown>
[INFO] [stdout] 
[INFO] [stdout] ---- test::transaction_nested_rollback_commit stdout ----
[INFO] [stdout] 
[INFO] [stdout] thread 'test::transaction_nested_rollback_commit' (1691) panicked at src/test/mod.rs:46:14:
[INFO] [stdout] OCI_DATABASE_URL must be set in order to run tests: NotPresent
[INFO] [stdout] stack backtrace:
[INFO] [stdout]    0:     0x5b680bfa4bc1 - <<std[617be2ca0a6fd877]::sys::backtrace::BacktraceLock>::print::DisplayBacktrace as core[a373ad73a504971]::fmt::Display>::fmt
[INFO] [stdout]    1:     0x5b680bfbb1ea - core[a373ad73a504971]::fmt::write
[INFO] [stdout]    2:     0x5b680bfa8e8c - <alloc[2e1b2a31b91974c5]::vec::Vec<u8> as core[a373ad73a504971]::io::write::Write>::write_fmt
[INFO] [stdout]    3:     0x5b680bf80ad6 - std[617be2ca0a6fd877]::panicking::default_hook::{closure#0}
[INFO] [stdout]    4:     0x5b680bf9cfb9 - std[617be2ca0a6fd877]::panicking::default_hook
[INFO] [stdout]    5:     0x5b680befb3e0 - test[aada8e7e76ba119b]::test_main_inner::{closure#0}
[INFO] [stdout]    6:     0x5b680bf9d172 - std[617be2ca0a6fd877]::panicking::panic_with_hook
[INFO] [stdout]    7:     0x5b680bf80b82 - std[617be2ca0a6fd877]::panicking::panic_handler::{closure#0}
[INFO] [stdout]    8:     0x5b680bf79629 - std[617be2ca0a6fd877]::sys::backtrace::__rust_end_short_backtrace::<std[617be2ca0a6fd877]::panicking::panic_handler::{closure#0}, !>
[INFO] [stdout]    9:     0x5b680bf8182d - __rustc[ea4f61d10b84890b]::rust_begin_unwind
[INFO] [stdout]   10:     0x5b680bfbb91c - core[a373ad73a504971]::panicking::panic_fmt
[INFO] [stdout]   11:     0x5b680bfbb6f2 - core[a373ad73a504971]::result::unwrap_failed
[INFO] [stdout]   12:     0x5b680be6f278 - diesel_oci[2af30e86371da1]::test::database_url_from_env
[INFO] [stdout]   13:     0x5b680be6ec3e - diesel_oci[2af30e86371da1]::test::init_testing
[INFO] [stdout]   14:     0x5b680be7da3c - <diesel_oci[2af30e86371da1]::test::transaction_nested_rollback_commit::{closure#0} as core[a373ad73a504971]::ops::function::FnOnce<()>>::call_once
[INFO] [stdout]   15:     0x5b680beee82b - test[aada8e7e76ba119b]::__rust_begin_short_backtrace::<core[a373ad73a504971]::result::Result<(), alloc[2e1b2a31b91974c5]::string::String>, fn() -> core[a373ad73a504971]::result::Result<(), alloc[2e1b2a31b91974c5]::string::String>>
[INFO] [stdout]   16:     0x5b680befba05 - test[aada8e7e76ba119b]::run_test::{closure#0}
[INFO] [stdout]   17:     0x5b680bef52f4 - std[617be2ca0a6fd877]::sys::backtrace::__rust_begin_short_backtrace::<test[aada8e7e76ba119b]::run_test::{closure#1}, ()>
[INFO] [stdout]   18:     0x5b680befea92 - <std[617be2ca0a6fd877]::thread::lifecycle::spawn_unchecked<test[aada8e7e76ba119b]::run_test::{closure#1}, ()>::{closure#1} as core[a373ad73a504971]::ops::function::FnOnce<()>>::call_once::{shim:vtable#0}
[INFO] [stdout]   19:     0x5b680bfa43ef - <std[617be2ca0a6fd877]::sys::thread::unix::Thread>::new::thread_start
[INFO] [stdout]   20:     0x7e1898e01dfa - <unknown>
[INFO] [stdout]   21:     0x7e1898e953d4 - clone
[INFO] [stdout]   22:                0x0 - <unknown>
[INFO] [stdout] 
[INFO] [stdout] ---- test::dynamic_select::dynamic_query stdout ----
[INFO] [stdout] 
[INFO] [stdout] thread 'test::dynamic_select::dynamic_query' (1670) panicked at src/test/mod.rs:46:14:
[INFO] [stdout] OCI_DATABASE_URL must be set in order to run tests: NotPresent
[INFO] [stdout] stack backtrace:
[INFO] [stdout]    0:     0x5b680bfa4bc1 - <<std[617be2ca0a6fd877]::sys::backtrace::BacktraceLock>::print::DisplayBacktrace as core[a373ad73a504971]::fmt::Display>::fmt
[INFO] [stdout]    1:     0x5b680bfbb1ea - core[a373ad73a504971]::fmt::write
[INFO] [stdout]    2:     0x5b680bfa8e8c - <alloc[2e1b2a31b91974c5]::vec::Vec<u8> as core[a373ad73a504971]::io::write::Write>::write_fmt
[INFO] [stdout]    3:     0x5b680bf80ad6 - std[617be2ca0a6fd877]::panicking::default_hook::{closure#0}
[INFO] [stdout]    4:     0x5b680bf9cfb9 - std[617be2ca0a6fd877]::panicking::default_hook
[INFO] [stdout]    5:     0x5b680befb3e0 - test[aada8e7e76ba119b]::test_main_inner::{closure#0}
[INFO] [stdout]    6:     0x5b680bf9d172 - std[617be2ca0a6fd877]::panicking::panic_with_hook
[INFO] [stdout]    7:     0x5b680bf80b82 - std[617be2ca0a6fd877]::panicking::panic_handler::{closure#0}
[INFO] [stdout]    8:     0x5b680bf79629 - std[617be2ca0a6fd877]::sys::backtrace::__rust_end_short_backtrace::<std[617be2ca0a6fd877]::panicking::panic_handler::{closure#0}, !>
[INFO] [stdout]    9:     0x5b680bf8182d - __rustc[ea4f61d10b84890b]::rust_begin_unwind
[INFO] [stdout]   10:     0x5b680bfbb91c - core[a373ad73a504971]::panicking::panic_fmt
[INFO] [stdout]   11:     0x5b680bfbb6f2 - core[a373ad73a504971]::result::unwrap_failed
[INFO] [stdout]   12:     0x5b680be6f278 - diesel_oci[2af30e86371da1]::test::database_url_from_env
[INFO] [stdout]   13:     0x5b680be6ec3e - diesel_oci[2af30e86371da1]::test::init_testing
[INFO] [stdout]   14:     0x5b680becd121 - <diesel_oci[2af30e86371da1]::test::dynamic_select::dynamic_query::{closure#0} as core[a373ad73a504971]::ops::function::FnOnce<()>>::call_once
[INFO] [stdout]   15:     0x5b680beee82b - test[aada8e7e76ba119b]::__rust_begin_short_backtrace::<core[a373ad73a504971]::result::Result<(), alloc[2e1b2a31b91974c5]::string::String>, fn() -> core[a373ad73a504971]::result::Result<(), alloc[2e1b2a31b91974c5]::string::String>>
[INFO] [stdout]   16:     0x5b680befba05 - test[aada8e7e76ba119b]::run_test::{closure#0}
[INFO] [stdout]   17:     0x5b680bef52f4 - std[617be2ca0a6fd877]::sys::backtrace::__rust_begin_short_backtrace::<test[aada8e7e76ba119b]::run_test::{closure#1}, ()>
[INFO] [stdout]   18:     0x5b680befea92 - <std[617be2ca0a6fd877]::thread::lifecycle::spawn_unchecked<test[aada8e7e76ba119b]::run_test::{closure#1}, ()>::{closure#1} as core[a373ad73a504971]::ops::function::FnOnce<()>>::call_once::{shim:vtable#0}
[INFO] [stdout]   19:     0x5b680bfa43ef - <std[617be2ca0a6fd877]::sys::thread::unix::Thread>::new::thread_start
[INFO] [stdout]   20:     0x7e1898e01dfa - <unknown>
[INFO] [stdout]   21:     0x7e1898e953d4 - clone
[INFO] [stdout]   22:                0x0 - <unknown>
[INFO] [stdout] 
[INFO] [stdout] ---- test::ambigious_col_names stdout ----
[INFO] [stdout] 
[INFO] [stdout] thread 'test::ambigious_col_names' (1665) panicked at src/test/mod.rs:46:14:
[INFO] [stdout] OCI_DATABASE_URL must be set in order to run tests: NotPresent
[INFO] [stdout] stack backtrace:
[INFO] [stdout]    0:     0x5b680bfa4bc1 - <<std[617be2ca0a6fd877]::sys::backtrace::BacktraceLock>::print::DisplayBacktrace as core[a373ad73a504971]::fmt::Display>::fmt
[INFO] [stdout]    1:     0x5b680bfbb1ea - core[a373ad73a504971]::fmt::write
[INFO] [stdout]    2:     0x5b680bfa8e8c - <alloc[2e1b2a31b91974c5]::vec::Vec<u8> as core[a373ad73a504971]::io::write::Write>::write_fmt
[INFO] [stdout]    3:     0x5b680bf80ad6 - std[617be2ca0a6fd877]::panicking::default_hook::{closure#0}
[INFO] [stdout]    4:     0x5b680bf9cfb9 - std[617be2ca0a6fd877]::panicking::default_hook
[INFO] [stdout]    5:     0x5b680befb3e0 - test[aada8e7e76ba119b]::test_main_inner::{closure#0}
[INFO] [stdout]    6:     0x5b680bf9d172 - std[617be2ca0a6fd877]::panicking::panic_with_hook
[INFO] [stdout]    7:     0x5b680bf80b82 - std[617be2ca0a6fd877]::panicking::panic_handler::{closure#0}
[INFO] [stdout]    8:     0x5b680bf79629 - std[617be2ca0a6fd877]::sys::backtrace::__rust_end_short_backtrace::<std[617be2ca0a6fd877]::panicking::panic_handler::{closure#0}, !>
[INFO] [stdout]    9:     0x5b680bf8182d - __rustc[ea4f61d10b84890b]::rust_begin_unwind
[INFO] [stdout]   10:     0x5b680bfbb91c - core[a373ad73a504971]::panicking::panic_fmt
[INFO] [stdout]   11:     0x5b680bfbb6f2 - core[a373ad73a504971]::result::unwrap_failed
[INFO] [stdout]   12:     0x5b680be6f278 - diesel_oci[2af30e86371da1]::test::database_url_from_env
[INFO] [stdout]   13:     0x5b680be6ec3e - diesel_oci[2af30e86371da1]::test::init_testing
[INFO] [stdout]   14:     0x5b680be79c91 - <diesel_oci[2af30e86371da1]::test::ambigious_col_names::{closure#0} as core[a373ad73a504971]::ops::function::FnOnce<()>>::call_once
[INFO] [stdout]   15:     0x5b680beee82b - test[aada8e7e76ba119b]::__rust_begin_short_backtrace::<core[a373ad73a504971]::result::Result<(), alloc[2e1b2a31b91974c5]::string::String>, fn() -> core[a373ad73a504971]::result::Result<(), alloc[2e1b2a31b91974c5]::string::String>>
[INFO] [stdout]   16:     0x5b680befba05 - test[aada8e7e76ba119b]::run_test::{closure#0}
[INFO] [stdout]   17:     0x5b680bef52f4 - std[617be2ca0a6fd877]::sys::backtrace::__rust_begin_short_backtrace::<test[aada8e7e76ba119b]::run_test::{closure#1}, ()>
[INFO] [stdout]   18:     0x5b680befea92 - <std[617be2ca0a6fd877]::thread::lifecycle::spawn_unchecked<test[aada8e7e76ba119b]::run_test::{closure#1}, ()>::{closure#1} as core[a373ad73a504971]::ops::function::FnOnce<()>>::call_once::{shim:vtable#0}
[INFO] [stdout]   19:     0x5b680bfa43ef - <std[617be2ca0a6fd877]::sys::thread::unix::Thread>::new::thread_start
[INFO] [stdout]   20:     0x7e1898e01dfa - <unknown>
[INFO] [stdout]   21:     0x7e1898e953d4 - clone
[INFO] [stdout]   22:                0x0 - <unknown>
[INFO] [stdout] 
[INFO] [stdout] ---- test::limit stdout ----
[INFO] [stdout] 
[INFO] [stdout] thread 'test::limit' (1677) panicked at src/test/mod.rs:46:14:
[INFO] [stdout] OCI_DATABASE_URL must be set in order to run tests: NotPresent
[INFO] [stdout] stack backtrace:
[INFO] [stdout]    0:     0x5b680bfa4bc1 - <<std[617be2ca0a6fd877]::sys::backtrace::BacktraceLock>::print::DisplayBacktrace as core[a373ad73a504971]::fmt::Display>::fmt
[INFO] [stdout]    1:     0x5b680bfbb1ea - core[a373ad73a504971]::fmt::write
[INFO] [stdout]    2:     0x5b680bfa8e8c - <alloc[2e1b2a31b91974c5]::vec::Vec<u8> as core[a373ad73a504971]::io::write::Write>::write_fmt
[INFO] [stdout]    3:     0x5b680bf80ad6 - std[617be2ca0a6fd877]::panicking::default_hook::{closure#0}
[INFO] [stdout]    4:     0x5b680bf9cfb9 - std[617be2ca0a6fd877]::panicking::default_hook
[INFO] [stdout]    5:     0x5b680befb3e0 - test[aada8e7e76ba119b]::test_main_inner::{closure#0}
[INFO] [stdout]    6:     0x5b680bf9d172 - std[617be2ca0a6fd877]::panicking::panic_with_hook
[INFO] [stdout]    7:     0x5b680bf80b82 - std[617be2ca0a6fd877]::panicking::panic_handler::{closure#0}
[INFO] [stdout]    8:     0x5b680bf79629 - std[617be2ca0a6fd877]::sys::backtrace::__rust_end_short_backtrace::<std[617be2ca0a6fd877]::panicking::panic_handler::{closure#0}, !>
[INFO] [stdout]    9:     0x5b680bf8182d - __rustc[ea4f61d10b84890b]::rust_begin_unwind
[INFO] [stdout]   10:     0x5b680bfbb91c - core[a373ad73a504971]::panicking::panic_fmt
[INFO] [stdout]   11:     0x5b680bfbb6f2 - core[a373ad73a504971]::result::unwrap_failed
[INFO] [stdout]   12:     0x5b680be6f278 - diesel_oci[2af30e86371da1]::test::database_url_from_env
[INFO] [stdout]   13:     0x5b680be6ec3e - diesel_oci[2af30e86371da1]::test::init_testing
[INFO] [stdout]   14:     0x5b680be807e4 - <diesel_oci[2af30e86371da1]::test::limit::{closure#0} as core[a373ad73a504971]::ops::function::FnOnce<()>>::call_once
[INFO] [stdout]   15:     0x5b680beee82b - test[aada8e7e76ba119b]::__rust_begin_short_backtrace::<core[a373ad73a504971]::result::Result<(), alloc[2e1b2a31b91974c5]::string::String>, fn() -> core[a373ad73a504971]::result::Result<(), alloc[2e1b2a31b91974c5]::string::String>>
[INFO] [stdout]   16:     0x5b680befba05 - test[aada8e7e76ba119b]::run_test::{closure#0}
[INFO] [stdout]   17:     0x5b680bef52f4 - std[617be2ca0a6fd877]::sys::backtrace::__rust_begin_short_backtrace::<test[aada8e7e76ba119b]::run_test::{closure#1}, ()>
[INFO] [stdout]   18:     0x5b680befea92 - <std[617be2ca0a6fd877]::thread::lifecycle::spawn_unchecked<test[aada8e7e76ba119b]::run_test::{closure#1}, ()>::{closure#1} as core[a373ad73a504971]::ops::function::FnOnce<()>>::call_once::{shim:vtable#0}
[INFO] [stdout]   19:     0x5b680bfa43ef - <std[617be2ca0a6fd877]::sys::thread::unix::Thread>::new::thread_start
[INFO] [stdout]   20:     0x7e1898e01dfa - <unknown>
[INFO] [stdout]   21:     0x7e1898e953d4 - clone
[INFO] [stdout]   22:                0x0 - <unknown>
[INFO] [stdout] 
[INFO] [stdout] ---- test::test_diesel_migration stdout ----
[INFO] [stdout] 
[INFO] [stdout] thread 'test::test_diesel_migration' (1681) panicked at src/test/mod.rs:46:14:
[INFO] [stdout] OCI_DATABASE_URL must be set in order to run tests: NotPresent
[INFO] [stdout] stack backtrace:
[INFO] [stdout]    0:     0x5b680bfa4bc1 - <<std[617be2ca0a6fd877]::sys::backtrace::BacktraceLock>::print::DisplayBacktrace as core[a373ad73a504971]::fmt::Display>::fmt
[INFO] [stdout]    1:     0x5b680bfbb1ea - core[a373ad73a504971]::fmt::write
[INFO] [stdout]    2:     0x5b680bfa8e8c - <alloc[2e1b2a31b91974c5]::vec::Vec<u8> as core[a373ad73a504971]::io::write::Write>::write_fmt
[INFO] [stdout]    3:     0x5b680bf80ad6 - std[617be2ca0a6fd877]::panicking::default_hook::{closure#0}
[INFO] [stdout]    4:     0x5b680bf9cfb9 - std[617be2ca0a6fd877]::panicking::default_hook
[INFO] [stdout]    5:     0x5b680befb3e0 - test[aada8e7e76ba119b]::test_main_inner::{closure#0}
[INFO] [stdout]    6:     0x5b680bf9d172 - std[617be2ca0a6fd877]::panicking::panic_with_hook
[INFO] [stdout]    7:     0x5b680bf80b82 - std[617be2ca0a6fd877]::panicking::panic_handler::{closure#0}
[INFO] [stdout]    8:     0x5b680bf79629 - std[617be2ca0a6fd877]::sys::backtrace::__rust_end_short_backtrace::<std[617be2ca0a6fd877]::panicking::panic_handler::{closure#0}, !>
[INFO] [stdout]    9:     0x5b680bf8182d - __rustc[ea4f61d10b84890b]::rust_begin_unwind
[INFO] [stdout]   10:     0x5b680bfbb91c - core[a373ad73a504971]::panicking::panic_fmt
[INFO] [stdout]   11:     0x5b680bfbb6f2 - core[a373ad73a504971]::result::unwrap_failed
[INFO] [stdout]   12:     0x5b680be6f278 - diesel_oci[2af30e86371da1]::test::database_url_from_env
[INFO] [stdout]   13:     0x5b680be6ec3e - diesel_oci[2af30e86371da1]::test::init_testing
[INFO] [stdout]   14:     0x5b680be7a734 - <diesel_oci[2af30e86371da1]::test::test_diesel_migration::{closure#0} as core[a373ad73a504971]::ops::function::FnOnce<()>>::call_once
[INFO] [stdout]   15:     0x5b680beee82b - test[aada8e7e76ba119b]::__rust_begin_short_backtrace::<core[a373ad73a504971]::result::Result<(), alloc[2e1b2a31b91974c5]::string::String>, fn() -> core[a373ad73a504971]::result::Result<(), alloc[2e1b2a31b91974c5]::string::String>>
[INFO] [stdout]   16:     0x5b680befba05 - test[aada8e7e76ba119b]::run_test::{closure#0}
[INFO] [stdout]   17:     0x5b680bef52f4 - std[617be2ca0a6fd877]::sys::backtrace::__rust_begin_short_backtrace::<test[aada8e7e76ba119b]::run_test::{closure#1}, ()>
[INFO] [stdout]   18:     0x5b680befea92 - <std[617be2ca0a6fd877]::thread::lifecycle::spawn_unchecked<test[aada8e7e76ba119b]::run_test::{closure#1}, ()>::{closure#1} as core[a373ad73a504971]::ops::function::FnOnce<()>>::call_once::{shim:vtable#0}
[INFO] [stdout]   19:     0x5b680bfa43ef - <std[617be2ca0a6fd877]::sys::thread::unix::Thread>::new::thread_start
[INFO] [stdout]   20:     0x7e1898e01dfa - <unknown>
[INFO] [stdout]   21:     0x7e1898e953d4 - clone
[INFO] [stdout]   22:                0x0 - <unknown>
[INFO] [stdout] 
[INFO] [stdout] ---- test::timestamp stdout ----
[INFO] [stdout] 
[INFO] [stdout] thread 'test::timestamp' (1683) panicked at src/test/mod.rs:46:14:
[INFO] [stdout] OCI_DATABASE_URL must be set in order to run tests: NotPresent
[INFO] [stdout] stack backtrace:
[INFO] [stdout]    0:     0x5b680bfa4bc1 - <<std[617be2ca0a6fd877]::sys::backtrace::BacktraceLock>::print::DisplayBacktrace as core[a373ad73a504971]::fmt::Display>::fmt
[INFO] [stdout]    1:     0x5b680bfbb1ea - core[a373ad73a504971]::fmt::write
[INFO] [stdout]    2:     0x5b680bfa8e8c - <alloc[2e1b2a31b91974c5]::vec::Vec<u8> as core[a373ad73a504971]::io::write::Write>::write_fmt
[INFO] [stdout]    3:     0x5b680bf80ad6 - std[617be2ca0a6fd877]::panicking::default_hook::{closure#0}
[INFO] [stdout]    4:     0x5b680bf9cfb9 - std[617be2ca0a6fd877]::panicking::default_hook
[INFO] [stdout]    5:     0x5b680befb3e0 - test[aada8e7e76ba119b]::test_main_inner::{closure#0}
[INFO] [stdout]    6:     0x5b680bf9d172 - std[617be2ca0a6fd877]::panicking::panic_with_hook
[INFO] [stdout]    7:     0x5b680bf80b82 - std[617be2ca0a6fd877]::panicking::panic_handler::{closure#0}
[INFO] [stdout]    8:     0x5b680bf79629 - std[617be2ca0a6fd877]::sys::backtrace::__rust_end_short_backtrace::<std[617be2ca0a6fd877]::panicking::panic_handler::{closure#0}, !>
[INFO] [stdout]    9:     0x5b680bf8182d - __rustc[ea4f61d10b84890b]::rust_begin_unwind
[INFO] [stdout]   10:     0x5b680bfbb91c - core[a373ad73a504971]::panicking::panic_fmt
[INFO] [stdout]   11:     0x5b680bfbb6f2 - core[a373ad73a504971]::result::unwrap_failed
[INFO] [stdout]   12:     0x5b680be6f278 - diesel_oci[2af30e86371da1]::test::database_url_from_env
[INFO] [stdout]   13:     0x5b680be6ec3e - diesel_oci[2af30e86371da1]::test::init_testing
[INFO] [stdout]   14:     0x5b680be822cc - <diesel_oci[2af30e86371da1]::test::timestamp::{closure#0} as core[a373ad73a504971]::ops::function::FnOnce<()>>::call_once
[INFO] [stdout]   15:     0x5b680beee82b - test[aada8e7e76ba119b]::__rust_begin_short_backtrace::<core[a373ad73a504971]::result::Result<(), alloc[2e1b2a31b91974c5]::string::String>, fn() -> core[a373ad73a504971]::result::Result<(), alloc[2e1b2a31b91974c5]::string::String>>
[INFO] [stdout]   16:     0x5b680befba05 - test[aada8e7e76ba119b]::run_test::{closure#0}
[INFO] [stdout]   17:     0x5b680bef52f4 - std[617be2ca0a6fd877]::sys::backtrace::__rust_begin_short_backtrace::<test[aada8e7e76ba119b]::run_test::{closure#1}, ()>
[INFO] [stdout]   18:     0x5b680befea92 - <std[617be2ca0a6fd877]::thread::lifecycle::spawn_unchecked<test[aada8e7e76ba119b]::run_test::{closure#1}, ()>::{closure#1} as core[a373ad73a504971]::ops::function::FnOnce<()>>::call_once::{shim:vtable#0}
[INFO] [stdout]   19:     0x5b680bfa43ef - <std[617be2ca0a6fd877]::sys::thread::unix::Thread>::new::thread_start
[INFO] [stdout]   20:     0x7e1898e01dfa - <unknown>
[INFO] [stdout]   21:     0x7e1898e953d4 - clone
[INFO] [stdout]   22:                0x0 - <unknown>
[INFO] [stdout] 
[INFO] [stdout] ---- test::transaction_nested_commit_rollback_rollback stdout ----
[INFO] [stdout] 
[INFO] [stdout] thread 'test::transaction_nested_commit_rollback_rollback' (1690) panicked at src/test/mod.rs:46:14:
[INFO] [stdout] OCI_DATABASE_URL must be set in order to run tests: NotPresent
[INFO] [stdout] stack backtrace:
[INFO] [stdout]    0:     0x5b680bfa4bc1 - <<std[617be2ca0a6fd877]::sys::backtrace::BacktraceLock>::print::DisplayBacktrace as core[a373ad73a504971]::fmt::Display>::fmt
[INFO] [stdout]    1:     0x5b680bfbb1ea - core[a373ad73a504971]::fmt::write
[INFO] [stdout]    2:     0x5b680bfa8e8c - <alloc[2e1b2a31b91974c5]::vec::Vec<u8> as core[a373ad73a504971]::io::write::Write>::write_fmt
[INFO] [stdout]    3:     0x5b680bf80ad6 - std[617be2ca0a6fd877]::panicking::default_hook::{closure#0}
[INFO] [stdout]    4:     0x5b680bf9cfb9 - std[617be2ca0a6fd877]::panicking::default_hook
[INFO] [stdout]    5:     0x5b680befb3e0 - test[aada8e7e76ba119b]::test_main_inner::{closure#0}
[INFO] [stdout]    6:     0x5b680bf9d172 - std[617be2ca0a6fd877]::panicking::panic_with_hook
[INFO] [stdout]    7:     0x5b680bf80b82 - std[617be2ca0a6fd877]::panicking::panic_handler::{closure#0}
[INFO] [stdout]    8:     0x5b680bf79629 - std[617be2ca0a6fd877]::sys::backtrace::__rust_end_short_backtrace::<std[617be2ca0a6fd877]::panicking::panic_handler::{closure#0}, !>
[INFO] [stdout]    9:     0x5b680bf8182d - __rustc[ea4f61d10b84890b]::rust_begin_unwind
[INFO] [stdout]   10:     0x5b680bfbb91c - core[a373ad73a504971]::panicking::panic_fmt
[INFO] [stdout]   11:     0x5b680bfbb6f2 - core[a373ad73a504971]::result::unwrap_failed
[INFO] [stdout]   12:     0x5b680be6f278 - diesel_oci[2af30e86371da1]::test::database_url_from_env
[INFO] [stdout]   13:     0x5b680be6ec3e - diesel_oci[2af30e86371da1]::test::init_testing
[INFO] [stdout]   14:     0x5b680be7eebc - <diesel_oci[2af30e86371da1]::test::transaction_nested_commit_rollback_rollback::{closure#0} as core[a373ad73a504971]::ops::function::FnOnce<()>>::call_once
[INFO] [stdout]   15:     0x5b680beee82b - test[aada8e7e76ba119b]::__rust_begin_short_backtrace::<core[a373ad73a504971]::result::Result<(), alloc[2e1b2a31b91974c5]::string::String>, fn() -> core[a373ad73a504971]::result::Result<(), alloc[2e1b2a31b91974c5]::string::String>>
[INFO] [stdout]   16:     0x5b680befba05 - test[aada8e7e76ba119b]::run_test::{closure#0}
[INFO] [stdout]   17:     0x5b680bef52f4 - std[617be2ca0a6fd877]::sys::backtrace::__rust_begin_short_backtrace::<test[aada8e7e76ba119b]::run_test::{closure#1}, ()>
[INFO] [stdout]   18:     0x5b680befea92 - <std[617be2ca0a6fd877]::thread::lifecycle::spawn_unchecked<test[aada8e7e76ba119b]::run_test::{closure#1}, ()>::{closure#1} as core[a373ad73a504971]::ops::function::FnOnce<()>>::call_once::{shim:vtable#0}
[INFO] [stdout]   19:     0x5b680bfa43ef - <std[617be2ca0a6fd877]::sys::thread::unix::Thread>::new::thread_start
[INFO] [stdout]   20:     0x7e1898e01dfa - <unknown>
[INFO] [stdout]   21:     0x7e1898e953d4 - clone
[INFO] [stdout]   22:                0x0 - <unknown>
[INFO] [stdout] 
[INFO] [stdout] ---- test::transaction_nested_rollback_commit_commit stdout ----
[INFO] [stdout] 
[INFO] [stdout] thread 'test::transaction_nested_rollback_commit_commit' (1692) panicked at src/test/mod.rs:46:14:
[INFO] [stdout] OCI_DATABASE_URL must be set in order to run tests: NotPresent
[INFO] [stdout] stack backtrace:
[INFO] [stdout]    0:     0x5b680bfa4bc1 - <<std[617be2ca0a6fd877]::sys::backtrace::BacktraceLock>::print::DisplayBacktrace as core[a373ad73a504971]::fmt::Display>::fmt
[INFO] [stdout]    1:     0x5b680bfbb1ea - core[a373ad73a504971]::fmt::write
[INFO] [stdout]    2:     0x5b680bfa8e8c - <alloc[2e1b2a31b91974c5]::vec::Vec<u8> as core[a373ad73a504971]::io::write::Write>::write_fmt
[INFO] [stdout]    3:     0x5b680bf80ad6 - std[617be2ca0a6fd877]::panicking::default_hook::{closure#0}
[INFO] [stdout]    4:     0x5b680bf9cfb9 - std[617be2ca0a6fd877]::panicking::default_hook
[INFO] [stdout]    5:     0x5b680befb3e0 - test[aada8e7e76ba119b]::test_main_inner::{closure#0}
[INFO] [stdout]    6:     0x5b680bf9d172 - std[617be2ca0a6fd877]::panicking::panic_with_hook
[INFO] [stdout]    7:     0x5b680bf80b82 - std[617be2ca0a6fd877]::panicking::panic_handler::{closure#0}
[INFO] [stdout]    8:     0x5b680bf79629 - std[617be2ca0a6fd877]::sys::backtrace::__rust_end_short_backtrace::<std[617be2ca0a6fd877]::panicking::panic_handler::{closure#0}, !>
[INFO] [stdout]    9:     0x5b680bf8182d - __rustc[ea4f61d10b84890b]::rust_begin_unwind
[INFO] [stdout]   10:     0x5b680bfbb91c - core[a373ad73a504971]::panicking::panic_fmt
[INFO] [stdout]   11:     0x5b680bfbb6f2 - core[a373ad73a504971]::result::unwrap_failed
[INFO] [stdout]   12:     0x5b680be6f278 - diesel_oci[2af30e86371da1]::test::database_url_from_env
[INFO] [stdout]   13:     0x5b680be6ec3e - diesel_oci[2af30e86371da1]::test::init_testing
[INFO] [stdout]   14:     0x5b680be7eb8c - <diesel_oci[2af30e86371da1]::test::transaction_nested_rollback_commit_commit::{closure#0} as core[a373ad73a504971]::ops::function::FnOnce<()>>::call_once
[INFO] [stdout]   15:     0x5b680beee82b - test[aada8e7e76ba119b]::__rust_begin_short_backtrace::<core[a373ad73a504971]::result::Result<(), alloc[2e1b2a31b91974c5]::string::String>, fn() -> core[a373ad73a504971]::result::Result<(), alloc[2e1b2a31b91974c5]::string::String>>
[INFO] [stdout]   16:     0x5b680befba05 - test[aada8e7e76ba119b]::run_test::{closure#0}
[INFO] [stdout]   17:     0x5b680bef52f4 - std[617be2ca0a6fd877]::sys::backtrace::__rust_begin_short_backtrace::<test[aada8e7e76ba119b]::run_test::{closure#1}, ()>
[INFO] [stdout]   18:     0x5b680befea92 - <std[617be2ca0a6fd877]::thread::lifecycle::spawn_unchecked<test[aada8e7e76ba119b]::run_test::{closure#1}, ()>::{closure#1} as core[a373ad73a504971]::ops::function::FnOnce<()>>::call_once::{shim:vtable#0}
[INFO] [stdout]   19:     0x5b680bfa43ef - <std[617be2ca0a6fd877]::sys::thread::unix::Thread>::new::thread_start
[INFO] [stdout]   20:     0x7e1898e01dfa - <unknown>
[INFO] [stdout]   21:     0x7e1898e953d4 - clone
[INFO] [stdout]   22:                0x0 - <unknown>
[INFO] [stdout] 
[INFO] [stdout] ---- test::time_intervals stdout ----
[INFO] [stdout] 
[INFO] [stdout] thread 'test::time_intervals' (1682) panicked at src/test/mod.rs:46:14:
[INFO] [stdout] OCI_DATABASE_URL must be set in order to run tests: NotPresent
[INFO] [stdout] stack backtrace:
[INFO] [stdout]    0:     0x5b680bfa4bc1 - <<std[617be2ca0a6fd877]::sys::backtrace::BacktraceLock>::print::DisplayBacktrace as core[a373ad73a504971]::fmt::Display>::fmt
[INFO] [stdout]    1:     0x5b680bfbb1ea - core[a373ad73a504971]::fmt::write
[INFO] [stdout]    2:     0x5b680bfa8e8c - <alloc[2e1b2a31b91974c5]::vec::Vec<u8> as core[a373ad73a504971]::io::write::Write>::write_fmt
[INFO] [stdout]    3:     0x5b680bf80ad6 - std[617be2ca0a6fd877]::panicking::default_hook::{closure#0}
[INFO] [stdout]    4:     0x5b680bf9cfb9 - std[617be2ca0a6fd877]::panicking::default_hook
[INFO] [stdout]    5:     0x5b680befb3e0 - test[aada8e7e76ba119b]::test_main_inner::{closure#0}
[INFO] [stdout]    6:     0x5b680bf9d172 - std[617be2ca0a6fd877]::panicking::panic_with_hook
[INFO] [stdout]    7:     0x5b680bf80b82 - std[617be2ca0a6fd877]::panicking::panic_handler::{closure#0}
[INFO] [stdout]    8:     0x5b680bf79629 - std[617be2ca0a6fd877]::sys::backtrace::__rust_end_short_backtrace::<std[617be2ca0a6fd877]::panicking::panic_handler::{closure#0}, !>
[INFO] [stdout]    9:     0x5b680bf8182d - __rustc[ea4f61d10b84890b]::rust_begin_unwind
[INFO] [stdout]   10:     0x5b680bfbb91c - core[a373ad73a504971]::panicking::panic_fmt
[INFO] [stdout]   11:     0x5b680bfbb6f2 - core[a373ad73a504971]::result::unwrap_failed
[INFO] [stdout]   12:     0x5b680be6f278 - diesel_oci[2af30e86371da1]::test::database_url_from_env
[INFO] [stderr] error: test failed, to rerun pass `--lib`
[INFO] [stdout]   13:     0x5b680be6ec3e - diesel_oci[2af30e86371da1]::test::init_testing
[INFO] [stdout]   14:     0x5b680be7800b - <diesel_oci[2af30e86371da1]::test::time_intervals::{closure#0} as core[a373ad73a504971]::ops::function::FnOnce<()>>::call_once
[INFO] [stdout]   15:     0x5b680beee82b - test[aada8e7e76ba119b]::__rust_begin_short_backtrace::<core[a373ad73a504971]::result::Result<(), alloc[2e1b2a31b91974c5]::string::String>, fn() -> core[a373ad73a504971]::result::Result<(), alloc[2e1b2a31b91974c5]::string::String>>
[INFO] [stdout]   16:     0x5b680befba05 - test[aada8e7e76ba119b]::run_test::{closure#0}
[INFO] [stdout]   17:     0x5b680bef52f4 - std[617be2ca0a6fd877]::sys::backtrace::__rust_begin_short_backtrace::<test[aada8e7e76ba119b]::run_test::{closure#1}, ()>
[INFO] [stdout]   18:     0x5b680befea92 - <std[617be2ca0a6fd877]::thread::lifecycle::spawn_unchecked<test[aada8e7e76ba119b]::run_test::{closure#1}, ()>::{closure#1} as core[a373ad73a504971]::ops::function::FnOnce<()>>::call_once::{shim:vtable#0}
[INFO] [stdout]   19:     0x5b680bfa43ef - <std[617be2ca0a6fd877]::sys::thread::unix::Thread>::new::thread_start
[INFO] [stdout]   20:     0x7e1898e01dfa - <unknown>
[INFO] [stdout]   21:     0x7e1898e953d4 - clone
[INFO] [stdout]   22:                0x0 - <unknown>
[INFO] [stdout] 
[INFO] [stdout] ---- test::transaction_nested_commit_commit_rollback stdout ----
[INFO] [stdout] 
[INFO] [stdout] thread 'test::transaction_nested_commit_commit_rollback' (1687) panicked at src/test/mod.rs:46:14:
[INFO] [stdout] OCI_DATABASE_URL must be set in order to run tests: NotPresent
[INFO] [stdout] stack backtrace:
[INFO] [stdout]    0:     0x5b680bfa4bc1 - <<std[617be2ca0a6fd877]::sys::backtrace::BacktraceLock>::print::DisplayBacktrace as core[a373ad73a504971]::fmt::Display>::fmt
[INFO] [stdout]    1:     0x5b680bfbb1ea - core[a373ad73a504971]::fmt::write
[INFO] [stdout]    2:     0x5b680bfa8e8c - <alloc[2e1b2a31b91974c5]::vec::Vec<u8> as core[a373ad73a504971]::io::write::Write>::write_fmt
[INFO] [stdout]    3:     0x5b680bf80ad6 - std[617be2ca0a6fd877]::panicking::default_hook::{closure#0}
[INFO] [stdout]    4:     0x5b680bf9cfb9 - std[617be2ca0a6fd877]::panicking::default_hook
[INFO] [stdout]    5:     0x5b680befb3e0 - test[aada8e7e76ba119b]::test_main_inner::{closure#0}
[INFO] [stdout]    6:     0x5b680bf9d172 - std[617be2ca0a6fd877]::panicking::panic_with_hook
[INFO] [stdout]    7:     0x5b680bf80b82 - std[617be2ca0a6fd877]::panicking::panic_handler::{closure#0}
[INFO] [stdout]    8:     0x5b680bf79629 - std[617be2ca0a6fd877]::sys::backtrace::__rust_end_short_backtrace::<std[617be2ca0a6fd877]::panicking::panic_handler::{closure#0}, !>
[INFO] [stdout]    9:     0x5b680bf8182d - __rustc[ea4f61d10b84890b]::rust_begin_unwind
[INFO] [stdout]   10:     0x5b680bfbb91c - core[a373ad73a504971]::panicking::panic_fmt
[INFO] [stdout]   11:     0x5b680bfbb6f2 - core[a373ad73a504971]::result::unwrap_failed
[INFO] [stdout]   12:     0x5b680be6f278 - diesel_oci[2af30e86371da1]::test::database_url_from_env
[INFO] [stdout]   13:     0x5b680be6ec3e - diesel_oci[2af30e86371da1]::test::init_testing
[INFO] [stdout]   14:     0x5b680be7e46c - <diesel_oci[2af30e86371da1]::test::transaction_nested_commit_commit_rollback::{closure#0} as core[a373ad73a504971]::ops::function::FnOnce<()>>::call_once
[INFO] [stdout]   15:     0x5b680beee82b - test[aada8e7e76ba119b]::__rust_begin_short_backtrace::<core[a373ad73a504971]::result::Result<(), alloc[2e1b2a31b91974c5]::string::String>, fn() -> core[a373ad73a504971]::result::Result<(), alloc[2e1b2a31b91974c5]::string::String>>
[INFO] [stdout]   16:     0x5b680befba05 - test[aada8e7e76ba119b]::run_test::{closure#0}
[INFO] [stdout]   17:     0x5b680bef52f4 - std[617be2ca0a6fd877]::sys::backtrace::__rust_begin_short_backtrace::<test[aada8e7e76ba119b]::run_test::{closure#1}, ()>
[INFO] [stdout]   18:     0x5b680befea92 - <std[617be2ca0a6fd877]::thread::lifecycle::spawn_unchecked<test[aada8e7e76ba119b]::run_test::{closure#1}, ()>::{closure#1} as core[a373ad73a504971]::ops::function::FnOnce<()>>::call_once::{shim:vtable#0}
[INFO] [stdout]   19:     0x5b680bfa43ef - <std[617be2ca0a6fd877]::sys::thread::unix::Thread>::new::thread_start
[INFO] [stdout]   20:     0x7e1898e01dfa - <unknown>
[INFO] [stdout]   21:     0x7e1898e953d4 - clone
[INFO] [stdout]   22:                0x0 - <unknown>
[INFO] [stdout] 
[INFO] [stdout] ---- test::use_named_queries stdout ----
[INFO] [stdout] 
[INFO] [stdout] thread 'test::use_named_queries' (1700) panicked at src/test/mod.rs:46:14:
[INFO] [stdout] OCI_DATABASE_URL must be set in order to run tests: NotPresent
[INFO] [stdout] stack backtrace:
[INFO] [stdout]    0:     0x5b680bfa4bc1 - <<std[617be2ca0a6fd877]::sys::backtrace::BacktraceLock>::print::DisplayBacktrace as core[a373ad73a504971]::fmt::Display>::fmt
[INFO] [stdout]    1:     0x5b680bfbb1ea - core[a373ad73a504971]::fmt::write
[INFO] [stdout]    2:     0x5b680bfa8e8c - <alloc[2e1b2a31b91974c5]::vec::Vec<u8> as core[a373ad73a504971]::io::write::Write>::write_fmt
[INFO] [stdout]    3:     0x5b680bf80ad6 - std[617be2ca0a6fd877]::panicking::default_hook::{closure#0}
[INFO] [stdout]    4:     0x5b680bf9cfb9 - std[617be2ca0a6fd877]::panicking::default_hook
[INFO] [stdout]    5:     0x5b680befb3e0 - test[aada8e7e76ba119b]::test_main_inner::{closure#0}
[INFO] [stdout]    6:     0x5b680bf9d172 - std[617be2ca0a6fd877]::panicking::panic_with_hook
[INFO] [stdout]    7:     0x5b680bf80b82 - std[617be2ca0a6fd877]::panicking::panic_handler::{closure#0}
[INFO] [stdout]    8:     0x5b680bf79629 - std[617be2ca0a6fd877]::sys::backtrace::__rust_end_short_backtrace::<std[617be2ca0a6fd877]::panicking::panic_handler::{closure#0}, !>
[INFO] [stdout]    9:     0x5b680bf8182d - __rustc[ea4f61d10b84890b]::rust_begin_unwind
[INFO] [stdout]   10:     0x5b680bfbb91c - core[a373ad73a504971]::panicking::panic_fmt
[INFO] [stdout]   11:     0x5b680bfbb6f2 - core[a373ad73a504971]::result::unwrap_failed
[INFO] [stdout]   12:     0x5b680be6f278 - diesel_oci[2af30e86371da1]::test::database_url_from_env
[INFO] [stdout]   13:     0x5b680be6ec3e - diesel_oci[2af30e86371da1]::test::init_testing
[INFO] [stdout]   14:     0x5b680be78b64 - <diesel_oci[2af30e86371da1]::test::use_named_queries::{closure#0} as core[a373ad73a504971]::ops::function::FnOnce<()>>::call_once
[INFO] [stdout]   15:     0x5b680beee82b - test[aada8e7e76ba119b]::__rust_begin_short_backtrace::<core[a373ad73a504971]::result::Result<(), alloc[2e1b2a31b91974c5]::string::String>, fn() -> core[a373ad73a504971]::result::Result<(), alloc[2e1b2a31b91974c5]::string::String>>
[INFO] [stdout]   16:     0x5b680befba05 - test[aada8e7e76ba119b]::run_test::{closure#0}
[INFO] [stdout]   17:     0x5b680bef52f4 - std[617be2ca0a6fd877]::sys::backtrace::__rust_begin_short_backtrace::<test[aada8e7e76ba119b]::run_test::{closure#1}, ()>
[INFO] [stdout]   18:     0x5b680befea92 - <std[617be2ca0a6fd877]::thread::lifecycle::spawn_unchecked<test[aada8e7e76ba119b]::run_test::{closure#1}, ()>::{closure#1} as core[a373ad73a504971]::ops::function::FnOnce<()>>::call_once::{shim:vtable#0}
[INFO] [stdout]   19:     0x5b680bfa43ef - <std[617be2ca0a6fd877]::sys::thread::unix::Thread>::new::thread_start
[INFO] [stdout]   20:     0x7e1898e01dfa - <unknown>
[INFO] [stdout]   21:     0x7e1898e953d4 - clone
[INFO] [stdout]   22:                0x0 - <unknown>
[INFO] [stdout] 
[INFO] [stdout] ---- test::transaction_nested_rollback_rollback_rollback stdout ----
[INFO] [stdout] 
[INFO] [stdout] thread 'test::transaction_nested_rollback_rollback_rollback' (1696) panicked at src/test/mod.rs:46:14:
[INFO] [stdout] OCI_DATABASE_URL must be set in order to run tests: NotPresent
[INFO] [stdout] stack backtrace:
[INFO] [stdout]    0:     0x5b680bfa4bc1 - <<std[617be2ca0a6fd877]::sys::backtrace::BacktraceLock>::print::DisplayBacktrace as core[a373ad73a504971]::fmt::Display>::fmt
[INFO] [stdout]    1:     0x5b680bfbb1ea - core[a373ad73a504971]::fmt::write
[INFO] [stdout]    2:     0x5b680bfa8e8c - <alloc[2e1b2a31b91974c5]::vec::Vec<u8> as core[a373ad73a504971]::io::write::Write>::write_fmt
[INFO] [stdout]    3:     0x5b680bf80ad6 - std[617be2ca0a6fd877]::panicking::default_hook::{closure#0}
[INFO] [stdout]    4:     0x5b680bf9cfb9 - std[617be2ca0a6fd877]::panicking::default_hook
[INFO] [stdout]    5:     0x5b680befb3e0 - test[aada8e7e76ba119b]::test_main_inner::{closure#0}
[INFO] [stdout]    6:     0x5b680bf9d172 - std[617be2ca0a6fd877]::panicking::panic_with_hook
[INFO] [stdout]    7:     0x5b680bf80b82 - std[617be2ca0a6fd877]::panicking::panic_handler::{closure#0}
[INFO] [stdout]    8:     0x5b680bf79629 - std[617be2ca0a6fd877]::sys::backtrace::__rust_end_short_backtrace::<std[617be2ca0a6fd877]::panicking::panic_handler::{closure#0}, !>
[INFO] [stdout]    9:     0x5b680bf8182d - __rustc[ea4f61d10b84890b]::rust_begin_unwind
[INFO] [stdout]   10:     0x5b680bfbb91c - core[a373ad73a504971]::panicking::panic_fmt
[INFO] [stdout]   11:     0x5b680bfbb6f2 - core[a373ad73a504971]::result::unwrap_failed
[INFO] [stdout]   12:     0x5b680be6f278 - diesel_oci[2af30e86371da1]::test::database_url_from_env
[INFO] [stdout]   13:     0x5b680be6ec3e - diesel_oci[2af30e86371da1]::test::init_testing
[INFO] [stdout]   14:     0x5b680be7f89c - <diesel_oci[2af30e86371da1]::test::transaction_nested_rollback_rollback_rollback::{closure#0} as core[a373ad73a504971]::ops::function::FnOnce<()>>::call_once
[INFO] [stdout]   15:     0x5b680beee82b - test[aada8e7e76ba119b]::__rust_begin_short_backtrace::<core[a373ad73a504971]::result::Result<(), alloc[2e1b2a31b91974c5]::string::String>, fn() -> core[a373ad73a504971]::result::Result<(), alloc[2e1b2a31b91974c5]::string::String>>
[INFO] [stdout]   16:     0x5b680befba05 - test[aada8e7e76ba119b]::run_test::{closure#0}
[INFO] [stdout]   17:     0x5b680bef52f4 - std[617be2ca0a6fd877]::sys::backtrace::__rust_begin_short_backtrace::<test[aada8e7e76ba119b]::run_test::{closure#1}, ()>
[INFO] [stdout]   18:     0x5b680befea92 - <std[617be2ca0a6fd877]::thread::lifecycle::spawn_unchecked<test[aada8e7e76ba119b]::run_test::{closure#1}, ()>::{closure#1} as core[a373ad73a504971]::ops::function::FnOnce<()>>::call_once::{shim:vtable#0}
[INFO] [stdout]   19:     0x5b680bfa43ef - <std[617be2ca0a6fd877]::sys::thread::unix::Thread>::new::thread_start
[INFO] [stdout]   20:     0x7e1898e01dfa - <unknown>
[INFO] [stdout]   21:     0x7e1898e953d4 - clone
[INFO] [stdout]   22:                0x0 - <unknown>
[INFO] [stdout] 
[INFO] [stdout] ---- test::transaction_rollback stdout ----
[INFO] [stdout] 
[INFO] [stdout] thread 'test::transaction_rollback' (1697) panicked at src/test/mod.rs:46:14:
[INFO] [stdout] OCI_DATABASE_URL must be set in order to run tests: NotPresent
[INFO] [stdout] stack backtrace:
[INFO] [stdout]    0:     0x5b680bfa4bc1 - <<std[617be2ca0a6fd877]::sys::backtrace::BacktraceLock>::print::DisplayBacktrace as core[a373ad73a504971]::fmt::Display>::fmt
[INFO] [stdout]    1:     0x5b680bfbb1ea - core[a373ad73a504971]::fmt::write
[INFO] [stdout]    2:     0x5b680bfa8e8c - <alloc[2e1b2a31b91974c5]::vec::Vec<u8> as core[a373ad73a504971]::io::write::Write>::write_fmt
[INFO] [stdout]    3:     0x5b680bf80ad6 - std[617be2ca0a6fd877]::panicking::default_hook::{closure#0}
[INFO] [stdout]    4:     0x5b680bf9cfb9 - std[617be2ca0a6fd877]::panicking::default_hook
[INFO] [stdout]    5:     0x5b680befb3e0 - test[aada8e7e76ba119b]::test_main_inner::{closure#0}
[INFO] [stdout]    6:     0x5b680bf9d172 - std[617be2ca0a6fd877]::panicking::panic_with_hook
[INFO] [stdout]    7:     0x5b680bf80b82 - std[617be2ca0a6fd877]::panicking::panic_handler::{closure#0}
[INFO] [stdout]    8:     0x5b680bf79629 - std[617be2ca0a6fd877]::sys::backtrace::__rust_end_short_backtrace::<std[617be2ca0a6fd877]::panicking::panic_handler::{closure#0}, !>
[INFO] [stdout]    9:     0x5b680bf8182d - __rustc[ea4f61d10b84890b]::rust_begin_unwind
[INFO] [stdout]   10:     0x5b680bfbb91c - core[a373ad73a504971]::panicking::panic_fmt
[INFO] [stdout]   11:     0x5b680bfbb6f2 - core[a373ad73a504971]::result::unwrap_failed
[INFO] [stdout]   12:     0x5b680be6f278 - diesel_oci[2af30e86371da1]::test::database_url_from_env
[INFO] [stdout]   13:     0x5b680be6ec3e - diesel_oci[2af30e86371da1]::test::init_testing
[INFO] [stdout]   14:     0x5b680be7a3fc - <diesel_oci[2af30e86371da1]::test::transaction_rollback::{closure#0} as core[a373ad73a504971]::ops::function::FnOnce<()>>::call_once
[INFO] [stdout]   15:     0x5b680beee82b - test[aada8e7e76ba119b]::__rust_begin_short_backtrace::<core[a373ad73a504971]::result::Result<(), alloc[2e1b2a31b91974c5]::string::String>, fn() -> core[a373ad73a504971]::result::Result<(), alloc[2e1b2a31b91974c5]::string::String>>
[INFO] [stdout]   16:     0x5b680befba05 - test[aada8e7e76ba119b]::run_test::{closure#0}
[INFO] [stdout]   17:     0x5b680bef52f4 - std[617be2ca0a6fd877]::sys::backtrace::__rust_begin_short_backtrace::<test[aada8e7e76ba119b]::run_test::{closure#1}, ()>
[INFO] [stdout]   18:     0x5b680befea92 - <std[617be2ca0a6fd877]::thread::lifecycle::spawn_unchecked<test[aada8e7e76ba119b]::run_test::{closure#1}, ()>::{closure#1} as core[a373ad73a504971]::ops::function::FnOnce<()>>::call_once::{shim:vtable#0}
[INFO] [stdout]   19:     0x5b680bfa43ef - <std[617be2ca0a6fd877]::sys::thread::unix::Thread>::new::thread_start
[INFO] [stdout]   20:     0x7e1898e01dfa - <unknown>
[INFO] [stdout]   21:     0x7e1898e953d4 - clone
[INFO] [stdout]   22:                0x0 - <unknown>
[INFO] [stdout] 
[INFO] [stdout] ---- test::numeric_type_mapping stdout ----
[INFO] [stdout] 
[INFO] [stdout] thread 'test::numeric_type_mapping' (1678) panicked at src/test/mod.rs:46:14:
[INFO] [stdout] OCI_DATABASE_URL must be set in order to run tests: NotPresent
[INFO] [stdout] stack backtrace:
[INFO] [stdout]    0:     0x5b680bfa4bc1 - <<std[617be2ca0a6fd877]::sys::backtrace::BacktraceLock>::print::DisplayBacktrace as core[a373ad73a504971]::fmt::Display>::fmt
[INFO] [stdout]    1:     0x5b680bfbb1ea - core[a373ad73a504971]::fmt::write
[INFO] [stdout]    2:     0x5b680bfa8e8c - <alloc[2e1b2a31b91974c5]::vec::Vec<u8> as core[a373ad73a504971]::io::write::Write>::write_fmt
[INFO] [stdout]    3:     0x5b680bf80ad6 - std[617be2ca0a6fd877]::panicking::default_hook::{closure#0}
[INFO] [stdout]    4:     0x5b680bf9cfb9 - std[617be2ca0a6fd877]::panicking::default_hook
[INFO] [stdout]    5:     0x5b680befb3e0 - test[aada8e7e76ba119b]::test_main_inner::{closure#0}
[INFO] [stdout]    6:     0x5b680bf9d172 - std[617be2ca0a6fd877]::panicking::panic_with_hook
[INFO] [stdout]    7:     0x5b680bf80b82 - std[617be2ca0a6fd877]::panicking::panic_handler::{closure#0}
[INFO] [stdout]    8:     0x5b680bf79629 - std[617be2ca0a6fd877]::sys::backtrace::__rust_end_short_backtrace::<std[617be2ca0a6fd877]::panicking::panic_handler::{closure#0}, !>
[INFO] [stdout]    9:     0x5b680bf8182d - __rustc[ea4f61d10b84890b]::rust_begin_unwind
[INFO] [stdout]   10:     0x5b680bfbb91c - core[a373ad73a504971]::panicking::panic_fmt
[INFO] [stdout]   11:     0x5b680bfbb6f2 - core[a373ad73a504971]::result::unwrap_failed
[INFO] [stdout]   12:     0x5b680be6f278 - diesel_oci[2af30e86371da1]::test::database_url_from_env
[INFO] [stdout]   13:     0x5b680be6ec3e - diesel_oci[2af30e86371da1]::test::init_testing
[INFO] [stdout]   14:     0x5b680be6f431 - diesel_oci[2af30e86371da1]::test::numeric_type_mapping
[INFO] [stdout]   15:     0x5b680be7a3c9 - <diesel_oci[2af30e86371da1]::test::numeric_type_mapping::{closure#0} as core[a373ad73a504971]::ops::function::FnOnce<()>>::call_once
[INFO] [stdout]   16:     0x5b680beee82b - test[aada8e7e76ba119b]::__rust_begin_short_backtrace::<core[a373ad73a504971]::result::Result<(), alloc[2e1b2a31b91974c5]::string::String>, fn() -> core[a373ad73a504971]::result::Result<(), alloc[2e1b2a31b91974c5]::string::String>>
[INFO] [stdout]   17:     0x5b680befba05 - test[aada8e7e76ba119b]::run_test::{closure#0}
[INFO] [stdout]   18:     0x5b680bef52f4 - std[617be2ca0a6fd877]::sys::backtrace::__rust_begin_short_backtrace::<test[aada8e7e76ba119b]::run_test::{closure#1}, ()>
[INFO] [stdout]   19:     0x5b680befea92 - <std[617be2ca0a6fd877]::thread::lifecycle::spawn_unchecked<test[aada8e7e76ba119b]::run_test::{closure#1}, ()>::{closure#1} as core[a373ad73a504971]::ops::function::FnOnce<()>>::call_once::{shim:vtable#0}
[INFO] [stdout]   20:     0x5b680bfa43ef - <std[617be2ca0a6fd877]::sys::thread::unix::Thread>::new::thread_start
[INFO] [stdout]   21:     0x7e1898e01dfa - <unknown>
[INFO] [stdout]   22:     0x7e1898e953d4 - clone
[INFO] [stdout]   23:                0x0 - <unknown>
[INFO] [stdout] 
[INFO] [stdout] ---- test::create_table stdout ----
[INFO] [stdout] 
[INFO] [stdout] thread 'test::create_table' (1669) panicked at src/test/mod.rs:46:14:
[INFO] [stdout] OCI_DATABASE_URL must be set in order to run tests: NotPresent
[INFO] [stdout] stack backtrace:
[INFO] [stdout]    0:     0x5b680bfa4bc1 - <<std[617be2ca0a6fd877]::sys::backtrace::BacktraceLock>::print::DisplayBacktrace as core[a373ad73a504971]::fmt::Display>::fmt
[INFO] [stdout]    1:     0x5b680bfbb1ea - core[a373ad73a504971]::fmt::write
[INFO] [stdout]    2:     0x5b680bfa8e8c - <alloc[2e1b2a31b91974c5]::vec::Vec<u8> as core[a373ad73a504971]::io::write::Write>::write_fmt
[INFO] [stdout]    3:     0x5b680bf80ad6 - std[617be2ca0a6fd877]::panicking::default_hook::{closure#0}
[INFO] [stdout]    4:     0x5b680bf9cfb9 - std[617be2ca0a6fd877]::panicking::default_hook
[INFO] [stdout]    5:     0x5b680befb3e0 - test[aada8e7e76ba119b]::test_main_inner::{closure#0}
[INFO] [stdout]    6:     0x5b680bf9d172 - std[617be2ca0a6fd877]::panicking::panic_with_hook
[INFO] [stdout]    7:     0x5b680bf80b82 - std[617be2ca0a6fd877]::panicking::panic_handler::{closure#0}
[INFO] [stdout]    8:     0x5b680bf79629 - std[617be2ca0a6fd877]::sys::backtrace::__rust_end_short_backtrace::<std[617be2ca0a6fd877]::panicking::panic_handler::{closure#0}, !>
[INFO] [stdout]    9:     0x5b680bf8182d - __rustc[ea4f61d10b84890b]::rust_begin_unwind
[INFO] [stdout]   10:     0x5b680bfbb91c - core[a373ad73a504971]::panicking::panic_fmt
[INFO] [stdout]   11:     0x5b680bfbb6f2 - core[a373ad73a504971]::result::unwrap_failed
[INFO] [stdout]   12:     0x5b680be6f278 - diesel_oci[2af30e86371da1]::test::database_url_from_env
[INFO] [stdout]   13:     0x5b680be6ec3e - diesel_oci[2af30e86371da1]::test::init_testing
[INFO] [stdout]   14:     0x5b680be75f25 - <diesel_oci[2af30e86371da1]::test::create_table::{closure#0} as core[a373ad73a504971]::ops::function::FnOnce<()>>::call_once
[INFO] [stdout]   15:     0x5b680beee82b - test[aada8e7e76ba119b]::__rust_begin_short_backtrace::<core[a373ad73a504971]::result::Result<(), alloc[2e1b2a31b91974c5]::string::String>, fn() -> core[a373ad73a504971]::result::Result<(), alloc[2e1b2a31b91974c5]::string::String>>
[INFO] [stdout]   16:     0x5b680befba05 - test[aada8e7e76ba119b]::run_test::{closure#0}
[INFO] [stdout]   17:     0x5b680bef52f4 - std[617be2ca0a6fd877]::sys::backtrace::__rust_begin_short_backtrace::<test[aada8e7e76ba119b]::run_test::{closure#1}, ()>
[INFO] [stdout]   18:     0x5b680befea92 - <std[617be2ca0a6fd877]::thread::lifecycle::spawn_unchecked<test[aada8e7e76ba119b]::run_test::{closure#1}, ()>::{closure#1} as core[a373ad73a504971]::ops::function::FnOnce<()>>::call_once::{shim:vtable#0}
[INFO] [stdout]   19:     0x5b680bfa43ef - <std[617be2ca0a6fd877]::sys::thread::unix::Thread>::new::thread_start
[INFO] [stdout]   20:     0x7e1898e01dfa - <unknown>
[INFO] [stdout]   21:     0x7e1898e953d4 - clone
[INFO] [stdout]   22:                0x0 - <unknown>
[INFO] [stdout] 
[INFO] [stdout] ---- test::use_named_queries_aliased stdout ----
[INFO] [stdout] 
[INFO] [stdout] thread 'test::use_named_queries_aliased' (1701) panicked at src/test/mod.rs:46:14:
[INFO] [stdout] OCI_DATABASE_URL must be set in order to run tests: NotPresent
[INFO] [stdout] stack backtrace:
[INFO] [stdout]    0:     0x5b680bfa4bc1 - <<std[617be2ca0a6fd877]::sys::backtrace::BacktraceLock>::print::DisplayBacktrace as core[a373ad73a504971]::fmt::Display>::fmt
[INFO] [stdout]    1:     0x5b680bfbb1ea - core[a373ad73a504971]::fmt::write
[INFO] [stdout]    2:     0x5b680bfa8e8c - <alloc[2e1b2a31b91974c5]::vec::Vec<u8> as core[a373ad73a504971]::io::write::Write>::write_fmt
[INFO] [stdout]    3:     0x5b680bf80ad6 - std[617be2ca0a6fd877]::panicking::default_hook::{closure#0}
[INFO] [stdout]    4:     0x5b680bf9cfb9 - std[617be2ca0a6fd877]::panicking::default_hook
[INFO] [stdout]    5:     0x5b680befb3e0 - test[aada8e7e76ba119b]::test_main_inner::{closure#0}
[INFO] [stdout]    6:     0x5b680bf9d172 - std[617be2ca0a6fd877]::panicking::panic_with_hook
[INFO] [stdout]    7:     0x5b680bf80b82 - std[617be2ca0a6fd877]::panicking::panic_handler::{closure#0}
[INFO] [stdout]    8:     0x5b680bf79629 - std[617be2ca0a6fd877]::sys::backtrace::__rust_end_short_backtrace::<std[617be2ca0a6fd877]::panicking::panic_handler::{closure#0}, !>
[INFO] [stdout]    9:     0x5b680bf8182d - __rustc[ea4f61d10b84890b]::rust_begin_unwind
[INFO] [stdout]   10:     0x5b680bfbb91c - core[a373ad73a504971]::panicking::panic_fmt
[INFO] [stdout]   11:     0x5b680bfbb6f2 - core[a373ad73a504971]::result::unwrap_failed
[INFO] [stdout]   12:     0x5b680be6f278 - diesel_oci[2af30e86371da1]::test::database_url_from_env
[INFO] [stdout]   13:     0x5b680be6ec3e - diesel_oci[2af30e86371da1]::test::init_testing
[INFO] [stdout]   14:     0x5b680be7b204 - <diesel_oci[2af30e86371da1]::test::use_named_queries_aliased::{closure#0} as core[a373ad73a504971]::ops::function::FnOnce<()>>::call_once
[INFO] [stdout]   15:     0x5b680beee82b - test[aada8e7e76ba119b]::__rust_begin_short_backtrace::<core[a373ad73a504971]::result::Result<(), alloc[2e1b2a31b91974c5]::string::String>, fn() -> core[a373ad73a504971]::result::Result<(), alloc[2e1b2a31b91974c5]::string::String>>
[INFO] [stdout]   16:     0x5b680befba05 - test[aada8e7e76ba119b]::run_test::{closure#0}
[INFO] [stdout]   17:     0x5b680bef52f4 - std[617be2ca0a6fd877]::sys::backtrace::__rust_begin_short_backtrace::<test[aada8e7e76ba119b]::run_test::{closure#1}, ()>
[INFO] [stdout]   18:     0x5b680befea92 - <std[617be2ca0a6fd877]::thread::lifecycle::spawn_unchecked<test[aada8e7e76ba119b]::run_test::{closure#1}, ()>::{closure#1} as core[a373ad73a504971]::ops::function::FnOnce<()>>::call_once::{shim:vtable#0}
[INFO] [stdout]   19:     0x5b680bfa43ef - <std[617be2ca0a6fd877]::sys::thread::unix::Thread>::new::thread_start
[INFO] [stdout]   20:     0x7e1898e01dfa - <unknown>
[INFO] [stdout]   21:     0x7e1898e953d4 - clone
[INFO] [stdout]   22:                0x0 - <unknown>
[INFO] [stdout] 
[INFO] [stdout] ---- test::updateing_unique_constraint stdout ----
[INFO] [stdout] 
[INFO] [stdout] thread 'test::updateing_unique_constraint' (1699) panicked at src/test/mod.rs:46:14:
[INFO] [stdout] OCI_DATABASE_URL must be set in order to run tests: NotPresent
[INFO] [stdout] stack backtrace:
[INFO] [stdout]    0:     0x5b680bfa4bc1 - <<std[617be2ca0a6fd877]::sys::backtrace::BacktraceLock>::print::DisplayBacktrace as core[a373ad73a504971]::fmt::Display>::fmt
[INFO] [stdout]    1:     0x5b680bfbb1ea - core[a373ad73a504971]::fmt::write
[INFO] [stdout]    2:     0x5b680bfa8e8c - <alloc[2e1b2a31b91974c5]::vec::Vec<u8> as core[a373ad73a504971]::io::write::Write>::write_fmt
[INFO] [stdout]    3:     0x5b680bf80ad6 - std[617be2ca0a6fd877]::panicking::default_hook::{closure#0}
[INFO] [stdout]    4:     0x5b680bf9cfb9 - std[617be2ca0a6fd877]::panicking::default_hook
[INFO] [stdout]    5:     0x5b680befb3e0 - test[aada8e7e76ba119b]::test_main_inner::{closure#0}
[INFO] [stdout]    6:     0x5b680bf9d172 - std[617be2ca0a6fd877]::panicking::panic_with_hook
[INFO] [stdout]    7:     0x5b680bf80b82 - std[617be2ca0a6fd877]::panicking::panic_handler::{closure#0}
[INFO] [stdout]    8:     0x5b680bf79629 - std[617be2ca0a6fd877]::sys::backtrace::__rust_end_short_backtrace::<std[617be2ca0a6fd877]::panicking::panic_handler::{closure#0}, !>
[INFO] [stdout]    9:     0x5b680bf8182d - __rustc[ea4f61d10b84890b]::rust_begin_unwind
[INFO] [stdout]   10:     0x5b680bfbb91c - core[a373ad73a504971]::panicking::panic_fmt
[INFO] [stdout]   11:     0x5b680bfbb6f2 - core[a373ad73a504971]::result::unwrap_failed
[INFO] [stdout]   12:     0x5b680be6f278 - diesel_oci[2af30e86371da1]::test::database_url_from_env
[INFO] [stdout]   13:     0x5b680be6ec3e - diesel_oci[2af30e86371da1]::test::init_testing
[INFO] [stdout]   14:     0x5b680be7ccf1 - <diesel_oci[2af30e86371da1]::test::updateing_unique_constraint::{closure#0} as core[a373ad73a504971]::ops::function::FnOnce<()>>::call_once
[INFO] [stdout]   15:     0x5b680beee82b - test[aada8e7e76ba119b]::__rust_begin_short_backtrace::<core[a373ad73a504971]::result::Result<(), alloc[2e1b2a31b91974c5]::string::String>, fn() -> core[a373ad73a504971]::result::Result<(), alloc[2e1b2a31b91974c5]::string::String>>
[INFO] [stdout]   16:     0x5b680befba05 - test[aada8e7e76ba119b]::run_test::{closure#0}
[INFO] [stdout]   17:     0x5b680bef52f4 - std[617be2ca0a6fd877]::sys::backtrace::__rust_begin_short_backtrace::<test[aada8e7e76ba119b]::run_test::{closure#1}, ()>
[INFO] [stdout]   18:     0x5b680befea92 - <std[617be2ca0a6fd877]::thread::lifecycle::spawn_unchecked<test[aada8e7e76ba119b]::run_test::{closure#1}, ()>::{closure#1} as core[a373ad73a504971]::ops::function::FnOnce<()>>::call_once::{shim:vtable#0}
[INFO] [stdout]   19:     0x5b680bfa43ef - <std[617be2ca0a6fd877]::sys::thread::unix::Thread>::new::thread_start
[INFO] [stdout]   20:     0x7e1898e01dfa - <unknown>
[INFO] [stdout]   21:     0x7e1898e953d4 - clone
[INFO] [stdout]   22:                0x0 - <unknown>
[INFO] [stdout] 
[INFO] [stdout] ---- test::umlauts stdout ----
[INFO] [stdout] 
[INFO] [stdout] thread 'test::umlauts' (1698) panicked at src/test/mod.rs:46:14:
[INFO] [stdout] OCI_DATABASE_URL must be set in order to run tests: NotPresent
[INFO] [stdout] stack backtrace:
[INFO] [stdout]    0:     0x5b680bfa4bc1 - <<std[617be2ca0a6fd877]::sys::backtrace::BacktraceLock>::print::DisplayBacktrace as core[a373ad73a504971]::fmt::Display>::fmt
[INFO] [stdout]    1:     0x5b680bfbb1ea - core[a373ad73a504971]::fmt::write
[INFO] [stdout]    2:     0x5b680bfa8e8c - <alloc[2e1b2a31b91974c5]::vec::Vec<u8> as core[a373ad73a504971]::io::write::Write>::write_fmt
[INFO] [stdout]    3:     0x5b680bf80ad6 - std[617be2ca0a6fd877]::panicking::default_hook::{closure#0}
[INFO] [stdout]    4:     0x5b680bf9cfb9 - std[617be2ca0a6fd877]::panicking::default_hook
[INFO] [stdout]    5:     0x5b680befb3e0 - test[aada8e7e76ba119b]::test_main_inner::{closure#0}
[INFO] [stdout]    6:     0x5b680bf9d172 - std[617be2ca0a6fd877]::panicking::panic_with_hook
[INFO] [stdout]    7:     0x5b680bf80b82 - std[617be2ca0a6fd877]::panicking::panic_handler::{closure#0}
[INFO] [stdout]    8:     0x5b680bf79629 - std[617be2ca0a6fd877]::sys::backtrace::__rust_end_short_backtrace::<std[617be2ca0a6fd877]::panicking::panic_handler::{closure#0}, !>
[INFO] [stdout]    9:     0x5b680bf8182d - __rustc[ea4f61d10b84890b]::rust_begin_unwind
[INFO] [stdout]   10:     0x5b680bfbb91c - core[a373ad73a504971]::panicking::panic_fmt
[INFO] [stdout]   11:     0x5b680bfbb6f2 - core[a373ad73a504971]::result::unwrap_failed
[INFO] [stdout]   12:     0x5b680be6f278 - diesel_oci[2af30e86371da1]::test::database_url_from_env
[INFO] [stdout]   13:     0x5b680be6ec3e - diesel_oci[2af30e86371da1]::test::init_testing
[INFO] [stdout]   14:     0x5b680be813d4 - <diesel_oci[2af30e86371da1]::test::umlauts::{closure#0} as core[a373ad73a504971]::ops::function::FnOnce<()>>::call_once
[INFO] [stdout]   15:     0x5b680beee82b - test[aada8e7e76ba119b]::__rust_begin_short_backtrace::<core[a373ad73a504971]::result::Result<(), alloc[2e1b2a31b91974c5]::string::String>, fn() -> core[a373ad73a504971]::result::Result<(), alloc[2e1b2a31b91974c5]::string::String>>
[INFO] [stdout]   16:     0x5b680befba05 - test[aada8e7e76ba119b]::run_test::{closure#0}
[INFO] [stdout]   17:     0x5b680bef52f4 - std[617be2ca0a6fd877]::sys::backtrace::__rust_begin_short_backtrace::<test[aada8e7e76ba119b]::run_test::{closure#1}, ()>
[INFO] [stdout]   18:     0x5b680befea92 - <std[617be2ca0a6fd877]::thread::lifecycle::spawn_unchecked<test[aada8e7e76ba119b]::run_test::{closure#1}, ()>::{closure#1} as core[a373ad73a504971]::ops::function::FnOnce<()>>::call_once::{shim:vtable#0}
[INFO] [stdout]   19:     0x5b680bfa43ef - <std[617be2ca0a6fd877]::sys::thread::unix::Thread>::new::thread_start
[INFO] [stdout]   20:     0x7e1898e01dfa - <unknown>
[INFO] [stdout]   21:     0x7e1898e953d4 - clone
[INFO] [stdout]   22:                0x0 - <unknown>
[INFO] [stdout] 
[INFO] [stdout] ---- test::transaction_nested_commit_rollback stdout ----
[INFO] [stdout] 
[INFO] [stdout] thread 'test::transaction_nested_commit_rollback' (1688) panicked at src/test/mod.rs:46:14:
[INFO] [stdout] OCI_DATABASE_URL must be set in order to run tests: NotPresent
[INFO] [stdout] stack backtrace:
[INFO] [stdout]    0:     0x5b680bfa4bc1 - <<std[617be2ca0a6fd877]::sys::backtrace::BacktraceLock>::print::DisplayBacktrace as core[a373ad73a504971]::fmt::Display>::fmt
[INFO] [stdout]    1:     0x5b680bfbb1ea - core[a373ad73a504971]::fmt::write
[INFO] [stdout]    2:     0x5b680bfa8e8c - <alloc[2e1b2a31b91974c5]::vec::Vec<u8> as core[a373ad73a504971]::io::write::Write>::write_fmt
[INFO] [stdout]    3:     0x5b680bf80ad6 - std[617be2ca0a6fd877]::panicking::default_hook::{closure#0}
[INFO] [stdout]    4:     0x5b680bf9cfb9 - std[617be2ca0a6fd877]::panicking::default_hook
[INFO] [stdout]    5:     0x5b680befb3e0 - test[aada8e7e76ba119b]::test_main_inner::{closure#0}
[INFO] [stdout]    6:     0x5b680bf9d172 - std[617be2ca0a6fd877]::panicking::panic_with_hook
[INFO] [stdout]    7:     0x5b680bf80b82 - std[617be2ca0a6fd877]::panicking::panic_handler::{closure#0}
[INFO] [stdout]    8:     0x5b680bf79629 - std[617be2ca0a6fd877]::sys::backtrace::__rust_end_short_backtrace::<std[617be2ca0a6fd877]::panicking::panic_handler::{closure#0}, !>
[INFO] [stdout]    9:     0x5b680bf8182d - __rustc[ea4f61d10b84890b]::rust_begin_unwind
[INFO] [stdout]   10:     0x5b680bfbb91c - core[a373ad73a504971]::panicking::panic_fmt
[INFO] [stdout]   11:     0x5b680bfbb6f2 - core[a373ad73a504971]::result::unwrap_failed
[INFO] [stdout]   12:     0x5b680be6f278 - diesel_oci[2af30e86371da1]::test::database_url_from_env
[INFO] [stdout]   13:     0x5b680be6ec3e - diesel_oci[2af30e86371da1]::test::init_testing
[INFO] [stdout]   14:     0x5b680be7d6bc - <diesel_oci[2af30e86371da1]::test::transaction_nested_commit_rollback::{closure#0} as core[a373ad73a504971]::ops::function::FnOnce<()>>::call_once
[INFO] [stdout]   15:     0x5b680beee82b - test[aada8e7e76ba119b]::__rust_begin_short_backtrace::<core[a373ad73a504971]::result::Result<(), alloc[2e1b2a31b91974c5]::string::String>, fn() -> core[a373ad73a504971]::result::Result<(), alloc[2e1b2a31b91974c5]::string::String>>
[INFO] [stdout]   16:     0x5b680befba05 - test[aada8e7e76ba119b]::run_test::{closure#0}
[INFO] [stdout]   17:     0x5b680bef52f4 - std[617be2ca0a6fd877]::sys::backtrace::__rust_begin_short_backtrace::<test[aada8e7e76ba119b]::run_test::{closure#1}, ()>
[INFO] [stdout]   18:     0x5b680befea92 - <std[617be2ca0a6fd877]::thread::lifecycle::spawn_unchecked<test[aada8e7e76ba119b]::run_test::{closure#1}, ()>::{closure#1} as core[a373ad73a504971]::ops::function::FnOnce<()>>::call_once::{shim:vtable#0}
[INFO] [stdout]   19:     0x5b680bfa43ef - <std[617be2ca0a6fd877]::sys::thread::unix::Thread>::new::thread_start
[INFO] [stdout]   20:     0x7e1898e01dfa - <unknown>
[INFO] [stdout]   21:     0x7e1898e953d4 - clone
[INFO] [stdout]   22:                0x0 - <unknown>
[INFO] [stdout] 
[INFO] [stdout] ---- test::transaction_nested_rollback_rollback stdout ----
[INFO] [stdout] 
[INFO] [stdout] thread 'test::transaction_nested_rollback_rollback' (1694) panicked at src/test/mod.rs:46:14:
[INFO] [stdout] OCI_DATABASE_URL must be set in order to run tests: NotPresent
[INFO] [stdout] stack backtrace:
[INFO] [stdout]    0:     0x5b680bfa4bc1 - <<std[617be2ca0a6fd877]::sys::backtrace::BacktraceLock>::print::DisplayBacktrace as core[a373ad73a504971]::fmt::Display>::fmt
[INFO] [stdout]    1:     0x5b680bfbb1ea - core[a373ad73a504971]::fmt::write
[INFO] [stdout]    2:     0x5b680bfa8e8c - <alloc[2e1b2a31b91974c5]::vec::Vec<u8> as core[a373ad73a504971]::io::write::Write>::write_fmt
[INFO] [stdout]    3:     0x5b680bf80ad6 - std[617be2ca0a6fd877]::panicking::default_hook::{closure#0}
[INFO] [stdout]    4:     0x5b680bf9cfb9 - std[617be2ca0a6fd877]::panicking::default_hook
[INFO] [stdout]    5:     0x5b680befb3e0 - test[aada8e7e76ba119b]::test_main_inner::{closure#0}
[INFO] [stdout]    6:     0x5b680bf9d172 - std[617be2ca0a6fd877]::panicking::panic_with_hook
[INFO] [stdout]    7:     0x5b680bf80b82 - std[617be2ca0a6fd877]::panicking::panic_handler::{closure#0}
[INFO] [stdout]    8:     0x5b680bf79629 - std[617be2ca0a6fd877]::sys::backtrace::__rust_end_short_backtrace::<std[617be2ca0a6fd877]::panicking::panic_handler::{closure#0}, !>
[INFO] [stdout]    9:     0x5b680bf8182d - __rustc[ea4f61d10b84890b]::rust_begin_unwind
[INFO] [stdout]   10:     0x5b680bfbb91c - core[a373ad73a504971]::panicking::panic_fmt
[INFO] [stdout]   11:     0x5b680bfbb6f2 - core[a373ad73a504971]::result::unwrap_failed
[INFO] [stdout]   12:     0x5b680be6f278 - diesel_oci[2af30e86371da1]::test::database_url_from_env
[INFO] [stdout]   13:     0x5b680be6ec3e - diesel_oci[2af30e86371da1]::test::init_testing
[INFO] [stdout]   14:     0x5b680be7dd6c - <diesel_oci[2af30e86371da1]::test::transaction_nested_rollback_rollback::{closure#0} as core[a373ad73a504971]::ops::function::FnOnce<()>>::call_once
[INFO] [stdout]   15:     0x5b680beee82b - test[aada8e7e76ba119b]::__rust_begin_short_backtrace::<core[a373ad73a504971]::result::Result<(), alloc[2e1b2a31b91974c5]::string::String>, fn() -> core[a373ad73a504971]::result::Result<(), alloc[2e1b2a31b91974c5]::string::String>>
[INFO] [stdout]   16:     0x5b680befba05 - test[aada8e7e76ba119b]::run_test::{closure#0}
[INFO] [stdout]   17:     0x5b680bef52f4 - std[617be2ca0a6fd877]::sys::backtrace::__rust_begin_short_backtrace::<test[aada8e7e76ba119b]::run_test::{closure#1}, ()>
[INFO] [stdout]   18:     0x5b680befea92 - <std[617be2ca0a6fd877]::thread::lifecycle::spawn_unchecked<test[aada8e7e76ba119b]::run_test::{closure#1}, ()>::{closure#1} as core[a373ad73a504971]::ops::function::FnOnce<()>>::call_once::{shim:vtable#0}
[INFO] [stdout]   19:     0x5b680bfa43ef - <std[617be2ca0a6fd877]::sys::thread::unix::Thread>::new::thread_start
[INFO] [stdout]   20:     0x7e1898e01dfa - <unknown>
[INFO] [stdout]   21:     0x7e1898e953d4 - clone
[INFO] [stdout]   22:                0x0 - <unknown>
[INFO] [stdout] 
[INFO] [stdout] ---- test::transaction_nested_rollback_rollback_commit stdout ----
[INFO] [stdout] 
[INFO] [stdout] thread 'test::transaction_nested_rollback_rollback_commit' (1695) panicked at src/test/mod.rs:46:14:
[INFO] [stdout] OCI_DATABASE_URL must be set in order to run tests: NotPresent
[INFO] [stdout] stack backtrace:
[INFO] [stdout]    0:     0x5b680bfa4bc1 - <<std[617be2ca0a6fd877]::sys::backtrace::BacktraceLock>::print::DisplayBacktrace as core[a373ad73a504971]::fmt::Display>::fmt
[INFO] [stdout]    1:     0x5b680bfbb1ea - core[a373ad73a504971]::fmt::write
[INFO] [stdout]    2:     0x5b680bfa8e8c - <alloc[2e1b2a31b91974c5]::vec::Vec<u8> as core[a373ad73a504971]::io::write::Write>::write_fmt
[INFO] [stdout]    3:     0x5b680bf80ad6 - std[617be2ca0a6fd877]::panicking::default_hook::{closure#0}
[INFO] [stdout]    4:     0x5b680bf9cfb9 - std[617be2ca0a6fd877]::panicking::default_hook
[INFO] [stdout]    5:     0x5b680befb3e0 - test[aada8e7e76ba119b]::test_main_inner::{closure#0}
[INFO] [stdout]    6:     0x5b680bf9d172 - std[617be2ca0a6fd877]::panicking::panic_with_hook
[INFO] [stdout]    7:     0x5b680bf80b82 - std[617be2ca0a6fd877]::panicking::panic_handler::{closure#0}
[INFO] [stdout]    8:     0x5b680bf79629 - std[617be2ca0a6fd877]::sys::backtrace::__rust_end_short_backtrace::<std[617be2ca0a6fd877]::panicking::panic_handler::{closure#0}, !>
[INFO] [stdout]    9:     0x5b680bf8182d - __rustc[ea4f61d10b84890b]::rust_begin_unwind
[INFO] [stdout]   10:     0x5b680bfbb91c - core[a373ad73a504971]::panicking::panic_fmt
[INFO] [stdout]   11:     0x5b680bfbb6f2 - core[a373ad73a504971]::result::unwrap_failed
[INFO] [stdout]   12:     0x5b680be6f278 - diesel_oci[2af30e86371da1]::test::database_url_from_env
[INFO] [stdout]   13:     0x5b680be6ec3e - diesel_oci[2af30e86371da1]::test::init_testing
[INFO] [stdout]   14:     0x5b680be7f56c - <diesel_oci[2af30e86371da1]::test::transaction_nested_rollback_rollback_commit::{closure#0} as core[a373ad73a504971]::ops::function::FnOnce<()>>::call_once
[INFO] [stdout]   15:     0x5b680beee82b - test[aada8e7e76ba119b]::__rust_begin_short_backtrace::<core[a373ad73a504971]::result::Result<(), alloc[2e1b2a31b91974c5]::string::String>, fn() -> core[a373ad73a504971]::result::Result<(), alloc[2e1b2a31b91974c5]::string::String>>
[INFO] [stdout]   16:     0x5b680befba05 - test[aada8e7e76ba119b]::run_test::{closure#0}
[INFO] [stdout]   17:     0x5b680bef52f4 - std[617be2ca0a6fd877]::sys::backtrace::__rust_begin_short_backtrace::<test[aada8e7e76ba119b]::run_test::{closure#1}, ()>
[INFO] [stdout]   18:     0x5b680befea92 - <std[617be2ca0a6fd877]::thread::lifecycle::spawn_unchecked<test[aada8e7e76ba119b]::run_test::{closure#1}, ()>::{closure#1} as core[a373ad73a504971]::ops::function::FnOnce<()>>::call_once::{shim:vtable#0}
[INFO] [stdout]   19:     0x5b680bfa43ef - <std[617be2ca0a6fd877]::sys::thread::unix::Thread>::new::thread_start
[INFO] [stdout]   20:     0x7e1898e01dfa - <unknown>
[INFO] [stdout]   21:     0x7e1898e953d4 - clone
[INFO] [stdout]   22:                0x0 - <unknown>
[INFO] [stdout] 
[INFO] [stdout] 
[INFO] [stdout] failures:
[INFO] [stdout]     test::alias
[INFO] [stdout]     test::ambigious_col_names
[INFO] [stdout]     test::batch_insert_1
[INFO] [stdout]     test::clob
[INFO] [stdout]     test::connect
[INFO] [stdout]     test::create_table
[INFO] [stdout]     test::dynamic_select::dynamic_query
[INFO] [stdout]     test::dynamic_select::mixed_value_query
[INFO] [stdout]     test::exists
[INFO] [stdout]     test::gst_compat
[INFO] [stdout]     test::insert_returning
[INFO] [stdout]     test::insert_returning_gst_types
[INFO] [stdout]     test::insert_returning_with_nulls
[INFO] [stdout]     test::limit
[INFO] [stdout]     test::numeric_type_mapping
[INFO] [stdout]     test::props_orig
[INFO] [stdout]     test::systable
[INFO] [stdout]     test::test_diesel_migration
[INFO] [stdout]     test::time_intervals
[INFO] [stdout]     test::timestamp
[INFO] [stdout]     test::transaction_commit
[INFO] [stdout]     test::transaction_nested_commit_commit
[INFO] [stdout]     test::transaction_nested_commit_commit_commit
[INFO] [stdout]     test::transaction_nested_commit_commit_rollback
[INFO] [stdout]     test::transaction_nested_commit_rollback
[INFO] [stdout]     test::transaction_nested_commit_rollback_commit
[INFO] [stdout]     test::transaction_nested_commit_rollback_rollback
[INFO] [stdout]     test::transaction_nested_rollback_commit
[INFO] [stdout]     test::transaction_nested_rollback_commit_commit
[INFO] [stdout]     test::transaction_nested_rollback_commit_rollback
[INFO] [stdout]     test::transaction_nested_rollback_rollback
[INFO] [stdout]     test::transaction_nested_rollback_rollback_commit
[INFO] [stdout]     test::transaction_nested_rollback_rollback_rollback
[INFO] [stdout]     test::transaction_rollback
[INFO] [stdout]     test::umlauts
[INFO] [stdout]     test::updateing_unique_constraint
[INFO] [stdout]     test::use_named_queries
[INFO] [stdout]     test::use_named_queries_aliased
[INFO] [stdout] 
[INFO] [stdout] test result: FAILED. 0 passed; 38 failed; 0 ignored; 0 measured; 0 filtered out; finished in 0.01s
[INFO] [stdout] 
[INFO] running `Command { std: "docker" "inspect" "9a8671e14c7193970bce1f32d67fced236cb075412400367af488cc897c6fdb4", kill_on_drop: false }`
[INFO] running `Command { std: "docker" "rm" "-f" "9a8671e14c7193970bce1f32d67fced236cb075412400367af488cc897c6fdb4", kill_on_drop: false }`
[INFO] [stdout] 9a8671e14c7193970bce1f32d67fced236cb075412400367af488cc897c6fdb4
