[INFO] fetching crate diesel-libsql 0.1.4...
[INFO] testing diesel-libsql-0.1.4 against 1.100.0-beta.1+cargoflags=--release for beta-release-1.100-2
[INFO] extracting crate diesel-libsql 0.1.4 into /workspace/builds/worker-1-tc2/source
[INFO] started tweaking crates.io crate diesel-libsql 0.1.4
[INFO] removed 0 missing examples
[INFO] removed 0 missing tests
[INFO] finished tweaking crates.io crate diesel-libsql 0.1.4
[INFO] tweaked toml for crates.io crate diesel-libsql 0.1.4 written to /workspace/builds/worker-1-tc2/source/Cargo.toml
[INFO] validating manifest of crates.io crate diesel-libsql 0.1.4 on toolchain 1.100.0-beta.1
[INFO] running `Command { std: CARGO_HOME="/workspace/cargo-home" RUSTUP_HOME="/workspace/rustup-home" "/workspace/cargo-home/bin/cargo" "+1.100.0-beta.1" "metadata" "--manifest-path" "Cargo.toml" "--no-deps", kill_on_drop: false }`
[INFO] crate crates.io crate diesel-libsql 0.1.4 already has a lockfile, it will not be regenerated
[INFO] running `Command { std: CARGO_HOME="/workspace/cargo-home" RUSTUP_HOME="/workspace/rustup-home" "/workspace/cargo-home/bin/cargo" "+1.100.0-beta.1" "fetch" "--manifest-path" "Cargo.toml", kill_on_drop: false }`
[INFO] running `Command { std: "docker" "create" "-v" "/var/lib/crater-agent-workspace/builds/worker-1-tc2/source:/opt/rustwide/workdir:ro,Z" "-v" "/var/lib/crater-agent-workspace/builds/worker-1-tc2/target:/opt/rustwide/target:rw,Z" "-v" "/var/lib/crater-agent-workspace/cargo-home:/opt/rustwide/cargo-home:ro,Z" "-v" "/var/lib/crater-agent-workspace/rustup-home:/opt/rustwide/rustup-home:ro,Z" "-m" "1610612736" "--network" "none" "ghcr.io/rust-lang/crates-build-env/linux@sha256:77db811e55d90add9212f6832c23229e3de5f1c1f9905e8cb07319ea15df73ac" "sleep" "infinity", kill_on_drop: false }`
[INFO] [stdout] b837e560ab95a8541481469c771e26191584e40a0634149830c00a1a77cdbe63
[INFO] running `Command { std: "docker" "start" "b837e560ab95a8541481469c771e26191584e40a0634149830c00a1a77cdbe63", kill_on_drop: false }`
[INFO] running `Command { std: "docker" "inspect" "b837e560ab95a8541481469c771e26191584e40a0634149830c00a1a77cdbe63", kill_on_drop: false }`
[INFO] running `Command { std: "docker" "exec" "-e" "SOURCE_DIR=/opt/rustwide/workdir" "-e" "CARGO_HOME=/opt/rustwide/cargo-home" "-e" "RUSTUP_HOME=/opt/rustwide/rustup-home" "-e" "CARGO_TARGET_DIR=/opt/rustwide/target" "-w" "/opt/rustwide/workdir" "--user" "0:0" "b837e560ab95a8541481469c771e26191584e40a0634149830c00a1a77cdbe63" "/opt/rustwide/cargo-home/bin/cargo" "+1.100.0-beta.1" "metadata" "--no-deps" "--format-version=1", kill_on_drop: false }`
[INFO] running `Command { std: "docker" "inspect" "b837e560ab95a8541481469c771e26191584e40a0634149830c00a1a77cdbe63", kill_on_drop: false }`
[INFO] running `Command { std: "docker" "exec" "-e" "SOURCE_DIR=/opt/rustwide/workdir" "-e" "CARGO_HOME=/opt/rustwide/cargo-home" "-e" "RUSTUP_HOME=/opt/rustwide/rustup-home" "-e" "CARGO_TARGET_DIR=/opt/rustwide/target" "-e" "CARGO_INCREMENTAL=0" "-e" "RUST_BACKTRACE=full" "-e" "RUSTFLAGS=--cap-lints=warn" "-e" "RUSTDOCFLAGS=--cap-lints=warn" "-w" "/opt/rustwide/workdir" "--user" "0:0" "b837e560ab95a8541481469c771e26191584e40a0634149830c00a1a77cdbe63" "/opt/rustwide/cargo-home/bin/cargo" "+1.100.0-beta.1" "build" "--frozen" "--message-format=json" "--release", kill_on_drop: false }`
[INFO] [stderr]    Compiling quote v1.0.45
[INFO] [stderr]    Compiling libc v0.2.184
[INFO] [stderr]    Compiling serde_core v1.0.228
[INFO] [stderr]    Compiling serde v1.0.228
[INFO] [stderr]    Compiling smallvec v1.15.1
[INFO] [stderr]    Compiling cc v1.2.59
[INFO] [stderr]    Compiling either v1.15.0
[INFO] [stderr]    Compiling zerocopy v0.8.48
[INFO] [stderr]    Compiling memchr v2.8.0
[INFO] [stderr]    Compiling uncased v0.9.10
[INFO] [stderr]    Compiling rustversion v1.0.22
[INFO] [stderr]    Compiling glob v0.3.3
[INFO] [stderr]    Compiling typenum v1.19.0
[INFO] [stderr]    Compiling anyhow v1.0.102
[INFO] [stderr]    Compiling hashbrown v0.16.1
[INFO] [stderr]    Compiling zeroize v1.8.2
[INFO] [stderr]    Compiling regex-syntax v0.8.10
[INFO] [stderr]    Compiling bitflags v2.11.0
[INFO] [stderr]    Compiling minimal-lexical v0.2.1
[INFO] [stderr]    Compiling libloading v0.8.9
[INFO] [stderr]    Compiling syn v2.0.117
[INFO] [stderr]    Compiling clang-sys v1.8.1
[INFO] [stderr]    Compiling rustix v0.38.44
[INFO] [stderr]    Compiling rustls-pki-types v1.14.0
[INFO] [stderr]    Compiling indexmap v1.9.3
[INFO] [stderr]    Compiling bindgen v0.66.1
[INFO] [stderr]    Compiling log v0.4.29
[INFO] [stderr]    Compiling lazy_static v1.5.0
[INFO] [stderr]    Compiling nom v7.1.3
[INFO] [stderr]    Compiling rustc-hash v1.1.0
[INFO] [stderr]    Compiling peeking_take_while v0.1.2
[INFO] [stderr]    Compiling lazycell v1.3.0
[INFO] [stderr]    Compiling hashbrown v0.12.3
[INFO] [stderr]    Compiling axum-core v0.3.4
[INFO] [stderr]    Compiling itertools v0.12.1
[INFO] [stderr]    Compiling rand_core v0.6.4
[INFO] [stderr]    Compiling indexmap v2.13.1
[INFO] [stderr]    Compiling cmake v0.1.58
[INFO] [stderr]    Compiling generic-array v0.14.7
[INFO] [stderr]    Compiling siphasher v1.0.2
[INFO] [stderr]    Compiling rand v0.8.5
[INFO] [stderr]    Compiling axum v0.6.20
[INFO] [stderr]    Compiling phf_shared v0.11.3
[INFO] [stderr]    Compiling mime v0.3.17
[INFO] [stderr]    Compiling errno v0.3.14
[INFO] [stderr]    Compiling parking_lot_core v0.9.12
[INFO] [stderr]    Compiling mio v1.2.0
[INFO] [stderr]    Compiling socket2 v0.6.3
[INFO] [stderr]    Compiling signal-hook-registry v1.4.8
[INFO] [stderr]    Compiling getrandom v0.2.17
[INFO] [stderr]    Compiling parking_lot v0.12.5
[INFO] [stderr]    Compiling ring v0.17.14
[INFO] [stderr]    Compiling socket2 v0.5.10
[INFO] [stderr]    Compiling block-padding v0.3.3
[INFO] [stderr]    Compiling inout v0.1.4
[INFO] [stderr]    Compiling phf_generator v0.11.3
[INFO] [stderr]    Compiling regex-automata v0.4.14
[INFO] [stderr]    Compiling crypto-common v0.1.7
[INFO] [stderr]    Compiling which v4.4.2
[INFO] [stderr]    Compiling sync_wrapper v0.1.2
[INFO] [stderr]    Compiling matchit v0.7.3
[INFO] [stderr]    Compiling cexpr v0.6.0
[INFO] [stderr]    Compiling rustls v0.22.4
[INFO] [stderr]    Compiling getrandom v0.4.2
[INFO] [stderr]    Compiling cipher v0.4.4
[INFO] [stderr]    Compiling phf_codegen v0.11.3
[INFO] [stderr]    Compiling fallible-iterator v0.2.0
[INFO] [stderr]    Compiling libsql-sqlite3-parser v0.13.0
[INFO] [stderr]    Compiling libsqlite3-sys v0.36.0
[INFO] [stderr]    Compiling rustls-pemfile v2.2.0
[INFO] [stderr]    Compiling webpki-roots v1.0.6
[INFO] [stderr]    Compiling openssl-probe v0.1.6
[INFO] [stderr]    Compiling serde_json v1.0.149
[INFO] [stderr]    Compiling diesel_derives v2.3.7
[INFO] [stderr]    Compiling http-range-header v0.3.1
[INFO] [stderr]    Compiling aes v0.8.4
[INFO] [stderr]    Compiling rustls-native-certs v0.7.3
[INFO] [stderr]    Compiling webpki-roots v0.26.11
[INFO] [stderr]    Compiling phf v0.11.3
[INFO] [stderr]    Compiling cbc v0.1.2
[INFO] [stderr]    Compiling iana-time-zone v0.1.65
[INFO] [stderr]    Compiling downcast-rs v2.0.2
[INFO] [stderr]    Compiling chrono v0.4.44
[INFO] [stderr]    Compiling regex v1.12.3
[INFO] [stderr]    Compiling uuid v1.23.0
[INFO] [stderr]    Compiling prettyplease v0.2.37
[INFO] [stderr]    Compiling darling_core v0.21.3
[INFO] [stderr]    Compiling diesel_table_macro_syntax v0.3.0
[INFO] [stderr]    Compiling serde_derive v1.0.228
[INFO] [stderr]    Compiling tokio-macros v2.7.0
[INFO] [stderr]    Compiling futures-macro v0.3.32
[INFO] [stderr]    Compiling tracing-attributes v0.1.31
[INFO] [stderr]    Compiling ppv-lite86 v0.2.21
[INFO] [stderr]    Compiling pin-project-internal v1.1.11
[INFO] [stderr]    Compiling ahash v0.8.12
[INFO] [stderr]    Compiling prost-derive v0.12.6
[INFO] [stderr]    Compiling async-trait v0.1.89
[INFO] [stderr]    Compiling async-stream-impl v0.3.6
[INFO] [stderr]    Compiling zerocopy-derive v0.7.35
[INFO] [stderr]    Compiling hashbrown v0.14.5
[INFO] [stderr]    Compiling thiserror-impl v1.0.69
[INFO] [stderr]    Compiling rand_chacha v0.3.1
[INFO] [stderr]    Compiling futures-util v0.3.32
[INFO] [stderr]    Compiling async-stream v0.3.6
[INFO] [stderr]    Compiling zerocopy v0.7.35
[INFO] [stderr]    Compiling pin-project v1.1.11
[INFO] [stderr]    Compiling hashlink v0.8.4
[INFO] [stderr]    Compiling tracing v0.1.44
[INFO] [stderr]    Compiling darling_macro v0.21.3
[INFO] [stderr]    Compiling thiserror v1.0.69
[INFO] [stderr]    Compiling darling v0.21.3
[INFO] [stderr]    Compiling dsl_auto_type v0.2.0
[INFO] [stderr]    Compiling bytes v1.11.1
[INFO] [stderr]    Compiling bincode v1.3.3
[INFO] [stderr]    Compiling tokio v1.51.0
[INFO] [stderr]    Compiling http v0.2.12
[INFO] [stderr]    Compiling prost v0.12.6
[INFO] [stderr]    Compiling libsql-hrana v0.9.30
[INFO] [stderr]    Compiling futures-executor v0.3.32
[INFO] [stderr]    Compiling futures v0.3.32
[INFO] [stderr]    Compiling libsql-ffi v0.9.30
[INFO] [stderr]    Compiling http-body v0.4.6
[INFO] [stderr]    Compiling rustls-webpki v0.102.8
[INFO] [stderr]    Compiling tokio-util v0.7.18
[INFO] [stderr]    Compiling tokio-io-timeout v1.2.1
[INFO] [stderr]    Compiling tokio-stream v0.1.18
[INFO] [stderr]    Compiling h2 v0.3.27
[INFO] [stderr]    Compiling tower v0.4.13
[INFO] [stderr]    Compiling tokio-rustls v0.25.0
[INFO] [stderr]    Compiling tower-http v0.4.4
[INFO] [stderr]    Compiling hyper v0.14.32
[INFO] [stderr]    Compiling hyper-timeout v0.4.1
[INFO] [stderr]    Compiling hyper-rustls v0.25.0
[INFO] [stderr]    Compiling tonic v0.11.0
[INFO] [stderr]    Compiling tonic-web v0.11.0
[INFO] [stderr]    Compiling diesel v2.3.7
[INFO] [stderr]    Compiling libsql-rusqlite v0.9.30
[INFO] [stderr]    Compiling libsql-sys v0.9.30
[INFO] [stderr]    Compiling libsql_replication v0.9.30
[INFO] [stderr]    Compiling libsql v0.9.30
[INFO] [stderr]    Compiling diesel-libsql v0.1.4 (/opt/rustwide/workdir)
[INFO] [stderr]     Finished `release` profile [optimized] target(s) in 4m 25s
[INFO] running `Command { std: "docker" "inspect" "b837e560ab95a8541481469c771e26191584e40a0634149830c00a1a77cdbe63", kill_on_drop: false }`
[INFO] running `Command { std: "docker" "exec" "-e" "SOURCE_DIR=/opt/rustwide/workdir" "-e" "CARGO_HOME=/opt/rustwide/cargo-home" "-e" "RUSTUP_HOME=/opt/rustwide/rustup-home" "-e" "CARGO_TARGET_DIR=/opt/rustwide/target" "-e" "CARGO_INCREMENTAL=0" "-e" "RUST_BACKTRACE=full" "-e" "RUSTFLAGS=--cap-lints=warn" "-e" "RUSTDOCFLAGS=--cap-lints=warn" "-w" "/opt/rustwide/workdir" "--user" "0:0" "b837e560ab95a8541481469c771e26191584e40a0634149830c00a1a77cdbe63" "/opt/rustwide/cargo-home/bin/cargo" "+1.100.0-beta.1" "test" "--frozen" "--no-run" "--message-format=json" "--release", kill_on_drop: false }`
[INFO] [stderr]    Compiling bitflags v2.11.0
[INFO] [stderr]    Compiling serde_core v1.0.228
[INFO] [stderr]    Compiling winnow v1.0.1
[INFO] [stderr]    Compiling serde v1.0.228
[INFO] [stderr]    Compiling winnow v0.7.15
[INFO] [stderr]    Compiling serde_spanned v1.1.1
[INFO] [stderr]    Compiling toml_datetime v0.7.5+spec-1.1.0
[INFO] [stderr]    Compiling scheduled-thread-pool v0.2.7
[INFO] [stderr]    Compiling libsql-rusqlite v0.9.30
[INFO] [stderr]    Compiling tower-http v0.4.4
[INFO] [stderr]    Compiling libsql-sqlite3-parser v0.13.0
[INFO] [stderr]    Compiling rustix v1.1.4
[INFO] [stderr]    Compiling r2d2 v0.8.10
[INFO] [stderr]    Compiling toml_parser v1.1.2+spec-1.1.0
[INFO] [stderr]    Compiling tonic-web v0.11.0
[INFO] [stderr]    Compiling libsql-sys v0.9.30
[INFO] [stderr]    Compiling tempfile v3.27.0
[INFO] [stderr]    Compiling libsql_replication v0.9.30
[INFO] [stderr]    Compiling toml v0.9.12+spec-1.1.0
[INFO] [stderr]    Compiling migrations_internals v2.3.0
[INFO] [stderr]    Compiling migrations_macros v2.3.0
[INFO] [stderr]    Compiling diesel_migrations v2.3.1
[INFO] [stderr]    Compiling libsql v0.9.30
[INFO] [stderr]    Compiling diesel-libsql v0.1.4 (/opt/rustwide/workdir)
[INFO] [stderr]     Finished `release` profile [optimized] target(s) in 1m 25s
[INFO] running `Command { std: "docker" "inspect" "b837e560ab95a8541481469c771e26191584e40a0634149830c00a1a77cdbe63", kill_on_drop: false }`
[INFO] running `Command { std: "docker" "exec" "-e" "SOURCE_DIR=/opt/rustwide/workdir" "-e" "CARGO_HOME=/opt/rustwide/cargo-home" "-e" "RUSTUP_HOME=/opt/rustwide/rustup-home" "-e" "CARGO_TARGET_DIR=/opt/rustwide/target" "-e" "CARGO_INCREMENTAL=0" "-e" "RUST_BACKTRACE=full" "-e" "RUSTFLAGS=--cap-lints=warn" "-e" "RUSTDOCFLAGS=--cap-lints=warn" "-w" "/opt/rustwide/workdir" "--user" "0:0" "b837e560ab95a8541481469c771e26191584e40a0634149830c00a1a77cdbe63" "/opt/rustwide/cargo-home/bin/cargo" "+1.100.0-beta.1" "test" "--frozen" "--release", kill_on_drop: false }`
[INFO] [stderr]     Finished `release` profile [optimized] target(s) in 0.28s
[INFO] [stderr]      Running unittests src/lib.rs (/opt/rustwide/target/release/build/diesel-libsql/db2b1612c3c31918/out/diesel_libsql-db2b1612c3c31918)
[INFO] [stdout] 
[INFO] [stdout] running 0 tests
[INFO] [stdout] 
[INFO] [stdout] test result: ok. 0 passed; 0 failed; 0 ignored; 0 measured; 0 filtered out; finished in 0.00s
[INFO] [stdout] 
[INFO] [stderr]      Running tests/async_local.rs (/opt/rustwide/target/release/build/diesel-libsql/38ea24f7dcd9386c/out/async_local-38ea24f7dcd9386c)
[INFO] [stdout] 
[INFO] [stdout] running 0 tests
[INFO] [stdout] 
[INFO] [stdout] test result: ok. 0 passed; 0 failed; 0 ignored; 0 measured; 0 filtered out; finished in 0.00s
[INFO] [stdout] 
[INFO] [stderr]      Running tests/local.rs (/opt/rustwide/target/release/build/diesel-libsql/594aa3941cfc110b/out/local-594aa3941cfc110b)
[INFO] [stdout] 
[INFO] [stdout] running 41 tests
[INFO] [stdout] test test_immediate_transaction ... ok
[INFO] [stdout] Running migration 00000000000001_create_items
[INFO] [stdout] Rolling back migration 00000000000001_create_items
[INFO] [stdout] test test_moveable_bind_collector_via_cache ... ok
[INFO] [stdout] test test_in_memory_crud ... ok
[INFO] [stdout] test test_insert_returning ... ok
[INFO] [stdout] test test_immediate_transaction_rollback ... ok
[INFO] [stdout] test test_delete_returning ... ok
[INFO] [stdout] test test_bad_sql_error ... ok
[INFO] [stdout] test test_last_insert_rowid ... ok
[INFO] [stdout] test test_migrations ... ok
[INFO] [stdout] test test_exclusive_transaction_rollback ... ok
[INFO] [stdout] test test_establish_inside_tokio_runtime ... ok
[INFO] [stdout] test test_boxed_query_limit_offset ... ok
[INFO] [stdout] test test_exclusive_transaction ... ok
[INFO] [stdout] test test_alter_column ... ok
[INFO] [stdout] test test_multiple_types ... ok
[INFO] [stdout] test test_query_limit_and_offset ... ok
[INFO] [stdout] test test_nullable_types ... ok
[INFO] [stdout] test test_integer_read_as_double ... ok
[INFO] [stdout] test test_query_offset_only ... ok
[INFO] [stdout] test test_set_prepared_statement_cache_size ... ok
[INFO] [stdout] test test_remote_url_with_empty_auth_token ... ok
[INFO] [stdout] test test_sync_non_replica_noop ... ok
[INFO] [stdout] test test_typed_insert_nulls ... ok
[INFO] [stdout] test test_transaction_rollback ... ok
[INFO] [stdout] test test_typed_inserts_all_types ... ok
[INFO] [stdout] test test_remote_url_ampersand_empty_auth_token ... ok
[INFO] [stdout] test test_query_limit ... ok
[INFO] [stdout] test test_update_returning ... ok
[INFO] [stdout] test test_typed_inserts_i16_f32 ... ok
[INFO] [stdout] test test_remote_url_no_auth_token ... ok
[INFO] [stdout] test test_remote_url_auth_from_env ... ok
[INFO] [stdout] test test_sql_query_named_columns ... ok
[INFO] [stdout] test test_file_persistence ... ok
[INFO] [stdout] test test_remote_url_with_auth_token_and_trailing_params ... ok
[INFO] [stdout] test test_remote_url_http ... ok
[INFO] [stdout] test test_remote_url_https ... ok
[INFO] [stdout] test test_remote_url_with_auth_token_query_param ... ok
[INFO] [stdout] test test_remote_url_ampersand_auth_token_trailing ... ok
[INFO] [stdout] test test_replica_builder_construction ... ok
[INFO] [stdout] test test_replica_builder_defaults ... ok
[INFO] [stderr]      Running tests/otel_test.rs (/opt/rustwide/target/release/build/diesel-libsql/d10220a509957beb/out/otel_test-d10220a509957beb)
[INFO] [stdout] test test_remote_url_with_ampersand_auth_token ... ok
[INFO] [stderr]      Running tests/remote.rs (/opt/rustwide/target/release/build/diesel-libsql/82b849e2c5053b4c/out/remote-82b849e2c5053b4c)
[INFO] [stdout] 
[INFO] [stdout] test result: ok. 41 passed; 0 failed; 0 ignored; 0 measured; 0 filtered out; finished in 0.22s
[INFO] [stdout] 
[INFO] [stdout] 
[INFO] [stdout] running 0 tests
[INFO] [stdout] 
[INFO] [stdout] test result: ok. 0 passed; 0 failed; 0 ignored; 0 measured; 0 filtered out; finished in 0.00s
[INFO] [stdout] 
[INFO] [stdout] 
[INFO] [stdout] running 2 tests
[INFO] [stderr]      Running tests/server.rs (/opt/rustwide/target/release/build/diesel-libsql/d23006c34e817451/out/server-d23006c34e817451)
[INFO] [stdout] test test_remote_auth_from_env ... ignored
[INFO] [stdout] test test_remote_crud ... ignored
[INFO] [stdout] 
[INFO] [stdout] test result: ok. 0 passed; 0 failed; 2 ignored; 0 measured; 0 filtered out; finished in 0.00s
[INFO] [stdout] 
[INFO] [stdout] 
[INFO] [stdout] running 3 tests
[INFO] [stdout] test test_server_transaction ... FAILED
[INFO] [stdout] test test_server_crud ... FAILED
[INFO] [stdout] test test_server_types ... FAILED
[INFO] [stdout] 
[INFO] [stdout] failures:
[INFO] [stdout] 
[INFO] [stdout] ---- test_server_transaction stdout ----
[INFO] [stdout] 
[INFO] [stdout] thread 'test_server_transaction' (4522) panicked at tests/server.rs:116:6:
[INFO] [stdout] Failed to setup table: DatabaseError(Unknown, "Hrana: `http error: `error trying to connect: tcp connect error: Connection refused (os error 111)``")
[INFO] [stdout] stack backtrace:
[INFO] [stdout]    0:     0x5b2cd5a92551 - <<std[617be2ca0a6fd877]::sys::backtrace::BacktraceLock>::print::DisplayBacktrace as core[a373ad73a504971]::fmt::Display>::fmt
[INFO] [stdout]    1:     0x5b2cd5aaa2da - core[a373ad73a504971]::fmt::write
[INFO] [stdout]    2:     0x5b2cd5a9765c - <alloc[2e1b2a31b91974c5]::vec::Vec<u8> as core[a373ad73a504971]::io::write::Write>::write_fmt
[INFO] [stdout]    3:     0x5b2cd5a6c936 - std[617be2ca0a6fd877]::panicking::default_hook::{closure#0}
[INFO] [stdout]    4:     0x5b2cd5a8a0c9 - std[617be2ca0a6fd877]::panicking::default_hook
[INFO] [stdout]    5:     0x5b2cd54bec60 - test[aada8e7e76ba119b]::test_main_inner::{closure#0}
[INFO] [stdout]    6:     0x5b2cd5a8a3f2 - std[617be2ca0a6fd877]::panicking::panic_with_hook
[INFO] [stdout]    7:     0x5b2cd5a6c9e2 - std[617be2ca0a6fd877]::panicking::panic_handler::{closure#0}
[INFO] [stdout]    8:     0x5b2cd5a64d49 - std[617be2ca0a6fd877]::sys::backtrace::__rust_end_short_backtrace::<std[617be2ca0a6fd877]::panicking::panic_handler::{closure#0}, !>
[INFO] [stdout]    9:     0x5b2cd5a6da7d - __rustc[ea4f61d10b84890b]::rust_begin_unwind
[INFO] [stdout]   10:     0x5b2cd5aaaa3c - core[a373ad73a504971]::panicking::panic_fmt
[INFO] [stdout]   11:     0x5b2cd5aaa812 - core[a373ad73a504971]::result::unwrap_failed
[INFO] [stdout]   12:     0x5b2cd54ac699 - <server[1f92e6b0eb1d0710]::test_server_transaction::{closure#0} as core[a373ad73a504971]::ops::function::FnOnce<()>>::call_once
[INFO] [stdout]   13:     0x5b2cd54b20ab - test[aada8e7e76ba119b]::__rust_begin_short_backtrace::<core[a373ad73a504971]::result::Result<(), alloc[2e1b2a31b91974c5]::string::String>, fn() -> core[a373ad73a504971]::result::Result<(), alloc[2e1b2a31b91974c5]::string::String>>
[INFO] [stdout]   14:     0x5b2cd54bf285 - test[aada8e7e76ba119b]::run_test::{closure#0}
[INFO] [stdout]   15:     0x5b2cd54b8b74 - std[617be2ca0a6fd877]::sys::backtrace::__rust_begin_short_backtrace::<test[aada8e7e76ba119b]::run_test::{closure#1}, ()>
[INFO] [stdout]   16:     0x5b2cd54c2312 - <std[617be2ca0a6fd877]::thread::lifecycle::spawn_unchecked<test[aada8e7e76ba119b]::run_test::{closure#1}, ()>::{closure#1} as core[a373ad73a504971]::ops::function::FnOnce<()>>::call_once::{shim:vtable#0}
[INFO] [stdout]   17:     0x5b2cd5a919ff - <std[617be2ca0a6fd877]::sys::thread::unix::Thread>::new::thread_start
[INFO] [stdout]   18:     0x77c50cc5bdfa - <unknown>
[INFO] [stdout]   19:     0x77c50ccef3d4 - clone
[INFO] [stdout]   20:                0x0 - <unknown>
[INFO] [stdout] 
[INFO] [stdout] ---- test_server_crud stdout ----
[INFO] [stdout] 
[INFO] [stdout] thread 'test_server_crud' (4521) panicked at tests/server.rs:64:6:
[INFO] [stdout] Failed to setup table: DatabaseError(Unknown, "Hrana: `http error: `error trying to connect: tcp connect error: Connection refused (os error 111)``")
[INFO] [stdout] stack backtrace:
[INFO] [stdout]    0:     0x5b2cd5a92551 - <<std[617be2ca0a6fd877]::sys::backtrace::BacktraceLock>::print::DisplayBacktrace as core[a373ad73a504971]::fmt::Display>::fmt
[INFO] [stdout]    1:     0x5b2cd5aaa2da - core[a373ad73a504971]::fmt::write
[INFO] [stdout]    2:     0x5b2cd5a9765c - <alloc[2e1b2a31b91974c5]::vec::Vec<u8> as core[a373ad73a504971]::io::write::Write>::write_fmt
[INFO] [stdout]    3:     0x5b2cd5a6c936 - std[617be2ca0a6fd877]::panicking::default_hook::{closure#0}
[INFO] [stdout]    4:     0x5b2cd5a8a0c9 - std[617be2ca0a6fd877]::panicking::default_hook
[INFO] [stdout]    5:     0x5b2cd54bec60 - test[aada8e7e76ba119b]::test_main_inner::{closure#0}
[INFO] [stdout]    6:     0x5b2cd5a8a3f2 - std[617be2ca0a6fd877]::panicking::panic_with_hook
[INFO] [stdout]    7:     0x5b2cd5a6c9e2 - std[617be2ca0a6fd877]::panicking::panic_handler::{closure#0}
[INFO] [stdout]    8:     0x5b2cd5a64d49 - std[617be2ca0a6fd877]::sys::backtrace::__rust_end_short_backtrace::<std[617be2ca0a6fd877]::panicking::panic_handler::{closure#0}, !>
[INFO] [stdout]    9:     0x5b2cd5a6da7d - __rustc[ea4f61d10b84890b]::rust_begin_unwind
[INFO] [stdout]   10:     0x5b2cd5aaaa3c - core[a373ad73a504971]::panicking::panic_fmt
[INFO] [stdout]   11:     0x5b2cd5aaa812 - core[a373ad73a504971]::result::unwrap_failed
[INFO] [stdout]   12:     0x5b2cd54aba4f - <server[1f92e6b0eb1d0710]::test_server_crud::{closure#0} as core[a373ad73a504971]::ops::function::FnOnce<()>>::call_once
[INFO] [stdout]   13:     0x5b2cd54b20ab - test[aada8e7e76ba119b]::__rust_begin_short_backtrace::<core[a373ad73a504971]::result::Result<(), alloc[2e1b2a31b91974c5]::string::String>, fn() -> core[a373ad73a504971]::result::Result<(), alloc[2e1b2a31b91974c5]::string::String>>
[INFO] [stdout]   14:     0x5b2cd54bf285 - test[aada8e7e76ba119b]::run_test::{closure#0}
[INFO] [stdout]   15:     0x5b2cd54b8b74 - std[617be2ca0a6fd877]::sys::backtrace::__rust_begin_short_backtrace::<test[aada8e7e76ba119b]::run_test::{closure#1}, ()>
[INFO] [stdout]   16:     0x5b2cd54c2312 - <std[617be2ca0a6fd877]::thread::lifecycle::spawn_unchecked<test[aada8e7e76ba119b]::run_test::{closure#1}, ()>::{closure#1} as core[a373ad73a504971]::ops::function::FnOnce<()>>::call_once::{shim:vtable#0}
[INFO] [stdout]   17:     0x5b2cd5a919ff - <std[617be2ca0a6fd877]::sys::thread::unix::Thread>::new::thread_start
[INFO] [stdout]   18:     0x77c50cc5bdfa - <unknown>
[INFO] [stdout]   19:     0x77c50ccef3d4 - clone
[INFO] [stdout]   20:                0x0 - <unknown>
[INFO] [stdout] 
[INFO] [stdout] ---- test_server_types stdout ----
[INFO] [stdout] 
[INFO] [stdout] thread 'test_server_types' (4523) panicked at tests/server.rs:162:6:
[INFO] [stdout] Failed to setup table: DatabaseError(Unknown, "Hrana: `http error: `error trying to connect: tcp connect error: Connection refused (os error 111)``")
[INFO] [stdout] stack backtrace:
[INFO] [stdout]    0:     0x5b2cd5a92551 - <<std[617be2ca0a6fd877]::sys::backtrace::BacktraceLock>::print::DisplayBacktrace as core[a373ad73a504971]::fmt::Display>::fmt
[INFO] [stdout]    1:     0x5b2cd5aaa2da - core[a373ad73a504971]::fmt::write
[INFO] [stdout]    2:     0x5b2cd5a9765c - <alloc[2e1b2a31b91974c5]::vec::Vec<u8> as core[a373ad73a504971]::io::write::Write>::write_fmt
[INFO] [stdout]    3:     0x5b2cd5a6c936 - std[617be2ca0a6fd877]::panicking::default_hook::{closure#0}
[INFO] [stdout]    4:     0x5b2cd5a8a0c9 - std[617be2ca0a6fd877]::panicking::default_hook
[INFO] [stdout]    5:     0x5b2cd54bec60 - test[aada8e7e76ba119b]::test_main_inner::{closure#0}
[INFO] [stdout]    6:     0x5b2cd5a8a3f2 - std[617be2ca0a6fd877]::panicking::panic_with_hook
[INFO] [stdout]    7:     0x5b2cd5a6c9e2 - std[617be2ca0a6fd877]::panicking::panic_handler::{closure#0}
[INFO] [stdout]    8:     0x5b2cd5a64d49 - std[617be2ca0a6fd877]::sys::backtrace::__rust_end_short_backtrace::<std[617be2ca0a6fd877]::panicking::panic_handler::{closure#0}, !>
[INFO] [stdout]    9:     0x5b2cd5a6da7d - __rustc[ea4f61d10b84890b]::rust_begin_unwind
[INFO] [stdout]   10:     0x5b2cd5aaaa3c - core[a373ad73a504971]::panicking::panic_fmt
[INFO] [stdout]   11:     0x5b2cd5aaa812 - core[a373ad73a504971]::result::unwrap_failed
[INFO] [stdout]   12:     0x5b2cd54ac164 - <server[1f92e6b0eb1d0710]::test_server_types::{closure#0} as core[a373ad73a504971]::ops::function::FnOnce<()>>::call_once
[INFO] [stdout]   13:     0x5b2cd54b20ab - test[aada8e7e76ba119b]::__rust_begin_short_backtrace::<core[a373ad73a504971]::result::Result<(), alloc[2e1b2a31b91974c5]::string::String>, fn() -> core[a373ad73a504971]::result::Result<(), alloc[2e1b2a31b91974c5]::string::String>>
[INFO] [stdout]   14:     0x5b2cd54bf285 - test[aada8e7e76ba119b]::run_test::{closure#0}
[INFO] [stdout]   15:     0x5b2cd54b8b74 - std[617be2ca0a6fd877]::sys::backtrace::__rust_begin_short_backtrace::<test[aada8e7e76ba119b]::run_test::{closure#1}, ()>
[INFO] [stdout]   16:     0x5b2cd54c2312 - <std[617be2ca0a6fd877]::thread::lifecycle::spawn_unchecked<test[aada8e7e76ba119b]::run_test::{closure#1}, ()>::{closure#1} as core[a373ad73a504971]::ops::function::FnOnce<()>>::call_once::{shim:vtable#0}
[INFO] [stdout]   17:     0x5b2cd5a919ff - <std[617be2ca0a6fd877]::sys::thread::unix::Thread>::new::thread_start
[INFO] [stdout]   18:     0x77c50cc5bdfa - <unknown>
[INFO] [stdout]   19:     0x77c50ccef3d4 - clone
[INFO] [stdout]   20:                0x0 - <unknown>
[INFO] [stdout] 
[INFO] [stdout] 
[INFO] [stdout] failures:
[INFO] [stdout]     test_server_crud
[INFO] [stdout]     test_server_transaction
[INFO] [stdout]     test_server_types
[INFO] [stdout] 
[INFO] [stdout] test result: FAILED. 0 passed; 3 failed; 0 ignored; 0 measured; 0 filtered out; finished in 0.03s
[INFO] [stdout] 
[INFO] [stderr] error: test failed, to rerun pass `--test server`
[INFO] running `Command { std: "docker" "inspect" "b837e560ab95a8541481469c771e26191584e40a0634149830c00a1a77cdbe63", kill_on_drop: false }`
[INFO] running `Command { std: "docker" "rm" "-f" "b837e560ab95a8541481469c771e26191584e40a0634149830c00a1a77cdbe63", kill_on_drop: false }`
[INFO] [stdout] b837e560ab95a8541481469c771e26191584e40a0634149830c00a1a77cdbe63
