[INFO] fetching crate diesel-clickhouse 0.11.1...
[INFO] testing diesel-clickhouse-0.11.1 against 1.99.0-beta.8+cargoflags=--release for beta-release-1.100-2
[INFO] extracting crate diesel-clickhouse 0.11.1 into /workspace/builds/worker-0-tc1/source
[INFO] started tweaking crates.io crate diesel-clickhouse 0.11.1
[INFO] removed 0 missing examples
[INFO] removed 0 missing tests
[INFO] finished tweaking crates.io crate diesel-clickhouse 0.11.1
[INFO] tweaked toml for crates.io crate diesel-clickhouse 0.11.1 written to /workspace/builds/worker-0-tc1/source/Cargo.toml
[INFO] validating manifest of crates.io crate diesel-clickhouse 0.11.1 on toolchain 1.99.0-beta.8
[INFO] running `Command { std: CARGO_HOME="/workspace/cargo-home" RUSTUP_HOME="/workspace/rustup-home" "/workspace/cargo-home/bin/cargo" "+1.99.0-beta.8" "metadata" "--manifest-path" "Cargo.toml" "--no-deps", kill_on_drop: false }`
[INFO] crate crates.io crate diesel-clickhouse 0.11.1 already has a lockfile, it will not be regenerated
[INFO] running `Command { std: CARGO_HOME="/workspace/cargo-home" RUSTUP_HOME="/workspace/rustup-home" "/workspace/cargo-home/bin/cargo" "+1.99.0-beta.8" "fetch" "--manifest-path" "Cargo.toml", kill_on_drop: false }`
[INFO] [stderr]     Updating crates.io index
[INFO] [stderr]  Downloading crates ...
[INFO] [stderr]   Downloaded hyper v1.10.0
[INFO] [stderr]   Downloaded mobc v0.9.0
[INFO] [stderr]   Downloaded clickhouse-macros v0.3.0
[INFO] [stderr]   Downloaded clickhouse-types v0.1.2
[INFO] [stderr]   Downloaded bb8 v0.9.1
[INFO] [stderr]   Downloaded polonius-the-crab v0.5.0
[INFO] [stderr]   Downloaded higher-kinded-types v0.2.1
[INFO] [stderr]   Downloaded diesel-async v0.9.0
[INFO] [stderr]   Downloaded bnum v0.13.0
[INFO] [stderr]   Downloaded cityhash-rs v1.0.1
[INFO] [stderr]   Downloaded clickhouse v0.15.0
[INFO] [stderr]   Downloaded diesel v2.3.9
[INFO] running `Command { std: "docker" "create" "-v" "/var/lib/crater-agent-workspace/builds/worker-0-tc1/source:/opt/rustwide/workdir:ro,Z" "-v" "/var/lib/crater-agent-workspace/builds/worker-0-tc1/target:/opt/rustwide/target:rw,Z" "-v" "/var/lib/crater-agent-workspace/cargo-home:/opt/rustwide/cargo-home:ro,Z" "-v" "/var/lib/crater-agent-workspace/rustup-home:/opt/rustwide/rustup-home:ro,Z" "-m" "1610612736" "--network" "none" "ghcr.io/rust-lang/crates-build-env/linux@sha256:77db811e55d90add9212f6832c23229e3de5f1c1f9905e8cb07319ea15df73ac" "sleep" "infinity", kill_on_drop: false }`
[INFO] [stdout] cd4d7c8492bac5ae5118fc894f8a09a07aee69a292d761f1f4c3db82a1a8d71f
[INFO] running `Command { std: "docker" "start" "cd4d7c8492bac5ae5118fc894f8a09a07aee69a292d761f1f4c3db82a1a8d71f", kill_on_drop: false }`
[INFO] running `Command { std: "docker" "inspect" "cd4d7c8492bac5ae5118fc894f8a09a07aee69a292d761f1f4c3db82a1a8d71f", kill_on_drop: false }`
[INFO] running `Command { std: "docker" "exec" "-e" "SOURCE_DIR=/opt/rustwide/workdir" "-e" "CARGO_HOME=/opt/rustwide/cargo-home" "-e" "RUSTUP_HOME=/opt/rustwide/rustup-home" "-e" "CARGO_TARGET_DIR=/opt/rustwide/target" "-w" "/opt/rustwide/workdir" "--user" "0:0" "cd4d7c8492bac5ae5118fc894f8a09a07aee69a292d761f1f4c3db82a1a8d71f" "/opt/rustwide/cargo-home/bin/cargo" "+1.99.0-beta.8" "metadata" "--no-deps" "--format-version=1", kill_on_drop: false }`
[INFO] running `Command { std: "docker" "inspect" "cd4d7c8492bac5ae5118fc894f8a09a07aee69a292d761f1f4c3db82a1a8d71f", kill_on_drop: false }`
[INFO] running `Command { std: "docker" "exec" "-e" "SOURCE_DIR=/opt/rustwide/workdir" "-e" "CARGO_HOME=/opt/rustwide/cargo-home" "-e" "RUSTUP_HOME=/opt/rustwide/rustup-home" "-e" "CARGO_TARGET_DIR=/opt/rustwide/target" "-e" "CARGO_INCREMENTAL=0" "-e" "RUST_BACKTRACE=full" "-e" "RUSTFLAGS=--cap-lints=warn" "-e" "RUSTDOCFLAGS=--cap-lints=warn" "-w" "/opt/rustwide/workdir" "--user" "0:0" "cd4d7c8492bac5ae5118fc894f8a09a07aee69a292d761f1f4c3db82a1a8d71f" "/opt/rustwide/cargo-home/bin/cargo" "+1.99.0-beta.8" "build" "--frozen" "--message-format=json" "--release", kill_on_drop: false }`
[INFO] [stderr]    Compiling macro_rules_attribute-proc_macro v0.2.2
[INFO] [stderr]    Compiling either v1.16.0
[INFO] [stderr]    Compiling diesel_derives v2.3.9
[INFO] [stderr]    Compiling darling_core v0.21.3
[INFO] [stderr]    Compiling serde v1.0.228
[INFO] [stderr]    Compiling futures-util v0.3.32
[INFO] [stderr]    Compiling tokio v1.52.3
[INFO] [stderr]    Compiling diesel_table_macro_syntax v0.3.0
[INFO] [stderr]    Compiling never-say-never v6.6.666
[INFO] [stderr]    Compiling serde_derive_internals v0.29.1
[INFO] [stderr]    Compiling downcast-rs v2.0.2
[INFO] [stderr]    Compiling serde_json v1.0.150
[INFO] [stderr]    Compiling bstr v1.12.1
[INFO] [stderr]    Compiling bnum v0.13.0
[INFO] [stderr]    Compiling cityhash-rs v1.0.1
[INFO] [stderr]    Compiling icu_normalizer v2.1.1
[INFO] [stderr]    Compiling lz4_flex v0.11.6
[INFO] [stderr]    Compiling uuid v1.23.2
[INFO] [stderr]    Compiling macro_rules_attribute v0.2.2
[INFO] [stderr]    Compiling higher-kinded-types v0.2.1
[INFO] [stderr]    Compiling polonius-the-crab v0.5.0
[INFO] [stderr]    Compiling idna_adapter v1.2.1
[INFO] [stderr]    Compiling idna v1.1.0
[INFO] [stderr]    Compiling clickhouse-macros v0.3.0
[INFO] [stderr]    Compiling url v2.5.8
[INFO] [stderr]    Compiling bytes v1.11.1
[INFO] [stderr]    Compiling http v1.4.1
[INFO] [stderr]    Compiling clickhouse-types v0.1.2
[INFO] [stderr]    Compiling http-body v1.0.1
[INFO] [stderr]    Compiling http-body-util v0.1.3
[INFO] [stderr]    Compiling darling_macro v0.21.3
[INFO] [stderr]    Compiling darling v0.21.3
[INFO] [stderr]    Compiling dsl_auto_type v0.2.0
[INFO] [stderr]    Compiling hyper v1.10.0
[INFO] [stderr]    Compiling hyper-util v0.1.20
[INFO] [stderr]    Compiling clickhouse v0.15.0
[INFO] [stderr]    Compiling diesel v2.3.9
[INFO] [stderr]    Compiling diesel-async v0.9.0
[INFO] [stderr]    Compiling diesel-clickhouse v0.11.1 (/opt/rustwide/workdir)
[INFO] [stderr]     Finished `release` profile [optimized] target(s) in 46.55s
[INFO] running `Command { std: "docker" "inspect" "cd4d7c8492bac5ae5118fc894f8a09a07aee69a292d761f1f4c3db82a1a8d71f", kill_on_drop: false }`
[INFO] running `Command { std: "docker" "exec" "-e" "SOURCE_DIR=/opt/rustwide/workdir" "-e" "CARGO_HOME=/opt/rustwide/cargo-home" "-e" "RUSTUP_HOME=/opt/rustwide/rustup-home" "-e" "CARGO_TARGET_DIR=/opt/rustwide/target" "-e" "CARGO_INCREMENTAL=0" "-e" "RUST_BACKTRACE=full" "-e" "RUSTFLAGS=--cap-lints=warn" "-e" "RUSTDOCFLAGS=--cap-lints=warn" "-w" "/opt/rustwide/workdir" "--user" "0:0" "cd4d7c8492bac5ae5118fc894f8a09a07aee69a292d761f1f4c3db82a1a8d71f" "/opt/rustwide/cargo-home/bin/cargo" "+1.99.0-beta.8" "test" "--frozen" "--no-run" "--message-format=json" "--release", kill_on_drop: false }`
[INFO] [stderr]    Compiling serde_core v1.0.228
[INFO] [stderr]    Compiling either v1.16.0
[INFO] [stderr]    Compiling aws-lc-rs v1.17.0
[INFO] [stderr]    Compiling cc v1.2.63
[INFO] [stderr]    Compiling futures-util v0.3.32
[INFO] [stderr]    Compiling tracing v0.1.44
[INFO] [stderr]    Compiling log v0.4.30
[INFO] [stderr]    Compiling rustls v0.23.40
[INFO] [stderr]    Compiling num-traits v0.2.19
[INFO] [stderr]    Compiling memchr v2.8.1
[INFO] [stderr]    Compiling bollard-buildkit-proto v0.7.0
[INFO] [stderr]    Compiling rustix v1.1.4
[INFO] [stderr]    Compiling utf8-zero v0.8.1
[INFO] [stderr]    Compiling structmeta-derive v0.3.0
[INFO] [stderr]    Compiling aho-corasick v1.1.4
[INFO] [stderr]    Compiling serde_repr v0.1.20
[INFO] [stderr]    Compiling async-stream-impl v0.3.6
[INFO] [stderr]    Compiling rand v0.9.4
[INFO] [stderr]    Compiling serde_with_macros v3.17.0
[INFO] [stderr]    Compiling filetime v0.2.29
[INFO] [stderr]    Compiling target-triple v1.0.0
[INFO] [stderr]    Compiling itertools v0.14.0
[INFO] [stderr]    Compiling dsl_auto_type v0.2.0
[INFO] [stderr]    Compiling ferroid v2.0.0
[INFO] [stderr]    Compiling async-stream v0.3.6
[INFO] [stderr]    Compiling etcetera v0.11.0
[INFO] [stderr]    Compiling diesel_derives v2.3.9
[INFO] [stderr]    Compiling glob v0.3.3
[INFO] [stderr]    Compiling structmeta v0.3.0
[INFO] [stderr]    Compiling cmake v0.1.58
[INFO] [stderr]    Compiling num-integer v0.1.46
[INFO] [stderr]    Compiling num-complex v0.4.6
[INFO] [stderr]    Compiling num-bigint v0.4.6
[INFO] [stderr]    Compiling num-iter v0.1.45
[INFO] [stderr]    Compiling aws-lc-sys v0.41.0
[INFO] [stderr]    Compiling ring v0.17.14
[INFO] [stderr]    Compiling regex-automata v0.4.14
[INFO] [stderr]    Compiling prost-derive v0.14.3
[INFO] [stderr]    Compiling num-rational v0.4.2
[INFO] [stderr]    Compiling xattr v1.6.1
[INFO] [stderr]    Compiling num v0.4.3
[INFO] [stderr]    Compiling serde v1.0.228
[INFO] [stderr]    Compiling serde_json v1.0.150
[INFO] [stderr]    Compiling deranged v0.5.8
[INFO] [stderr]    Compiling serde_spanned v1.1.1
[INFO] [stderr]    Compiling serde_with v3.17.0
[INFO] [stderr]    Compiling toml_datetime v1.1.1+spec-1.1.0
[INFO] [stderr]    Compiling toml v1.1.2+spec-1.1.0
[INFO] [stderr]    Compiling futures-executor v0.3.32
[INFO] [stderr]    Compiling futures v0.3.32
[INFO] [stderr]    Compiling bytes v1.11.1
[INFO] [stderr]    Compiling url v2.5.8
[INFO] [stderr]    Compiling serde_urlencoded v0.7.1
[INFO] [stderr]    Compiling regex v1.12.3
[INFO] [stderr]    Compiling time v0.3.45
[INFO] [stderr]    Compiling docker_credential v1.4.0
[INFO] [stderr]    Compiling tokio v1.52.3
[INFO] [stderr]    Compiling http v1.4.1
[INFO] [stderr]    Compiling prost v0.14.3
[INFO] [stderr]    Compiling parse-display-derive v0.9.1
[INFO] [stderr]    Compiling clickhouse-types v0.1.2
[INFO] [stderr]    Compiling prost-types v0.14.3
[INFO] [stderr]    Compiling trybuild v1.0.116
[INFO] [stderr]    Compiling http-body v1.0.1
[INFO] [stderr]    Compiling ureq-proto v0.6.0
[INFO] [stderr]    Compiling http-body-util v0.1.3
[INFO] [stderr]    Compiling parse-display v0.9.1
[INFO] [stderr]    Compiling axum-core v0.5.6
[INFO] [stderr]    Compiling diesel v2.3.9
[INFO] [stderr]    Compiling tokio-util v0.7.18
[INFO] [stderr]    Compiling tokio-stream v0.1.18
[INFO] [stderr]    Compiling astral-tokio-tar v0.6.2
[INFO] [stderr]    Compiling h2 v0.4.14
[INFO] [stderr]    Compiling tower v0.5.3
[INFO] [stderr]    Compiling diesel-async v0.9.0
[INFO] [stderr]    Compiling axum v0.8.9
[INFO] [stderr]    Compiling tower-http v0.6.11
[INFO] [stderr]    Compiling hyper v1.10.0
[INFO] [stderr]    Compiling hyper-util v0.1.20
[INFO] [stderr]    Compiling hyper-timeout v0.5.2
[INFO] [stderr]    Compiling hyperlocal v0.9.1
[INFO] [stderr]    Compiling clickhouse v0.15.0
[INFO] [stderr]    Compiling tonic v0.14.6
[INFO] [stderr]    Compiling diesel-clickhouse v0.11.1 (/opt/rustwide/workdir)
[INFO] [stderr]    Compiling tonic-prost v0.14.6
[INFO] [stderr]    Compiling rustls-webpki v0.103.13
[INFO] [stderr]    Compiling ureq v3.3.0
[INFO] [stderr]    Compiling tokio-rustls v0.26.4
[INFO] [stderr]    Compiling rustls-platform-verifier v0.7.0
[INFO] [stderr]    Compiling hyper-rustls v0.27.9
[INFO] [stderr]    Compiling reqwest v0.13.4
[INFO] [stderr]    Compiling bollard-stubs v1.52.1-rc.29.1.3
[INFO] [stderr]    Compiling bollard v0.20.2
[INFO] [stderr]    Compiling testcontainers v0.27.3
[INFO] [stderr]    Compiling testcontainers-modules v0.15.0
[INFO] [stderr]     Finished `release` profile [optimized] target(s) in 5m 35s
[INFO] running `Command { std: "docker" "inspect" "cd4d7c8492bac5ae5118fc894f8a09a07aee69a292d761f1f4c3db82a1a8d71f", kill_on_drop: false }`
[INFO] running `Command { std: "docker" "exec" "-e" "SOURCE_DIR=/opt/rustwide/workdir" "-e" "CARGO_HOME=/opt/rustwide/cargo-home" "-e" "RUSTUP_HOME=/opt/rustwide/rustup-home" "-e" "CARGO_TARGET_DIR=/opt/rustwide/target" "-e" "CARGO_INCREMENTAL=0" "-e" "RUST_BACKTRACE=full" "-e" "RUSTFLAGS=--cap-lints=warn" "-e" "RUSTDOCFLAGS=--cap-lints=warn" "-w" "/opt/rustwide/workdir" "--user" "0:0" "cd4d7c8492bac5ae5118fc894f8a09a07aee69a292d761f1f4c3db82a1a8d71f" "/opt/rustwide/cargo-home/bin/cargo" "+1.99.0-beta.8" "test" "--frozen" "--release", kill_on_drop: false }`
[INFO] [stderr]     Finished `release` profile [optimized] target(s) in 0.47s
[INFO] [stderr]      Running unittests src/lib.rs (/opt/rustwide/target/release/deps/diesel_clickhouse-967af15c5cecd110)
[INFO] [stdout] 
[INFO] [stdout] running 26 tests
[INFO] [stdout] test connection::tests::array_type_metadata_includes_element_type_for_parameters ... ok
[INFO] [stdout] test connection::tests::parameterize_binds_rejects_unused_binds ... ok
[INFO] [stdout] test connection::tests::inline_binds_preserves_escaped_question_marks ... ok
[INFO] [stdout] test connection::tests::parameterize_binds_rejects_reserved_raw_parameters ... ok
[INFO] [stdout] test connection::tests::parameterize_binds_inlines_abstract_parameter_types ... ok
[INFO] [stdout] test connection::tests::escape_clickhouse_client_template_doubles_literal_question_marks ... ok
[INFO] [stdout] test connection::tests::validate_table_identifier_accepts_bare_and_qualified_names ... ok
[INFO] [stdout] test connection::tests::json_scalars_stay_typed_parameters_when_the_budget_is_spent ... ok
[INFO] [stdout] test connection::tests::inline_binds_rejects_unbound_placeholders ... ok
[INFO] [stdout] test connection::tests::validate_table_identifier_rejects_unsafe_names ... ok
[INFO] [stdout] test connection::tests::parameterize_binds_inlines_nulls ... ok
[INFO] [stdout] test connection::tests::options_from_url_extracts_credentials_database_and_settings ... ok
[INFO] [stdout] test connection::tests::inline_binds_ignores_question_marks_in_literals_and_comments ... ok
[INFO] [stdout] test connection::tests::zero_budget_inlines_strings_and_arrays_and_max_budget_inlines_none ... ok
[INFO] [stdout] test connection::tests::parameterize_binds_uses_clickhouse_server_parameters ... ok
[INFO] [stdout] test connection::tests::parameterize_binds_rejects_unbound_placeholders ... ok
[INFO] [stdout] test connection::tests::spilled_string_bind_is_quoted_and_escaped ... ok
[INFO] [stdout] test connection::tests::split_statements_filters_comment_only_segments ... ok
[INFO] [stdout] test connection::tests::options_builder_sets_explicit_fields ... ok
[INFO] [stdout] test connection::tests::spilled_scalars_become_casts_of_an_escaped_string_never_bare_sql ... ok
[INFO] [stdout] test connection::tests::split_statements_respects_literals_and_comments ... ok
[INFO] [stdout] test serialize::tests::vec_u64_serializes_as_clickhouse_array_literal ... ok
[INFO] [stdout] test connection::tests::spilled_array_travels_as_an_escaped_string_so_it_stays_data ... ok
[INFO] [stdout] test connection::tests::parameterize_binds_uses_typed_array_server_parameters ... ok
[INFO] [stdout] test serialize::tests::vec_string_serializes_escaped_clickhouse_array_literal ... ok
[INFO] [stdout] test connection::tests::oversized_array_bind_is_inlined_with_a_cast_instead_of_a_uri_parameter ... ok
[INFO] [stdout] 
[INFO] [stderr]      Running tests/compile.rs (/opt/rustwide/target/release/deps/compile-08a5c688afae1d7e)
[INFO] [stdout] test result: ok. 26 passed; 0 failed; 0 ignored; 0 measured; 0 filtered out; finished in 0.03s
[INFO] [stdout] 
[INFO] [stdout] 
[INFO] [stdout] running 1 test
[INFO] [stderr]    Compiling proc-macro2 v1.0.106
[INFO] [stderr]    Compiling unicode-ident v1.0.24
[INFO] [stderr]    Compiling quote v1.0.45
[INFO] [stderr]    Compiling libc v0.2.186
[INFO] [stderr]    Compiling serde_core v1.0.228
[INFO] [stderr]    Compiling serde v1.0.228
[INFO] [stderr]    Compiling pin-project-lite v0.2.17
[INFO] [stderr]    Compiling futures-core v0.3.32
[INFO] [stderr]    Compiling memchr v2.8.1
[INFO] [stderr]    Compiling itoa v1.0.18
[INFO] [stderr]    Compiling cfg-if v1.0.4
[INFO] [stderr]    Compiling futures-sink v0.3.32
[INFO] [stderr]    Compiling once_cell v1.21.4
[INFO] [stderr]    Compiling slab v0.4.12
[INFO] [stderr]    Compiling find-msvc-tools v0.1.9
[INFO] [stderr]    Compiling shlex v2.0.1
[INFO] [stderr]    Compiling futures-io v0.3.32
[INFO] [stderr]    Compiling futures-task v0.3.32
[INFO] [stderr]    Compiling futures-channel v0.3.32
[INFO] [stderr]    Compiling equivalent v1.0.2
[INFO] [stderr]    Compiling stable_deref_trait v1.2.1
[INFO] [stderr]    Compiling hashbrown v0.17.1
[INFO] [stderr]    Compiling percent-encoding v2.3.2
[INFO] [stderr]    Compiling tracing-core v0.1.36
[INFO] [stderr]    Compiling smallvec v1.15.1
[INFO] [stderr]    Compiling httparse v1.10.1
[INFO] [stderr]    Compiling fs_extra v1.3.0
[INFO] [stderr]    Compiling tower-service v0.3.3
[INFO] [stderr]    Compiling dunce v1.0.5
[INFO] [stderr]    Compiling base64 v0.22.1
[INFO] [stderr]    Compiling atomic-waker v1.1.2
[INFO] [stderr]    Compiling fnv v1.0.7
[INFO] [stderr]    Compiling try-lock v0.2.5
[INFO] [stderr]    Compiling either v1.16.0
[INFO] [stderr]    Compiling zeroize v1.8.2
[INFO] [stderr]    Compiling aws-lc-rs v1.17.0
[INFO] [stderr]    Compiling want v0.3.1
[INFO] [stderr]    Compiling httpdate v1.0.3
[INFO] [stderr]    Compiling writeable v0.6.3
[INFO] [stderr]    Compiling ipnet v2.12.0
[INFO] [stderr]    Compiling litemap v0.8.2
[INFO] [stderr]    Compiling rustls-pki-types v1.14.1
[INFO] [stderr]    Compiling untrusted v0.9.0
[INFO] [stderr]    Compiling icu_properties_data v2.1.2
[INFO] [stderr]    Compiling icu_normalizer_data v2.1.1
[INFO] [stderr]    Compiling sync_wrapper v1.0.2
[INFO] [stderr]    Compiling log v0.4.30
[INFO] [stderr]    Compiling rustls v0.23.40
[INFO] [stderr]    Compiling autocfg v1.5.1
[INFO] [stderr]    Compiling tower-layer v0.3.3
[INFO] [stderr]    Compiling strsim v0.11.1
[INFO] [stderr]    Compiling ident_case v1.0.1
[INFO] [stderr]    Compiling zmij v1.0.21
[INFO] [stderr]    Compiling subtle v2.6.1
[INFO] [stderr]    Compiling anyhow v1.0.102
[INFO] [stderr]    Compiling serde_json v1.0.150
[INFO] [stderr]    Compiling mime v0.3.17
[INFO] [stderr]    Compiling itertools v0.14.0
[INFO] [stderr]    Compiling form_urlencoded v1.2.2
[INFO] [stderr]    Compiling utf8_iter v1.0.4
[INFO] [stderr]    Compiling bitflags v2.11.1
[INFO] [stderr]    Compiling getrandom v0.3.4
[INFO] [stderr]    Compiling powerfmt v0.2.0
[INFO] [stderr]    Compiling syn v2.0.117
[INFO] [stderr]    Compiling matchit v0.8.4
[INFO] [stderr]    Compiling zerocopy v0.8.49
[INFO] [stderr]    Compiling num-traits v0.2.19
[INFO] [stderr]    Compiling thiserror v2.0.18
[INFO] [stderr]    Compiling paste v1.0.15
[INFO] [stderr]    Compiling indexmap v2.14.0
[INFO] [stderr]    Compiling time-core v0.1.7
[INFO] [stderr]    Compiling num-conv v0.1.0
[INFO] [stderr]    Compiling getrandom v0.4.2
[INFO] [stderr]    Compiling regex-syntax v0.8.10
[INFO] [stderr]    Compiling rand_core v0.10.1
[INFO] [stderr]    Compiling rustix v1.1.4
[INFO] [stderr]    Compiling utf8-zero v0.8.1
[INFO] [stderr]    Compiling portable-atomic v1.13.1
[INFO] [stderr]    Compiling bollard-buildkit-proto v0.7.0
[INFO] [stderr]    Compiling openssl-probe v0.2.1
[INFO] [stderr]    Compiling rustls-native-certs v0.8.3
[INFO] [stderr]    Compiling aho-corasick v1.1.4
[INFO] [stderr]    Compiling cpufeatures v0.3.0
[INFO] [stderr]    Compiling diesel_derives v2.3.9
[INFO] [stderr]    Compiling heck v0.5.0
[INFO] [stderr]    Compiling linux-raw-sys v0.12.1
[INFO] [stderr]    Compiling errno v0.3.14
[INFO] [stderr]    Compiling socket2 v0.6.4
[INFO] [stderr]    Compiling mio v1.2.1
[INFO] [stderr]    Compiling jobserver v0.1.34
[INFO] [stderr]    Compiling getrandom v0.2.17
[INFO] [stderr]    Compiling signal-hook-registry v1.4.8
[INFO] [stderr]    Compiling cc v1.2.63
[INFO] [stderr]    Compiling num-integer v0.1.46
[INFO] [stderr]    Compiling rand_core v0.9.5
[INFO] [stderr]    Compiling macro_rules_attribute-proc_macro v0.2.2
[INFO] [stderr]    Compiling num-bigint v0.4.6
[INFO] [stderr]    Compiling num-iter v0.1.45
[INFO] [stderr]    Compiling num-complex v0.4.6
[INFO] [stderr]    Compiling chacha20 v0.10.0
[INFO] [stderr]    Compiling never-say-never v6.6.666
[INFO] [stderr]    Compiling hex v0.4.3
[INFO] [stderr]    Compiling ryu v1.0.23
[INFO] [stderr]    Compiling rand v0.10.1
[INFO] [stderr]    Compiling filetime v0.2.29
[INFO] [stderr]    Compiling macro_rules_attribute v0.2.2
[INFO] [stderr]    Compiling higher-kinded-types v0.2.1
[INFO] [stderr]    Compiling encoding_rs v0.8.35
[INFO] [stderr]    Compiling rustc-hash v2.1.2
[INFO] [stderr]    Compiling home v0.5.11
[INFO] [stderr]    Compiling downcast-rs v2.0.2
[INFO] [stderr]    Compiling polonius-the-crab v0.5.0
[INFO] [stderr]    Compiling bstr v1.12.1
[INFO] [stderr]    Compiling etcetera v0.11.0
[INFO] [stderr]    Compiling bnum v0.13.0
[INFO] [stderr] error: could not compile `syn` (lib)
[INFO] [stderr] 
[INFO] [stderr] Caused by:
[INFO] [stderr]   process didn't exit successfully: `/opt/rustwide/rustup-home/toolchains/1.99.0-beta.8-x86_64-unknown-linux-gnu/bin/rustc --crate-name syn --edition=2021 /opt/rustwide/cargo-home/registry/src/index.crates.io-1949cf8c6b5b557f/syn-2.0.117/src/lib.rs --error-format=json --json=diagnostic-rendered-ansi,artifacts,future-incompat --crate-type lib --emit=dep-info,metadata,link -C embed-bitcode=no -C debuginfo=2 --cfg 'feature="clone-impls"' --cfg 'feature="default"' --cfg 'feature="derive"' --cfg 'feature="extra-traits"' --cfg 'feature="fold"' --cfg 'feature="full"' --cfg 'feature="parsing"' --cfg 'feature="printing"' --cfg 'feature="proc-macro"' --cfg 'feature="visit"' --cfg 'feature="visit-mut"' --check-cfg 'cfg(docsrs,test)' --check-cfg 'cfg(feature, values("clone-impls", "default", "derive", "extra-traits", "fold", "full", "parsing", "printing", "proc-macro", "test", "visit", "visit-mut"))' -C metadata=d52ffebc6f455621 -C extra-filename=-d3e45b1262ba1150 --out-dir /opt/rustwide/target/tests/trybuild/debug/deps -L dependency=/opt/rustwide/target/tests/trybuild/debug/deps --extern proc_macro2=/opt/rustwide/target/tests/trybuild/debug/deps/libproc_macro2-143a046f62f0c01c.rmeta --extern quote=/opt/rustwide/target/tests/trybuild/debug/deps/libquote-30db7fff72d62127.rmeta --extern unicode_ident=/opt/rustwide/target/tests/trybuild/debug/deps/libunicode_ident-cbe60b1e378768e3.rmeta --cap-lints allow` (signal: 9, SIGKILL: kill)
[INFO] [stderr] warning: build failed, waiting for other jobs to finish...
[INFO] [stderr] error: could not compile `regex-syntax` (lib)
[INFO] [stderr] 
[INFO] [stderr] Caused by:
[INFO] [stderr]   process didn't exit successfully: `/opt/rustwide/rustup-home/toolchains/1.99.0-beta.8-x86_64-unknown-linux-gnu/bin/rustc --crate-name regex_syntax --edition=2021 /opt/rustwide/cargo-home/registry/src/index.crates.io-1949cf8c6b5b557f/regex-syntax-0.8.10/src/lib.rs --error-format=json --json=diagnostic-rendered-ansi,artifacts,future-incompat --crate-type lib --emit=dep-info,metadata,link -C embed-bitcode=no -C debuginfo=2 --cfg 'feature="default"' --cfg 'feature="std"' --cfg 'feature="unicode"' --cfg 'feature="unicode-age"' --cfg 'feature="unicode-bool"' --cfg 'feature="unicode-case"' --cfg 'feature="unicode-gencat"' --cfg 'feature="unicode-perl"' --cfg 'feature="unicode-script"' --cfg 'feature="unicode-segment"' --check-cfg 'cfg(docsrs,test)' --check-cfg 'cfg(feature, values("arbitrary", "default", "std", "unicode", "unicode-age", "unicode-bool", "unicode-case", "unicode-gencat", "unicode-perl", "unicode-script", "unicode-segment"))' -C metadata=20495fe93ee806dd -C extra-filename=-6ae0d761a08f4c3a --out-dir /opt/rustwide/target/tests/trybuild/debug/deps -L dependency=/opt/rustwide/target/tests/trybuild/debug/deps --cap-lints allow` (signal: 9, SIGKILL: kill)
[INFO] [stdout] test compile_time_api_contracts ... FAILED
[INFO] [stdout] 
[INFO] [stdout] failures:
[INFO] [stdout] 
[INFO] [stdout] ---- compile_time_api_contracts stdout ----
[INFO] [stdout] 
[INFO] [stdout] thread 'compile_time_api_contracts' (4329) panicked at /opt/rustwide/cargo-home/registry/src/index.crates.io-1949cf8c6b5b557f/trybuild-1.0.116/src/run.rs:62:13:
[INFO] [stdout] tests failed
[INFO] [stdout] stack backtrace:
[INFO] [stdout]    0:     0x609a24d0e9c1 - <<std[70759c8f55707aa4]::sys::backtrace::BacktraceLock>::print::DisplayBacktrace as core[df12db4294e9bfd3]::fmt::Display>::fmt
[INFO] [stdout]    1:     0x609a24d2504a - core[df12db4294e9bfd3]::fmt::write
[INFO] [stdout]    2:     0x609a24d1348c - <alloc[2182bb758b4b3781]::vec::Vec<u8> as core[df12db4294e9bfd3]::io::write::Write>::write_fmt
[INFO] [stdout]    3:     0x609a24ce7ea6 - std[70759c8f55707aa4]::panicking::default_hook::{closure#0}
[INFO] [stdout]    4:     0x609a24d06039 - std[70759c8f55707aa4]::panicking::default_hook
[INFO] [stdout]    5:     0x609a24c9f310 - test[9d35eded1c95d3be]::test_main_inner::<test[9d35eded1c95d3be]::test_main_static::{closure#0}>::{closure#0}
[INFO] [stdout]    6:     0x609a24d061f2 - std[70759c8f55707aa4]::panicking::panic_with_hook
[INFO] [stdout]    7:     0x609a24ce7f84 - std[70759c8f55707aa4]::panicking::panic_handler::{closure#0}
[INFO] [stdout]    8:     0x609a24ce0819 - std[70759c8f55707aa4]::sys::backtrace::__rust_end_short_backtrace::<std[70759c8f55707aa4]::panicking::panic_handler::{closure#0}, !>
[INFO] [stdout]    9:     0x609a24ce8b4d - __rustc[8fa7c3cbc660c2b3]::rust_begin_unwind
[INFO] [stdout]   10:     0x609a24d257bc - core[df12db4294e9bfd3]::panicking::panic_fmt
[INFO] [stdout]   11:     0x609a24beba2f - <trybuild[7ecb8956855d1653]::Runner>::run::{closure#1}
[INFO] [stdout]   12:     0x609a24bef73b - <trybuild[7ecb8956855d1653]::Runner>::run
[INFO] [stdout]   13:     0x609a24bf2f00 - <trybuild[7ecb8956855d1653]::TestCases as core[df12db4294e9bfd3]::ops::drop::Drop>::drop
[INFO] [stdout]   14:     0x609a24be9f26 - compile[4f244fafd9c77c7b]::compile_time_api_contracts
[INFO] [stdout]   15:     0x609a24bea159 - <compile[4f244fafd9c77c7b]::compile_time_api_contracts::{closure#0} as core[df12db4294e9bfd3]::ops::function::FnOnce<()>>::call_once
[INFO] [stdout]   16:     0x609a24c925fb - test[9d35eded1c95d3be]::__rust_begin_short_backtrace::<core[df12db4294e9bfd3]::result::Result<(), alloc[2182bb758b4b3781]::string::String>, fn() -> core[df12db4294e9bfd3]::result::Result<(), alloc[2182bb758b4b3781]::string::String>>
[INFO] [stdout]   17:     0x609a24c9fc65 - test[9d35eded1c95d3be]::run_test::{closure#0}
[INFO] [stdout]   18:     0x609a24c99524 - std[70759c8f55707aa4]::sys::backtrace::__rust_begin_short_backtrace::<test[9d35eded1c95d3be]::run_test::{closure#1}, ()>
[INFO] [stdout]   19:     0x609a24ca2dc2 - <std[70759c8f55707aa4]::thread::lifecycle::spawn_unchecked<test[9d35eded1c95d3be]::run_test::{closure#1}, ()>::{closure#1} as core[df12db4294e9bfd3]::ops::function::FnOnce<()>>::call_once::{shim:vtable#0}
[INFO] [stdout]   20:     0x609a24d0dc79 - <std[70759c8f55707aa4]::sys::thread::unix::Thread>::new::thread_start
[INFO] [stdout]   21:     0x7811988d2dfa - <unknown>
[INFO] [stdout]   22:     0x7811989663d4 - clone
[INFO] [stdout]   23:                0x0 - <unknown>
[INFO] [stdout] 
[INFO] [stdout] 
[INFO] [stdout] failures:
[INFO] [stdout]     compile_time_api_contracts
[INFO] [stdout] 
[INFO] [stdout] test result: FAILED. 0 passed; 1 failed; 0 ignored; 0 measured; 0 filtered out; finished in 27.88s
[INFO] [stdout] 
[INFO] [stderr] error: test failed, to rerun pass `--test compile`
[INFO] running `Command { std: "docker" "inspect" "cd4d7c8492bac5ae5118fc894f8a09a07aee69a292d761f1f4c3db82a1a8d71f", kill_on_drop: false }`
[INFO] running `Command { std: "docker" "rm" "-f" "cd4d7c8492bac5ae5118fc894f8a09a07aee69a292d761f1f4c3db82a1a8d71f", kill_on_drop: false }`
[INFO] [stdout] cd4d7c8492bac5ae5118fc894f8a09a07aee69a292d761f1f4c3db82a1a8d71f
