[INFO] fetching crate didcomm 0.4.1...
[INFO] testing didcomm-0.4.1 against 1.99.0-beta.8+cargoflags=--release for beta-release-1.100-2
[INFO] extracting crate didcomm 0.4.1 into /workspace/builds/worker-3-tc1/source
[INFO] started tweaking crates.io crate didcomm 0.4.1
[INFO] removed 0 missing examples
[INFO] finished tweaking crates.io crate didcomm 0.4.1
[INFO] tweaked toml for crates.io crate didcomm 0.4.1 written to /workspace/builds/worker-3-tc1/source/Cargo.toml
[INFO] validating manifest of crates.io crate didcomm 0.4.1 on toolchain 1.99.0-beta.8
[INFO] running `Command { std: CARGO_HOME="/workspace/cargo-home" RUSTUP_HOME="/workspace/rustup-home" "/workspace/cargo-home/bin/cargo" "+1.99.0-beta.8" "metadata" "--manifest-path" "Cargo.toml" "--no-deps", kill_on_drop: false }`
[INFO] crate crates.io crate didcomm 0.4.1 already has a lockfile, it will not be regenerated
[INFO] running `Command { std: CARGO_HOME="/workspace/cargo-home" RUSTUP_HOME="/workspace/rustup-home" "/workspace/cargo-home/bin/cargo" "+1.99.0-beta.8" "fetch" "--manifest-path" "Cargo.toml", kill_on_drop: false }`
[INFO] [stderr]     Blocking waiting for file lock on package cache
[INFO] [stderr]     Updating crates.io index
[INFO] [stderr]     Blocking waiting for file lock on package cache
[INFO] [stderr]  Downloading crates ...
[INFO] [stderr]   Downloaded getrandom v0.2.9
[INFO] [stderr]   Downloaded bit_utils v0.1.1
[INFO] [stderr]   Downloaded varint v0.9.0
[INFO] [stderr]   Downloaded uuid v0.8.2
[INFO] [stderr]   Downloaded version_check v0.9.4
[INFO] [stderr]   Downloaded wasm-bindgen v0.2.84
[INFO] [stderr]   Downloaded thiserror v1.0.40
[INFO] [stderr]   Downloaded thiserror-impl v1.0.40
[INFO] [stderr]   Downloaded block-buffer v0.9.0
[INFO] [stderr]   Downloaded serde-enum-str v0.1.4
[INFO] [stderr]   Downloaded darling v0.12.4
[INFO] [stderr]   Downloaded darling_macro v0.12.4
[INFO] [stderr]   Downloaded ident_case v1.0.1
[INFO] [stderr]   Downloaded const-oid v0.7.1
[INFO] [stderr]   Downloaded group v0.11.0
[INFO] [stderr]   Downloaded wasm-bindgen-macro v0.2.84
[INFO] [stderr]   Downloaded cpufeatures v0.2.7
[INFO] [stderr]   Downloaded tokio-macros v2.1.0
[INFO] [stderr]   Downloaded pin-utils v0.1.0
[INFO] [stderr]   Downloaded atty v0.2.14
[INFO] [stderr]   Downloaded autocfg v1.1.0
[INFO] [stderr]   Downloaded opaque-debug v0.3.0
[INFO] [stderr]   Downloaded digest v0.9.0
[INFO] [stderr]   Downloaded itoa v1.0.6
[INFO] [stderr]   Downloaded num_cpus v1.15.0
[INFO] [stderr]   Downloaded futures-task v0.3.28
[INFO] [stderr]   Downloaded futures-sink v0.3.28
[INFO] [stderr]   Downloaded futures-io v0.3.28
[INFO] [stderr]   Downloaded futures-core v0.3.28
[INFO] [stderr]   Downloaded memoffset v0.8.0
[INFO] [stderr]   Downloaded cast v0.3.0
[INFO] [stderr]   Downloaded zeroize_derive v1.4.2
[INFO] [stderr]   Downloaded walkdir v2.3.3
[INFO] [stderr]   Downloaded winapi-util v0.1.5
[INFO] [stderr]   Downloaded csv-core v0.1.10
[INFO] [stderr]   Downloaded sha2 v0.9.9
[INFO] [stderr]   Downloaded either v1.8.1
[INFO] [stderr]   Downloaded der v0.5.1
[INFO] [stderr]   Downloaded wasm-bindgen-shared v0.2.84
[INFO] [stderr]   Downloaded windows-targets v0.48.0
[INFO] [stderr]   Downloaded oorandom v11.1.3
[INFO] [stderr]   Downloaded hermit-abi v0.1.19
[INFO] [stderr]   Downloaded hermit-abi v0.2.6
[INFO] [stderr]   Downloaded plotters-svg v0.3.3
[INFO] [stderr]   Downloaded scopeguard v1.1.0
[INFO] [stderr]   Downloaded plotters-backend v0.3.4
[INFO] [stderr]   Downloaded slab v0.4.8
[INFO] [stderr]   Downloaded futures-channel v0.3.28
[INFO] [stderr]   Downloaded futures-executor v0.3.28
[INFO] [stderr]   Downloaded criterion-plot v0.4.5
[INFO] [stderr]   Downloaded textwrap v0.11.0
[INFO] [stderr]   Downloaded bs58 v0.4.0
[INFO] [stderr]   Downloaded async-trait v0.1.68
[INFO] [stderr]   Downloaded serde-json-core v0.4.0
[INFO] [stderr]   Downloaded wasm-bindgen-macro-support v0.2.84
[INFO] [stderr]   Downloaded wasm-bindgen-backend v0.2.84
[INFO] [stderr]   Downloaded pin-project-lite v0.2.9
[INFO] [stderr]   Downloaded typenum v1.16.0
[INFO] [stderr]   Downloaded ryu v1.0.13
[INFO] [stderr]   Downloaded darling_core v0.12.4
[INFO] [stderr]   Downloaded tinytemplate v1.2.1
[INFO] [stderr]   Downloaded serde_cbor v0.11.2
[INFO] [stderr]   Downloaded crossbeam-deque v0.8.3
[INFO] [stderr]   Downloaded crossbeam-epoch v0.9.14
[INFO] [stderr]   Downloaded unicode-width v0.1.10
[INFO] [stderr]   Downloaded byteorder v1.4.3
[INFO] [stderr]   Downloaded elliptic-curve v0.11.12
[INFO] [stderr]   Downloaded rfc6979 v0.1.0
[INFO] [stderr]   Downloaded quote v1.0.26
[INFO] [stderr]   Downloaded proc-macro2 v1.0.56
[INFO] [stderr]   Downloaded once_cell v1.17.1
[INFO] [stderr]   Downloaded serde_derive v1.0.160
[INFO] [stderr]   Downloaded half v1.8.2
[INFO] [stderr]   Downloaded zeroize v1.6.0
[INFO] [stderr]   Downloaded crypto-bigint v0.3.2
[INFO] [stderr]   Downloaded log v0.4.17
[INFO] [stderr]   Downloaded crossbeam-utils v0.8.15
[INFO] [stderr]   Downloaded num-traits v0.2.15
[INFO] [stderr]   Downloaded futures v0.3.28
[INFO] [stderr]   Downloaded base64 v0.13.1
[INFO] [stderr]   Downloaded askar-crypto v0.2.5
[INFO] [stderr]   Downloaded unicode-ident v1.0.8
[INFO] [stderr]   Downloaded js-sys v0.3.61
[INFO] [stderr]   Downloaded serde v1.0.160
[INFO] [stderr]   Downloaded rayon-core v1.11.0
[INFO] [stderr]   Downloaded ff v0.11.1
[INFO] [stderr]   Downloaded crypto-mac v0.11.1
[INFO] [stderr]   Downloaded cpufeatures v0.1.5
[INFO] [stderr]   Downloaded block-modes v0.8.1
[INFO] [stderr]   Downloaded ghash v0.4.4
[INFO] [stderr]   Downloaded bumpalo v3.12.1
[INFO] [stderr]   Downloaded crossbeam-channel v0.5.8
[INFO] [stderr]   Downloaded x25519-dalek v1.1.1
[INFO] [stderr]   Downloaded subtle v2.4.1
[INFO] [stderr]   Downloaded signature v1.4.0
[INFO] [stderr]   Downloaded criterion v0.3.6
[INFO] [stderr]   Downloaded serde_json v1.0.96
[INFO] [stderr]   Downloaded plotters v0.3.4
[INFO] [stderr]   Downloaded futures-util v0.3.28
[INFO] [stderr]   Downloaded clap v2.34.0
[INFO] [stderr]   Downloaded rayon v1.7.0
[INFO] [stderr]   Downloaded crypto-common v0.1.6
[INFO] [stderr]   Downloaded universal-hash v0.4.1
[INFO] [stderr]   Downloaded base16ct v0.1.1
[INFO] [stderr]   Downloaded hmac v0.11.0
[INFO] [stderr]   Downloaded salsa20 v0.8.0
[INFO] [stderr]   Downloaded cipher v0.3.0
[INFO] [stderr]   Downloaded aead v0.4.3
[INFO] [stderr]   Downloaded syn v2.0.15
[INFO] [stderr]   Downloaded regex v1.8.1
[INFO] [stderr]   Downloaded regex-syntax v0.7.1
[INFO] [stderr]   Downloaded windows_x86_64_gnullvm v0.48.0
[INFO] [stderr]   Downloaded sec1 v0.2.1
[INFO] [stderr]   Downloaded crypto_box v0.6.0
[INFO] [stderr]   Downloaded xsalsa20poly1305 v0.7.1
[INFO] [stderr]   Downloaded block-padding v0.2.1
[INFO] [stderr]   Downloaded polyval v0.5.3
[INFO] [stderr]   Downloaded ctr v0.8.0
[INFO] [stderr]   Downloaded windows_aarch64_gnullvm v0.48.0
[INFO] [stderr]   Downloaded ppv-lite86 v0.2.17
[INFO] [stderr]   Downloaded ed25519-dalek v1.0.1
[INFO] [stderr]   Downloaded chacha20 v0.7.1
[INFO] [stderr]   Downloaded sha2 v0.10.6
[INFO] [stderr]   Downloaded ecdsa v0.13.4
[INFO] [stderr]   Downloaded ed25519 v1.5.3
[INFO] [stderr]   Downloaded poly1305 v0.7.2
[INFO] [stderr]   Downloaded anyhow v1.0.71
[INFO] [stderr]   Downloaded blake2 v0.10.6
[INFO] [stderr]   Downloaded digest v0.10.6
[INFO] [stderr]   Downloaded hmac v0.12.1
[INFO] [stderr]   Downloaded chacha20poly1305 v0.8.0
[INFO] [stderr]   Downloaded p256 v0.10.1
[INFO] [stderr]   Downloaded k256 v0.10.4
[INFO] [stderr]   Downloaded aes v0.7.5
[INFO] [stderr]   Downloaded libc v0.2.142
[INFO] [stderr]   Downloaded tokio v1.28.0
[INFO] [stderr]   Downloaded aes-gcm v0.9.4
[INFO] [stderr]   Downloaded windows_aarch64_msvc v0.48.0
[INFO] [stderr]   Downloaded hkdf v0.12.3
[INFO] [stderr]   Downloaded windows_x86_64_msvc v0.48.0
[INFO] [stderr]   Downloaded web-sys v0.3.61
[INFO] [stderr]   Downloaded windows_x86_64_gnu v0.48.0
[INFO] [stderr]   Downloaded windows_i686_msvc v0.48.0
[INFO] [stderr]   Downloaded windows_i686_gnu v0.48.0
[INFO] [stderr]   Downloaded curve25519-dalek v3.2.0
[INFO] [stderr]   Downloaded bls12_381 v0.6.1
[INFO] [stderr]   Downloaded csv v1.2.1
[INFO] [stderr]   Downloaded winapi v0.3.9
[INFO] [stderr]   Downloaded winapi-x86_64-pc-windows-gnu v0.4.0
[INFO] [stderr]   Downloaded winapi-i686-pc-windows-gnu v0.4.0
[INFO] running `Command { std: "docker" "create" "-v" "/var/lib/crater-agent-workspace/builds/worker-3-tc1/source:/opt/rustwide/workdir:ro,Z" "-v" "/var/lib/crater-agent-workspace/builds/worker-3-tc1/target:/opt/rustwide/target:rw,Z" "-v" "/var/lib/crater-agent-workspace/cargo-home:/opt/rustwide/cargo-home:ro,Z" "-v" "/var/lib/crater-agent-workspace/rustup-home:/opt/rustwide/rustup-home:ro,Z" "-m" "1610612736" "--network" "none" "ghcr.io/rust-lang/crates-build-env/linux@sha256:77db811e55d90add9212f6832c23229e3de5f1c1f9905e8cb07319ea15df73ac" "sleep" "infinity", kill_on_drop: false }`
[INFO] [stdout] 31f326c5607389dfec221f3db9ae15fdc216bdb916722b861465d44a750c84a6
[INFO] running `Command { std: "docker" "start" "31f326c5607389dfec221f3db9ae15fdc216bdb916722b861465d44a750c84a6", kill_on_drop: false }`
[INFO] running `Command { std: "docker" "inspect" "31f326c5607389dfec221f3db9ae15fdc216bdb916722b861465d44a750c84a6", kill_on_drop: false }`
[INFO] running `Command { std: "docker" "exec" "-e" "SOURCE_DIR=/opt/rustwide/workdir" "-e" "CARGO_HOME=/opt/rustwide/cargo-home" "-e" "RUSTUP_HOME=/opt/rustwide/rustup-home" "-e" "CARGO_TARGET_DIR=/opt/rustwide/target" "-w" "/opt/rustwide/workdir" "--user" "0:0" "31f326c5607389dfec221f3db9ae15fdc216bdb916722b861465d44a750c84a6" "/opt/rustwide/cargo-home/bin/cargo" "+1.99.0-beta.8" "metadata" "--no-deps" "--format-version=1", kill_on_drop: false }`
[INFO] running `Command { std: "docker" "inspect" "31f326c5607389dfec221f3db9ae15fdc216bdb916722b861465d44a750c84a6", kill_on_drop: false }`
[INFO] running `Command { std: "docker" "exec" "-e" "SOURCE_DIR=/opt/rustwide/workdir" "-e" "CARGO_HOME=/opt/rustwide/cargo-home" "-e" "RUSTUP_HOME=/opt/rustwide/rustup-home" "-e" "CARGO_TARGET_DIR=/opt/rustwide/target" "-e" "CARGO_INCREMENTAL=0" "-e" "RUST_BACKTRACE=full" "-e" "RUSTFLAGS=--cap-lints=warn" "-e" "RUSTDOCFLAGS=--cap-lints=warn" "-w" "/opt/rustwide/workdir" "--user" "0:0" "31f326c5607389dfec221f3db9ae15fdc216bdb916722b861465d44a750c84a6" "/opt/rustwide/cargo-home/bin/cargo" "+1.99.0-beta.8" "build" "--frozen" "--message-format=json" "--release", kill_on_drop: false }`
[INFO] [stderr]    Compiling version_check v0.9.4
[INFO] [stderr]    Compiling typenum v1.16.0
[INFO] [stderr]    Compiling proc-macro2 v1.0.56
[INFO] [stderr]    Compiling quote v1.0.26
[INFO] [stderr]    Compiling unicode-ident v1.0.8
[INFO] [stderr]    Compiling subtle v2.4.1
[INFO] [stderr]    Compiling cfg-if v1.0.0
[INFO] [stderr]    Compiling libc v0.2.142
[INFO] [stderr]    Compiling cpufeatures v0.2.7
[INFO] [stderr]    Compiling opaque-debug v0.3.0
[INFO] [stderr]    Compiling byteorder v1.4.3
[INFO] [stderr]    Compiling const-oid v0.7.1
[INFO] [stderr]    Compiling syn v1.0.109
[INFO] [stderr]    Compiling serde_derive v1.0.160
[INFO] [stderr]    Compiling serde v1.0.160
[INFO] [stderr]    Compiling rand_core v0.5.1
[INFO] [stderr]    Compiling base16ct v0.1.1
[INFO] [stderr]    Compiling cpufeatures v0.1.5
[INFO] [stderr]    Compiling ident_case v1.0.1
[INFO] [stderr]    Compiling fnv v1.0.7
[INFO] [stderr]    Compiling ppv-lite86 v0.2.17
[INFO] [stderr]    Compiling ryu v1.0.13
[INFO] [stderr]    Compiling thiserror v1.0.40
[INFO] [stderr]    Compiling anyhow v1.0.71
[INFO] [stderr]    Compiling block-padding v0.2.1
[INFO] [stderr]    Compiling der v0.5.1
[INFO] [stderr]    Compiling serde_json v1.0.96
[INFO] [stderr]    Compiling async-trait v0.1.68
[INFO] [stderr]    Compiling bit_utils v0.1.1
[INFO] [stderr]    Compiling base64 v0.13.1
[INFO] [stderr]    Compiling itoa v1.0.6
[INFO] [stderr]    Compiling varint v0.9.0
[INFO] [stderr]    Compiling bs58 v0.4.0
[INFO] [stderr]    Compiling generic-array v0.14.7
[INFO] [stderr]    Compiling getrandom v0.2.9
[INFO] [stderr]    Compiling rand_core v0.6.4
[INFO] [stderr]    Compiling uuid v0.8.2
[INFO] [stderr]    Compiling syn v2.0.15
[INFO] [stderr]    Compiling ff v0.11.1
[INFO] [stderr]    Compiling rand_chacha v0.3.1
[INFO] [stderr]    Compiling group v0.11.0
[INFO] [stderr]    Compiling rand v0.8.5
[INFO] [stderr]    Compiling digest v0.9.0
[INFO] [stderr]    Compiling cipher v0.3.0
[INFO] [stderr]    Compiling universal-hash v0.4.1
[INFO] [stderr]    Compiling block-buffer v0.10.4
[INFO] [stderr]    Compiling crypto-mac v0.11.1
[INFO] [stderr]    Compiling crypto-common v0.1.6
[INFO] [stderr]    Compiling block-buffer v0.9.0
[INFO] [stderr]    Compiling aead v0.4.3
[INFO] [stderr]    Compiling signature v1.4.0
[INFO] [stderr]    Compiling hmac v0.11.0
[INFO] [stderr]    Compiling digest v0.10.6
[INFO] [stderr]    Compiling ctr v0.8.0
[INFO] [stderr]    Compiling aes v0.7.5
[INFO] [stderr]    Compiling block-modes v0.8.1
[INFO] [stderr]    Compiling sha2 v0.9.9
[INFO] [stderr]    Compiling poly1305 v0.7.2
[INFO] [stderr]    Compiling polyval v0.5.3
[INFO] [stderr]    Compiling hmac v0.12.1
[INFO] [stderr]    Compiling ed25519 v1.5.3
[INFO] [stderr]    Compiling blake2 v0.10.6
[INFO] [stderr]    Compiling sha2 v0.10.6
[INFO] [stderr]    Compiling ghash v0.4.4
[INFO] [stderr]    Compiling hkdf v0.12.3
[INFO] [stderr]    Compiling aes-gcm v0.9.4
[INFO] [stderr]    Compiling darling_core v0.12.4
[INFO] [stderr]    Compiling zeroize_derive v1.4.2
[INFO] [stderr]    Compiling thiserror-impl v1.0.40
[INFO] [stderr]    Compiling zeroize v1.6.0
[INFO] [stderr]    Compiling crypto-bigint v0.3.2
[INFO] [stderr]    Compiling sec1 v0.2.1
[INFO] [stderr]    Compiling curve25519-dalek v3.2.0
[INFO] [stderr]    Compiling salsa20 v0.8.0
[INFO] [stderr]    Compiling chacha20 v0.7.1
[INFO] [stderr]    Compiling bls12_381 v0.6.1
[INFO] [stderr]    Compiling xsalsa20poly1305 v0.7.1
[INFO] [stderr]    Compiling darling_macro v0.12.4
[INFO] [stderr]    Compiling chacha20poly1305 v0.8.0
[INFO] [stderr]    Compiling darling v0.12.4
[INFO] [stderr]    Compiling serde-enum-str v0.1.4
[INFO] [stderr]    Compiling x25519-dalek v1.1.1
[INFO] [stderr]    Compiling ed25519-dalek v1.0.1
[INFO] [stderr]    Compiling crypto_box v0.6.0
[INFO] [stderr]    Compiling elliptic-curve v0.11.12
[INFO] [stderr]    Compiling rfc6979 v0.1.0
[INFO] [stderr]    Compiling ecdsa v0.13.4
[INFO] [stderr]    Compiling k256 v0.10.4
[INFO] [stderr]    Compiling p256 v0.10.1
[INFO] [stderr]    Compiling serde-json-core v0.4.0
[INFO] [stderr]    Compiling askar-crypto v0.2.5
[INFO] [stderr]    Compiling didcomm v0.4.1 (/opt/rustwide/workdir)
[INFO] [stdout] warning: using `.clone()` on a double reference, which returns `&str` instead of cloning the inner type
[INFO] [stdout]    --> src/jwe/encrypt.rs:115:37
[INFO] [stdout]     |
[INFO] [stdout] 115 |             encrypted_keys.push((kid.clone(), encrypted_key));
[INFO] [stdout]     |                                     ^^^^^^^^
[INFO] [stdout]     |
[INFO] [stdout]     = note: `#[warn(suspicious_double_ref_op)]` on by default
[INFO] [stdout] 
[INFO] [stdout] 
[INFO] [stdout] warning: hiding a lifetime that's elided elsewhere is confusing
[INFO] [stdout]   --> src/jwe/parse.rs:22:31
[INFO] [stdout]    |
[INFO] [stdout] 22 |     pub(crate) fn from_str(s: &str) -> Result<JWE> {
[INFO] [stdout]    |                               ^^^^            ^^^ the same lifetime is hidden here
[INFO] [stdout]    |                               |
[INFO] [stdout]    |                               the lifetime is elided here
[INFO] [stdout]    |
[INFO] [stdout]    = help: the same lifetime is referred to in inconsistent ways, making the signature confusing
[INFO] [stdout]    = note: `#[warn(mismatched_lifetime_syntaxes)]` on by default
[INFO] [stdout] help: use `'_` for type paths
[INFO] [stdout]    |
[INFO] [stdout] 22 |     pub(crate) fn from_str(s: &str) -> Result<JWE<'_>> {
[INFO] [stdout]    |                                                  ++++
[INFO] [stdout] 
[INFO] [stdout] 
[INFO] [stdout] warning: hiding a lifetime that's elided elsewhere is confusing
[INFO] [stdout]   --> src/jws/parse.rs:18:31
[INFO] [stdout]    |
[INFO] [stdout] 18 |     pub(crate) fn from_str(s: &str) -> Result<JWS> {
[INFO] [stdout]    |                               ^^^^            ^^^ the same lifetime is hidden here
[INFO] [stdout]    |                               |
[INFO] [stdout]    |                               the lifetime is elided here
[INFO] [stdout]    |
[INFO] [stdout]    = help: the same lifetime is referred to in inconsistent ways, making the signature confusing
[INFO] [stdout] help: use `'_` for type paths
[INFO] [stdout]    |
[INFO] [stdout] 18 |     pub(crate) fn from_str(s: &str) -> Result<JWS<'_>> {
[INFO] [stdout]    |                                                  ++++
[INFO] [stdout] 
[INFO] [stdout] 
[INFO] [stdout] warning: hiding a lifetime that's elided elsewhere is confusing
[INFO] [stdout]    --> src/protocols/routing/mod.rs:175:31
[INFO] [stdout]     |
[INFO] [stdout] 175 | pub fn try_parse_forward(msg: &Message) -> Option<ParsedForward> {
[INFO] [stdout]     |                               ^^^^^^^^            ^^^^^^^^^^^^^ the same lifetime is hidden here
[INFO] [stdout]     |                               |
[INFO] [stdout]     |                               the lifetime is elided here
[INFO] [stdout]     |
[INFO] [stdout]     = help: the same lifetime is referred to in inconsistent ways, making the signature confusing
[INFO] [stdout] help: use `'_` for type paths
[INFO] [stdout]     |
[INFO] [stdout] 175 | pub fn try_parse_forward(msg: &Message) -> Option<ParsedForward<'_>> {
[INFO] [stdout]     |                                                                ++++
[INFO] [stdout] 
[INFO] [stdout] 
[INFO] [stderr]     Finished `release` profile [optimized] target(s) in 39.53s
[INFO] running `Command { std: "docker" "inspect" "31f326c5607389dfec221f3db9ae15fdc216bdb916722b861465d44a750c84a6", kill_on_drop: false }`
[INFO] running `Command { std: "docker" "exec" "-e" "SOURCE_DIR=/opt/rustwide/workdir" "-e" "CARGO_HOME=/opt/rustwide/cargo-home" "-e" "RUSTUP_HOME=/opt/rustwide/rustup-home" "-e" "CARGO_TARGET_DIR=/opt/rustwide/target" "-e" "CARGO_INCREMENTAL=0" "-e" "RUST_BACKTRACE=full" "-e" "RUSTFLAGS=--cap-lints=warn" "-e" "RUSTDOCFLAGS=--cap-lints=warn" "-w" "/opt/rustwide/workdir" "--user" "0:0" "31f326c5607389dfec221f3db9ae15fdc216bdb916722b861465d44a750c84a6" "/opt/rustwide/cargo-home/bin/cargo" "+1.99.0-beta.8" "test" "--frozen" "--no-run" "--message-format=json" "--release", kill_on_drop: false }`
[INFO] [stderr]    Compiling autocfg v1.1.0
[INFO] [stderr]    Compiling crossbeam-utils v0.8.15
[INFO] [stderr]    Compiling memchr v2.5.0
[INFO] [stderr]    Compiling futures-core v0.3.28
[INFO] [stderr]    Compiling futures-task v0.3.28
[INFO] [stderr]    Compiling futures-channel v0.3.28
[INFO] [stderr]    Compiling scopeguard v1.1.0
[INFO] [stderr]    Compiling pin-project-lite v0.2.9
[INFO] [stderr]    Compiling futures-util v0.3.28
[INFO] [stderr]    Compiling futures-sink v0.3.28
[INFO] [stderr]    Compiling futures-io v0.3.28
[INFO] [stderr]    Compiling either v1.8.1
[INFO] [stderr]    Compiling rayon-core v1.11.0
[INFO] [stderr]    Compiling pin-utils v0.1.0
[INFO] [stderr]    Compiling num_cpus v1.15.0
[INFO] [stderr]    Compiling unicode-width v0.1.10
[INFO] [stderr]    Compiling plotters-backend v0.3.4
[INFO] [stderr]    Compiling cast v0.3.0
[INFO] [stderr]    Compiling same-file v1.0.6
[INFO] [stderr]    Compiling textwrap v0.11.0
[INFO] [stderr]    Compiling regex-syntax v0.7.1
[INFO] [stderr]    Compiling bitflags v1.3.2
[INFO] [stderr]    Compiling half v1.8.2
[INFO] [stderr]    Compiling walkdir v2.3.3
[INFO] [stderr]    Compiling tinytemplate v1.2.1
[INFO] [stderr]    Compiling tokio-macros v2.1.0
[INFO] [stderr]    Compiling itertools v0.10.5
[INFO] [stderr]    Compiling clap v2.34.0
[INFO] [stderr]    Compiling memoffset v0.8.0
[INFO] [stderr]    Compiling slab v0.4.8
[INFO] [stderr]    Compiling crossbeam-epoch v0.9.14
[INFO] [stderr]    Compiling num-traits v0.2.15
[INFO] [stderr]    Compiling plotters-svg v0.3.3
[INFO] [stderr]    Compiling tokio v1.28.0
[INFO] [stderr]    Compiling serde_cbor v0.11.2
[INFO] [stderr]    Compiling atty v0.2.14
[INFO] [stderr]    Compiling oorandom v11.1.3
[INFO] [stderr]    Compiling lazy_static v1.4.0
[INFO] [stderr]    Compiling csv-core v0.1.10
[INFO] [stdout] warning: using `.clone()` on a double reference, which returns `&str` instead of cloning the inner type
[INFO] [stdout]    --> src/jwe/encrypt.rs:115:37
[INFO] [stdout]     |
[INFO] [stdout] 115 |             encrypted_keys.push((kid.clone(), encrypted_key));
[INFO] [stdout]     |                                     ^^^^^^^^
[INFO] [stdout]     |
[INFO] [stdout]     = note: `#[warn(suspicious_double_ref_op)]` on by default
[INFO] [stdout] 
[INFO] [stdout] 
[INFO] [stdout] warning: hiding a lifetime that's elided elsewhere is confusing
[INFO] [stdout]   --> src/jwe/parse.rs:22:31
[INFO] [stdout]    |
[INFO] [stdout] 22 |     pub(crate) fn from_str(s: &str) -> Result<JWE> {
[INFO] [stdout]    |                               ^^^^            ^^^ the same lifetime is hidden here
[INFO] [stdout]    |                               |
[INFO] [stdout]    |                               the lifetime is elided here
[INFO] [stdout]    |
[INFO] [stdout]    = help: the same lifetime is referred to in inconsistent ways, making the signature confusing
[INFO] [stdout]    = note: `#[warn(mismatched_lifetime_syntaxes)]` on by default
[INFO] [stdout] help: use `'_` for type paths
[INFO] [stdout]    |
[INFO] [stdout] 22 |     pub(crate) fn from_str(s: &str) -> Result<JWE<'_>> {
[INFO] [stdout]    |                                                  ++++
[INFO] [stdout] 
[INFO] [stdout] 
[INFO] [stdout] warning: hiding a lifetime that's elided elsewhere is confusing
[INFO] [stdout]   --> src/jws/parse.rs:18:31
[INFO] [stdout]    |
[INFO] [stdout] 18 |     pub(crate) fn from_str(s: &str) -> Result<JWS> {
[INFO] [stdout]    |                               ^^^^            ^^^ the same lifetime is hidden here
[INFO] [stdout]    |                               |
[INFO] [stdout]    |                               the lifetime is elided here
[INFO] [stdout]    |
[INFO] [stdout]    = help: the same lifetime is referred to in inconsistent ways, making the signature confusing
[INFO] [stdout] help: use `'_` for type paths
[INFO] [stdout]    |
[INFO] [stdout] 18 |     pub(crate) fn from_str(s: &str) -> Result<JWS<'_>> {
[INFO] [stdout]    |                                                  ++++
[INFO] [stdout] 
[INFO] [stdout] 
[INFO] [stdout] warning: hiding a lifetime that's elided elsewhere is confusing
[INFO] [stdout]    --> src/protocols/routing/mod.rs:175:31
[INFO] [stdout]     |
[INFO] [stdout] 175 | pub fn try_parse_forward(msg: &Message) -> Option<ParsedForward> {
[INFO] [stdout]     |                               ^^^^^^^^            ^^^^^^^^^^^^^ the same lifetime is hidden here
[INFO] [stdout]     |                               |
[INFO] [stdout]     |                               the lifetime is elided here
[INFO] [stdout]     |
[INFO] [stdout]     = help: the same lifetime is referred to in inconsistent ways, making the signature confusing
[INFO] [stdout] help: use `'_` for type paths
[INFO] [stdout]     |
[INFO] [stdout] 175 | pub fn try_parse_forward(msg: &Message) -> Option<ParsedForward<'_>> {
[INFO] [stdout]     |                                                                ++++
[INFO] [stdout] 
[INFO] [stdout] 
[INFO] [stderr]    Compiling crossbeam-channel v0.5.8
[INFO] [stderr]    Compiling csv v1.2.1
[INFO] [stderr]    Compiling crossbeam-deque v0.8.3
[INFO] [stderr]    Compiling plotters v0.3.4
[INFO] [stderr]    Compiling criterion-plot v0.4.5
[INFO] [stderr]    Compiling regex v1.8.1
[INFO] [stderr]    Compiling rayon v1.7.0
[INFO] [stderr]    Compiling futures-executor v0.3.28
[INFO] [stderr]    Compiling futures v0.3.28
[INFO] [stderr]    Compiling criterion v0.3.6
[INFO] [stderr]    Compiling didcomm v0.4.1 (/opt/rustwide/workdir)
[INFO] [stdout] warning: using `.clone()` on a double reference, which returns `&str` instead of cloning the inner type
[INFO] [stdout]    --> src/jwe/encrypt.rs:115:37
[INFO] [stdout]     |
[INFO] [stdout] 115 |             encrypted_keys.push((kid.clone(), encrypted_key));
[INFO] [stdout]     |                                     ^^^^^^^^
[INFO] [stdout]     |
[INFO] [stdout]     = note: `#[warn(suspicious_double_ref_op)]` on by default
[INFO] [stdout] 
[INFO] [stdout] 
[INFO] [stdout] warning: hiding a lifetime that's elided elsewhere is confusing
[INFO] [stdout]   --> src/jwe/parse.rs:22:31
[INFO] [stdout]    |
[INFO] [stdout] 22 |     pub(crate) fn from_str(s: &str) -> Result<JWE> {
[INFO] [stdout]    |                               ^^^^            ^^^ the same lifetime is hidden here
[INFO] [stdout]    |                               |
[INFO] [stdout]    |                               the lifetime is elided here
[INFO] [stdout]    |
[INFO] [stdout]    = help: the same lifetime is referred to in inconsistent ways, making the signature confusing
[INFO] [stdout]    = note: `#[warn(mismatched_lifetime_syntaxes)]` on by default
[INFO] [stdout] help: use `'_` for type paths
[INFO] [stdout]    |
[INFO] [stdout] 22 |     pub(crate) fn from_str(s: &str) -> Result<JWE<'_>> {
[INFO] [stdout]    |                                                  ++++
[INFO] [stdout] 
[INFO] [stdout] 
[INFO] [stdout] warning: hiding a lifetime that's elided elsewhere is confusing
[INFO] [stdout]   --> src/jws/parse.rs:18:31
[INFO] [stdout]    |
[INFO] [stdout] 18 |     pub(crate) fn from_str(s: &str) -> Result<JWS> {
[INFO] [stdout]    |                               ^^^^            ^^^ the same lifetime is hidden here
[INFO] [stdout]    |                               |
[INFO] [stdout]    |                               the lifetime is elided here
[INFO] [stdout]    |
[INFO] [stdout]    = help: the same lifetime is referred to in inconsistent ways, making the signature confusing
[INFO] [stdout] help: use `'_` for type paths
[INFO] [stdout]    |
[INFO] [stdout] 18 |     pub(crate) fn from_str(s: &str) -> Result<JWS<'_>> {
[INFO] [stdout]    |                                                  ++++
[INFO] [stdout] 
[INFO] [stdout] 
[INFO] [stdout] warning: hiding a lifetime that's elided elsewhere is confusing
[INFO] [stdout]    --> src/protocols/routing/mod.rs:175:31
[INFO] [stdout]     |
[INFO] [stdout] 175 | pub fn try_parse_forward(msg: &Message) -> Option<ParsedForward> {
[INFO] [stdout]     |                               ^^^^^^^^            ^^^^^^^^^^^^^ the same lifetime is hidden here
[INFO] [stdout]     |                               |
[INFO] [stdout]     |                               the lifetime is elided here
[INFO] [stdout]     |
[INFO] [stdout]     = help: the same lifetime is referred to in inconsistent ways, making the signature confusing
[INFO] [stdout] help: use `'_` for type paths
[INFO] [stdout]     |
[INFO] [stdout] 175 | pub fn try_parse_forward(msg: &Message) -> Option<ParsedForward<'_>> {
[INFO] [stdout]     |                                                                ++++
[INFO] [stdout] 
[INFO] [stdout] 
[INFO] [stderr]     Finished `release` profile [optimized] target(s) in 1m 53s
[INFO] running `Command { std: "docker" "inspect" "31f326c5607389dfec221f3db9ae15fdc216bdb916722b861465d44a750c84a6", kill_on_drop: false }`
[INFO] running `Command { std: "docker" "exec" "-e" "SOURCE_DIR=/opt/rustwide/workdir" "-e" "CARGO_HOME=/opt/rustwide/cargo-home" "-e" "RUSTUP_HOME=/opt/rustwide/rustup-home" "-e" "CARGO_TARGET_DIR=/opt/rustwide/target" "-e" "CARGO_INCREMENTAL=0" "-e" "RUST_BACKTRACE=full" "-e" "RUSTFLAGS=--cap-lints=warn" "-e" "RUSTDOCFLAGS=--cap-lints=warn" "-w" "/opt/rustwide/workdir" "--user" "0:0" "31f326c5607389dfec221f3db9ae15fdc216bdb916722b861465d44a750c84a6" "/opt/rustwide/cargo-home/bin/cargo" "+1.99.0-beta.8" "test" "--frozen" "--release", kill_on_drop: false }`
[INFO] [stderr] warning: using `.clone()` on a double reference, which returns `&str` instead of cloning the inner type
[INFO] [stderr]    --> src/jwe/encrypt.rs:115:37
[INFO] [stderr]     |
[INFO] [stderr] 115 |             encrypted_keys.push((kid.clone(), encrypted_key));
[INFO] [stderr]     |                                     ^^^^^^^^
[INFO] [stderr]     |
[INFO] [stderr]     = note: `#[warn(suspicious_double_ref_op)]` on by default
[INFO] [stderr] 
[INFO] [stderr] warning: hiding a lifetime that's elided elsewhere is confusing
[INFO] [stderr]   --> src/jwe/parse.rs:22:31
[INFO] [stderr]    |
[INFO] [stderr] 22 |     pub(crate) fn from_str(s: &str) -> Result<JWE> {
[INFO] [stderr]    |                               ^^^^            ^^^ the same lifetime is hidden here
[INFO] [stderr]    |                               |
[INFO] [stderr]    |                               the lifetime is elided here
[INFO] [stderr]    |
[INFO] [stderr]    = help: the same lifetime is referred to in inconsistent ways, making the signature confusing
[INFO] [stderr]    = note: `#[warn(mismatched_lifetime_syntaxes)]` on by default
[INFO] [stderr] help: use `'_` for type paths
[INFO] [stderr]    |
[INFO] [stderr] 22 |     pub(crate) fn from_str(s: &str) -> Result<JWE<'_>> {
[INFO] [stderr]    |                                                  ++++
[INFO] [stderr] 
[INFO] [stderr] warning: hiding a lifetime that's elided elsewhere is confusing
[INFO] [stderr]   --> src/jws/parse.rs:18:31
[INFO] [stderr]    |
[INFO] [stderr] 18 |     pub(crate) fn from_str(s: &str) -> Result<JWS> {
[INFO] [stderr]    |                               ^^^^            ^^^ the same lifetime is hidden here
[INFO] [stderr]    |                               |
[INFO] [stderr]    |                               the lifetime is elided here
[INFO] [stderr]    |
[INFO] [stderr]    = help: the same lifetime is referred to in inconsistent ways, making the signature confusing
[INFO] [stderr] help: use `'_` for type paths
[INFO] [stderr]    |
[INFO] [stderr] 18 |     pub(crate) fn from_str(s: &str) -> Result<JWS<'_>> {
[INFO] [stderr]    |                                                  ++++
[INFO] [stderr] 
[INFO] [stderr] warning: hiding a lifetime that's elided elsewhere is confusing
[INFO] [stderr]    --> src/protocols/routing/mod.rs:175:31
[INFO] [stderr]     |
[INFO] [stderr] 175 | pub fn try_parse_forward(msg: &Message) -> Option<ParsedForward> {
[INFO] [stderr]     |                               ^^^^^^^^            ^^^^^^^^^^^^^ the same lifetime is hidden here
[INFO] [stderr]     |                               |
[INFO] [stderr]     |                               the lifetime is elided here
[INFO] [stderr]     |
[INFO] [stderr]     = help: the same lifetime is referred to in inconsistent ways, making the signature confusing
[INFO] [stderr] help: use `'_` for type paths
[INFO] [stderr]     |
[INFO] [stderr] 175 | pub fn try_parse_forward(msg: &Message) -> Option<ParsedForward<'_>> {
[INFO] [stderr]     |                                                                ++++
[INFO] [stderr] 
[INFO] [stderr] warning: `didcomm` (lib) generated 4 warnings (run `cargo fix --lib -p didcomm` to apply 3 suggestions)
[INFO] [stderr] warning: `didcomm` (lib test) generated 4 warnings (4 duplicates)
[INFO] [stderr]     Finished `release` profile [optimized] target(s) in 0.24s
[INFO] [stderr]      Running unittests src/lib.rs (/opt/rustwide/target/release/deps/didcomm-1574944b513d05fe)
[INFO] [stdout] 
[INFO] [stdout] running 166 tests
[INFO] [stdout] test jwe::decrypt::tests::decrypt_works_epk_different_curve ... ignored, https://github.com/hyperledger/aries-askar/issues/28
[INFO] [stdout] test did::did_doc::tests::parsing_minimal_didcomm_messaging_service_works ... ok
[INFO] [stdout] test jwe::decrypt::tests::decrypt_works_anoncrypt_skid_present ... ok
[INFO] [stdout] test jwe::encrypt::tests::encrypt_works_no_sender ... ok
[INFO] [stdout] test jwe::decrypt::tests::decrypt_works_undecodable_encrypted_key ... ok
[INFO] [stdout] test jwe::decrypt::tests::decrypt_works_undecodable_iv ... ok
[INFO] [stdout] test jwe::decrypt::tests::decrypt_works_recipient_not_found ... ok
[INFO] [stdout] test jwe::envelope::tests::algorithm_deserialize_works ... ok
[INFO] [stdout] test jwe::decrypt::tests::decrypt_works_authcrypt_no_skid ... ok
[INFO] [stdout] test jwe::envelope::tests::algorithm_serialize_works ... ok
[INFO] [stdout] test jwe::envelope::tests::enc_algorithm_deserialize_works ... ok
[INFO] [stdout] test jwe::decrypt::tests::decrypt_works_epk_wrong_point ... ok
[INFO] [stdout] test jwe::decrypt::tests::decrypt_works_authcrypt_different_skid ... ok
[INFO] [stdout] test jwe::envelope::tests::enc_algorithm_serialize_works ... ok
[INFO] [stdout] test jwe::decrypt::tests::decrypt_works_undecodable_tag ... ok
[INFO] [stdout] test jwe::parse::tests::parse_works_anoncrypt ... ok
[INFO] [stdout] test jwe::parse::tests::parse_works_misstructured ... ok
[INFO] [stdout] test jwe::parse::tests::parse_works_udecodable_protected ... ok
[INFO] [stdout] test jwe::parse::tests::parse_works_anoncrypt_unknown_fields ... ok
[INFO] [stdout] test jwe::parse::tests::parse_works_authcrypt ... ok
[INFO] [stdout] test jwe::parse::tests::parse_works_authcrypt_unknown_fields ... ok
[INFO] [stdout] test jwe::decrypt::tests::decrypt_works_changed_second_enc_key ... ok
[INFO] [stdout] test jwe::parse::tests::parse_works_anoncrypt_protected_unknown_fields ... ok
[INFO] [stdout] test jwe::parse::tests::parse_works_authcrypt_protected_unknown_fields ... ok
[INFO] [stdout] test jwe::decrypt::tests::decrypt_works ... ok
[INFO] [stdout] test jwe::parse::tests::verify_didcomm_works_apv_mismatch ... ok
[INFO] [stdout] test jwe::parse::tests::parse_works_undecodable_apu ... ok
[INFO] [stdout] test jwe::parse::tests::verify_didcomm_works_anoncrypt ... ok
[INFO] [stdout] test jwe::parse::tests::parse_works_unparsable ... ok
[INFO] [stdout] test jwk::tests::from_to_jwk_value_works ... ok
[INFO] [stdout] test jws::envelope::tests::algorithm_deserialize_works ... ok
[INFO] [stdout] test jws::envelope::tests::algorithm_serialize_works ... ok
[INFO] [stdout] test jwe::decrypt::tests::decrypt_works_changed_enc_key ... ok
[INFO] [stdout] test jws::parse::tests::parse_compact_works_too_few_segments ... ok
[INFO] [stdout] test jws::parse::tests::parse_compact_works ... ok
[INFO] [stdout] test jws::parse::tests::parse_compact_works_too_many_segments ... ok
[INFO] [stdout] test jws::parse::tests::parse_compact_works_undecodable_header ... ok
[INFO] [stdout] test jws::parse::tests::parse_compact_works_unparsable_header ... ok
[INFO] [stdout] test jws::parse::tests::parse_works_misstructured ... ok
[INFO] [stdout] test jws::parse::tests::parse_works_multiple_signatures ... ok
[INFO] [stdout] test jws::parse::tests::parse_works ... ok
[INFO] [stdout] test jws::parse::tests::parse_works_protected_unknown_fields ... ok
[INFO] [stdout] test jwe::decrypt::tests::decrypt_works_undecodable_ciphertext ... ok
[INFO] [stdout] test jwe::parse::tests::parse_works_uparsable_protected ... ok
[INFO] [stdout] test jws::parse::tests::parse_works_undecodable_protected ... ok
[INFO] [stdout] test jws::parse::tests::parse_compact_works_header_unknown_fields ... ok
[INFO] [stdout] test jws::parse::tests::parse_compact_works_misstructured_header ... ok
[INFO] [stdout] test jwe::parse::tests::verify_didcomm_works_apu_mismatch ... ok
[INFO] [stdout] test jwe::decrypt::tests::decrypt_works_changed_ciphertext ... ok
[INFO] [stdout] test jwe::parse::tests::parse_works_misstructured_protected ... ok
[INFO] [stdout] test jwe::parse::tests::verify_did_comm_works_authcrypt ... ok
[INFO] [stdout] test jwe::parse::tests::verify_didcomm_works_no_apu_skid_present ... ok
[INFO] [stdout] test jwe::parse::tests::verify_didcomm_works_non_utf8_apu ... ok
[INFO] [stdout] test jws::parse::tests::parse_works_misstructured_protected ... ok
[INFO] [stdout] test jws::parse::tests::parse_works_unparsable ... ok
[INFO] [stdout] test jws::parse::tests::parse_works_unparsable_protected ... ok
[INFO] [stdout] test jws::verify::tests::verify_compact_works_different_curve ... ok
[INFO] [stdout] test jws::sign::tests::sign_works_incompatible_alg ... ok
[INFO] [stdout] test jws::verify::tests::verify_compact_works_undecodable_sig ... ok
[INFO] [stdout] test jws::verify::tests::verify_works_different_curve ... FAILED
[INFO] [stdout] test jws::verify::tests::verify_works_different_key ... FAILED
[INFO] [stdout] test jws::verify::tests::verify_works_changed_payload ... FAILED
[INFO] [stdout] test jws::verify::tests::verify_compact_works_different_key ... ok
[INFO] [stdout] test jws::verify::tests::verify_works_kid_not_found ... FAILED
[INFO] [stdout] test jws::verify::tests::verify_works ... FAILED
[INFO] [stdout] test message::attachment::tests::attachment_json_works ... ok
[INFO] [stdout] test jws::verify::tests::verify_works_multiple_signatures ... FAILED
[INFO] [stdout] test message::attachment::tests::attachment_links_works ... ok
[INFO] [stdout] test message::attachment::tests::attachment_base64_works ... ok
[INFO] [stdout] test jws::sign::tests::sign_compact_works ... FAILED
[INFO] [stdout] test message::from_prior::pack::tests::from_prior_pack_works_invalid ... ok
[INFO] [stdout] test message::from_prior::unpack::tests::from_prior_unpack_works ... ok
[INFO] [stdout] test message::from_prior::unpack::tests::from_prior_unpack_works_invalid ... ok
[INFO] [stdout] test message::message::tests::message_build_works ... ok
[INFO] [stdout] test jws::sign::tests::sign_compact_works_unknown_alg ... ok
[INFO] [stdout] test message::from_prior::unpack::tests::from_prior_unpack_works_invalid_signature ... ok
[INFO] [stdout] test jws::sign::tests::sign_compact_works_incompatible_alg ... ok
[INFO] [stdout] test message::from_prior::pack::tests::from_prior_pack_works_with_issuer_kid ... ok
[INFO] [stdout] test message::from_prior::pack::tests::from_prior_pack_works_without_issuer_kid ... ok
[INFO] [stdout] test message::from_prior::pack::tests::from_prior_pack_works_wrong_issuer_kid ... ok
[INFO] [stdout] test jws::parse::tests::parse_works_unknown_fields ... ok
[INFO] [stdout] test message::pack_encrypted::tests::pack_encrypted_works_from_did_from_msg_did_url ... ok
[INFO] [stdout] test jws::sign::tests::sign_works_unknown_alg ... ok
[INFO] [stdout] test jwe::encrypt::tests::encrypt_works ... ok
[INFO] [stdout] test jws::sign::tests::sign_works ... FAILED
[INFO] [stdout] test message::pack_encrypted::tests::pack_encrypted_works_from_did_url_from_msg_did_positive ... ok
[INFO] [stdout] test jws::verify::tests::verify_compact_works_changed_payload ... ok
[INFO] [stdout] test jws::tests::demo_works ... ok
[INFO] [stdout] test message::pack_encrypted::tests::pack_encrypted_works_from_not_did_or_did_url ... ok
[INFO] [stdout] test message::pack_encrypted::tests::pack_encrypted_works_from_differs_msg_from ... ok
[INFO] [stdout] test message::pack_encrypted::tests::pack_encrypted_works_from_not_in_secrets ... ok
[INFO] [stdout] test message::pack_encrypted::tests::pack_encrypted_works_from_unknown_did ... ok
[INFO] [stdout] test jwe::decrypt::tests::decrypt_works_different_recipient_key ... ok
[INFO] [stdout] test jws::verify::tests::verify_works_undecodable_sig ... FAILED
[INFO] [stdout] test message::pack_encrypted::tests::pack_encrypted_works_from_unknown_did_url ... ok
[INFO] [stdout] test message::pack_encrypted::tests::pack_encrypted_works_sign_by_not_in_secrets ... ok
[INFO] [stdout] test message::pack_encrypted::tests::pack_encrypted_works_sign_by_differs_msg_from_positive ... ok
[INFO] [stdout] test message::pack_encrypted::tests::pack_encrypted_works_sign_by_unknown_did_url ... ok
[INFO] [stdout] test message::pack_encrypted::tests::pack_encrypted_works_from_not_did_or_did_url_in_msg ... ok
[INFO] [stdout] test message::pack_encrypted::tests::pack_encrypted_works_from_prior ... ok
[INFO] [stdout] test message::pack_encrypted::tests::pack_encrypted_works_to_differs_msg_to ... ok
[INFO] [stdout] test jws::verify::tests::verify_compact_works ... ok
[INFO] [stdout] test message::pack_encrypted::tests::pack_encrypted_works_to_did_url_to_msg_did_positive ... ok
[INFO] [stdout] test message::pack_encrypted::tests::pack_encrypted_works_to_not_did_or_did_url ... ok
[INFO] [stdout] test message::pack_encrypted::tests::pack_encrypted_works_to_unknown_did ... ok
[INFO] [stdout] test message::pack_encrypted::tests::pack_encrypted_works_to_not_in_secrets_positive ... ok
[INFO] [stdout] test message::pack_encrypted::tests::pack_encrypted_works_anoncrypt ... ok
[INFO] [stdout] test message::pack_encrypted::tests::pack_encrypted_works_to_did_to_msg_did_url ... ok
[INFO] [stdout] test message::pack_plaintext::tests::pack_plaintext_works ... ok
[INFO] [stdout] test message::pack_encrypted::tests::pack_encrypted_works_to_presented_in_msg_to ... ok
[INFO] [stdout] test message::pack_encrypted::tests::pack_encrypted_works_to_unknown_did_url ... ok
[INFO] [stdout] test message::pack_encrypted::tests::pack_encrypted_works_to_not_did_or_did_url_in_msg ... ok
[INFO] [stdout] test message::pack_encrypted::tests::pack_encrypted_works_sign_by_not_did_or_did_url ... ok
[INFO] [stdout] test message::pack_encrypted::tests::pack_encrypted_works_to_from_different_curves ... ok
[INFO] [stdout] test message::pack_signed::tests::pack_signed_works_signer_is_not_did_our_did_url ... ok
[INFO] [stdout] test message::pack_signed::tests::pack_signed_works_signer_did_not_found ... ok
[INFO] [stdout] test message::pack_plaintext::tests::pack_plaintext_works_mismatched_from_prior_sub_and_message_from ... ok
[INFO] [stdout] test message::pack_signed::tests::pack_signed_works_signer_did_url_not_found ... ok
[INFO] [stdout] test message::pack_signed::tests::pack_signed_works_from_prior ... ok
[INFO] [stdout] test message::pack_plaintext::tests::pack_plaintext_works_from_prior ... ok
[INFO] [stdout] test message::pack_signed::tests::pack_signed_works_signer_secrets_not_found ... ok
[INFO] [stdout] test message::pack_signed::tests::pack_signed_works_unable_instantiate_sign_key ... ok
[INFO] [stdout] test message::unpack::test::unpack_plaintext_works_invalid_from_prior_signature ... ok
[INFO] [stdout] test message::pack_encrypted::tests::pack_encrypted_works_anoncrypt_sign ... ok
[INFO] [stdout] test message::unpack::test::unpack_plaintext_works_from_prior ... ok
[INFO] [stdout] test message::unpack::test::unpack_plaintext_works_invalid_from_prior ... ok
[INFO] [stdout] test message::pack_signed::tests::pack_signed_works_signer_did_resolving_err ... ok
[INFO] [stdout] test message::unpack::test::unpack_works_anoncrypt ... ok
[INFO] [stdout] test message::pack_signed::tests::pack_signed_works ... ok
[INFO] [stdout] test message::unpack::test::unpack_works_invalid_epk_point ... ok
[INFO] [stdout] test message::pack_encrypted::tests::pack_encrypted_works_authcrypt_sign ... ok
[INFO] [stdout] test message::unpack::test::unpack_works_authcrypt ... ok
[INFO] [stdout] test message::unpack::test::unpack_works_malformed_authcrypt_msg ... ok
[INFO] [stdout] test message::unpack::test::unpack_works_malformed_anoncrypt_msg ... ok
[INFO] [stdout] test message::unpack::test::unpack_works_malformed_plaintext_msg ... ok
[INFO] [stdout] test message::unpack::test::unpack_works_signed ... ok
[INFO] [stdout] test message::unpack::test::unpack_works_plaintext_2way ... ok
[INFO] [stdout] test message::unpack::test::unpack_works_plaintext ... ok
[INFO] [stdout] test message::unpack::test::unpack_works_signed_2way ... ok
[INFO] [stdout] test message::unpack::test::unpack_works_malformed_signed_msg ... ok
[INFO] [stdout] test message::pack_encrypted::tests::pack_encrypted_works_single_mediator ... ok
[INFO] [stdout] test tests::demo_works ... ignored, will be fixed after https://github.com/sicpa-dlab/didcomm-gemini/issues/71
[INFO] [stdout] test utils::did::tests::deserialization_for_base58_key_representation_works ... ok
[INFO] [stdout] test utils::did::tests::secret_as_key_pair_ed25519_2018_base58_works ... ok
[INFO] [stdout] test message::unpack::test::pack_encrypted_works_anoncrypted_signed ... ok
[INFO] [stdout] test utils::did::tests::secret_as_key_pair_ed25519_2020_multibase_works ... ok
[INFO] [stdout] test utils::did::tests::secret_as_key_pair_x25519_2019_base58_works ... ok
[INFO] [stdout] test utils::did::tests::secret_as_key_pair_x25519_2020_multibase_works ... ok
[INFO] [stdout] test utils::did::tests::verification_method_as_key_pair_ed25519_2018_base58_works ... ok
[INFO] [stdout] test utils::did::tests::verification_method_as_key_pair_x25519_2019_base58_works ... ok
[INFO] [stdout] test utils::did::tests::verification_method_as_key_pair_x25519_2020_multibase_works ... ok
[INFO] [stdout] test message::unpack::test::unpack_works_authcrypted_2way ... ok
[INFO] [stdout] test utils::did::tests::did_or_url_works ... ok
[INFO] [stdout] test utils::did::tests::is_did_works ... ok
[INFO] [stdout] test message::unpack::test::unpack_works_authcrypted_protected_sender_signed_2way ... ok
[INFO] [stdout] test utils::did::tests::verification_method_as_key_pair_ed25519_2020_multibase_works ... ok
[INFO] [stdout] test message::unpack::test::unpack_works_authcrypted_signed_2way ... ok
[INFO] [stdout] test message::pack_encrypted::tests::pack_encrypted_works_authcrypt_protected_sender_signed ... ok
[INFO] [stdout] test message::pack_encrypted::tests::pack_encrypted_works_multiple_mediators_alternative_endpoints ... ok
[INFO] [stdout] test message::pack_encrypted::tests::wrap_in_forward_works_mediator_unknown_to_sender ... ok
[INFO] [stdout] test message::unpack::test::unpack_works_anoncrypted_2way ... ok
[INFO] [stdout] test message::unpack::test::unpack_works_unwrap_re_wrapping_forward_off ... ok
[INFO] [stdout] test message::unpack::test::unpack_works_unwrap_re_wrapping_forward_on ... ok
[INFO] [stdout] test message::pack_encrypted::tests::pack_encrypted_works_authcrypt ... ok
[INFO] [stdout] test message::unpack::test::unpack_works_authcrypted_protected_sender_2way ... ok
[INFO] [stdout] test message::pack_encrypted::tests::pack_encrypted_works_authcrypt_protected_sender ... ok
[INFO] [stderr] error: test failed, to rerun pass `--lib`
[INFO] [stdout] 
[INFO] [stdout] failures:
[INFO] [stdout] 
[INFO] [stdout] ---- jws::verify::tests::verify_works_different_curve stdout ----
[INFO] [stdout] 
[INFO] [stdout] thread 'jws::verify::tests::verify_works_different_curve' (3041) panicked at src/jws/verify.rs:330:38:
[INFO] [stdout] unable from_jwk.: Error { kind: InvalidKeyData, cause: None, message: Some("Unsupported key algorithm") }
[INFO] [stdout] stack backtrace:
[INFO] [stdout]    0:     0x5c9b5a3c29a1 - <<std[70759c8f55707aa4]::sys::backtrace::BacktraceLock>::print::DisplayBacktrace as core[df12db4294e9bfd3]::fmt::Display>::fmt
[INFO] [stdout]    1:     0x5c9b5a3d7dea - core[df12db4294e9bfd3]::fmt::write
[INFO] [stdout]    2:     0x5c9b5a3c6eec - <alloc[2182bb758b4b3781]::vec::Vec<u8> as core[df12db4294e9bfd3]::io::write::Write>::write_fmt
[INFO] [stdout]    3:     0x5c9b5a39ed46 - std[70759c8f55707aa4]::panicking::default_hook::{closure#0}
[INFO] [stdout]    4:     0x5c9b5a3bb109 - std[70759c8f55707aa4]::panicking::default_hook
[INFO] [stdout]    5:     0x5c9b5a3046e0 - test[9d35eded1c95d3be]::test_main_inner::<test[9d35eded1c95d3be]::test_main_static::{closure#0}>::{closure#0}
[INFO] [stdout]    6:     0x5c9b5a3bb2c2 - std[70759c8f55707aa4]::panicking::panic_with_hook
[INFO] [stdout]    7:     0x5c9b5a39edf2 - std[70759c8f55707aa4]::panicking::panic_handler::{closure#0}
[INFO] [stdout]    8:     0x5c9b5a397b49 - std[70759c8f55707aa4]::sys::backtrace::__rust_end_short_backtrace::<std[70759c8f55707aa4]::panicking::panic_handler::{closure#0}, !>
[INFO] [stdout]    9:     0x5c9b5a39f9ed - __rustc[8fa7c3cbc660c2b3]::rust_begin_unwind
[INFO] [stdout]   10:     0x5c9b5a3d851c - core[df12db4294e9bfd3]::panicking::panic_fmt
[INFO] [stdout]   11:     0x5c9b5a3d82f2 - core[df12db4294e9bfd3]::result::unwrap_failed
[INFO] [stdout]   12:     0x5c9b5a2ba8b5 - didcomm[4806314fc0c5413b]::jws::verify::tests::_verify::<askar_crypto[d8b24c87ea9eb0c0]::alg::k256::K256KeyPair>
[INFO] [stdout]   13:     0x5c9b5a2c6308 - didcomm[4806314fc0c5413b]::jws::verify::tests::verify_works_different_curve::_verify_works_different_curve::<askar_crypto[d8b24c87ea9eb0c0]::alg::k256::K256KeyPair>
[INFO] [stdout]   14:     0x5c9b5a231784 - <didcomm[4806314fc0c5413b]::jws::verify::tests::verify_works_different_curve::{closure#0} as core[df12db4294e9bfd3]::ops::function::FnOnce<()>>::call_once
[INFO] [stdout]   15:     0x5c9b5a2f79cb - test[9d35eded1c95d3be]::__rust_begin_short_backtrace::<core[df12db4294e9bfd3]::result::Result<(), alloc[2182bb758b4b3781]::string::String>, fn() -> core[df12db4294e9bfd3]::result::Result<(), alloc[2182bb758b4b3781]::string::String>>
[INFO] [stdout]   16:     0x5c9b5a305035 - test[9d35eded1c95d3be]::run_test::{closure#0}
[INFO] [stdout]   17:     0x5c9b5a2fe8f4 - std[70759c8f55707aa4]::sys::backtrace::__rust_begin_short_backtrace::<test[9d35eded1c95d3be]::run_test::{closure#1}, ()>
[INFO] [stdout]   18:     0x5c9b5a308192 - <std[70759c8f55707aa4]::thread::lifecycle::spawn_unchecked<test[9d35eded1c95d3be]::run_test::{closure#1}, ()>::{closure#1} as core[df12db4294e9bfd3]::ops::function::FnOnce<()>>::call_once::{shim:vtable#0}
[INFO] [stdout]   19:     0x5c9b5a3c2279 - <std[70759c8f55707aa4]::sys::thread::unix::Thread>::new::thread_start
[INFO] [stdout]   20:     0x745acd7c0dfa - <unknown>
[INFO] [stdout]   21:     0x745acd8543d4 - clone
[INFO] [stdout]   22:                0x0 - <unknown>
[INFO] [stdout] 
[INFO] [stdout] ---- jws::verify::tests::verify_works_different_key stdout ----
[INFO] [stdout] 
[INFO] [stdout] thread 'jws::verify::tests::verify_works_different_key' (3042) panicked at src/jws/verify.rs:330:38:
[INFO] [stdout] unable from_jwk.: Error { kind: InvalidKeyData, cause: None, message: Some("Unsupported key algorithm") }
[INFO] [stdout] stack backtrace:
[INFO] [stdout]    0:     0x5c9b5a3c29a1 - <<std[70759c8f55707aa4]::sys::backtrace::BacktraceLock>::print::DisplayBacktrace as core[df12db4294e9bfd3]::fmt::Display>::fmt
[INFO] [stdout]    1:     0x5c9b5a3d7dea - core[df12db4294e9bfd3]::fmt::write
[INFO] [stdout]    2:     0x5c9b5a3c6eec - <alloc[2182bb758b4b3781]::vec::Vec<u8> as core[df12db4294e9bfd3]::io::write::Write>::write_fmt
[INFO] [stdout]    3:     0x5c9b5a39ed46 - std[70759c8f55707aa4]::panicking::default_hook::{closure#0}
[INFO] [stdout]    4:     0x5c9b5a3bb109 - std[70759c8f55707aa4]::panicking::default_hook
[INFO] [stdout]    5:     0x5c9b5a3046e0 - test[9d35eded1c95d3be]::test_main_inner::<test[9d35eded1c95d3be]::test_main_static::{closure#0}>::{closure#0}
[INFO] [stdout]    6:     0x5c9b5a3bb2c2 - std[70759c8f55707aa4]::panicking::panic_with_hook
[INFO] [stdout]    7:     0x5c9b5a39edf2 - std[70759c8f55707aa4]::panicking::panic_handler::{closure#0}
[INFO] [stdout]    8:     0x5c9b5a397b49 - std[70759c8f55707aa4]::sys::backtrace::__rust_end_short_backtrace::<std[70759c8f55707aa4]::panicking::panic_handler::{closure#0}, !>
[INFO] [stdout]    9:     0x5c9b5a39f9ed - __rustc[8fa7c3cbc660c2b3]::rust_begin_unwind
[INFO] [stdout]   10:     0x5c9b5a3d851c - core[df12db4294e9bfd3]::panicking::panic_fmt
[INFO] [stdout]   11:     0x5c9b5a3d82f2 - core[df12db4294e9bfd3]::result::unwrap_failed
[INFO] [stdout]   12:     0x5c9b5a2ba8b5 - didcomm[4806314fc0c5413b]::jws::verify::tests::_verify::<askar_crypto[d8b24c87ea9eb0c0]::alg::k256::K256KeyPair>
[INFO] [stdout]   13:     0x5c9b5a2d364e - didcomm[4806314fc0c5413b]::jws::verify::tests::verify_works_different_key
[INFO] [stdout]   14:     0x5c9b5a2316a9 - <didcomm[4806314fc0c5413b]::jws::verify::tests::verify_works_different_key::{closure#0} as core[df12db4294e9bfd3]::ops::function::FnOnce<()>>::call_once
[INFO] [stdout]   15:     0x5c9b5a2f79cb - test[9d35eded1c95d3be]::__rust_begin_short_backtrace::<core[df12db4294e9bfd3]::result::Result<(), alloc[2182bb758b4b3781]::string::String>, fn() -> core[df12db4294e9bfd3]::result::Result<(), alloc[2182bb758b4b3781]::string::String>>
[INFO] [stdout]   16:     0x5c9b5a305035 - test[9d35eded1c95d3be]::run_test::{closure#0}
[INFO] [stdout]   17:     0x5c9b5a2fe8f4 - std[70759c8f55707aa4]::sys::backtrace::__rust_begin_short_backtrace::<test[9d35eded1c95d3be]::run_test::{closure#1}, ()>
[INFO] [stdout]   18:     0x5c9b5a308192 - <std[70759c8f55707aa4]::thread::lifecycle::spawn_unchecked<test[9d35eded1c95d3be]::run_test::{closure#1}, ()>::{closure#1} as core[df12db4294e9bfd3]::ops::function::FnOnce<()>>::call_once::{shim:vtable#0}
[INFO] [stdout]   19:     0x5c9b5a3c2279 - <std[70759c8f55707aa4]::sys::thread::unix::Thread>::new::thread_start
[INFO] [stdout]   20:     0x745acd7c0dfa - <unknown>
[INFO] [stdout]   21:     0x745acd8543d4 - clone
[INFO] [stdout]   22:                0x0 - <unknown>
[INFO] [stdout] 
[INFO] [stdout] ---- jws::verify::tests::verify_works_changed_payload stdout ----
[INFO] [stdout] 
[INFO] [stdout] thread 'jws::verify::tests::verify_works_changed_payload' (3040) panicked at src/jws/verify.rs:330:38:
[INFO] [stdout] unable from_jwk.: Error { kind: InvalidKeyData, cause: None, message: Some("Unsupported key algorithm") }
[INFO] [stdout] stack backtrace:
[INFO] [stdout]    0:     0x5c9b5a3c29a1 - <<std[70759c8f55707aa4]::sys::backtrace::BacktraceLock>::print::DisplayBacktrace as core[df12db4294e9bfd3]::fmt::Display>::fmt
[INFO] [stdout]    1:     0x5c9b5a3d7dea - core[df12db4294e9bfd3]::fmt::write
[INFO] [stdout]    2:     0x5c9b5a3c6eec - <alloc[2182bb758b4b3781]::vec::Vec<u8> as core[df12db4294e9bfd3]::io::write::Write>::write_fmt
[INFO] [stdout]    3:     0x5c9b5a39ed46 - std[70759c8f55707aa4]::panicking::default_hook::{closure#0}
[INFO] [stdout]    4:     0x5c9b5a3bb109 - std[70759c8f55707aa4]::panicking::default_hook
[INFO] [stdout]    5:     0x5c9b5a3046e0 - test[9d35eded1c95d3be]::test_main_inner::<test[9d35eded1c95d3be]::test_main_static::{closure#0}>::{closure#0}
[INFO] [stdout]    6:     0x5c9b5a3bb2c2 - std[70759c8f55707aa4]::panicking::panic_with_hook
[INFO] [stdout]    7:     0x5c9b5a39edf2 - std[70759c8f55707aa4]::panicking::panic_handler::{closure#0}
[INFO] [stdout]    8:     0x5c9b5a397b49 - std[70759c8f55707aa4]::sys::backtrace::__rust_end_short_backtrace::<std[70759c8f55707aa4]::panicking::panic_handler::{closure#0}, !>
[INFO] [stdout]    9:     0x5c9b5a39f9ed - __rustc[8fa7c3cbc660c2b3]::rust_begin_unwind
[INFO] [stdout]   10:     0x5c9b5a3d851c - core[df12db4294e9bfd3]::panicking::panic_fmt
[INFO] [stdout]   11:     0x5c9b5a3d82f2 - core[df12db4294e9bfd3]::result::unwrap_failed
[INFO] [stdout]   12:     0x5c9b5a2ba8b5 - didcomm[4806314fc0c5413b]::jws::verify::tests::_verify::<askar_crypto[d8b24c87ea9eb0c0]::alg::k256::K256KeyPair>
[INFO] [stdout]   13:     0x5c9b5a2d3c5e - didcomm[4806314fc0c5413b]::jws::verify::tests::verify_works_changed_payload
[INFO] [stdout]   14:     0x5c9b5a2316e9 - <didcomm[4806314fc0c5413b]::jws::verify::tests::verify_works_changed_payload::{closure#0} as core[df12db4294e9bfd3]::ops::function::FnOnce<()>>::call_once
[INFO] [stdout]   15:     0x5c9b5a2f79cb - test[9d35eded1c95d3be]::__rust_begin_short_backtrace::<core[df12db4294e9bfd3]::result::Result<(), alloc[2182bb758b4b3781]::string::String>, fn() -> core[df12db4294e9bfd3]::result::Result<(), alloc[2182bb758b4b3781]::string::String>>
[INFO] [stdout]   16:     0x5c9b5a305035 - test[9d35eded1c95d3be]::run_test::{closure#0}
[INFO] [stdout]   17:     0x5c9b5a2fe8f4 - std[70759c8f55707aa4]::sys::backtrace::__rust_begin_short_backtrace::<test[9d35eded1c95d3be]::run_test::{closure#1}, ()>
[INFO] [stdout]   18:     0x5c9b5a308192 - <std[70759c8f55707aa4]::thread::lifecycle::spawn_unchecked<test[9d35eded1c95d3be]::run_test::{closure#1}, ()>::{closure#1} as core[df12db4294e9bfd3]::ops::function::FnOnce<()>>::call_once::{shim:vtable#0}
[INFO] [stdout]   19:     0x5c9b5a3c2279 - <std[70759c8f55707aa4]::sys::thread::unix::Thread>::new::thread_start
[INFO] [stdout]   20:     0x745acd7c0dfa - <unknown>
[INFO] [stdout]   21:     0x745acd8543d4 - clone
[INFO] [stdout]   22:                0x0 - <unknown>
[INFO] [stdout] 
[INFO] [stdout] ---- jws::verify::tests::verify_works_kid_not_found stdout ----
[INFO] [stdout] 
[INFO] [stdout] thread 'jws::verify::tests::verify_works_kid_not_found' (3043) panicked at src/jws/verify.rs:330:38:
[INFO] [stdout] unable from_jwk.: Error { kind: InvalidKeyData, cause: None, message: Some("Unsupported key algorithm") }
[INFO] [stdout] stack backtrace:
[INFO] [stdout]    0:     0x5c9b5a3c29a1 - <<std[70759c8f55707aa4]::sys::backtrace::BacktraceLock>::print::DisplayBacktrace as core[df12db4294e9bfd3]::fmt::Display>::fmt
[INFO] [stdout]    1:     0x5c9b5a3d7dea - core[df12db4294e9bfd3]::fmt::write
[INFO] [stdout]    2:     0x5c9b5a3c6eec - <alloc[2182bb758b4b3781]::vec::Vec<u8> as core[df12db4294e9bfd3]::io::write::Write>::write_fmt
[INFO] [stdout]    3:     0x5c9b5a39ed46 - std[70759c8f55707aa4]::panicking::default_hook::{closure#0}
[INFO] [stdout]    4:     0x5c9b5a3bb109 - std[70759c8f55707aa4]::panicking::default_hook
[INFO] [stdout]    5:     0x5c9b5a3046e0 - test[9d35eded1c95d3be]::test_main_inner::<test[9d35eded1c95d3be]::test_main_static::{closure#0}>::{closure#0}
[INFO] [stdout]    6:     0x5c9b5a3bb2c2 - std[70759c8f55707aa4]::panicking::panic_with_hook
[INFO] [stdout]    7:     0x5c9b5a39edf2 - std[70759c8f55707aa4]::panicking::panic_handler::{closure#0}
[INFO] [stdout]    8:     0x5c9b5a397b49 - std[70759c8f55707aa4]::sys::backtrace::__rust_end_short_backtrace::<std[70759c8f55707aa4]::panicking::panic_handler::{closure#0}, !>
[INFO] [stdout]    9:     0x5c9b5a39f9ed - __rustc[8fa7c3cbc660c2b3]::rust_begin_unwind
[INFO] [stdout]   10:     0x5c9b5a3d851c - core[df12db4294e9bfd3]::panicking::panic_fmt
[INFO] [stdout]   11:     0x5c9b5a3d82f2 - core[df12db4294e9bfd3]::result::unwrap_failed
[INFO] [stdout]   12:     0x5c9b5a2ba8b5 - didcomm[4806314fc0c5413b]::jws::verify::tests::_verify::<askar_crypto[d8b24c87ea9eb0c0]::alg::k256::K256KeyPair>
[INFO] [stdout]   13:     0x5c9b5a2d3980 - didcomm[4806314fc0c5413b]::jws::verify::tests::verify_works_kid_not_found
[INFO] [stdout]   14:     0x5c9b5a2316c9 - <didcomm[4806314fc0c5413b]::jws::verify::tests::verify_works_kid_not_found::{closure#0} as core[df12db4294e9bfd3]::ops::function::FnOnce<()>>::call_once
[INFO] [stdout]   15:     0x5c9b5a2f79cb - test[9d35eded1c95d3be]::__rust_begin_short_backtrace::<core[df12db4294e9bfd3]::result::Result<(), alloc[2182bb758b4b3781]::string::String>, fn() -> core[df12db4294e9bfd3]::result::Result<(), alloc[2182bb758b4b3781]::string::String>>
[INFO] [stdout]   16:     0x5c9b5a305035 - test[9d35eded1c95d3be]::run_test::{closure#0}
[INFO] [stdout]   17:     0x5c9b5a2fe8f4 - std[70759c8f55707aa4]::sys::backtrace::__rust_begin_short_backtrace::<test[9d35eded1c95d3be]::run_test::{closure#1}, ()>
[INFO] [stdout]   18:     0x5c9b5a308192 - <std[70759c8f55707aa4]::thread::lifecycle::spawn_unchecked<test[9d35eded1c95d3be]::run_test::{closure#1}, ()>::{closure#1} as core[df12db4294e9bfd3]::ops::function::FnOnce<()>>::call_once::{shim:vtable#0}
[INFO] [stdout]   19:     0x5c9b5a3c2279 - <std[70759c8f55707aa4]::sys::thread::unix::Thread>::new::thread_start
[INFO] [stdout]   20:     0x745acd7c0dfa - <unknown>
[INFO] [stdout]   21:     0x745acd8543d4 - clone
[INFO] [stdout]   22:                0x0 - <unknown>
[INFO] [stdout] 
[INFO] [stdout] ---- jws::verify::tests::verify_works stdout ----
[INFO] [stdout] 
[INFO] [stdout] thread 'jws::verify::tests::verify_works' (3039) panicked at src/jws/verify.rs:330:38:
[INFO] [stdout] unable from_jwk.: Error { kind: InvalidKeyData, cause: None, message: Some("Unsupported key algorithm") }
[INFO] [stdout] stack backtrace:
[INFO] [stdout]    0:     0x5c9b5a3c29a1 - <<std[70759c8f55707aa4]::sys::backtrace::BacktraceLock>::print::DisplayBacktrace as core[df12db4294e9bfd3]::fmt::Display>::fmt
[INFO] [stdout]    1:     0x5c9b5a3d7dea - core[df12db4294e9bfd3]::fmt::write
[INFO] [stdout]    2:     0x5c9b5a3c6eec - <alloc[2182bb758b4b3781]::vec::Vec<u8> as core[df12db4294e9bfd3]::io::write::Write>::write_fmt
[INFO] [stdout]    3:     0x5c9b5a39ed46 - std[70759c8f55707aa4]::panicking::default_hook::{closure#0}
[INFO] [stdout]    4:     0x5c9b5a3bb109 - std[70759c8f55707aa4]::panicking::default_hook
[INFO] [stdout]    5:     0x5c9b5a3046e0 - test[9d35eded1c95d3be]::test_main_inner::<test[9d35eded1c95d3be]::test_main_static::{closure#0}>::{closure#0}
[INFO] [stdout]    6:     0x5c9b5a3bb2c2 - std[70759c8f55707aa4]::panicking::panic_with_hook
[INFO] [stdout]    7:     0x5c9b5a39edf2 - std[70759c8f55707aa4]::panicking::panic_handler::{closure#0}
[INFO] [stdout]    8:     0x5c9b5a397b49 - std[70759c8f55707aa4]::sys::backtrace::__rust_end_short_backtrace::<std[70759c8f55707aa4]::panicking::panic_handler::{closure#0}, !>
[INFO] [stdout]    9:     0x5c9b5a39f9ed - __rustc[8fa7c3cbc660c2b3]::rust_begin_unwind
[INFO] [stdout]   10:     0x5c9b5a3d851c - core[df12db4294e9bfd3]::panicking::panic_fmt
[INFO] [stdout]   11:     0x5c9b5a3d82f2 - core[df12db4294e9bfd3]::result::unwrap_failed
[INFO] [stdout]   12:     0x5c9b5a2ba8b5 - didcomm[4806314fc0c5413b]::jws::verify::tests::_verify::<askar_crypto[d8b24c87ea9eb0c0]::alg::k256::K256KeyPair>
[INFO] [stdout]   13:     0x5c9b5a2d33fe - didcomm[4806314fc0c5413b]::jws::verify::tests::verify_works
[INFO] [stdout]   14:     0x5c9b5a231669 - <didcomm[4806314fc0c5413b]::jws::verify::tests::verify_works::{closure#0} as core[df12db4294e9bfd3]::ops::function::FnOnce<()>>::call_once
[INFO] [stdout]   15:     0x5c9b5a2f79cb - test[9d35eded1c95d3be]::__rust_begin_short_backtrace::<core[df12db4294e9bfd3]::result::Result<(), alloc[2182bb758b4b3781]::string::String>, fn() -> core[df12db4294e9bfd3]::result::Result<(), alloc[2182bb758b4b3781]::string::String>>
[INFO] [stdout]   16:     0x5c9b5a305035 - test[9d35eded1c95d3be]::run_test::{closure#0}
[INFO] [stdout]   17:     0x5c9b5a2fe8f4 - std[70759c8f55707aa4]::sys::backtrace::__rust_begin_short_backtrace::<test[9d35eded1c95d3be]::run_test::{closure#1}, ()>
[INFO] [stdout]   18:     0x5c9b5a308192 - <std[70759c8f55707aa4]::thread::lifecycle::spawn_unchecked<test[9d35eded1c95d3be]::run_test::{closure#1}, ()>::{closure#1} as core[df12db4294e9bfd3]::ops::function::FnOnce<()>>::call_once::{shim:vtable#0}
[INFO] [stdout]   19:     0x5c9b5a3c2279 - <std[70759c8f55707aa4]::sys::thread::unix::Thread>::new::thread_start
[INFO] [stdout]   20:     0x745acd7c0dfa - <unknown>
[INFO] [stdout]   21:     0x745acd8543d4 - clone
[INFO] [stdout]   22:                0x0 - <unknown>
[INFO] [stdout] 
[INFO] [stdout] ---- jws::verify::tests::verify_works_multiple_signatures stdout ----
[INFO] [stdout] 
[INFO] [stdout] thread 'jws::verify::tests::verify_works_multiple_signatures' (3044) panicked at src/jws/verify.rs:330:38:
[INFO] [stdout] unable from_jwk.: Error { kind: InvalidKeyData, cause: None, message: Some("Unsupported key algorithm") }
[INFO] [stdout] stack backtrace:
[INFO] [stdout]    0:     0x5c9b5a3c29a1 - <<std[70759c8f55707aa4]::sys::backtrace::BacktraceLock>::print::DisplayBacktrace as core[df12db4294e9bfd3]::fmt::Display>::fmt
[INFO] [stdout]    1:     0x5c9b5a3d7dea - core[df12db4294e9bfd3]::fmt::write
[INFO] [stdout]    2:     0x5c9b5a3c6eec - <alloc[2182bb758b4b3781]::vec::Vec<u8> as core[df12db4294e9bfd3]::io::write::Write>::write_fmt
[INFO] [stdout]    3:     0x5c9b5a39ed46 - std[70759c8f55707aa4]::panicking::default_hook::{closure#0}
[INFO] [stdout]    4:     0x5c9b5a3bb109 - std[70759c8f55707aa4]::panicking::default_hook
[INFO] [stdout]    5:     0x5c9b5a3046e0 - test[9d35eded1c95d3be]::test_main_inner::<test[9d35eded1c95d3be]::test_main_static::{closure#0}>::{closure#0}
[INFO] [stdout]    6:     0x5c9b5a3bb2c2 - std[70759c8f55707aa4]::panicking::panic_with_hook
[INFO] [stdout]    7:     0x5c9b5a39edf2 - std[70759c8f55707aa4]::panicking::panic_handler::{closure#0}
[INFO] [stdout]    8:     0x5c9b5a397b49 - std[70759c8f55707aa4]::sys::backtrace::__rust_end_short_backtrace::<std[70759c8f55707aa4]::panicking::panic_handler::{closure#0}, !>
[INFO] [stdout]    9:     0x5c9b5a39f9ed - __rustc[8fa7c3cbc660c2b3]::rust_begin_unwind
[INFO] [stdout]   10:     0x5c9b5a3d851c - core[df12db4294e9bfd3]::panicking::panic_fmt
[INFO] [stdout]   11:     0x5c9b5a3d82f2 - core[df12db4294e9bfd3]::result::unwrap_failed
[INFO] [stdout]   12:     0x5c9b5a2ba8b5 - didcomm[4806314fc0c5413b]::jws::verify::tests::_verify::<askar_crypto[d8b24c87ea9eb0c0]::alg::k256::K256KeyPair>
[INFO] [stdout]   13:     0x5c9b5a2d41ee - didcomm[4806314fc0c5413b]::jws::verify::tests::verify_works_multiple_signatures
[INFO] [stdout]   14:     0x5c9b5a2317d9 - <didcomm[4806314fc0c5413b]::jws::verify::tests::verify_works_multiple_signatures::{closure#0} as core[df12db4294e9bfd3]::ops::function::FnOnce<()>>::call_once
[INFO] [stdout]   15:     0x5c9b5a2f79cb - test[9d35eded1c95d3be]::__rust_begin_short_backtrace::<core[df12db4294e9bfd3]::result::Result<(), alloc[2182bb758b4b3781]::string::String>, fn() -> core[df12db4294e9bfd3]::result::Result<(), alloc[2182bb758b4b3781]::string::String>>
[INFO] [stdout]   16:     0x5c9b5a305035 - test[9d35eded1c95d3be]::run_test::{closure#0}
[INFO] [stdout]   17:     0x5c9b5a2fe8f4 - std[70759c8f55707aa4]::sys::backtrace::__rust_begin_short_backtrace::<test[9d35eded1c95d3be]::run_test::{closure#1}, ()>
[INFO] [stdout]   18:     0x5c9b5a308192 - <std[70759c8f55707aa4]::thread::lifecycle::spawn_unchecked<test[9d35eded1c95d3be]::run_test::{closure#1}, ()>::{closure#1} as core[df12db4294e9bfd3]::ops::function::FnOnce<()>>::call_once::{shim:vtable#0}
[INFO] [stdout]   19:     0x5c9b5a3c2279 - <std[70759c8f55707aa4]::sys::thread::unix::Thread>::new::thread_start
[INFO] [stdout]   20:     0x745acd7c0dfa - <unknown>
[INFO] [stdout]   21:     0x745acd8543d4 - clone
[INFO] [stdout]   22:                0x0 - <unknown>
[INFO] [stdout] 
[INFO] [stdout] ---- jws::sign::tests::sign_compact_works stdout ----
[INFO] [stdout] 
[INFO] [stdout] thread 'jws::sign::tests::sign_compact_works' (3027) panicked at src/jws/sign.rs:342:42:
[INFO] [stdout] Unable from_jwk: Error { kind: InvalidKeyData, cause: None, message: Some("Unsupported key algorithm") }
[INFO] [stdout] stack backtrace:
[INFO] [stdout]    0:     0x5c9b5a3c29a1 - <<std[70759c8f55707aa4]::sys::backtrace::BacktraceLock>::print::DisplayBacktrace as core[df12db4294e9bfd3]::fmt::Display>::fmt
[INFO] [stdout]    1:     0x5c9b5a3d7dea - core[df12db4294e9bfd3]::fmt::write
[INFO] [stdout]    2:     0x5c9b5a3c6eec - <alloc[2182bb758b4b3781]::vec::Vec<u8> as core[df12db4294e9bfd3]::io::write::Write>::write_fmt
[INFO] [stdout]    3:     0x5c9b5a39ed46 - std[70759c8f55707aa4]::panicking::default_hook::{closure#0}
[INFO] [stdout]    4:     0x5c9b5a3bb109 - std[70759c8f55707aa4]::panicking::default_hook
[INFO] [stdout]    5:     0x5c9b5a3046e0 - test[9d35eded1c95d3be]::test_main_inner::<test[9d35eded1c95d3be]::test_main_static::{closure#0}>::{closure#0}
[INFO] [stdout]    6:     0x5c9b5a3bb2c2 - std[70759c8f55707aa4]::panicking::panic_with_hook
[INFO] [stdout]    7:     0x5c9b5a39edf2 - std[70759c8f55707aa4]::panicking::panic_handler::{closure#0}
[INFO] [stdout]    8:     0x5c9b5a397b49 - std[70759c8f55707aa4]::sys::backtrace::__rust_end_short_backtrace::<std[70759c8f55707aa4]::panicking::panic_handler::{closure#0}, !>
[INFO] [stdout]    9:     0x5c9b5a39f9ed - __rustc[8fa7c3cbc660c2b3]::rust_begin_unwind
[INFO] [stdout]   10:     0x5c9b5a3d851c - core[df12db4294e9bfd3]::panicking::panic_fmt
[INFO] [stdout]   11:     0x5c9b5a3d82f2 - core[df12db4294e9bfd3]::result::unwrap_failed
[INFO] [stdout]   12:     0x5c9b5a2cef32 - didcomm[4806314fc0c5413b]::jws::sign::tests::sign_compact_works
[INFO] [stdout]   13:     0x5c9b5a231209 - <didcomm[4806314fc0c5413b]::jws::sign::tests::sign_compact_works::{closure#0} as core[df12db4294e9bfd3]::ops::function::FnOnce<()>>::call_once
[INFO] [stdout]   14:     0x5c9b5a2f79cb - test[9d35eded1c95d3be]::__rust_begin_short_backtrace::<core[df12db4294e9bfd3]::result::Result<(), alloc[2182bb758b4b3781]::string::String>, fn() -> core[df12db4294e9bfd3]::result::Result<(), alloc[2182bb758b4b3781]::string::String>>
[INFO] [stdout]   15:     0x5c9b5a305035 - test[9d35eded1c95d3be]::run_test::{closure#0}
[INFO] [stdout]   16:     0x5c9b5a2fe8f4 - std[70759c8f55707aa4]::sys::backtrace::__rust_begin_short_backtrace::<test[9d35eded1c95d3be]::run_test::{closure#1}, ()>
[INFO] [stdout]   17:     0x5c9b5a308192 - <std[70759c8f55707aa4]::thread::lifecycle::spawn_unchecked<test[9d35eded1c95d3be]::run_test::{closure#1}, ()>::{closure#1} as core[df12db4294e9bfd3]::ops::function::FnOnce<()>>::call_once::{shim:vtable#0}
[INFO] [stdout]   18:     0x5c9b5a3c2279 - <std[70759c8f55707aa4]::sys::thread::unix::Thread>::new::thread_start
[INFO] [stdout]   19:     0x745acd7c0dfa - <unknown>
[INFO] [stdout]   20:     0x745acd8543d4 - clone
[INFO] [stdout]   21:                0x0 - <unknown>
[INFO] [stdout] 
[INFO] [stdout] ---- jws::sign::tests::sign_works stdout ----
[INFO] [stdout] 
[INFO] [stdout] thread 'jws::sign::tests::sign_works' (3030) panicked at src/jws/sign.rs:165:42:
[INFO] [stdout] Unable from_jwk: Error { kind: InvalidKeyData, cause: None, message: Some("Unsupported key algorithm") }
[INFO] [stdout] stack backtrace:
[INFO] [stdout]    0:     0x5c9b5a3c29a1 - <<std[70759c8f55707aa4]::sys::backtrace::BacktraceLock>::print::DisplayBacktrace as core[df12db4294e9bfd3]::fmt::Display>::fmt
[INFO] [stdout]    1:     0x5c9b5a3d7dea - core[df12db4294e9bfd3]::fmt::write
[INFO] [stdout]    2:     0x5c9b5a3c6eec - <alloc[2182bb758b4b3781]::vec::Vec<u8> as core[df12db4294e9bfd3]::io::write::Write>::write_fmt
[INFO] [stdout]    3:     0x5c9b5a39ed46 - std[70759c8f55707aa4]::panicking::default_hook::{closure#0}
[INFO] [stdout]    4:     0x5c9b5a3bb109 - std[70759c8f55707aa4]::panicking::default_hook
[INFO] [stdout]    5:     0x5c9b5a3046e0 - test[9d35eded1c95d3be]::test_main_inner::<test[9d35eded1c95d3be]::test_main_static::{closure#0}>::{closure#0}
[INFO] [stdout]    6:     0x5c9b5a3bb2c2 - std[70759c8f55707aa4]::panicking::panic_with_hook
[INFO] [stdout]    7:     0x5c9b5a39edf2 - std[70759c8f55707aa4]::panicking::panic_handler::{closure#0}
[INFO] [stdout]    8:     0x5c9b5a397b49 - std[70759c8f55707aa4]::sys::backtrace::__rust_end_short_backtrace::<std[70759c8f55707aa4]::panicking::panic_handler::{closure#0}, !>
[INFO] [stdout]    9:     0x5c9b5a39f9ed - __rustc[8fa7c3cbc660c2b3]::rust_begin_unwind
[INFO] [stdout]   10:     0x5c9b5a3d851c - core[df12db4294e9bfd3]::panicking::panic_fmt
[INFO] [stdout]   11:     0x5c9b5a3d82f2 - core[df12db4294e9bfd3]::result::unwrap_failed
[INFO] [stdout]   12:     0x5c9b5a2cdbae - didcomm[4806314fc0c5413b]::jws::sign::tests::sign_works
[INFO] [stdout]   13:     0x5c9b5a2311e9 - <didcomm[4806314fc0c5413b]::jws::sign::tests::sign_works::{closure#0} as core[df12db4294e9bfd3]::ops::function::FnOnce<()>>::call_once
[INFO] [stdout]   14:     0x5c9b5a2f79cb - test[9d35eded1c95d3be]::__rust_begin_short_backtrace::<core[df12db4294e9bfd3]::result::Result<(), alloc[2182bb758b4b3781]::string::String>, fn() -> core[df12db4294e9bfd3]::result::Result<(), alloc[2182bb758b4b3781]::string::String>>
[INFO] [stdout]   15:     0x5c9b5a305035 - test[9d35eded1c95d3be]::run_test::{closure#0}
[INFO] [stdout]   16:     0x5c9b5a2fe8f4 - std[70759c8f55707aa4]::sys::backtrace::__rust_begin_short_backtrace::<test[9d35eded1c95d3be]::run_test::{closure#1}, ()>
[INFO] [stdout]   17:     0x5c9b5a308192 - <std[70759c8f55707aa4]::thread::lifecycle::spawn_unchecked<test[9d35eded1c95d3be]::run_test::{closure#1}, ()>::{closure#1} as core[df12db4294e9bfd3]::ops::function::FnOnce<()>>::call_once::{shim:vtable#0}
[INFO] [stdout]   18:     0x5c9b5a3c2279 - <std[70759c8f55707aa4]::sys::thread::unix::Thread>::new::thread_start
[INFO] [stdout]   19:     0x745acd7c0dfa - <unknown>
[INFO] [stdout]   20:     0x745acd8543d4 - clone
[INFO] [stdout]   21:                0x0 - <unknown>
[INFO] [stdout] 
[INFO] [stdout] ---- jws::verify::tests::verify_works_undecodable_sig stdout ----
[INFO] [stdout] 
[INFO] [stdout] thread 'jws::verify::tests::verify_works_undecodable_sig' (3045) panicked at src/jws/verify.rs:330:38:
[INFO] [stdout] unable from_jwk.: Error { kind: InvalidKeyData, cause: None, message: Some("Unsupported key algorithm") }
[INFO] [stdout] stack backtrace:
[INFO] [stdout]    0:     0x5c9b5a3c29a1 - <<std[70759c8f55707aa4]::sys::backtrace::BacktraceLock>::print::DisplayBacktrace as core[df12db4294e9bfd3]::fmt::Display>::fmt
[INFO] [stdout]    1:     0x5c9b5a3d7dea - core[df12db4294e9bfd3]::fmt::write
[INFO] [stdout]    2:     0x5c9b5a3c6eec - <alloc[2182bb758b4b3781]::vec::Vec<u8> as core[df12db4294e9bfd3]::io::write::Write>::write_fmt
[INFO] [stdout]    3:     0x5c9b5a39ed46 - std[70759c8f55707aa4]::panicking::default_hook::{closure#0}
[INFO] [stdout]    4:     0x5c9b5a3bb109 - std[70759c8f55707aa4]::panicking::default_hook
[INFO] [stdout]    5:     0x5c9b5a3046e0 - test[9d35eded1c95d3be]::test_main_inner::<test[9d35eded1c95d3be]::test_main_static::{closure#0}>::{closure#0}
[INFO] [stdout]    6:     0x5c9b5a3bb2c2 - std[70759c8f55707aa4]::panicking::panic_with_hook
[INFO] [stdout]    7:     0x5c9b5a39edf2 - std[70759c8f55707aa4]::panicking::panic_handler::{closure#0}
[INFO] [stdout]    8:     0x5c9b5a397b49 - std[70759c8f55707aa4]::sys::backtrace::__rust_end_short_backtrace::<std[70759c8f55707aa4]::panicking::panic_handler::{closure#0}, !>
[INFO] [stdout]    9:     0x5c9b5a39f9ed - __rustc[8fa7c3cbc660c2b3]::rust_begin_unwind
[INFO] [stdout]   10:     0x5c9b5a3d851c - core[df12db4294e9bfd3]::panicking::panic_fmt
[INFO] [stdout]   11:     0x5c9b5a3d82f2 - core[df12db4294e9bfd3]::result::unwrap_failed
[INFO] [stdout]   12:     0x5c9b5a2ba8b5 - didcomm[4806314fc0c5413b]::jws::verify::tests::_verify::<askar_crypto[d8b24c87ea9eb0c0]::alg::k256::K256KeyPair>
[INFO] [stdout]   13:     0x5c9b5a2d3f2c - didcomm[4806314fc0c5413b]::jws::verify::tests::verify_works_undecodable_sig
[INFO] [stdout]   14:     0x5c9b5a2317b9 - <didcomm[4806314fc0c5413b]::jws::verify::tests::verify_works_undecodable_sig::{closure#0} as core[df12db4294e9bfd3]::ops::function::FnOnce<()>>::call_once
[INFO] [stdout]   15:     0x5c9b5a2f79cb - test[9d35eded1c95d3be]::__rust_begin_short_backtrace::<core[df12db4294e9bfd3]::result::Result<(), alloc[2182bb758b4b3781]::string::String>, fn() -> core[df12db4294e9bfd3]::result::Result<(), alloc[2182bb758b4b3781]::string::String>>
[INFO] [stdout]   16:     0x5c9b5a305035 - test[9d35eded1c95d3be]::run_test::{closure#0}
[INFO] [stdout]   17:     0x5c9b5a2fe8f4 - std[70759c8f55707aa4]::sys::backtrace::__rust_begin_short_backtrace::<test[9d35eded1c95d3be]::run_test::{closure#1}, ()>
[INFO] [stdout]   18:     0x5c9b5a308192 - <std[70759c8f55707aa4]::thread::lifecycle::spawn_unchecked<test[9d35eded1c95d3be]::run_test::{closure#1}, ()>::{closure#1} as core[df12db4294e9bfd3]::ops::function::FnOnce<()>>::call_once::{shim:vtable#0}
[INFO] [stdout]   19:     0x5c9b5a3c2279 - <std[70759c8f55707aa4]::sys::thread::unix::Thread>::new::thread_start
[INFO] [stdout]   20:     0x745acd7c0dfa - <unknown>
[INFO] [stdout]   21:     0x745acd8543d4 - clone
[INFO] [stdout]   22:                0x0 - <unknown>
[INFO] [stdout] 
[INFO] [stdout] 
[INFO] [stdout] failures:
[INFO] [stdout]     jws::sign::tests::sign_compact_works
[INFO] [stdout]     jws::sign::tests::sign_works
[INFO] [stdout]     jws::verify::tests::verify_works
[INFO] [stdout]     jws::verify::tests::verify_works_changed_payload
[INFO] [stdout]     jws::verify::tests::verify_works_different_curve
[INFO] [stdout]     jws::verify::tests::verify_works_different_key
[INFO] [stdout]     jws::verify::tests::verify_works_kid_not_found
[INFO] [stdout]     jws::verify::tests::verify_works_multiple_signatures
[INFO] [stdout]     jws::verify::tests::verify_works_undecodable_sig
[INFO] [stdout] 
[INFO] [stdout] test result: FAILED. 155 passed; 9 failed; 2 ignored; 0 measured; 0 filtered out; finished in 0.22s
[INFO] [stdout] 
[INFO] running `Command { std: "docker" "inspect" "31f326c5607389dfec221f3db9ae15fdc216bdb916722b861465d44a750c84a6", kill_on_drop: false }`
[INFO] running `Command { std: "docker" "rm" "-f" "31f326c5607389dfec221f3db9ae15fdc216bdb916722b861465d44a750c84a6", kill_on_drop: false }`
[INFO] [stdout] 31f326c5607389dfec221f3db9ae15fdc216bdb916722b861465d44a750c84a6
