[INFO] fetching crate did-resolver-cheqd 1.0.1...
[INFO] testing did-resolver-cheqd-1.0.1 against 1.100.0-beta.1+cargoflags=--release for beta-release-1.100-2
[INFO] extracting crate did-resolver-cheqd 1.0.1 into /workspace/builds/worker-0-tc2/source
[INFO] started tweaking crates.io crate did-resolver-cheqd 1.0.1
[INFO] finished tweaking crates.io crate did-resolver-cheqd 1.0.1
[INFO] tweaked toml for crates.io crate did-resolver-cheqd 1.0.1 written to /workspace/builds/worker-0-tc2/source/Cargo.toml
[INFO] validating manifest of crates.io crate did-resolver-cheqd 1.0.1 on toolchain 1.100.0-beta.1
[INFO] running `Command { std: CARGO_HOME="/workspace/cargo-home" RUSTUP_HOME="/workspace/rustup-home" "/workspace/cargo-home/bin/cargo" "+1.100.0-beta.1" "metadata" "--manifest-path" "Cargo.toml" "--no-deps", kill_on_drop: false }`
[INFO] crate crates.io crate did-resolver-cheqd 1.0.1 already has a lockfile, it will not be regenerated
[INFO] running `Command { std: CARGO_HOME="/workspace/cargo-home" RUSTUP_HOME="/workspace/rustup-home" "/workspace/cargo-home/bin/cargo" "+1.100.0-beta.1" "fetch" "--manifest-path" "Cargo.toml", kill_on_drop: false }`
[INFO] running `Command { std: "docker" "create" "-v" "/var/lib/crater-agent-workspace/builds/worker-0-tc2/source:/opt/rustwide/workdir:ro,Z" "-v" "/var/lib/crater-agent-workspace/builds/worker-0-tc2/target:/opt/rustwide/target:rw,Z" "-v" "/var/lib/crater-agent-workspace/cargo-home:/opt/rustwide/cargo-home:ro,Z" "-v" "/var/lib/crater-agent-workspace/rustup-home:/opt/rustwide/rustup-home:ro,Z" "-m" "1610612736" "--network" "none" "ghcr.io/rust-lang/crates-build-env/linux@sha256:77db811e55d90add9212f6832c23229e3de5f1c1f9905e8cb07319ea15df73ac" "sleep" "infinity", kill_on_drop: false }`
[INFO] [stdout] d9af4f37ff8df1719ef1b3130238c126265aae3445a7a95760c7253520c31c69
[INFO] running `Command { std: "docker" "start" "d9af4f37ff8df1719ef1b3130238c126265aae3445a7a95760c7253520c31c69", kill_on_drop: false }`
[INFO] running `Command { std: "docker" "inspect" "d9af4f37ff8df1719ef1b3130238c126265aae3445a7a95760c7253520c31c69", kill_on_drop: false }`
[INFO] running `Command { std: "docker" "exec" "-e" "SOURCE_DIR=/opt/rustwide/workdir" "-e" "CARGO_HOME=/opt/rustwide/cargo-home" "-e" "RUSTUP_HOME=/opt/rustwide/rustup-home" "-e" "CARGO_TARGET_DIR=/opt/rustwide/target" "-w" "/opt/rustwide/workdir" "--user" "0:0" "d9af4f37ff8df1719ef1b3130238c126265aae3445a7a95760c7253520c31c69" "/opt/rustwide/cargo-home/bin/cargo" "+1.100.0-beta.1" "metadata" "--no-deps" "--format-version=1", kill_on_drop: false }`
[INFO] running `Command { std: "docker" "inspect" "d9af4f37ff8df1719ef1b3130238c126265aae3445a7a95760c7253520c31c69", kill_on_drop: false }`
[INFO] running `Command { std: "docker" "exec" "-e" "SOURCE_DIR=/opt/rustwide/workdir" "-e" "CARGO_HOME=/opt/rustwide/cargo-home" "-e" "RUSTUP_HOME=/opt/rustwide/rustup-home" "-e" "CARGO_TARGET_DIR=/opt/rustwide/target" "-e" "CARGO_INCREMENTAL=0" "-e" "RUST_BACKTRACE=full" "-e" "RUSTFLAGS=--cap-lints=warn" "-e" "RUSTDOCFLAGS=--cap-lints=warn" "-w" "/opt/rustwide/workdir" "--user" "0:0" "d9af4f37ff8df1719ef1b3130238c126265aae3445a7a95760c7253520c31c69" "/opt/rustwide/cargo-home/bin/cargo" "+1.100.0-beta.1" "build" "--frozen" "--message-format=json" "--release", kill_on_drop: false }`
[INFO] [stderr]    Compiling unicode-ident v1.0.20
[INFO] [stderr]    Compiling syn v1.0.109
[INFO] [stderr]    Compiling memchr v2.7.6
[INFO] [stderr]    Compiling generic-array v0.14.9
[INFO] [stderr]    Compiling serde_core v1.0.228
[INFO] [stderr]    Compiling proc-macro-error-attr v1.0.4
[INFO] [stderr]    Compiling zerocopy v0.8.27
[INFO] [stderr]    Compiling proc-macro-error v1.0.4
[INFO] [stderr]    Compiling serde v1.0.228
[INFO] [stderr]    Compiling slab v0.4.11
[INFO] [stderr]    Compiling ciborium-io v0.2.2
[INFO] [stderr]    Compiling range-traits v0.3.2
[INFO] [stderr]    Compiling indoc v2.0.6
[INFO] [stderr]    Compiling hex_fmt v0.3.0
[INFO] [stderr]    Compiling stable_deref_trait v1.2.1
[INFO] [stderr]    Compiling lexical-util v1.0.7
[INFO] [stderr]    Compiling utf8-decode v1.0.1
[INFO] [stderr]    Compiling proc-macro2 v1.0.101
[INFO] [stderr]    Compiling hashbrown v0.16.0
[INFO] [stderr]    Compiling ahash v0.7.8
[INFO] [stderr]    Compiling num-traits v0.2.19
[INFO] [stderr]    Compiling ryu_floating_decimal v0.1.0
[INFO] [stderr]    Compiling ryu-js v0.2.2
[INFO] [stderr]    Compiling contextual v0.1.6
[INFO] [stderr]    Compiling cc-traits v2.0.0
[INFO] [stderr]    Compiling bitmaps v2.1.0
[INFO] [stderr]    Compiling im v15.1.0
[INFO] [stderr]    Compiling raw-btree v0.3.3
[INFO] [stderr]    Compiling hashbrown v0.12.3
[INFO] [stderr]    Compiling decoded-char v0.1.1
[INFO] [stderr]    Compiling replace_with v0.1.8
[INFO] [stderr]    Compiling btree-slab v0.6.1
[INFO] [stderr]    Compiling pretty_dtoa v0.3.0
[INFO] [stderr]    Compiling num-rational v0.4.2
[INFO] [stderr]    Compiling rand_xoshiro v0.6.0
[INFO] [stderr]    Compiling quote v1.0.41
[INFO] [stderr]    Compiling nom v7.1.3
[INFO] [stderr]    Compiling block-buffer v0.10.4
[INFO] [stderr]    Compiling crypto-common v0.1.6
[INFO] [stderr]    Compiling ordered-float v3.9.2
[INFO] [stderr]    Compiling cc v1.2.41
[INFO] [stderr]    Compiling syn v2.0.107
[INFO] [stderr]    Compiling digest v0.10.7
[INFO] [stderr]    Compiling sha2 v0.10.9
[INFO] [stderr]    Compiling sized-chunks v0.6.5
[INFO] [stderr]    Compiling permutohedron v0.2.4
[INFO] [stderr]    Compiling crunchy v0.2.4
[INFO] [stderr]    Compiling block-buffer v0.9.0
[INFO] [stderr]    Compiling digest v0.9.0
[INFO] [stderr]    Compiling owning_ref v0.4.1
[INFO] [stderr]    Compiling mio v1.1.0
[INFO] [stderr]    Compiling indexmap v2.12.0
[INFO] [stderr]    Compiling socket2 v0.6.1
[INFO] [stderr]    Compiling lexical-write-integer v1.0.6
[INFO] [stderr]    Compiling lexical-parse-integer v1.0.6
[INFO] [stderr]    Compiling num-integer v0.1.46
[INFO] [stderr]    Compiling indexmap v1.9.3
[INFO] [stderr]    Compiling lexical-parse-float v1.0.6
[INFO] [stderr]    Compiling mown v0.2.2
[INFO] [stderr]    Compiling sha2 v0.9.9
[INFO] [stderr]    Compiling lexical-write-float v1.0.6
[INFO] [stderr]    Compiling num-bigint v0.4.6
[INFO] [stderr]    Compiling tiny-keccak v2.0.2
[INFO] [stderr]    Compiling serde_json v1.0.145
[INFO] [stderr]    Compiling uint v0.9.5
[INFO] [stderr]    Compiling bs58 v0.4.0
[INFO] [stderr]    Compiling fixed-hash v0.7.0
[INFO] [stderr]    Compiling csv-core v0.1.13
[INFO] [stderr]    Compiling lexical-core v1.0.6
[INFO] [stderr]    Compiling lexical v7.0.5
[INFO] [stderr]    Compiling primitive-types v0.9.1
[INFO] [stderr]    Compiling csv v1.4.0
[INFO] [stderr]    Compiling ring v0.17.14
[INFO] [stderr]    Compiling data-encoding v2.9.0
[INFO] [stderr]    Compiling combination v0.1.5
[INFO] [stderr]    Compiling abnf-core v0.5.0
[INFO] [stderr]    Compiling const-str v0.4.3
[INFO] [stderr]    Compiling abnf v0.13.0
[INFO] [stderr]    Compiling ssi-contexts v0.1.10
[INFO] [stderr]    Compiling anyhow v1.0.100
[INFO] [stderr]    Compiling clear_on_drop v0.2.5
[INFO] [stderr]    Compiling either v1.15.0
[INFO] [stderr]    Compiling base-x v0.2.11
[INFO] [stderr]    Compiling unsigned-varint v0.7.2
[INFO] [stderr]    Compiling rustls v0.23.33
[INFO] [stderr]    Compiling itertools v0.14.0
[INFO] [stderr]    Compiling ahash v0.8.12
[INFO] [stderr]    Compiling ppv-lite86 v0.2.21
[INFO] [stderr]    Compiling keccak-hash v0.7.0
[INFO] [stderr]    Compiling hashbrown v0.13.2
[INFO] [stderr]    Compiling rand_chacha v0.3.1
[INFO] [stderr]    Compiling rand v0.8.5
[INFO] [stderr]    Compiling locspan-derive v0.6.0
[INFO] [stderr]    Compiling match-lookup v0.1.1
[INFO] [stderr]    Compiling num-derive v0.3.3
[INFO] [stderr]    Compiling base256emoji v1.0.2
[INFO] [stderr]    Compiling synstructure v0.13.2
[INFO] [stderr]    Compiling serde_derive v1.0.228
[INFO] [stderr]    Compiling thiserror-impl v1.0.69
[INFO] [stderr]    Compiling zerocopy-derive v0.8.27
[INFO] [stderr]    Compiling futures-macro v0.3.31
[INFO] [stderr]    Compiling enum-ordinalize-derive v4.3.1
[INFO] [stderr]    Compiling zeroize_derive v1.4.2
[INFO] [stderr]    Compiling enum-ordinalize v3.1.15
[INFO] [stderr]    Compiling zerofrom-derive v0.1.6
[INFO] [stderr]    Compiling yoke-derive v0.8.0
[INFO] [stderr]    Compiling pin-project-internal v1.1.10
[INFO] [stderr]    Compiling zerovec-derive v0.11.1
[INFO] [stderr]    Compiling async-trait v0.1.89
[INFO] [stderr]    Compiling displaydoc v0.2.5
[INFO] [stderr]    Compiling educe v0.4.23
[INFO] [stderr]    Compiling zeroize v1.8.2
[INFO] [stderr]    Compiling enum-ordinalize v4.3.0
[INFO] [stderr]    Compiling educe v0.5.11
[INFO] [stderr]    Compiling tokio-macros v2.6.0
[INFO] [stderr]    Compiling rustls-pki-types v1.12.0
[INFO] [stderr]    Compiling tracing-attributes v0.1.30
[INFO] [stderr]    Compiling data-encoding-macro-internal v0.1.16
[INFO] [stderr]    Compiling futures-util v0.3.31
[INFO] [stderr]    Compiling zerofrom v0.1.6
[INFO] [stderr]    Compiling tokio v1.48.0
[INFO] [stderr]    Compiling prost-derive v0.13.5
[INFO] [stderr]    Compiling pin-project v1.1.10
[INFO] [stderr]    Compiling yoke v0.8.0
[INFO] [stderr]    Compiling data-encoding-macro v0.1.18
[INFO] [stderr]    Compiling multibase v0.9.2
[INFO] [stderr]    Compiling zerovec v0.11.4
[INFO] [stderr]    Compiling zerotrie v0.2.2
[INFO] [stderr]    Compiling webpki-roots v1.0.3
[INFO] [stderr]    Compiling thiserror v1.0.69
[INFO] [stderr]    Compiling pct-str v2.0.0
[INFO] [stderr]    Compiling ssi-multicodec v0.2.0
[INFO] [stderr]    Compiling webpki-roots v0.26.11
[INFO] [stderr]    Compiling simple_asn1 v0.5.4
[INFO] [stderr]    Compiling rustls-pemfile v2.2.0
[INFO] [stderr]    Compiling rustls-native-certs v0.8.2
[INFO] [stderr]    Compiling tracing v0.1.41
[INFO] [stderr]    Compiling prost v0.13.5
[INFO] [stderr]    Compiling prost-types v0.13.5
[INFO] [stderr]    Compiling tinystr v0.8.1
[INFO] [stderr]    Compiling potential_utf v0.1.3
[INFO] [stderr]    Compiling icu_collections v2.0.0
[INFO] [stderr]    Compiling icu_locale_core v2.0.0
[INFO] [stderr]    Compiling btree-range-map v0.7.2
[INFO] [stderr]    Compiling half v2.7.1
[INFO] [stderr]    Compiling json-number v0.4.9
[INFO] [stderr]    Compiling smallstr v0.3.1
[INFO] [stderr]    Compiling locspan v0.8.2
[INFO] [stderr]    Compiling serde_jcs v0.1.0
[INFO] [stderr]    Compiling ssi-core v0.2.3
[INFO] [stderr]    Compiling serde_urlencoded v0.7.1
[INFO] [stderr]    Compiling ciborium-ll v0.2.2
[INFO] [stderr]    Compiling icu_provider v2.0.0
[INFO] [stderr]    Compiling ciborium v0.2.2
[INFO] [stderr]    Compiling json-syntax v0.12.5
[INFO] [stderr]    Compiling icu_properties v2.0.1
[INFO] [stderr]    Compiling icu_normalizer v2.0.0
[INFO] [stderr]    Compiling futures-executor v0.3.31
[INFO] [stderr]    Compiling futures v0.3.31
[INFO] [stderr]    Compiling static-regular-grammar v2.0.2
[INFO] [stderr]    Compiling tokio-util v0.7.16
[INFO] [stderr]    Compiling tokio-stream v0.1.17
[INFO] [stderr]    Compiling idna_adapter v1.2.1
[INFO] [stderr]    Compiling idna v1.1.0
[INFO] [stderr]    Compiling h2 v0.4.12
[INFO] [stderr]    Compiling tower v0.4.13
[INFO] [stderr]    Compiling url v2.5.7
[INFO] [stderr]    Compiling iref-core v3.2.2
[INFO] [stderr]    Compiling langtag v0.4.0
[INFO] [stderr]    Compiling rustls-webpki v0.103.7
[INFO] [stderr]    Compiling iref v3.2.2
[INFO] [stderr]    Compiling hyper v1.7.0
[INFO] [stderr]    Compiling static-iref v3.0.0
[INFO] [stderr]    Compiling rdf-types v0.22.5
[INFO] [stderr]    Compiling linked-data-derive v0.1.0
[INFO] [stderr]    Compiling xsd-types v0.9.6
[INFO] [stderr]    Compiling ssi-crypto v0.2.1
[INFO] [stderr]    Compiling hyper-util v0.1.17
[INFO] [stderr]    Compiling hyper-timeout v0.5.2
[INFO] [stderr]    Compiling json-ld-syntax v0.21.2
[INFO] [stderr]    Compiling linked-data v0.1.2
[INFO] [stderr]    Compiling json-ld-core v0.21.2
[INFO] [stderr]    Compiling ssi-rdf v0.1.1
[INFO] [stderr]    Compiling ssi-eip712 v0.1.1
[INFO] [stderr]    Compiling tokio-rustls v0.26.4
[INFO] [stderr]    Compiling tonic v0.12.3
[INFO] [stderr]    Compiling json-ld-context-processing v0.21.2
[INFO] [stderr]    Compiling json-ld-serialization v0.21.2
[INFO] [stderr]    Compiling json-ld-expansion v0.21.2
[INFO] [stderr]    Compiling json-ld-compaction v0.21.2
[INFO] [stderr]    Compiling json-ld v0.21.2
[INFO] [stderr]    Compiling ssi-json-ld v0.3.2
[INFO] [stderr]    Compiling ssi-claims-core v0.1.3
[INFO] [stderr]    Compiling ssi-jwk v0.3.2
[INFO] [stderr]    Compiling ssi-jws v0.3.1
[INFO] [stderr]    Compiling ssi-verification-methods-core v0.1.2
[INFO] [stderr]    Compiling ssi-dids-core v0.1.3
[INFO] [stderr]    Compiling did-resolver-cheqd v1.0.1 (/opt/rustwide/workdir)
[INFO] [stderr]     Finished `release` profile [optimized] target(s) in 2m 50s
[INFO] [stderr] warning: the following packages contain code that will be rejected by a future version of Rust: primitive-types v0.9.1
[INFO] [stderr] note: to see what the problems were, use the option `--future-incompat-report`, or run `cargo report future-incompatibilities --id 10`
[INFO] running `Command { std: "docker" "inspect" "d9af4f37ff8df1719ef1b3130238c126265aae3445a7a95760c7253520c31c69", kill_on_drop: false }`
[INFO] running `Command { std: "docker" "exec" "-e" "SOURCE_DIR=/opt/rustwide/workdir" "-e" "CARGO_HOME=/opt/rustwide/cargo-home" "-e" "RUSTUP_HOME=/opt/rustwide/rustup-home" "-e" "CARGO_TARGET_DIR=/opt/rustwide/target" "-e" "CARGO_INCREMENTAL=0" "-e" "RUST_BACKTRACE=full" "-e" "RUSTFLAGS=--cap-lints=warn" "-e" "RUSTDOCFLAGS=--cap-lints=warn" "-w" "/opt/rustwide/workdir" "--user" "0:0" "d9af4f37ff8df1719ef1b3130238c126265aae3445a7a95760c7253520c31c69" "/opt/rustwide/cargo-home/bin/cargo" "+1.100.0-beta.1" "test" "--frozen" "--no-run" "--message-format=json" "--release", kill_on_drop: false }`
[INFO] [stderr]    Compiling did-resolver-cheqd v1.0.1 (/opt/rustwide/workdir)
[INFO] [stderr]     Finished `release` profile [optimized] target(s) in 10.74s
[INFO] [stderr] warning: the following packages contain code that will be rejected by a future version of Rust: primitive-types v0.9.1
[INFO] [stderr] note: to see what the problems were, use the option `--future-incompat-report`, or run `cargo report future-incompatibilities --id 10`
[INFO] running `Command { std: "docker" "inspect" "d9af4f37ff8df1719ef1b3130238c126265aae3445a7a95760c7253520c31c69", kill_on_drop: false }`
[INFO] running `Command { std: "docker" "exec" "-e" "SOURCE_DIR=/opt/rustwide/workdir" "-e" "CARGO_HOME=/opt/rustwide/cargo-home" "-e" "RUSTUP_HOME=/opt/rustwide/rustup-home" "-e" "CARGO_TARGET_DIR=/opt/rustwide/target" "-e" "CARGO_INCREMENTAL=0" "-e" "RUST_BACKTRACE=full" "-e" "RUSTFLAGS=--cap-lints=warn" "-e" "RUSTDOCFLAGS=--cap-lints=warn" "-w" "/opt/rustwide/workdir" "--user" "0:0" "d9af4f37ff8df1719ef1b3130238c126265aae3445a7a95760c7253520c31c69" "/opt/rustwide/cargo-home/bin/cargo" "+1.100.0-beta.1" "test" "--frozen" "--release", kill_on_drop: false }`
[INFO] [stderr]     Finished `release` profile [optimized] target(s) in 0.29s
[INFO] [stderr] warning: the following packages contain code that will be rejected by a future version of Rust: primitive-types v0.9.1
[INFO] [stderr] note: to see what the problems were, use the option `--future-incompat-report`, or run `cargo report future-incompatibilities --id 10`
[INFO] [stderr]      Running unittests src/lib.rs (/opt/rustwide/target/release/build/did-resolver-cheqd/76638fb7d166b5e5/out/did_resolver_cheqd-76638fb7d166b5e5)
[INFO] [stdout] 
[INFO] [stdout] running 18 tests
[INFO] [stdout] test resolution::parser::tests::parse_basic_did_without_namespace ... ok
[INFO] [stdout] test resolution::parser::tests::parse_invalid_path_param ... ok
[INFO] [stdout] test resolution::parser::tests::parse_malformed_not_cheqd ... ok
[INFO] [stdout] test resolution::parser::tests::parse_basic_did_with_namespace ... ok
[INFO] [stdout] test resolution::parser::tests::parse_resource_path ... ok
[INFO] [stdout] test resolution::parser::tests::parse_without_namespace_but_with_query ... ok
[INFO] [stdout] test resolution::resolver::unit_tests::test_resolve_fails_if_no_network_config ... ok
[INFO] [stdout] test resolution::resolver::unit_tests::test_resolve_resource_fails_if_incomplete_query ... ok
[INFO] [stdout] test resolution::resolver::unit_tests::test_resolve_resource_fails_if_invalid_resource_time ... ok
[INFO] [stdout] test resolution::parser::tests::parse_query_params ... ok
[INFO] [stdout] test resolution::parser::tests::parse_version_from_query ... ok
[INFO] [stdout] test resolution::parser::tests::parse_versions_path ... ok
[INFO] [stdout] test resolution::resolver::unit_tests::test_resolve_fails_if_bad_network_uri ... ok
[INFO] [stdout] test resolution::resolver::unit_tests::test_resolve_resource_fails_if_no_query ... ok
[INFO] [stdout] test resolution::resolver::unit_tests::test_resolve_did_version_id ... FAILED
[INFO] [stdout] test resolution::resolver::unit_tests::test_resolve_did_success ... FAILED
[INFO] [stdout] test resolution::resolver::unit_tests::test_resolve_resource_id_success ... FAILED
[INFO] [stdout] test resolution::resolver::unit_tests::test_resolve_resource_query_success ... FAILED
[INFO] [stderr] error: test failed, to rerun pass `--lib`
[INFO] [stdout] 
[INFO] [stdout] failures:
[INFO] [stdout] 
[INFO] [stdout] ---- resolution::resolver::unit_tests::test_resolve_did_version_id stdout ----
[INFO] [stdout] res: Err(TransportError(tonic::transport::Error(Transport, ConnectError(ConnectError("dns error", Custom { kind: Uncategorized, error: "failed to lookup address information: Temporary failure in name resolution" })))))
[INFO] [stdout] 
[INFO] [stdout] thread 'resolution::resolver::unit_tests::test_resolve_did_version_id' (3783) panicked at src/resolution/resolver.rs:535:9:
[INFO] [stdout] assertion failed: res.is_ok()
[INFO] [stdout] stack backtrace:
[INFO] [stdout]    0:     0x635214c88b91 - <<std[617be2ca0a6fd877]::sys::backtrace::BacktraceLock>::print::DisplayBacktrace as core[a373ad73a504971]::fmt::Display>::fmt
[INFO] [stdout]    1:     0x635214c9e63a - core[a373ad73a504971]::fmt::write
[INFO] [stdout]    2:     0x635214c8d6fc - <alloc[2e1b2a31b91974c5]::vec::Vec<u8> as core[a373ad73a504971]::io::write::Write>::write_fmt
[INFO] [stdout]    3:     0x635214c63d56 - std[617be2ca0a6fd877]::panicking::default_hook::{closure#0}
[INFO] [stdout]    4:     0x635214c80999 - std[617be2ca0a6fd877]::panicking::default_hook
[INFO] [stdout]    5:     0x635214aa98a0 - test[aada8e7e76ba119b]::test_main_inner::{closure#0}
[INFO] [stdout]    6:     0x635214c80cc2 - std[617be2ca0a6fd877]::panicking::panic_with_hook
[INFO] [stdout]    7:     0x635214c63e34 - std[617be2ca0a6fd877]::panicking::panic_handler::{closure#0}
[INFO] [stdout]    8:     0x635214c5c999 - std[617be2ca0a6fd877]::sys::backtrace::__rust_end_short_backtrace::<std[617be2ca0a6fd877]::panicking::panic_handler::{closure#0}, !>
[INFO] [stdout]    9:     0x635214c64bfd - __rustc[ea4f61d10b84890b]::rust_begin_unwind
[INFO] [stdout]   10:     0x635214c9ed9c - core[a373ad73a504971]::panicking::panic_fmt
[INFO] [stdout]   11:     0x635214c9ed62 - core[a373ad73a504971]::panicking::panic
[INFO] [stdout]   12:     0x635214a354c2 - did_resolver_cheqd[815b51b7c95465d1]::resolution::resolver::unit_tests::test_resolve_did_version_id::{closure#0}
[INFO] [stdout]   13:     0x635214a69813 - <tokio[85c73e5dafaf41ec]::runtime::scheduler::current_thread::Context>::enter::<core[a373ad73a504971]::task::poll::Poll<()>, <tokio[85c73e5dafaf41ec]::runtime::scheduler::current_thread::CoreGuard>::block_on<core[a373ad73a504971]::pin::Pin<&mut core[a373ad73a504971]::pin::Pin<&mut dyn core[a373ad73a504971]::future::future::Future<Output = ()>>>>::{closure#0}::{closure#0}>
[INFO] [stdout]   14:     0x635214a4f70c - <tokio[85c73e5dafaf41ec]::runtime::context::scoped::Scoped<tokio[85c73e5dafaf41ec]::runtime::scheduler::Context>>::set::<<tokio[85c73e5dafaf41ec]::runtime::scheduler::current_thread::CoreGuard>::enter<<tokio[85c73e5dafaf41ec]::runtime::scheduler::current_thread::CoreGuard>::block_on<core[a373ad73a504971]::pin::Pin<&mut core[a373ad73a504971]::pin::Pin<&mut dyn core[a373ad73a504971]::future::future::Future<Output = ()>>>>::{closure#0}, core[a373ad73a504971]::option::Option<()>>::{closure#0}, (alloc[2e1b2a31b91974c5]::boxed::Box<tokio[85c73e5dafaf41ec]::runtime::scheduler::current_thread::Core>, core[a373ad73a504971]::option::Option<()>)>
[INFO] [stdout]   15:     0x635214a69b55 - <tokio[85c73e5dafaf41ec]::runtime::scheduler::current_thread::CoreGuard>::block_on::<core[a373ad73a504971]::pin::Pin<&mut core[a373ad73a504971]::pin::Pin<&mut dyn core[a373ad73a504971]::future::future::Future<Output = ()>>>>
[INFO] [stdout]   16:     0x635214a44340 - tokio[85c73e5dafaf41ec]::runtime::context::runtime::enter_runtime::<<tokio[85c73e5dafaf41ec]::runtime::scheduler::current_thread::CurrentThread>::block_on<core[a373ad73a504971]::pin::Pin<&mut dyn core[a373ad73a504971]::future::future::Future<Output = ()>>>::{closure#0}, ()>
[INFO] [stdout]   17:     0x635214a691eb - <tokio[85c73e5dafaf41ec]::runtime::runtime::Runtime>::block_on::<core[a373ad73a504971]::pin::Pin<&mut dyn core[a373ad73a504971]::future::future::Future<Output = ()>>>
[INFO] [stdout]   18:     0x635214a378eb - <did_resolver_cheqd[815b51b7c95465d1]::resolution::resolver::unit_tests::test_resolve_did_version_id::{closure#0} as core[a373ad73a504971]::ops::function::FnOnce<()>>::call_once
[INFO] [stdout]   19:     0x635214a9cceb - test[aada8e7e76ba119b]::__rust_begin_short_backtrace::<core[a373ad73a504971]::result::Result<(), alloc[2e1b2a31b91974c5]::string::String>, fn() -> core[a373ad73a504971]::result::Result<(), alloc[2e1b2a31b91974c5]::string::String>>
[INFO] [stdout]   20:     0x635214aa9ec5 - test[aada8e7e76ba119b]::run_test::{closure#0}
[INFO] [stdout]   21:     0x635214aa37b4 - std[617be2ca0a6fd877]::sys::backtrace::__rust_begin_short_backtrace::<test[aada8e7e76ba119b]::run_test::{closure#1}, ()>
[INFO] [stdout]   22:     0x635214aacf52 - <std[617be2ca0a6fd877]::thread::lifecycle::spawn_unchecked<test[aada8e7e76ba119b]::run_test::{closure#1}, ()>::{closure#1} as core[a373ad73a504971]::ops::function::FnOnce<()>>::call_once::{shim:vtable#0}
[INFO] [stdout]   23:     0x635214c8803f - <std[617be2ca0a6fd877]::sys::thread::unix::Thread>::new::thread_start
[INFO] [stdout]   24:     0x73e54e8b2dfa - <unknown>
[INFO] [stdout]   25:     0x73e54e9463d4 - clone
[INFO] [stdout]   26:                0x0 - <unknown>
[INFO] [stdout] 
[INFO] [stdout] ---- resolution::resolver::unit_tests::test_resolve_did_success stdout ----
[INFO] [stdout] res: Err(
[INFO] [stdout]     TransportError(
[INFO] [stdout]         tonic::transport::Error(
[INFO] [stdout]             Transport,
[INFO] [stdout]             ConnectError(
[INFO] [stdout]                 ConnectError(
[INFO] [stdout]                     "dns error",
[INFO] [stdout]                     Custom {
[INFO] [stdout]                         kind: Uncategorized,
[INFO] [stdout]                         error: "failed to lookup address information: Temporary failure in name resolution",
[INFO] [stdout]                     },
[INFO] [stdout]                 ),
[INFO] [stdout]             ),
[INFO] [stdout]         ),
[INFO] [stdout]     ),
[INFO] [stdout] )
[INFO] [stdout] 
[INFO] [stdout] thread 'resolution::resolver::unit_tests::test_resolve_did_success' (3782) panicked at src/resolution/resolver.rs:499:9:
[INFO] [stdout] assertion failed: res.is_ok()
[INFO] [stdout] stack backtrace:
[INFO] [stdout]    0:     0x635214c88b91 - <<std[617be2ca0a6fd877]::sys::backtrace::BacktraceLock>::print::DisplayBacktrace as core[a373ad73a504971]::fmt::Display>::fmt
[INFO] [stdout]    1:     0x635214c9e63a - core[a373ad73a504971]::fmt::write
[INFO] [stdout]    2:     0x635214c8d6fc - <alloc[2e1b2a31b91974c5]::vec::Vec<u8> as core[a373ad73a504971]::io::write::Write>::write_fmt
[INFO] [stdout]    3:     0x635214c63d56 - std[617be2ca0a6fd877]::panicking::default_hook::{closure#0}
[INFO] [stdout]    4:     0x635214c80999 - std[617be2ca0a6fd877]::panicking::default_hook
[INFO] [stdout]    5:     0x635214aa98a0 - test[aada8e7e76ba119b]::test_main_inner::{closure#0}
[INFO] [stdout]    6:     0x635214c80cc2 - std[617be2ca0a6fd877]::panicking::panic_with_hook
[INFO] [stdout]    7:     0x635214c63e34 - std[617be2ca0a6fd877]::panicking::panic_handler::{closure#0}
[INFO] [stdout]    8:     0x635214c5c999 - std[617be2ca0a6fd877]::sys::backtrace::__rust_end_short_backtrace::<std[617be2ca0a6fd877]::panicking::panic_handler::{closure#0}, !>
[INFO] [stdout]    9:     0x635214c64bfd - __rustc[ea4f61d10b84890b]::rust_begin_unwind
[INFO] [stdout]   10:     0x635214c9ed9c - core[a373ad73a504971]::panicking::panic_fmt
[INFO] [stdout]   11:     0x635214c9ed62 - core[a373ad73a504971]::panicking::panic
[INFO] [stdout]   12:     0x635214a350b2 - did_resolver_cheqd[815b51b7c95465d1]::resolution::resolver::unit_tests::test_resolve_did_success::{closure#0}
[INFO] [stdout]   13:     0x635214a69813 - <tokio[85c73e5dafaf41ec]::runtime::scheduler::current_thread::Context>::enter::<core[a373ad73a504971]::task::poll::Poll<()>, <tokio[85c73e5dafaf41ec]::runtime::scheduler::current_thread::CoreGuard>::block_on<core[a373ad73a504971]::pin::Pin<&mut core[a373ad73a504971]::pin::Pin<&mut dyn core[a373ad73a504971]::future::future::Future<Output = ()>>>>::{closure#0}::{closure#0}>
[INFO] [stdout]   14:     0x635214a4f70c - <tokio[85c73e5dafaf41ec]::runtime::context::scoped::Scoped<tokio[85c73e5dafaf41ec]::runtime::scheduler::Context>>::set::<<tokio[85c73e5dafaf41ec]::runtime::scheduler::current_thread::CoreGuard>::enter<<tokio[85c73e5dafaf41ec]::runtime::scheduler::current_thread::CoreGuard>::block_on<core[a373ad73a504971]::pin::Pin<&mut core[a373ad73a504971]::pin::Pin<&mut dyn core[a373ad73a504971]::future::future::Future<Output = ()>>>>::{closure#0}, core[a373ad73a504971]::option::Option<()>>::{closure#0}, (alloc[2e1b2a31b91974c5]::boxed::Box<tokio[85c73e5dafaf41ec]::runtime::scheduler::current_thread::Core>, core[a373ad73a504971]::option::Option<()>)>
[INFO] [stdout]   15:     0x635214a69b55 - <tokio[85c73e5dafaf41ec]::runtime::scheduler::current_thread::CoreGuard>::block_on::<core[a373ad73a504971]::pin::Pin<&mut core[a373ad73a504971]::pin::Pin<&mut dyn core[a373ad73a504971]::future::future::Future<Output = ()>>>>
[INFO] [stdout]   16:     0x635214a44340 - tokio[85c73e5dafaf41ec]::runtime::context::runtime::enter_runtime::<<tokio[85c73e5dafaf41ec]::runtime::scheduler::current_thread::CurrentThread>::block_on<core[a373ad73a504971]::pin::Pin<&mut dyn core[a373ad73a504971]::future::future::Future<Output = ()>>>::{closure#0}, ()>
[INFO] [stdout]   17:     0x635214a691eb - <tokio[85c73e5dafaf41ec]::runtime::runtime::Runtime>::block_on::<core[a373ad73a504971]::pin::Pin<&mut dyn core[a373ad73a504971]::future::future::Future<Output = ()>>>
[INFO] [stdout]   18:     0x635214a377ab - <did_resolver_cheqd[815b51b7c95465d1]::resolution::resolver::unit_tests::test_resolve_did_success::{closure#0} as core[a373ad73a504971]::ops::function::FnOnce<()>>::call_once
[INFO] [stdout]   19:     0x635214a9cceb - test[aada8e7e76ba119b]::__rust_begin_short_backtrace::<core[a373ad73a504971]::result::Result<(), alloc[2e1b2a31b91974c5]::string::String>, fn() -> core[a373ad73a504971]::result::Result<(), alloc[2e1b2a31b91974c5]::string::String>>
[INFO] [stdout]   20:     0x635214aa9ec5 - test[aada8e7e76ba119b]::run_test::{closure#0}
[INFO] [stdout]   21:     0x635214aa37b4 - std[617be2ca0a6fd877]::sys::backtrace::__rust_begin_short_backtrace::<test[aada8e7e76ba119b]::run_test::{closure#1}, ()>
[INFO] [stdout]   22:     0x635214aacf52 - <std[617be2ca0a6fd877]::thread::lifecycle::spawn_unchecked<test[aada8e7e76ba119b]::run_test::{closure#1}, ()>::{closure#1} as core[a373ad73a504971]::ops::function::FnOnce<()>>::call_once::{shim:vtable#0}
[INFO] [stdout]   23:     0x635214c8803f - <std[617be2ca0a6fd877]::sys::thread::unix::Thread>::new::thread_start
[INFO] [stdout]   24:     0x73e54e8b2dfa - <unknown>
[INFO] [stdout]   25:     0x73e54e9463d4 - clone
[INFO] [stdout]   26:                0x0 - <unknown>
[INFO] [stdout] 
[INFO] [stdout] ---- resolution::resolver::unit_tests::test_resolve_resource_id_success stdout ----
[INFO] [stdout] res: Err(TransportError(tonic::transport::Error(Transport, ConnectError(ConnectError("dns error", Custom { kind: Uncategorized, error: "failed to lookup address information: Temporary failure in name resolution" })))))
[INFO] [stdout] 
[INFO] [stdout] thread 'resolution::resolver::unit_tests::test_resolve_resource_id_success' (3789) panicked at src/resolution/resolver.rs:511:9:
[INFO] [stdout] assertion failed: res.is_ok()
[INFO] [stdout] stack backtrace:
[INFO] [stdout]    0:     0x635214c88b91 - <<std[617be2ca0a6fd877]::sys::backtrace::BacktraceLock>::print::DisplayBacktrace as core[a373ad73a504971]::fmt::Display>::fmt
[INFO] [stdout]    1:     0x635214c9e63a - core[a373ad73a504971]::fmt::write
[INFO] [stdout]    2:     0x635214c8d6fc - <alloc[2e1b2a31b91974c5]::vec::Vec<u8> as core[a373ad73a504971]::io::write::Write>::write_fmt
[INFO] [stdout]    3:     0x635214c63d56 - std[617be2ca0a6fd877]::panicking::default_hook::{closure#0}
[INFO] [stdout]    4:     0x635214c80999 - std[617be2ca0a6fd877]::panicking::default_hook
[INFO] [stdout]    5:     0x635214aa98a0 - test[aada8e7e76ba119b]::test_main_inner::{closure#0}
[INFO] [stdout]    6:     0x635214c80cc2 - std[617be2ca0a6fd877]::panicking::panic_with_hook
[INFO] [stdout]    7:     0x635214c63e34 - std[617be2ca0a6fd877]::panicking::panic_handler::{closure#0}
[INFO] [stdout]    8:     0x635214c5c999 - std[617be2ca0a6fd877]::sys::backtrace::__rust_end_short_backtrace::<std[617be2ca0a6fd877]::panicking::panic_handler::{closure#0}, !>
[INFO] [stdout]    9:     0x635214c64bfd - __rustc[ea4f61d10b84890b]::rust_begin_unwind
[INFO] [stdout]   10:     0x635214c9ed9c - core[a373ad73a504971]::panicking::panic_fmt
[INFO] [stdout]   11:     0x635214c9ed62 - core[a373ad73a504971]::panicking::panic
[INFO] [stdout]   12:     0x635214a3589c - did_resolver_cheqd[815b51b7c95465d1]::resolution::resolver::unit_tests::test_resolve_resource_id_success::{closure#0}
[INFO] [stdout]   13:     0x635214a69813 - <tokio[85c73e5dafaf41ec]::runtime::scheduler::current_thread::Context>::enter::<core[a373ad73a504971]::task::poll::Poll<()>, <tokio[85c73e5dafaf41ec]::runtime::scheduler::current_thread::CoreGuard>::block_on<core[a373ad73a504971]::pin::Pin<&mut core[a373ad73a504971]::pin::Pin<&mut dyn core[a373ad73a504971]::future::future::Future<Output = ()>>>>::{closure#0}::{closure#0}>
[INFO] [stdout]   14:     0x635214a4f70c - <tokio[85c73e5dafaf41ec]::runtime::context::scoped::Scoped<tokio[85c73e5dafaf41ec]::runtime::scheduler::Context>>::set::<<tokio[85c73e5dafaf41ec]::runtime::scheduler::current_thread::CoreGuard>::enter<<tokio[85c73e5dafaf41ec]::runtime::scheduler::current_thread::CoreGuard>::block_on<core[a373ad73a504971]::pin::Pin<&mut core[a373ad73a504971]::pin::Pin<&mut dyn core[a373ad73a504971]::future::future::Future<Output = ()>>>>::{closure#0}, core[a373ad73a504971]::option::Option<()>>::{closure#0}, (alloc[2e1b2a31b91974c5]::boxed::Box<tokio[85c73e5dafaf41ec]::runtime::scheduler::current_thread::Core>, core[a373ad73a504971]::option::Option<()>)>
[INFO] [stdout]   15:     0x635214a69b55 - <tokio[85c73e5dafaf41ec]::runtime::scheduler::current_thread::CoreGuard>::block_on::<core[a373ad73a504971]::pin::Pin<&mut core[a373ad73a504971]::pin::Pin<&mut dyn core[a373ad73a504971]::future::future::Future<Output = ()>>>>
[INFO] [stdout]   16:     0x635214a44340 - tokio[85c73e5dafaf41ec]::runtime::context::runtime::enter_runtime::<<tokio[85c73e5dafaf41ec]::runtime::scheduler::current_thread::CurrentThread>::block_on<core[a373ad73a504971]::pin::Pin<&mut dyn core[a373ad73a504971]::future::future::Future<Output = ()>>>::{closure#0}, ()>
[INFO] [stdout]   17:     0x635214a691eb - <tokio[85c73e5dafaf41ec]::runtime::runtime::Runtime>::block_on::<core[a373ad73a504971]::pin::Pin<&mut dyn core[a373ad73a504971]::future::future::Future<Output = ()>>>
[INFO] [stdout]   18:     0x635214a37a2b - <did_resolver_cheqd[815b51b7c95465d1]::resolution::resolver::unit_tests::test_resolve_resource_id_success::{closure#0} as core[a373ad73a504971]::ops::function::FnOnce<()>>::call_once
[INFO] [stdout]   19:     0x635214a9cceb - test[aada8e7e76ba119b]::__rust_begin_short_backtrace::<core[a373ad73a504971]::result::Result<(), alloc[2e1b2a31b91974c5]::string::String>, fn() -> core[a373ad73a504971]::result::Result<(), alloc[2e1b2a31b91974c5]::string::String>>
[INFO] [stdout]   20:     0x635214aa9ec5 - test[aada8e7e76ba119b]::run_test::{closure#0}
[INFO] [stdout]   21:     0x635214aa37b4 - std[617be2ca0a6fd877]::sys::backtrace::__rust_begin_short_backtrace::<test[aada8e7e76ba119b]::run_test::{closure#1}, ()>
[INFO] [stdout]   22:     0x635214aacf52 - <std[617be2ca0a6fd877]::thread::lifecycle::spawn_unchecked<test[aada8e7e76ba119b]::run_test::{closure#1}, ()>::{closure#1} as core[a373ad73a504971]::ops::function::FnOnce<()>>::call_once::{shim:vtable#0}
[INFO] [stdout]   23:     0x635214c8803f - <std[617be2ca0a6fd877]::sys::thread::unix::Thread>::new::thread_start
[INFO] [stdout]   24:     0x73e54e8b2dfa - <unknown>
[INFO] [stdout]   25:     0x73e54e9463d4 - clone
[INFO] [stdout]   26:                0x0 - <unknown>
[INFO] [stdout] 
[INFO] [stdout] ---- resolution::resolver::unit_tests::test_resolve_resource_query_success stdout ----
[INFO] [stdout] res: Err(TransportError(tonic::transport::Error(Transport, ConnectError(ConnectError("dns error", Custom { kind: Uncategorized, error: "failed to lookup address information: Temporary failure in name resolution" })))))
[INFO] [stdout] 
[INFO] [stdout] thread 'resolution::resolver::unit_tests::test_resolve_resource_query_success' (3790) panicked at src/resolution/resolver.rs:523:9:
[INFO] [stdout] assertion failed: res.is_ok()
[INFO] [stdout] stack backtrace:
[INFO] [stdout]    0:     0x635214c88b91 - <<std[617be2ca0a6fd877]::sys::backtrace::BacktraceLock>::print::DisplayBacktrace as core[a373ad73a504971]::fmt::Display>::fmt
[INFO] [stdout]    1:     0x635214c9e63a - core[a373ad73a504971]::fmt::write
[INFO] [stdout]    2:     0x635214c8d6fc - <alloc[2e1b2a31b91974c5]::vec::Vec<u8> as core[a373ad73a504971]::io::write::Write>::write_fmt
[INFO] [stdout]    3:     0x635214c63d56 - std[617be2ca0a6fd877]::panicking::default_hook::{closure#0}
[INFO] [stdout]    4:     0x635214c80999 - std[617be2ca0a6fd877]::panicking::default_hook
[INFO] [stdout]    5:     0x635214aa98a0 - test[aada8e7e76ba119b]::test_main_inner::{closure#0}
[INFO] [stdout]    6:     0x635214c80cc2 - std[617be2ca0a6fd877]::panicking::panic_with_hook
[INFO] [stdout]    7:     0x635214c63e34 - std[617be2ca0a6fd877]::panicking::panic_handler::{closure#0}
[INFO] [stdout]    8:     0x635214c5c999 - std[617be2ca0a6fd877]::sys::backtrace::__rust_end_short_backtrace::<std[617be2ca0a6fd877]::panicking::panic_handler::{closure#0}, !>
[INFO] [stdout]    9:     0x635214c64bfd - __rustc[ea4f61d10b84890b]::rust_begin_unwind
[INFO] [stdout]   10:     0x635214c9ed9c - core[a373ad73a504971]::panicking::panic_fmt
[INFO] [stdout]   11:     0x635214c9ed62 - core[a373ad73a504971]::panicking::panic
[INFO] [stdout]   12:     0x635214a35c6c - did_resolver_cheqd[815b51b7c95465d1]::resolution::resolver::unit_tests::test_resolve_resource_query_success::{closure#0}
[INFO] [stdout]   13:     0x635214a69813 - <tokio[85c73e5dafaf41ec]::runtime::scheduler::current_thread::Context>::enter::<core[a373ad73a504971]::task::poll::Poll<()>, <tokio[85c73e5dafaf41ec]::runtime::scheduler::current_thread::CoreGuard>::block_on<core[a373ad73a504971]::pin::Pin<&mut core[a373ad73a504971]::pin::Pin<&mut dyn core[a373ad73a504971]::future::future::Future<Output = ()>>>>::{closure#0}::{closure#0}>
[INFO] [stdout]   14:     0x635214a4f70c - <tokio[85c73e5dafaf41ec]::runtime::context::scoped::Scoped<tokio[85c73e5dafaf41ec]::runtime::scheduler::Context>>::set::<<tokio[85c73e5dafaf41ec]::runtime::scheduler::current_thread::CoreGuard>::enter<<tokio[85c73e5dafaf41ec]::runtime::scheduler::current_thread::CoreGuard>::block_on<core[a373ad73a504971]::pin::Pin<&mut core[a373ad73a504971]::pin::Pin<&mut dyn core[a373ad73a504971]::future::future::Future<Output = ()>>>>::{closure#0}, core[a373ad73a504971]::option::Option<()>>::{closure#0}, (alloc[2e1b2a31b91974c5]::boxed::Box<tokio[85c73e5dafaf41ec]::runtime::scheduler::current_thread::Core>, core[a373ad73a504971]::option::Option<()>)>
[INFO] [stdout]   15:     0x635214a69b55 - <tokio[85c73e5dafaf41ec]::runtime::scheduler::current_thread::CoreGuard>::block_on::<core[a373ad73a504971]::pin::Pin<&mut core[a373ad73a504971]::pin::Pin<&mut dyn core[a373ad73a504971]::future::future::Future<Output = ()>>>>
[INFO] [stdout]   16:     0x635214a44340 - tokio[85c73e5dafaf41ec]::runtime::context::runtime::enter_runtime::<<tokio[85c73e5dafaf41ec]::runtime::scheduler::current_thread::CurrentThread>::block_on<core[a373ad73a504971]::pin::Pin<&mut dyn core[a373ad73a504971]::future::future::Future<Output = ()>>>::{closure#0}, ()>
[INFO] [stdout]   17:     0x635214a691eb - <tokio[85c73e5dafaf41ec]::runtime::runtime::Runtime>::block_on::<core[a373ad73a504971]::pin::Pin<&mut dyn core[a373ad73a504971]::future::future::Future<Output = ()>>>
[INFO] [stdout]   18:     0x635214a37b6b - <did_resolver_cheqd[815b51b7c95465d1]::resolution::resolver::unit_tests::test_resolve_resource_query_success::{closure#0} as core[a373ad73a504971]::ops::function::FnOnce<()>>::call_once
[INFO] [stdout]   19:     0x635214a9cceb - test[aada8e7e76ba119b]::__rust_begin_short_backtrace::<core[a373ad73a504971]::result::Result<(), alloc[2e1b2a31b91974c5]::string::String>, fn() -> core[a373ad73a504971]::result::Result<(), alloc[2e1b2a31b91974c5]::string::String>>
[INFO] [stdout]   20:     0x635214aa9ec5 - test[aada8e7e76ba119b]::run_test::{closure#0}
[INFO] [stdout]   21:     0x635214aa37b4 - std[617be2ca0a6fd877]::sys::backtrace::__rust_begin_short_backtrace::<test[aada8e7e76ba119b]::run_test::{closure#1}, ()>
[INFO] [stdout]   22:     0x635214aacf52 - <std[617be2ca0a6fd877]::thread::lifecycle::spawn_unchecked<test[aada8e7e76ba119b]::run_test::{closure#1}, ()>::{closure#1} as core[a373ad73a504971]::ops::function::FnOnce<()>>::call_once::{shim:vtable#0}
[INFO] [stdout]   23:     0x635214c8803f - <std[617be2ca0a6fd877]::sys::thread::unix::Thread>::new::thread_start
[INFO] [stdout]   24:     0x73e54e8b2dfa - <unknown>
[INFO] [stdout]   25:     0x73e54e9463d4 - clone
[INFO] [stdout]   26:                0x0 - <unknown>
[INFO] [stdout] 
[INFO] [stdout] 
[INFO] [stdout] failures:
[INFO] [stdout]     resolution::resolver::unit_tests::test_resolve_did_success
[INFO] [stdout]     resolution::resolver::unit_tests::test_resolve_did_version_id
[INFO] [stdout]     resolution::resolver::unit_tests::test_resolve_resource_id_success
[INFO] [stdout]     resolution::resolver::unit_tests::test_resolve_resource_query_success
[INFO] [stdout] 
[INFO] [stdout] test result: FAILED. 14 passed; 4 failed; 0 ignored; 0 measured; 0 filtered out; finished in 0.09s
[INFO] [stdout] 
[INFO] running `Command { std: "docker" "inspect" "d9af4f37ff8df1719ef1b3130238c126265aae3445a7a95760c7253520c31c69", kill_on_drop: false }`
[INFO] running `Command { std: "docker" "rm" "-f" "d9af4f37ff8df1719ef1b3130238c126265aae3445a7a95760c7253520c31c69", kill_on_drop: false }`
[INFO] [stdout] d9af4f37ff8df1719ef1b3130238c126265aae3445a7a95760c7253520c31c69
