[INFO] fetching crate dicedb-rs 0.1.5...
[INFO] testing dicedb-rs-0.1.5 against 1.99.0-beta.8+cargoflags=--release for beta-release-1.100-2
[INFO] extracting crate dicedb-rs 0.1.5 into /workspace/builds/worker-6-tc1/source
[INFO] started tweaking crates.io crate dicedb-rs 0.1.5
[INFO] removed 0 missing examples
[INFO] finished tweaking crates.io crate dicedb-rs 0.1.5
[INFO] tweaked toml for crates.io crate dicedb-rs 0.1.5 written to /workspace/builds/worker-6-tc1/source/Cargo.toml
[INFO] validating manifest of crates.io crate dicedb-rs 0.1.5 on toolchain 1.99.0-beta.8
[INFO] running `Command { std: CARGO_HOME="/workspace/cargo-home" RUSTUP_HOME="/workspace/rustup-home" "/workspace/cargo-home/bin/cargo" "+1.99.0-beta.8" "metadata" "--manifest-path" "Cargo.toml" "--no-deps", kill_on_drop: false }`
[INFO] crate crates.io crate dicedb-rs 0.1.5 already has a lockfile, it will not be regenerated
[INFO] running `Command { std: CARGO_HOME="/workspace/cargo-home" RUSTUP_HOME="/workspace/rustup-home" "/workspace/cargo-home/bin/cargo" "+1.99.0-beta.8" "fetch" "--manifest-path" "Cargo.toml", kill_on_drop: false }`
[INFO] [stderr]  Downloading crates ...
[INFO] [stderr]   Downloaded once_cell v1.21.1
[INFO] [stderr]   Downloaded tempfile v3.19.0
[INFO] [stderr]   Downloaded anyhow v1.0.97
[INFO] [stderr]   Downloaded crunchy v0.2.3
[INFO] [stderr]   Downloaded windows-link v0.1.0
[INFO] [stderr]   Downloaded prost v0.12.6
[INFO] [stderr]   Downloaded prost-derive v0.12.6
[INFO] [stderr]   Downloaded hermit-abi v0.5.0
[INFO] [stderr]   Downloaded prost-types v0.12.6
[INFO] [stderr]   Downloaded half v2.5.0
[INFO] [stderr]   Downloaded prettyplease v0.2.31
[INFO] [stderr]   Downloaded zerocopy-derive v0.8.23
[INFO] [stderr]   Downloaded clap v4.5.32
[INFO] [stderr]   Downloaded indexmap v2.8.0
[INFO] [stderr]   Downloaded cc v1.2.16
[INFO] [stderr]   Downloaded tokio-util v0.7.14
[INFO] [stderr]   Downloaded clap_builder v4.5.32
[INFO] [stderr]   Downloaded zerocopy v0.8.23
[INFO] [stderr]   Downloaded chrono v0.4.40
[INFO] [stderr]   Downloaded rustix v1.0.2
[INFO] [stderr]   Downloaded tokio v1.44.1
[INFO] [stderr]   Downloaded linux-raw-sys v0.9.3
[INFO] running `Command { std: "docker" "create" "-v" "/var/lib/crater-agent-workspace/builds/worker-6-tc1/source:/opt/rustwide/workdir:ro,Z" "-v" "/var/lib/crater-agent-workspace/builds/worker-6-tc1/target:/opt/rustwide/target:rw,Z" "-v" "/var/lib/crater-agent-workspace/cargo-home:/opt/rustwide/cargo-home:ro,Z" "-v" "/var/lib/crater-agent-workspace/rustup-home:/opt/rustwide/rustup-home:ro,Z" "-m" "1610612736" "--network" "none" "ghcr.io/rust-lang/crates-build-env/linux@sha256:77db811e55d90add9212f6832c23229e3de5f1c1f9905e8cb07319ea15df73ac" "sleep" "infinity", kill_on_drop: false }`
[INFO] [stdout] 57f116ce502361110301c585968a51a1e5eaafb499772b39ff7a67eaa4c3f80d
[INFO] running `Command { std: "docker" "start" "57f116ce502361110301c585968a51a1e5eaafb499772b39ff7a67eaa4c3f80d", kill_on_drop: false }`
[INFO] running `Command { std: "docker" "inspect" "57f116ce502361110301c585968a51a1e5eaafb499772b39ff7a67eaa4c3f80d", kill_on_drop: false }`
[INFO] running `Command { std: "docker" "exec" "-e" "SOURCE_DIR=/opt/rustwide/workdir" "-e" "CARGO_HOME=/opt/rustwide/cargo-home" "-e" "RUSTUP_HOME=/opt/rustwide/rustup-home" "-e" "CARGO_TARGET_DIR=/opt/rustwide/target" "-w" "/opt/rustwide/workdir" "--user" "0:0" "57f116ce502361110301c585968a51a1e5eaafb499772b39ff7a67eaa4c3f80d" "/opt/rustwide/cargo-home/bin/cargo" "+1.99.0-beta.8" "metadata" "--no-deps" "--format-version=1", kill_on_drop: false }`
[INFO] running `Command { std: "docker" "inspect" "57f116ce502361110301c585968a51a1e5eaafb499772b39ff7a67eaa4c3f80d", kill_on_drop: false }`
[INFO] running `Command { std: "docker" "exec" "-e" "SOURCE_DIR=/opt/rustwide/workdir" "-e" "CARGO_HOME=/opt/rustwide/cargo-home" "-e" "RUSTUP_HOME=/opt/rustwide/rustup-home" "-e" "CARGO_TARGET_DIR=/opt/rustwide/target" "-e" "CARGO_INCREMENTAL=0" "-e" "RUST_BACKTRACE=full" "-e" "RUSTFLAGS=--cap-lints=warn" "-e" "RUSTDOCFLAGS=--cap-lints=warn" "-w" "/opt/rustwide/workdir" "--user" "0:0" "57f116ce502361110301c585968a51a1e5eaafb499772b39ff7a67eaa4c3f80d" "/opt/rustwide/cargo-home/bin/cargo" "+1.99.0-beta.8" "build" "--frozen" "--message-format=json" "--release", kill_on_drop: false }`
[INFO] [stderr]    Compiling proc-macro2 v1.0.94
[INFO] [stderr]    Compiling libc v0.2.171
[INFO] [stderr]    Compiling bytes v1.10.1
[INFO] [stderr]    Compiling anyhow v1.0.97
[INFO] [stderr]    Compiling either v1.15.0
[INFO] [stderr]    Compiling getrandom v0.3.1
[INFO] [stderr]    Compiling futures-task v0.3.31
[INFO] [stderr]    Compiling once_cell v1.21.1
[INFO] [stderr]    Compiling zerocopy v0.8.23
[INFO] [stderr]    Compiling rustix v1.0.2
[INFO] [stderr]    Compiling hashbrown v0.15.2
[INFO] [stderr]    Compiling linux-raw-sys v0.9.3
[INFO] [stderr]    Compiling bitflags v2.9.0
[INFO] [stderr]    Compiling regex-syntax v0.8.5
[INFO] [stderr]    Compiling futures-util v0.3.31
[INFO] [stderr]    Compiling prettyplease v0.2.31
[INFO] [stderr]    Compiling tracing-core v0.1.33
[INFO] [stderr]    Compiling fastrand v2.3.0
[INFO] [stderr]    Compiling itertools v0.14.0
[INFO] [stderr]    Compiling rustversion v1.0.20
[INFO] [stderr]    Compiling fixedbitset v0.5.7
[INFO] [stderr]    Compiling mio v1.0.3
[INFO] [stderr]    Compiling socket2 v0.5.8
[INFO] [stderr]    Compiling indexmap v2.8.0
[INFO] [stderr]    Compiling getrandom v0.2.15
[INFO] [stderr]    Compiling indexmap v1.9.3
[INFO] [stderr]    Compiling quote v1.0.40
[INFO] [stderr]    Compiling rand_core v0.6.4
[INFO] [stderr]    Compiling sync_wrapper v1.0.2
[INFO] [stderr]    Compiling http v1.3.1
[INFO] [stderr]    Compiling log v0.4.26
[INFO] [stderr]    Compiling serde v1.0.219
[INFO] [stderr]    Compiling smallvec v1.14.0
[INFO] [stderr]    Compiling syn v2.0.100
[INFO] [stderr]    Compiling itertools v0.12.1
[INFO] [stderr]    Compiling num-traits v0.2.19
[INFO] [stderr]    Compiling petgraph v0.7.1
[INFO] [stderr]    Compiling prost v0.13.5
[INFO] [stderr]    Compiling iana-time-zone v0.1.61
[INFO] [stderr]    Compiling uuid v1.16.0
[INFO] [stderr]    Compiling http-body v1.0.1
[INFO] [stderr]    Compiling regex-automata v0.4.9
[INFO] [stderr]    Compiling tempfile v3.19.0
[INFO] [stderr]    Compiling http-body-util v0.1.3
[INFO] [stderr]    Compiling ppv-lite86 v0.2.21
[INFO] [stderr]    Compiling rand_chacha v0.3.1
[INFO] [stderr]    Compiling chrono v0.4.40
[INFO] [stderr]    Compiling tower v0.5.2
[INFO] [stderr]    Compiling rand v0.8.5
[INFO] [stderr]    Compiling regex v1.11.1
[INFO] [stderr]    Compiling tokio-macros v2.5.0
[INFO] [stderr]    Compiling tracing-attributes v0.1.28
[INFO] [stderr]    Compiling prost-derive v0.13.5
[INFO] [stderr]    Compiling async-trait v0.1.88
[INFO] [stderr]    Compiling pin-project-internal v1.1.10
[INFO] [stderr]    Compiling prost-derive v0.12.6
[INFO] [stderr]    Compiling async-stream-impl v0.3.6
[INFO] [stderr]    Compiling async-stream v0.3.6
[INFO] [stderr]    Compiling axum-core v0.4.5
[INFO] [stderr]    Compiling tokio v1.44.1
[INFO] [stderr]    Compiling prost v0.12.6
[INFO] [stderr]    Compiling pin-project v1.1.10
[INFO] [stderr]    Compiling prost-types v0.13.5
[INFO] [stderr]    Compiling tracing v0.1.41
[INFO] [stderr]    Compiling prost-types v0.12.6
[INFO] [stderr]    Compiling axum v0.7.9
[INFO] [stderr]    Compiling prost-build v0.13.5
[INFO] [stderr]    Compiling tonic-build v0.12.3
[INFO] [stderr]    Compiling dicedb-rs v0.1.5 (/opt/rustwide/workdir)
[INFO] [stderr]    Compiling tokio-util v0.7.14
[INFO] [stderr]    Compiling tokio-stream v0.1.17
[INFO] [stderr]    Compiling h2 v0.4.8
[INFO] [stderr]    Compiling tower v0.4.13
[INFO] [stderr]    Compiling hyper v1.6.0
[INFO] [stderr]    Compiling hyper-util v0.1.10
[INFO] [stderr]    Compiling hyper-timeout v0.5.2
[INFO] [stderr]    Compiling tonic v0.12.3
[INFO] [stderr]     Finished `release` profile [optimized] target(s) in 1m 03s
[INFO] running `Command { std: "docker" "inspect" "57f116ce502361110301c585968a51a1e5eaafb499772b39ff7a67eaa4c3f80d", kill_on_drop: false }`
[INFO] running `Command { std: "docker" "exec" "-e" "SOURCE_DIR=/opt/rustwide/workdir" "-e" "CARGO_HOME=/opt/rustwide/cargo-home" "-e" "RUSTUP_HOME=/opt/rustwide/rustup-home" "-e" "CARGO_TARGET_DIR=/opt/rustwide/target" "-e" "CARGO_INCREMENTAL=0" "-e" "RUST_BACKTRACE=full" "-e" "RUSTFLAGS=--cap-lints=warn" "-e" "RUSTDOCFLAGS=--cap-lints=warn" "-w" "/opt/rustwide/workdir" "--user" "0:0" "57f116ce502361110301c585968a51a1e5eaafb499772b39ff7a67eaa4c3f80d" "/opt/rustwide/cargo-home/bin/cargo" "+1.99.0-beta.8" "test" "--frozen" "--no-run" "--message-format=json" "--release", kill_on_drop: false }`
[INFO] [stderr]    Compiling serde v1.0.219
[INFO] [stderr]    Compiling serde_derive v1.0.219
[INFO] [stderr]    Compiling num-traits v0.2.19
[INFO] [stderr]    Compiling rayon-core v1.12.1
[INFO] [stderr]    Compiling half v2.5.0
[INFO] [stderr]    Compiling anstyle v1.0.10
[INFO] [stderr]    Compiling regex-syntax v0.8.5
[INFO] [stderr]    Compiling clap_lex v0.7.4
[INFO] [stderr]    Compiling is-terminal v0.4.16
[INFO] [stderr]    Compiling clap_builder v4.5.32
[INFO] [stderr]    Compiling rayon v1.10.0
[INFO] [stderr]    Compiling ciborium-ll v0.2.2
[INFO] [stderr]    Compiling chrono v0.4.40
[INFO] [stderr]    Compiling plotters v0.3.7
[INFO] [stderr]    Compiling regex-automata v0.4.9
[INFO] [stderr]    Compiling clap v4.5.32
[INFO] [stderr]    Compiling regex v1.11.1
[INFO] [stderr]    Compiling axum v0.7.9
[INFO] [stderr]    Compiling serde_json v1.0.140
[INFO] [stderr]    Compiling ciborium v0.2.2
[INFO] [stderr]    Compiling tinytemplate v1.2.1
[INFO] [stderr]    Compiling criterion v0.5.1
[INFO] [stderr]    Compiling tonic v0.12.3
[INFO] [stderr]    Compiling dicedb-rs v0.1.5 (/opt/rustwide/workdir)
[INFO] [stderr]     Finished `release` profile [optimized] target(s) in 49.77s
[INFO] running `Command { std: "docker" "inspect" "57f116ce502361110301c585968a51a1e5eaafb499772b39ff7a67eaa4c3f80d", kill_on_drop: false }`
[INFO] running `Command { std: "docker" "exec" "-e" "SOURCE_DIR=/opt/rustwide/workdir" "-e" "CARGO_HOME=/opt/rustwide/cargo-home" "-e" "RUSTUP_HOME=/opt/rustwide/rustup-home" "-e" "CARGO_TARGET_DIR=/opt/rustwide/target" "-e" "CARGO_INCREMENTAL=0" "-e" "RUST_BACKTRACE=full" "-e" "RUSTFLAGS=--cap-lints=warn" "-e" "RUSTDOCFLAGS=--cap-lints=warn" "-w" "/opt/rustwide/workdir" "--user" "0:0" "57f116ce502361110301c585968a51a1e5eaafb499772b39ff7a67eaa4c3f80d" "/opt/rustwide/cargo-home/bin/cargo" "+1.99.0-beta.8" "test" "--frozen" "--release", kill_on_drop: false }`
[INFO] [stderr]     Finished `release` profile [optimized] target(s) in 0.17s
[INFO] [stderr]      Running unittests src/lib.rs (/opt/rustwide/target/release/deps/dicedb_rs-b1e9d554ec62a3df)
[INFO] [stdout] 
[INFO] [stdout] running 53 tests
[INFO] [stdout] test client::tests::test_client_error ... ok
[INFO] [stdout] test commandrpc::tests::test_expire_nx ... FAILED
[INFO] [stdout] test client::tests::test_client ... FAILED
[INFO] [stdout] test commandrpc::tests::test_decrby_overflow ... FAILED
[INFO] [stdout] test commandrpc::tests::test_exists_two ... FAILED
[INFO] [stdout] test commandrpc::tests::test_expire ... FAILED
[INFO] [stdout] test commandrpc::tests::test_case_sensitive_keys ... FAILED
[INFO] [stdout] test commandrpc::tests::test_del ... FAILED
[INFO] [stdout] test commandrpc::tests::test_expireat_lt ... FAILED
[INFO] [stdout] test commandrpc::tests::test_exists_one ... FAILED
[INFO] [stdout] test commandrpc::tests::test_echo ... FAILED
[INFO] [stdout] test client::tests::test_client_error2 ... ok
[INFO] [stdout] test commandrpc::tests::test_expireat ... FAILED
[INFO] [stdout] test commandrpc::tests::test_flushdb ... ignored
[INFO] [stdout] test commandrpc::tests::test_expireat_gt ... FAILED
[INFO] [stdout] test commandrpc::tests::test_decrby ... FAILED
[INFO] [stdout] test commandrpc::tests::test_existsmany ... FAILED
[INFO] [stdout] test commandrpc::tests::test_decr_min_underflow ... FAILED
[INFO] [stdout] test commandrpc::tests::test_expireat_nx ... FAILED
[INFO] [stdout] test commandrpc::tests::test_decr ... FAILED
[INFO] [stdout] test commandrpc::tests::test_expiretime ... FAILED
[INFO] [stdout] test commandrpc::tests::test_hgetset_multi ... FAILED
[INFO] [stdout] test commandrpc::tests::test_incr_overflow ... FAILED
[INFO] [stdout] test commandrpc::tests::test_incr ... FAILED
[INFO] [stdout] test commandrpc::tests::test_hgetset_single ... FAILED
[INFO] [stdout] test commandrpc::tests::test_get_set ... FAILED
[INFO] [stdout] test commandrpc::tests::test_expire_xx ... FAILED
[INFO] [stdout] test commandrpc::tests::test_expireat_xx ... FAILED
[INFO] [stdout] test commandrpc::tests::test_hgetall ... FAILED
[INFO] [stdout] test commandrpc::tests::test_key_w_newline ... FAILED
[INFO] [stdout] test commandrpc::tests::test_key_w_spaces ... FAILED
[INFO] [stdout] test commandrpc::tests::test_incrby ... FAILED
[INFO] [stdout] test commandrpc::tests::test_get_set_float ... FAILED
[INFO] [stdout] test commandrpc::tests::test_getdel ... FAILED
[INFO] [stdout] test commandrpc::tests::test_getex ... FAILED
[INFO] [stdout] test commandrpc::tests::test_key_w_underscores_cause_problems_with_exists ... FAILED
[INFO] [stdout] test commandrpc::tests::test_key_w_underscores ... FAILED
[INFO] [stdout] test watchrpc::tests::test_get_watch_iter ... ignored
[INFO] [stdout] test commandrpc::tests::test_type_str ... FAILED
[INFO] [stdout] test commands::tests::test_try_into ... ok
[INFO] [stdout] test commands::tests::test_display_for_value ... ok
[INFO] [stdout] test commands::tests::test_value_can_convert ... ok
[INFO] [stdout] test commandrpc::tests::test_ping_pong ... FAILED
[INFO] [stdout] test stream::tests::test_reconnect ... FAILED
[INFO] [stdout] test commandrpc::tests::test_ttl ... FAILED
[INFO] [stdout] test commandrpc::tests::test_type_float ... FAILED
[INFO] [stdout] test commandrpc::tests::test_key_w_weird_symbols ... FAILED
[INFO] [stdout] test commandrpc::tests::test_type_int ... FAILED
[INFO] [stdout] test commandrpc::tests::test_set_with_get ... FAILED
[INFO] [stdout] test commandrpc::tests::test_type_null ... FAILED
[INFO] [stdout] test watchrpc::tests::test_create_watcher ... FAILED
[INFO] [stdout] test watchrpc::tests::test_get_watch_first_value_null ... FAILED
[INFO] [stdout] test watchrpc::tests::test_get_watch_first_val_int ... FAILED
[INFO] [stdout] 
[INFO] [stdout] failures:
[INFO] [stdout] 
[INFO] [stdout] ---- commandrpc::tests::test_expire_nx stdout ----
[INFO] [stdout] 
[INFO] [stdout] thread 'commandrpc::tests::test_expire_nx' (2427) panicked at src/commandrpc.rs:672:62:
[INFO] [stdout] called `Result::unwrap()` on an `Err` value: CommandStreamError(ReadError(Os { code: 111, kind: ConnectionRefused, message: "Connection refused" }))
[INFO] [stdout] stack backtrace:
[INFO] [stdout]    0:     0x60872fdf78e1 - <<std[70759c8f55707aa4]::sys::backtrace::BacktraceLock>::print::DisplayBacktrace as core[df12db4294e9bfd3]::fmt::Display>::fmt
[INFO] [stdout]    1:     0x60872fe0d13a - core[df12db4294e9bfd3]::fmt::write
[INFO] [stdout]    2:     0x60872fdfc19c - <alloc[2182bb758b4b3781]::vec::Vec<u8> as core[df12db4294e9bfd3]::io::write::Write>::write_fmt
[INFO] [stdout]    3:     0x60872fdd3716 - std[70759c8f55707aa4]::panicking::default_hook::{closure#0}
[INFO] [stdout]    4:     0x60872fdefa79 - std[70759c8f55707aa4]::panicking::default_hook
[INFO] [stdout]    5:     0x60872fd89b90 - test[9d35eded1c95d3be]::test_main_inner::<test[9d35eded1c95d3be]::test_main_static::{closure#0}>::{closure#0}
[INFO] [stdout]    6:     0x60872fdefc32 - std[70759c8f55707aa4]::panicking::panic_with_hook
[INFO] [stdout]    7:     0x60872fdd37c2 - std[70759c8f55707aa4]::panicking::panic_handler::{closure#0}
[INFO] [stdout]    8:     0x60872fdcc499 - std[70759c8f55707aa4]::sys::backtrace::__rust_end_short_backtrace::<std[70759c8f55707aa4]::panicking::panic_handler::{closure#0}, !>
[INFO] [stdout]    9:     0x60872fdd45ad - __rustc[8fa7c3cbc660c2b3]::rust_begin_unwind
[INFO] [stdout]   10:     0x60872fe0d86c - core[df12db4294e9bfd3]::panicking::panic_fmt
[INFO] [stdout]   11:     0x60872fe0d642 - core[df12db4294e9bfd3]::result::unwrap_failed
[INFO] [stdout]   12:     0x60872fd58f14 - dicedb_rs[f77e9ee52eccf702]::commandrpc::tests::test_expire_nx
[INFO] [stdout]   13:     0x60872fd6ad49 - <dicedb_rs[f77e9ee52eccf702]::commandrpc::tests::test_expire_nx::{closure#0} as core[df12db4294e9bfd3]::ops::function::FnOnce<()>>::call_once
[INFO] [stdout]   14:     0x60872fd7ce7b - test[9d35eded1c95d3be]::__rust_begin_short_backtrace::<core[df12db4294e9bfd3]::result::Result<(), alloc[2182bb758b4b3781]::string::String>, fn() -> core[df12db4294e9bfd3]::result::Result<(), alloc[2182bb758b4b3781]::string::String>>
[INFO] [stdout]   15:     0x60872fd8a4e5 - test[9d35eded1c95d3be]::run_test::{closure#0}
[INFO] [stdout]   16:     0x60872fd83da4 - std[70759c8f55707aa4]::sys::backtrace::__rust_begin_short_backtrace::<test[9d35eded1c95d3be]::run_test::{closure#1}, ()>
[INFO] [stdout]   17:     0x60872fd8d642 - <std[70759c8f55707aa4]::thread::lifecycle::spawn_unchecked<test[9d35eded1c95d3be]::run_test::{closure#1}, ()>::{closure#1} as core[df12db4294e9bfd3]::ops::function::FnOnce<()>>::call_once::{shim:vtable#0}
[INFO] [stdout]   18:     0x60872fdf6c99 - <std[70759c8f55707aa4]::sys::thread::unix::Thread>::new::thread_start
[INFO] [stdout]   19:     0x7afd36cefdfa - <unknown>
[INFO] [stdout]   20:     0x7afd36d833d4 - clone
[INFO] [stdout]   21:                0x0 - <unknown>
[INFO] [stdout] 
[INFO] [stdout] ---- client::tests::test_client stdout ----
[INFO] [stdout] 
[INFO] [stdout] thread 'client::tests::test_client' (2413) panicked at src/client.rs:54:9:
[INFO] [stdout] assertion failed: d.is_ok()
[INFO] [stdout] stack backtrace:
[INFO] [stdout]    0:     0x60872fdf78e1 - <<std[70759c8f55707aa4]::sys::backtrace::BacktraceLock>::print::DisplayBacktrace as core[df12db4294e9bfd3]::fmt::Display>::fmt
[INFO] [stdout]    1:     0x60872fe0d13a - core[df12db4294e9bfd3]::fmt::write
[INFO] [stdout]    2:     0x60872fdfc19c - <alloc[2182bb758b4b3781]::vec::Vec<u8> as core[df12db4294e9bfd3]::io::write::Write>::write_fmt
[INFO] [stdout]    3:     0x60872fdd3716 - std[70759c8f55707aa4]::panicking::default_hook::{closure#0}
[INFO] [stdout]    4:     0x60872fdefa79 - std[70759c8f55707aa4]::panicking::default_hook
[INFO] [stdout]    5:     0x60872fd89b90 - test[9d35eded1c95d3be]::test_main_inner::<test[9d35eded1c95d3be]::test_main_static::{closure#0}>::{closure#0}
[INFO] [stdout]    6:     0x60872fdefc32 - std[70759c8f55707aa4]::panicking::panic_with_hook
[INFO] [stdout]    7:     0x60872fdd37f4 - std[70759c8f55707aa4]::panicking::panic_handler::{closure#0}
[INFO] [stdout]    8:     0x60872fdcc499 - std[70759c8f55707aa4]::sys::backtrace::__rust_end_short_backtrace::<std[70759c8f55707aa4]::panicking::panic_handler::{closure#0}, !>
[INFO] [stdout]    9:     0x60872fdd45ad - __rustc[8fa7c3cbc660c2b3]::rust_begin_unwind
[INFO] [stdout]   10:     0x60872fe0d86c - core[df12db4294e9bfd3]::panicking::panic_fmt
[INFO] [stdout]   11:     0x60872fe0d832 - core[df12db4294e9bfd3]::panicking::panic
[INFO] [stdout]   12:     0x60872fd6b1b7 - <dicedb_rs[f77e9ee52eccf702]::client::tests::test_client::{closure#0} as core[df12db4294e9bfd3]::ops::function::FnOnce<()>>::call_once
[INFO] [stdout]   13:     0x60872fd7ce7b - test[9d35eded1c95d3be]::__rust_begin_short_backtrace::<core[df12db4294e9bfd3]::result::Result<(), alloc[2182bb758b4b3781]::string::String>, fn() -> core[df12db4294e9bfd3]::result::Result<(), alloc[2182bb758b4b3781]::string::String>>
[INFO] [stdout]   14:     0x60872fd8a4e5 - test[9d35eded1c95d3be]::run_test::{closure#0}
[INFO] [stdout]   15:     0x60872fd83da4 - std[70759c8f55707aa4]::sys::backtrace::__rust_begin_short_backtrace::<test[9d35eded1c95d3be]::run_test::{closure#1}, ()>
[INFO] [stdout]   16:     0x60872fd8d642 - <std[70759c8f55707aa4]::thread::lifecycle::spawn_unchecked<test[9d35eded1c95d3be]::run_test::{closure#1}, ()>::{closure#1} as core[df12db4294e9bfd3]::ops::function::FnOnce<()>>::call_once::{shim:vtable#0}
[INFO] [stdout]   17:     0x60872fdf6c99 - <std[70759c8f55707aa4]::sys::thread::unix::Thread>::new::thread_start
[INFO] [stdout]   18:     0x7afd36cefdfa - <unknown>
[INFO] [stdout]   19:     0x7afd36d833d4 - clone
[INFO] [stdout]   20:                0x0 - <unknown>
[INFO] [stdout] 
[INFO] [stdout] ---- commandrpc::tests::test_decrby_overflow stdout ----
[INFO] [stdout] 
[INFO] [stdout] thread 'commandrpc::tests::test_decrby_overflow' (2420) panicked at src/commandrpc.rs:625:62:
[INFO] [stdout] called `Result::unwrap()` on an `Err` value: CommandStreamError(ReadError(Os { code: 111, kind: ConnectionRefused, message: "Connection refused" }))
[INFO] [stdout] stack backtrace:
[INFO] [stdout]    0:     0x60872fdf78e1 - <<std[70759c8f55707aa4]::sys::backtrace::BacktraceLock>::print::DisplayBacktrace as core[df12db4294e9bfd3]::fmt::Display>::fmt
[INFO] [stdout]    1:     0x60872fe0d13a - core[df12db4294e9bfd3]::fmt::write
[INFO] [stdout]    2:     0x60872fdfc19c - <alloc[2182bb758b4b3781]::vec::Vec<u8> as core[df12db4294e9bfd3]::io::write::Write>::write_fmt
[INFO] [stdout]    3:     0x60872fdd3716 - std[70759c8f55707aa4]::panicking::default_hook::{closure#0}
[INFO] [stdout]    4:     0x60872fdefa79 - std[70759c8f55707aa4]::panicking::default_hook
[INFO] [stdout]    5:     0x60872fd89b90 - test[9d35eded1c95d3be]::test_main_inner::<test[9d35eded1c95d3be]::test_main_static::{closure#0}>::{closure#0}
[INFO] [stdout]    6:     0x60872fdefc32 - std[70759c8f55707aa4]::panicking::panic_with_hook
[INFO] [stdout]    7:     0x60872fdd37c2 - std[70759c8f55707aa4]::panicking::panic_handler::{closure#0}
[INFO] [stdout]    8:     0x60872fdcc499 - std[70759c8f55707aa4]::sys::backtrace::__rust_end_short_backtrace::<std[70759c8f55707aa4]::panicking::panic_handler::{closure#0}, !>
[INFO] [stdout]    9:     0x60872fdd45ad - __rustc[8fa7c3cbc660c2b3]::rust_begin_unwind
[INFO] [stdout]   10:     0x60872fe0d86c - core[df12db4294e9bfd3]::panicking::panic_fmt
[INFO] [stdout]   11:     0x60872fe0d642 - core[df12db4294e9bfd3]::result::unwrap_failed
[INFO] [stdout]   12:     0x60872fd610b8 - dicedb_rs[f77e9ee52eccf702]::commandrpc::tests::test_decrby_overflow
[INFO] [stdout]   13:     0x60872fd6afc9 - <dicedb_rs[f77e9ee52eccf702]::commandrpc::tests::test_decrby_overflow::{closure#0} as core[df12db4294e9bfd3]::ops::function::FnOnce<()>>::call_once
[INFO] [stdout]   14:     0x60872fd7ce7b - test[9d35eded1c95d3be]::__rust_begin_short_backtrace::<core[df12db4294e9bfd3]::result::Result<(), alloc[2182bb758b4b3781]::string::String>, fn() -> core[df12db4294e9bfd3]::result::Result<(), alloc[2182bb758b4b3781]::string::String>>
[INFO] [stdout]   15:     0x60872fd8a4e5 - test[9d35eded1c95d3be]::run_test::{closure#0}
[INFO] [stdout]   16:     0x60872fd83da4 - std[70759c8f55707aa4]::sys::backtrace::__rust_begin_short_backtrace::<test[9d35eded1c95d3be]::run_test::{closure#1}, ()>
[INFO] [stdout]   17:     0x60872fd8d642 - <std[70759c8f55707aa4]::thread::lifecycle::spawn_unchecked<test[9d35eded1c95d3be]::run_test::{closure#1}, ()>::{closure#1} as core[df12db4294e9bfd3]::ops::function::FnOnce<()>>::call_once::{shim:vtable#0}
[INFO] [stdout]   18:     0x60872fdf6c99 - <std[70759c8f55707aa4]::sys::thread::unix::Thread>::new::thread_start
[INFO] [stdout]   19:     0x7afd36cefdfa - <unknown>
[INFO] [stdout]   20:     0x7afd36d833d4 - clone
[INFO] [stdout]   21:                0x0 - <unknown>
[INFO] [stdout] 
[INFO] [stdout] ---- commandrpc::tests::test_exists_two stdout ----
[INFO] [stdout] 
[INFO] [stdout] thread 'commandrpc::tests::test_exists_two' (2424) panicked at src/commandrpc.rs:731:62:
[INFO] [stdout] called `Result::unwrap()` on an `Err` value: CommandStreamError(ReadError(Os { code: 111, kind: ConnectionRefused, message: "Connection refused" }))
[INFO] [stdout] stack backtrace:
[INFO] [stdout]    0:     0x60872fdf78e1 - <<std[70759c8f55707aa4]::sys::backtrace::BacktraceLock>::print::DisplayBacktrace as core[df12db4294e9bfd3]::fmt::Display>::fmt
[INFO] [stdout]    1:     0x60872fe0d13a - core[df12db4294e9bfd3]::fmt::write
[INFO] [stdout]    2:     0x60872fdfc19c - <alloc[2182bb758b4b3781]::vec::Vec<u8> as core[df12db4294e9bfd3]::io::write::Write>::write_fmt
[INFO] [stdout]    3:     0x60872fdd3716 - std[70759c8f55707aa4]::panicking::default_hook::{closure#0}
[INFO] [stdout]    4:     0x60872fdefa79 - std[70759c8f55707aa4]::panicking::default_hook
[INFO] [stdout]    5:     0x60872fd89b90 - test[9d35eded1c95d3be]::test_main_inner::<test[9d35eded1c95d3be]::test_main_static::{closure#0}>::{closure#0}
[INFO] [stdout]    6:     0x60872fdefc32 - std[70759c8f55707aa4]::panicking::panic_with_hook
[INFO] [stdout]    7:     0x60872fdd37c2 - std[70759c8f55707aa4]::panicking::panic_handler::{closure#0}
[INFO] [stdout]    8:     0x60872fdcc499 - std[70759c8f55707aa4]::sys::backtrace::__rust_end_short_backtrace::<std[70759c8f55707aa4]::panicking::panic_handler::{closure#0}, !>
[INFO] [stdout]    9:     0x60872fdd45ad - __rustc[8fa7c3cbc660c2b3]::rust_begin_unwind
[INFO] [stdout]   10:     0x60872fe0d86c - core[df12db4294e9bfd3]::panicking::panic_fmt
[INFO] [stdout]   11:     0x60872fe0d642 - core[df12db4294e9bfd3]::result::unwrap_failed
[INFO] [stdout]   12:     0x60872fd5aa18 - dicedb_rs[f77e9ee52eccf702]::commandrpc::tests::test_exists_two
[INFO] [stdout]   13:     0x60872fd6ade9 - <dicedb_rs[f77e9ee52eccf702]::commandrpc::tests::test_exists_two::{closure#0} as core[df12db4294e9bfd3]::ops::function::FnOnce<()>>::call_once
[INFO] [stdout]   14:     0x60872fd7ce7b - test[9d35eded1c95d3be]::__rust_begin_short_backtrace::<core[df12db4294e9bfd3]::result::Result<(), alloc[2182bb758b4b3781]::string::String>, fn() -> core[df12db4294e9bfd3]::result::Result<(), alloc[2182bb758b4b3781]::string::String>>
[INFO] [stdout]   15:     0x60872fd8a4e5 - test[9d35eded1c95d3be]::run_test::{closure#0}
[INFO] [stdout]   16:     0x60872fd83da4 - std[70759c8f55707aa4]::sys::backtrace::__rust_begin_short_backtrace::<test[9d35eded1c95d3be]::run_test::{closure#1}, ()>
[INFO] [stdout]   17:     0x60872fd8d642 - <std[70759c8f55707aa4]::thread::lifecycle::spawn_unchecked<test[9d35eded1c95d3be]::run_test::{closure#1}, ()>::{closure#1} as core[df12db4294e9bfd3]::ops::function::FnOnce<()>>::call_once::{shim:vtable#0}
[INFO] [stdout]   18:     0x60872fdf6c99 - <std[70759c8f55707aa4]::sys::thread::unix::Thread>::new::thread_start
[INFO] [stdout]   19:     0x7afd36cefdfa - <unknown>
[INFO] [stdout]   20:     0x7afd36d833d4 - clone
[INFO] [stdout]   21:                0x0 - <unknown>
[INFO] [stdout] 
[INFO] [stdout] ---- commandrpc::tests::test_expire stdout ----
[INFO] [stdout] 
[INFO] [stdout] thread 'commandrpc::tests::test_expire' (2426) panicked at src/commandrpc.rs:658:62:
[INFO] [stdout] called `Result::unwrap()` on an `Err` value: CommandStreamError(ReadError(Os { code: 111, kind: ConnectionRefused, message: "Connection refused" }))
[INFO] [stdout] stack backtrace:
[INFO] [stdout]    0:     0x60872fdf78e1 - <<std[70759c8f55707aa4]::sys::backtrace::BacktraceLock>::print::DisplayBacktrace as core[df12db4294e9bfd3]::fmt::Display>::fmt
[INFO] [stdout]    1:     0x60872fe0d13a - core[df12db4294e9bfd3]::fmt::write
[INFO] [stdout]    2:     0x60872fdfc19c - <alloc[2182bb758b4b3781]::vec::Vec<u8> as core[df12db4294e9bfd3]::io::write::Write>::write_fmt
[INFO] [stdout]    3:     0x60872fdd3716 - std[70759c8f55707aa4]::panicking::default_hook::{closure#0}
[INFO] [stdout]    4:     0x60872fdefa79 - std[70759c8f55707aa4]::panicking::default_hook
[INFO] [stdout]    5:     0x60872fd89b90 - test[9d35eded1c95d3be]::test_main_inner::<test[9d35eded1c95d3be]::test_main_static::{closure#0}>::{closure#0}
[INFO] [stdout]    6:     0x60872fdefc32 - std[70759c8f55707aa4]::panicking::panic_with_hook
[INFO] [stdout]    7:     0x60872fdd37c2 - std[70759c8f55707aa4]::panicking::panic_handler::{closure#0}
[INFO] [stdout]    8:     0x60872fdcc499 - std[70759c8f55707aa4]::sys::backtrace::__rust_end_short_backtrace::<std[70759c8f55707aa4]::panicking::panic_handler::{closure#0}, !>
[INFO] [stdout]    9:     0x60872fdd45ad - __rustc[8fa7c3cbc660c2b3]::rust_begin_unwind
[INFO] [stdout]   10:     0x60872fe0d86c - core[df12db4294e9bfd3]::panicking::panic_fmt
[INFO] [stdout]   11:     0x60872fe0d642 - core[df12db4294e9bfd3]::result::unwrap_failed
[INFO] [stdout]   12:     0x60872fd553b6 - dicedb_rs[f77e9ee52eccf702]::commandrpc::tests::test_expire
[INFO] [stdout]   13:     0x60872fd6ac29 - <dicedb_rs[f77e9ee52eccf702]::commandrpc::tests::test_expire::{closure#0} as core[df12db4294e9bfd3]::ops::function::FnOnce<()>>::call_once
[INFO] [stdout]   14:     0x60872fd7ce7b - test[9d35eded1c95d3be]::__rust_begin_short_backtrace::<core[df12db4294e9bfd3]::result::Result<(), alloc[2182bb758b4b3781]::string::String>, fn() -> core[df12db4294e9bfd3]::result::Result<(), alloc[2182bb758b4b3781]::string::String>>
[INFO] [stdout]   15:     0x60872fd8a4e5 - test[9d35eded1c95d3be]::run_test::{closure#0}
[INFO] [stdout]   16:     0x60872fd83da4 - std[70759c8f55707aa4]::sys::backtrace::__rust_begin_short_backtrace::<test[9d35eded1c95d3be]::run_test::{closure#1}, ()>
[INFO] [stdout]   17:     0x60872fd8d642 - <std[70759c8f55707aa4]::thread::lifecycle::spawn_unchecked<test[9d35eded1c95d3be]::run_test::{closure#1}, ()>::{closure#1} as core[df12db4294e9bfd3]::ops::function::FnOnce<()>>::call_once::{shim:vtable#0}
[INFO] [stdout]   18:     0x60872fdf6c99 - <std[70759c8f55707aa4]::sys::thread::unix::Thread>::new::thread_start
[INFO] [stdout]   19:     0x7afd36cefdfa - <unknown>
[INFO] [stdout]   20:     0x7afd36d833d4 - clone
[INFO] [stdout]   21:                0x0 - <unknown>
[INFO] [stdout] 
[INFO] [stdout] ---- commandrpc::tests::test_case_sensitive_keys stdout ----
[INFO] [stdout] 
[INFO] [stdout] thread 'commandrpc::tests::test_case_sensitive_keys' (2416) panicked at src/commandrpc.rs:526:62:
[INFO] [stdout] called `Result::unwrap()` on an `Err` value: CommandStreamError(ReadError(Os { code: 111, kind: ConnectionRefused, message: "Connection refused" }))
[INFO] [stdout] stack backtrace:
[INFO] [stdout]    0:     0x60872fdf78e1 - <<std[70759c8f55707aa4]::sys::backtrace::BacktraceLock>::print::DisplayBacktrace as core[df12db4294e9bfd3]::fmt::Display>::fmt
[INFO] [stdout]    1:     0x60872fe0d13a - core[df12db4294e9bfd3]::fmt::write
[INFO] [stdout]    2:     0x60872fdfc19c - <alloc[2182bb758b4b3781]::vec::Vec<u8> as core[df12db4294e9bfd3]::io::write::Write>::write_fmt
[INFO] [stdout]    3:     0x60872fdd3716 - std[70759c8f55707aa4]::panicking::default_hook::{closure#0}
[INFO] [stdout]    4:     0x60872fdefa79 - std[70759c8f55707aa4]::panicking::default_hook
[INFO] [stdout]    5:     0x60872fd89b90 - test[9d35eded1c95d3be]::test_main_inner::<test[9d35eded1c95d3be]::test_main_static::{closure#0}>::{closure#0}
[INFO] [stdout]    6:     0x60872fdefc32 - std[70759c8f55707aa4]::panicking::panic_with_hook
[INFO] [stdout]    7:     0x60872fdd37c2 - std[70759c8f55707aa4]::panicking::panic_handler::{closure#0}
[INFO] [stdout]    8:     0x60872fdcc499 - std[70759c8f55707aa4]::sys::backtrace::__rust_end_short_backtrace::<std[70759c8f55707aa4]::panicking::panic_handler::{closure#0}, !>
[INFO] [stdout]    9:     0x60872fdd45ad - __rustc[8fa7c3cbc660c2b3]::rust_begin_unwind
[INFO] [stdout]   10:     0x60872fe0d86c - core[df12db4294e9bfd3]::panicking::panic_fmt
[INFO] [stdout]   11:     0x60872fe0d642 - core[df12db4294e9bfd3]::result::unwrap_failed
[INFO] [stdout]   12:     0x60872fd621a2 - dicedb_rs[f77e9ee52eccf702]::commandrpc::tests::test_case_sensitive_keys
[INFO] [stdout]   13:     0x60872fd6b029 - <dicedb_rs[f77e9ee52eccf702]::commandrpc::tests::test_case_sensitive_keys::{closure#0} as core[df12db4294e9bfd3]::ops::function::FnOnce<()>>::call_once
[INFO] [stdout]   14:     0x60872fd7ce7b - test[9d35eded1c95d3be]::__rust_begin_short_backtrace::<core[df12db4294e9bfd3]::result::Result<(), alloc[2182bb758b4b3781]::string::String>, fn() -> core[df12db4294e9bfd3]::result::Result<(), alloc[2182bb758b4b3781]::string::String>>
[INFO] [stdout]   15:     0x60872fd8a4e5 - test[9d35eded1c95d3be]::run_test::{closure#0}
[INFO] [stdout]   16:     0x60872fd83da4 - std[70759c8f55707aa4]::sys::backtrace::__rust_begin_short_backtrace::<test[9d35eded1c95d3be]::run_test::{closure#1}, ()>
[INFO] [stdout]   17:     0x60872fd8d642 - <std[70759c8f55707aa4]::thread::lifecycle::spawn_unchecked<test[9d35eded1c95d3be]::run_test::{closure#1}, ()>::{closure#1} as core[df12db4294e9bfd3]::ops::function::FnOnce<()>>::call_once::{shim:vtable#0}
[INFO] [stdout]   18:     0x60872fdf6c99 - <std[70759c8f55707aa4]::sys::thread::unix::Thread>::new::thread_start
[INFO] [stdout]   19:     0x7afd36cefdfa - <unknown>
[INFO] [stdout]   20:     0x7afd36d833d4 - clone
[INFO] [stdout]   21:                0x0 - <unknown>
[INFO] [stdout] 
[INFO] [stdout] ---- commandrpc::tests::test_del stdout ----
[INFO] [stdout] 
[INFO] [stdout] thread 'commandrpc::tests::test_del' (2421) panicked at src/commandrpc.rs:645:62:
[INFO] [stdout] called `Result::unwrap()` on an `Err` value: CommandStreamError(ReadError(Os { code: 111, kind: ConnectionRefused, message: "Connection refused" }))
[INFO] [stdout] stack backtrace:
[INFO] [stdout]    0:     0x60872fdf78e1 - <<std[70759c8f55707aa4]::sys::backtrace::BacktraceLock>::print::DisplayBacktrace as core[df12db4294e9bfd3]::fmt::Display>::fmt
[INFO] [stdout]    1:     0x60872fe0d13a - core[df12db4294e9bfd3]::fmt::write
[INFO] [stdout]    2:     0x60872fdfc19c - <alloc[2182bb758b4b3781]::vec::Vec<u8> as core[df12db4294e9bfd3]::io::write::Write>::write_fmt
[INFO] [stdout]    3:     0x60872fdd3716 - std[70759c8f55707aa4]::panicking::default_hook::{closure#0}
[INFO] [stdout]    4:     0x60872fdefa79 - std[70759c8f55707aa4]::panicking::default_hook
[INFO] [stdout]    5:     0x60872fd89b90 - test[9d35eded1c95d3be]::test_main_inner::<test[9d35eded1c95d3be]::test_main_static::{closure#0}>::{closure#0}
[INFO] [stdout]    6:     0x60872fdefc32 - std[70759c8f55707aa4]::panicking::panic_with_hook
[INFO] [stdout]    7:     0x60872fdd37c2 - std[70759c8f55707aa4]::panicking::panic_handler::{closure#0}
[INFO] [stdout]    8:     0x60872fdcc499 - std[70759c8f55707aa4]::sys::backtrace::__rust_end_short_backtrace::<std[70759c8f55707aa4]::panicking::panic_handler::{closure#0}, !>
[INFO] [stdout]    9:     0x60872fdd45ad - __rustc[8fa7c3cbc660c2b3]::rust_begin_unwind
[INFO] [stdout]   10:     0x60872fe0d86c - core[df12db4294e9bfd3]::panicking::panic_fmt
[INFO] [stdout]   11:     0x60872fe0d642 - core[df12db4294e9bfd3]::result::unwrap_failed
[INFO] [stdout]   12:     0x60872fd63211 - dicedb_rs[f77e9ee52eccf702]::commandrpc::tests::test_del
[INFO] [stdout]   13:     0x60872fd6b089 - <dicedb_rs[f77e9ee52eccf702]::commandrpc::tests::test_del::{closure#0} as core[df12db4294e9bfd3]::ops::function::FnOnce<()>>::call_once
[INFO] [stdout]   14:     0x60872fd7ce7b - test[9d35eded1c95d3be]::__rust_begin_short_backtrace::<core[df12db4294e9bfd3]::result::Result<(), alloc[2182bb758b4b3781]::string::String>, fn() -> core[df12db4294e9bfd3]::result::Result<(), alloc[2182bb758b4b3781]::string::String>>
[INFO] [stdout]   15:     0x60872fd8a4e5 - test[9d35eded1c95d3be]::run_test::{closure#0}
[INFO] [stdout]   16:     0x60872fd83da4 - std[70759c8f55707aa4]::sys::backtrace::__rust_begin_short_backtrace::<test[9d35eded1c95d3be]::run_test::{closure#1}, ()>
[INFO] [stdout]   17:     0x60872fd8d642 - <std[70759c8f55707aa4]::thread::lifecycle::spawn_unchecked<test[9d35eded1c95d3be]::run_test::{closure#1}, ()>::{closure#1} as core[df12db4294e9bfd3]::ops::function::FnOnce<()>>::call_once::{shim:vtable#0}
[INFO] [stdout]   18:     0x60872fdf6c99 - <std[70759c8f55707aa4]::sys::thread::unix::Thread>::new::thread_start
[INFO] [stdout]   19:     0x7afd36cefdfa - <unknown>
[INFO] [stdout]   20:     0x7afd36d833d4 - clone
[INFO] [stdout]   21:                0x0 - <unknown>
[INFO] [stdout] 
[INFO] [stdout] ---- commandrpc::tests::test_expireat_lt stdout ----
[INFO] [stdout] 
[INFO] [stdout] thread 'commandrpc::tests::test_expireat_lt' (2431) panicked at src/commandrpc.rs:866:62:
[INFO] [stdout] called `Result::unwrap()` on an `Err` value: CommandStreamError(ReadError(Os { code: 111, kind: ConnectionRefused, message: "Connection refused" }))
[INFO] [stdout] stack backtrace:
[INFO] [stdout]    0:     0x60872fdf78e1 - <<std[70759c8f55707aa4]::sys::backtrace::BacktraceLock>::print::DisplayBacktrace as core[df12db4294e9bfd3]::fmt::Display>::fmt
[INFO] [stdout]    1:     0x60872fe0d13a - core[df12db4294e9bfd3]::fmt::write
[INFO] [stdout]    2:     0x60872fdfc19c - <alloc[2182bb758b4b3781]::vec::Vec<u8> as core[df12db4294e9bfd3]::io::write::Write>::write_fmt
[INFO] [stdout]    3:     0x60872fdd3716 - std[70759c8f55707aa4]::panicking::default_hook::{closure#0}
[INFO] [stdout]    4:     0x60872fdefa79 - std[70759c8f55707aa4]::panicking::default_hook
[INFO] [stdout]    5:     0x60872fd89b90 - test[9d35eded1c95d3be]::test_main_inner::<test[9d35eded1c95d3be]::test_main_static::{closure#0}>::{closure#0}
[INFO] [stdout]    6:     0x60872fdefc32 - std[70759c8f55707aa4]::panicking::panic_with_hook
[INFO] [stdout]    7:     0x60872fdd37c2 - std[70759c8f55707aa4]::panicking::panic_handler::{closure#0}
[INFO] [stdout]    8:     0x60872fdcc499 - std[70759c8f55707aa4]::sys::backtrace::__rust_end_short_backtrace::<std[70759c8f55707aa4]::panicking::panic_handler::{closure#0}, !>
[INFO] [stdout]    9:     0x60872fdd45ad - __rustc[8fa7c3cbc660c2b3]::rust_begin_unwind
[INFO] [stdout]   10:     0x60872fe0d86c - core[df12db4294e9bfd3]::panicking::panic_fmt
[INFO] [stdout]   11:     0x60872fe0d642 - core[df12db4294e9bfd3]::result::unwrap_failed
[INFO] [stdout]   12:     0x60872fd5cdf0 - dicedb_rs[f77e9ee52eccf702]::commandrpc::tests::test_expireat_lt
[INFO] [stdout]   13:     0x60872fd6ae89 - <dicedb_rs[f77e9ee52eccf702]::commandrpc::tests::test_expireat_lt::{closure#0} as core[df12db4294e9bfd3]::ops::function::FnOnce<()>>::call_once
[INFO] [stdout]   14:     0x60872fd7ce7b - test[9d35eded1c95d3be]::__rust_begin_short_backtrace::<core[df12db4294e9bfd3]::result::Result<(), alloc[2182bb758b4b3781]::string::String>, fn() -> core[df12db4294e9bfd3]::result::Result<(), alloc[2182bb758b4b3781]::string::String>>
[INFO] [stdout]   15:     0x60872fd8a4e5 - test[9d35eded1c95d3be]::run_test::{closure#0}
[INFO] [stdout]   16:     0x60872fd83da4 - std[70759c8f55707aa4]::sys::backtrace::__rust_begin_short_backtrace::<test[9d35eded1c95d3be]::run_test::{closure#1}, ()>
[INFO] [stdout]   17:     0x60872fd8d642 - <std[70759c8f55707aa4]::thread::lifecycle::spawn_unchecked<test[9d35eded1c95d3be]::run_test::{closure#1}, ()>::{closure#1} as core[df12db4294e9bfd3]::ops::function::FnOnce<()>>::call_once::{shim:vtable#0}
[INFO] [stdout]   18:     0x60872fdf6c99 - <std[70759c8f55707aa4]::sys::thread::unix::Thread>::new::thread_start
[INFO] [stdout]   19:     0x7afd36cefdfa - <unknown>
[INFO] [stdout]   20:     0x7afd36d833d4 - clone
[INFO] [stdout]   21:                0x0 - <unknown>
[INFO] [stdout] 
[INFO] [stdout] ---- commandrpc::tests::test_exists_one stdout ----
[INFO] [stdout] 
[INFO] [stdout] thread 'commandrpc::tests::test_exists_one' (2423) panicked at src/commandrpc.rs:722:62:
[INFO] [stdout] called `Result::unwrap()` on an `Err` value: CommandStreamError(ReadError(Os { code: 111, kind: ConnectionRefused, message: "Connection refused" }))
[INFO] [stdout] stack backtrace:
[INFO] [stdout]    0:     0x60872fdf78e1 - <<std[70759c8f55707aa4]::sys::backtrace::BacktraceLock>::print::DisplayBacktrace as core[df12db4294e9bfd3]::fmt::Display>::fmt
[INFO] [stdout]    1:     0x60872fe0d13a - core[df12db4294e9bfd3]::fmt::write
[INFO] [stdout]    2:     0x60872fdfc19c - <alloc[2182bb758b4b3781]::vec::Vec<u8> as core[df12db4294e9bfd3]::io::write::Write>::write_fmt
[INFO] [stdout]    3:     0x60872fdd3716 - std[70759c8f55707aa4]::panicking::default_hook::{closure#0}
[INFO] [stdout]    4:     0x60872fdefa79 - std[70759c8f55707aa4]::panicking::default_hook
[INFO] [stdout]    5:     0x60872fd89b90 - test[9d35eded1c95d3be]::test_main_inner::<test[9d35eded1c95d3be]::test_main_static::{closure#0}>::{closure#0}
[INFO] [stdout]    6:     0x60872fdefc32 - std[70759c8f55707aa4]::panicking::panic_with_hook
[INFO] [stdout]    7:     0x60872fdd37c2 - std[70759c8f55707aa4]::panicking::panic_handler::{closure#0}
[INFO] [stdout]    8:     0x60872fdcc499 - std[70759c8f55707aa4]::sys::backtrace::__rust_end_short_backtrace::<std[70759c8f55707aa4]::panicking::panic_handler::{closure#0}, !>
[INFO] [stdout]    9:     0x60872fdd45ad - __rustc[8fa7c3cbc660c2b3]::rust_begin_unwind
[INFO] [stdout]   10:     0x60872fe0d86c - core[df12db4294e9bfd3]::panicking::panic_fmt
[INFO] [stdout]   11:     0x60872fe0d642 - core[df12db4294e9bfd3]::result::unwrap_failed
[INFO] [stdout]   12:     0x60872fd5a5e2 - dicedb_rs[f77e9ee52eccf702]::commandrpc::tests::test_exists_one
[INFO] [stdout]   13:     0x60872fd6adc9 - <dicedb_rs[f77e9ee52eccf702]::commandrpc::tests::test_exists_one::{closure#0} as core[df12db4294e9bfd3]::ops::function::FnOnce<()>>::call_once
[INFO] [stdout]   14:     0x60872fd7ce7b - test[9d35eded1c95d3be]::__rust_begin_short_backtrace::<core[df12db4294e9bfd3]::result::Result<(), alloc[2182bb758b4b3781]::string::String>, fn() -> core[df12db4294e9bfd3]::result::Result<(), alloc[2182bb758b4b3781]::string::String>>
[INFO] [stdout]   15:     0x60872fd8a4e5 - test[9d35eded1c95d3be]::run_test::{closure#0}
[INFO] [stdout]   16:     0x60872fd83da4 - std[70759c8f55707aa4]::sys::backtrace::__rust_begin_short_backtrace::<test[9d35eded1c95d3be]::run_test::{closure#1}, ()>
[INFO] [stdout]   17:     0x60872fd8d642 - <std[70759c8f55707aa4]::thread::lifecycle::spawn_unchecked<test[9d35eded1c95d3be]::run_test::{closure#1}, ()>::{closure#1} as core[df12db4294e9bfd3]::ops::function::FnOnce<()>>::call_once::{shim:vtable#0}
[INFO] [stdout]   18:     0x60872fdf6c99 - <std[70759c8f55707aa4]::sys::thread::unix::Thread>::new::thread_start
[INFO] [stdout]   19:     0x7afd36cefdfa - <unknown>
[INFO] [stdout]   20:     0x7afd36d833d4 - clone
[INFO] [stdout]   21:                0x0 - <unknown>
[INFO] [stdout] 
[INFO] [stdout] ---- commandrpc::tests::test_echo stdout ----
[INFO] [stdout] 
[INFO] [stdout] thread 'commandrpc::tests::test_echo' (2422) panicked at src/commandrpc.rs:966:62:
[INFO] [stdout] called `Result::unwrap()` on an `Err` value: CommandStreamError(ReadError(Os { code: 111, kind: ConnectionRefused, message: "Connection refused" }))
[INFO] [stdout] stack backtrace:
[INFO] [stdout]    0:     0x60872fdf78e1 - <<std[70759c8f55707aa4]::sys::backtrace::BacktraceLock>::print::DisplayBacktrace as core[df12db4294e9bfd3]::fmt::Display>::fmt
[INFO] [stdout]    1:     0x60872fe0d13a - core[df12db4294e9bfd3]::fmt::write
[INFO] [stdout]    2:     0x60872fdfc19c - <alloc[2182bb758b4b3781]::vec::Vec<u8> as core[df12db4294e9bfd3]::io::write::Write>::write_fmt
[INFO] [stdout]    3:     0x60872fdd3716 - std[70759c8f55707aa4]::panicking::default_hook::{closure#0}
[INFO] [stdout]    4:     0x60872fdefa79 - std[70759c8f55707aa4]::panicking::default_hook
[INFO] [stdout]    5:     0x60872fd89b90 - test[9d35eded1c95d3be]::test_main_inner::<test[9d35eded1c95d3be]::test_main_static::{closure#0}>::{closure#0}
[INFO] [stdout]    6:     0x60872fdefc32 - std[70759c8f55707aa4]::panicking::panic_with_hook
[INFO] [stdout]    7:     0x60872fdd37c2 - std[70759c8f55707aa4]::panicking::panic_handler::{closure#0}
[INFO] [stdout]    8:     0x60872fdcc499 - std[70759c8f55707aa4]::sys::backtrace::__rust_end_short_backtrace::<std[70759c8f55707aa4]::panicking::panic_handler::{closure#0}, !>
[INFO] [stdout]    9:     0x60872fdd45ad - __rustc[8fa7c3cbc660c2b3]::rust_begin_unwind
[INFO] [stdout]   10:     0x60872fe0d86c - core[df12db4294e9bfd3]::panicking::panic_fmt
[INFO] [stdout]   11:     0x60872fe0d642 - core[df12db4294e9bfd3]::result::unwrap_failed
[INFO] [stdout]   12:     0x60872fd641bb - dicedb_rs[f77e9ee52eccf702]::commandrpc::tests::test_echo
[INFO] [stdout]   13:     0x60872fd6b0e9 - <dicedb_rs[f77e9ee52eccf702]::commandrpc::tests::test_echo::{closure#0} as core[df12db4294e9bfd3]::ops::function::FnOnce<()>>::call_once
[INFO] [stdout]   14:     0x60872fd7ce7b - test[9d35eded1c95d3be]::__rust_begin_short_backtrace::<core[df12db4294e9bfd3]::result::Result<(), alloc[2182bb758b4b3781]::string::String>, fn() -> core[df12db4294e9bfd3]::result::Result<(), alloc[2182bb758b4b3781]::string::String>>
[INFO] [stdout]   15:     0x60872fd8a4e5 - test[9d35eded1c95d3be]::run_test::{closure#0}
[INFO] [stdout]   16:     0x60872fd83da4 - std[70759c8f55707aa4]::sys::backtrace::__rust_begin_short_backtrace::<test[9d35eded1c95d3be]::run_test::{closure#1}, ()>
[INFO] [stdout]   17:     0x60872fd8d642 - <std[70759c8f55707aa4]::thread::lifecycle::spawn_unchecked<test[9d35eded1c95d3be]::run_test::{closure#1}, ()>::{closure#1} as core[df12db4294e9bfd3]::ops::function::FnOnce<()>>::call_once::{shim:vtable#0}
[INFO] [stdout]   18:     0x60872fdf6c99 - <std[70759c8f55707aa4]::sys::thread::unix::Thread>::new::thread_start
[INFO] [stdout]   19:     0x7afd36cefdfa - <unknown>
[INFO] [stdout]   20:     0x7afd36d833d4 - clone
[INFO] [stdout]   21:                0x0 - <unknown>
[INFO] [stdout] 
[INFO] [stdout] ---- commandrpc::tests::test_expireat stdout ----
[INFO] [stdout] 
[INFO] [stdout] thread 'commandrpc::tests::test_expireat' (2429) panicked at src/commandrpc.rs:742:62:
[INFO] [stdout] called `Result::unwrap()` on an `Err` value: CommandStreamError(ReadError(Os { code: 111, kind: ConnectionRefused, message: "Connection refused" }))
[INFO] [stdout] stack backtrace:
[INFO] [stdout]    0:     0x60872fdf78e1 - <<std[70759c8f55707aa4]::sys::backtrace::BacktraceLock>::print::DisplayBacktrace as core[df12db4294e9bfd3]::fmt::Display>::fmt
[INFO] [stdout]    1:     0x60872fe0d13a - core[df12db4294e9bfd3]::fmt::write
[INFO] [stdout]    2:     0x60872fdfc19c - <alloc[2182bb758b4b3781]::vec::Vec<u8> as core[df12db4294e9bfd3]::io::write::Write>::write_fmt
[INFO] [stdout]    3:     0x60872fdd3716 - std[70759c8f55707aa4]::panicking::default_hook::{closure#0}
[INFO] [stdout]    4:     0x60872fdefa79 - std[70759c8f55707aa4]::panicking::default_hook
[INFO] [stdout]    5:     0x60872fd89b90 - test[9d35eded1c95d3be]::test_main_inner::<test[9d35eded1c95d3be]::test_main_static::{closure#0}>::{closure#0}
[INFO] [stdout]    6:     0x60872fdefc32 - std[70759c8f55707aa4]::panicking::panic_with_hook
[INFO] [stdout]    7:     0x60872fdd37c2 - std[70759c8f55707aa4]::panicking::panic_handler::{closure#0}
[INFO] [stdout]    8:     0x60872fdcc499 - std[70759c8f55707aa4]::sys::backtrace::__rust_end_short_backtrace::<std[70759c8f55707aa4]::panicking::panic_handler::{closure#0}, !>
[INFO] [stdout]    9:     0x60872fdd45ad - __rustc[8fa7c3cbc660c2b3]::rust_begin_unwind
[INFO] [stdout]   10:     0x60872fe0d86c - core[df12db4294e9bfd3]::panicking::panic_fmt
[INFO] [stdout]   11:     0x60872fe0d642 - core[df12db4294e9bfd3]::result::unwrap_failed
[INFO] [stdout]   12:     0x60872fd57cc3 - dicedb_rs[f77e9ee52eccf702]::commandrpc::tests::test_expireat
[INFO] [stdout]   13:     0x60872fd6ace9 - <dicedb_rs[f77e9ee52eccf702]::commandrpc::tests::test_expireat::{closure#0} as core[df12db4294e9bfd3]::ops::function::FnOnce<()>>::call_once
[INFO] [stdout]   14:     0x60872fd7ce7b - test[9d35eded1c95d3be]::__rust_begin_short_backtrace::<core[df12db4294e9bfd3]::result::Result<(), alloc[2182bb758b4b3781]::string::String>, fn() -> core[df12db4294e9bfd3]::result::Result<(), alloc[2182bb758b4b3781]::string::String>>
[INFO] [stdout]   15:     0x60872fd8a4e5 - test[9d35eded1c95d3be]::run_test::{closure#0}
[INFO] [stdout]   16:     0x60872fd83da4 - std[70759c8f55707aa4]::sys::backtrace::__rust_begin_short_backtrace::<test[9d35eded1c95d3be]::run_test::{closure#1}, ()>
[INFO] [stdout]   17:     0x60872fd8d642 - <std[70759c8f55707aa4]::thread::lifecycle::spawn_unchecked<test[9d35eded1c95d3be]::run_test::{closure#1}, ()>::{closure#1} as core[df12db4294e9bfd3]::ops::function::FnOnce<()>>::call_once::{shim:vtable#0}
[INFO] [stdout]   18:     0x60872fdf6c99 - <std[70759c8f55707aa4]::sys::thread::unix::Thread>::new::thread_start
[INFO] [stdout]   19:     0x7afd36cefdfa - <unknown>
[INFO] [stdout]   20:     0x7afd36d833d4 - clone
[INFO] [stdout]   21:                0x0 - <unknown>
[INFO] [stdout] 
[INFO] [stdout] ---- commandrpc::tests::test_expireat_gt stdout ----
[INFO] [stdout] 
[INFO] [stdout] thread 'commandrpc::tests::test_expireat_gt' (2430) panicked at src/commandrpc.rs:826:62:
[INFO] [stdout] called `Result::unwrap()` on an `Err` value: CommandStreamError(ReadError(Os { code: 111, kind: ConnectionRefused, message: "Connection refused" }))
[INFO] [stdout] stack backtrace:
[INFO] [stdout]    0:     0x60872fdf78e1 - <<std[70759c8f55707aa4]::sys::backtrace::BacktraceLock>::print::DisplayBacktrace as core[df12db4294e9bfd3]::fmt::Display>::fmt
[INFO] [stdout]    1:     0x60872fe0d13a - core[df12db4294e9bfd3]::fmt::write
[INFO] [stdout]    2:     0x60872fdfc19c - <alloc[2182bb758b4b3781]::vec::Vec<u8> as core[df12db4294e9bfd3]::io::write::Write>::write_fmt
[INFO] [stdout]    3:     0x60872fdd3716 - std[70759c8f55707aa4]::panicking::default_hook::{closure#0}
[INFO] [stdout]    4:     0x60872fdefa79 - std[70759c8f55707aa4]::panicking::default_hook
[INFO] [stdout]    5:     0x60872fd89b90 - test[9d35eded1c95d3be]::test_main_inner::<test[9d35eded1c95d3be]::test_main_static::{closure#0}>::{closure#0}
[INFO] [stdout]    6:     0x60872fdefc32 - std[70759c8f55707aa4]::panicking::panic_with_hook
[INFO] [stdout]    7:     0x60872fdd37c2 - std[70759c8f55707aa4]::panicking::panic_handler::{closure#0}
[INFO] [stdout]    8:     0x60872fdcc499 - std[70759c8f55707aa4]::sys::backtrace::__rust_end_short_backtrace::<std[70759c8f55707aa4]::panicking::panic_handler::{closure#0}, !>
[INFO] [stdout]    9:     0x60872fdd45ad - __rustc[8fa7c3cbc660c2b3]::rust_begin_unwind
[INFO] [stdout]   10:     0x60872fe0d86c - core[df12db4294e9bfd3]::panicking::panic_fmt
[INFO] [stdout]   11:     0x60872fe0d642 - core[df12db4294e9bfd3]::result::unwrap_failed
[INFO] [stdout]   12:     0x60872fd5c360 - dicedb_rs[f77e9ee52eccf702]::commandrpc::tests::test_expireat_gt
[INFO] [stdout]   13:     0x60872fd6ae69 - <dicedb_rs[f77e9ee52eccf702]::commandrpc::tests::test_expireat_gt::{closure#0} as core[df12db4294e9bfd3]::ops::function::FnOnce<()>>::call_once
[INFO] [stdout]   14:     0x60872fd7ce7b - test[9d35eded1c95d3be]::__rust_begin_short_backtrace::<core[df12db4294e9bfd3]::result::Result<(), alloc[2182bb758b4b3781]::string::String>, fn() -> core[df12db4294e9bfd3]::result::Result<(), alloc[2182bb758b4b3781]::string::String>>
[INFO] [stdout]   15:     0x60872fd8a4e5 - test[9d35eded1c95d3be]::run_test::{closure#0}
[INFO] [stdout]   16:     0x60872fd83da4 - std[70759c8f55707aa4]::sys::backtrace::__rust_begin_short_backtrace::<test[9d35eded1c95d3be]::run_test::{closure#1}, ()>
[INFO] [stdout]   17:     0x60872fd8d642 - <std[70759c8f55707aa4]::thread::lifecycle::spawn_unchecked<test[9d35eded1c95d3be]::run_test::{closure#1}, ()>::{closure#1} as core[df12db4294e9bfd3]::ops::function::FnOnce<()>>::call_once::{shim:vtable#0}
[INFO] [stdout]   18:     0x60872fdf6c99 - <std[70759c8f55707aa4]::sys::thread::unix::Thread>::new::thread_start
[INFO] [stdout]   19:     0x7afd36cefdfa - <unknown>
[INFO] [stdout]   20:     0x7afd36d833d4 - clone
[INFO] [stdout]   21:                0x0 - <unknown>
[INFO] [stdout] 
[INFO] [stdout] ---- commandrpc::tests::test_decrby stdout ----
[INFO] [stdout] 
[INFO] [stdout] thread 'commandrpc::tests::test_decrby' (2419) panicked at src/commandrpc.rs:615:62:
[INFO] [stdout] called `Result::unwrap()` on an `Err` value: CommandStreamError(ReadError(Os { code: 111, kind: ConnectionRefused, message: "Connection refused" }))
[INFO] [stdout] stack backtrace:
[INFO] [stdout]    0:     0x60872fdf78e1 - <<std[70759c8f55707aa4]::sys::backtrace::BacktraceLock>::print::DisplayBacktrace as core[df12db4294e9bfd3]::fmt::Display>::fmt
[INFO] [stdout]    1:     0x60872fe0d13a - core[df12db4294e9bfd3]::fmt::write
[INFO] [stdout]    2:     0x60872fdfc19c - <alloc[2182bb758b4b3781]::vec::Vec<u8> as core[df12db4294e9bfd3]::io::write::Write>::write_fmt
[INFO] [stdout]    3:     0x60872fdd3716 - std[70759c8f55707aa4]::panicking::default_hook::{closure#0}
[INFO] [stdout]    4:     0x60872fdefa79 - std[70759c8f55707aa4]::panicking::default_hook
[INFO] [stdout]    5:     0x60872fd89b90 - test[9d35eded1c95d3be]::test_main_inner::<test[9d35eded1c95d3be]::test_main_static::{closure#0}>::{closure#0}
[INFO] [stdout]    6:     0x60872fdefc32 - std[70759c8f55707aa4]::panicking::panic_with_hook
[INFO] [stdout]    7:     0x60872fdd37c2 - std[70759c8f55707aa4]::panicking::panic_handler::{closure#0}
[INFO] [stdout]    8:     0x60872fdcc499 - std[70759c8f55707aa4]::sys::backtrace::__rust_end_short_backtrace::<std[70759c8f55707aa4]::panicking::panic_handler::{closure#0}, !>
[INFO] [stdout]    9:     0x60872fdd45ad - __rustc[8fa7c3cbc660c2b3]::rust_begin_unwind
[INFO] [stdout]   10:     0x60872fe0d86c - core[df12db4294e9bfd3]::panicking::panic_fmt
[INFO] [stdout]   11:     0x60872fe0d642 - core[df12db4294e9bfd3]::result::unwrap_failed
[INFO] [stdout]   12:     0x60872fd54dcb - dicedb_rs[f77e9ee52eccf702]::commandrpc::tests::test_decrby
[INFO] [stdout]   13:     0x60872fd6ac09 - <dicedb_rs[f77e9ee52eccf702]::commandrpc::tests::test_decrby::{closure#0} as core[df12db4294e9bfd3]::ops::function::FnOnce<()>>::call_once
[INFO] [stdout]   14:     0x60872fd7ce7b - test[9d35eded1c95d3be]::__rust_begin_short_backtrace::<core[df12db4294e9bfd3]::result::Result<(), alloc[2182bb758b4b3781]::string::String>, fn() -> core[df12db4294e9bfd3]::result::Result<(), alloc[2182bb758b4b3781]::string::String>>
[INFO] [stdout]   15:     0x60872fd8a4e5 - test[9d35eded1c95d3be]::run_test::{closure#0}
[INFO] [stdout]   16:     0x60872fd83da4 - std[70759c8f55707aa4]::sys::backtrace::__rust_begin_short_backtrace::<test[9d35eded1c95d3be]::run_test::{closure#1}, ()>
[INFO] [stdout]   17:     0x60872fd8d642 - <std[70759c8f55707aa4]::thread::lifecycle::spawn_unchecked<test[9d35eded1c95d3be]::run_test::{closure#1}, ()>::{closure#1} as core[df12db4294e9bfd3]::ops::function::FnOnce<()>>::call_once::{shim:vtable#0}
[INFO] [stdout]   18:     0x60872fdf6c99 - <std[70759c8f55707aa4]::sys::thread::unix::Thread>::new::thread_start
[INFO] [stdout]   19:     0x7afd36cefdfa - <unknown>
[INFO] [stdout]   20:     0x7afd36d833d4 - clone
[INFO] [stdout]   21:                0x0 - <unknown>
[INFO] [stdout] 
[INFO] [stdout] ---- commandrpc::tests::test_existsmany stdout ----
[INFO] [stdout] 
[INFO] [stdout] thread 'commandrpc::tests::test_existsmany' (2425) panicked at src/commandrpc.rs:710:62:
[INFO] [stdout] called `Result::unwrap()` on an `Err` value: CommandStreamError(ReadError(Os { code: 111, kind: ConnectionRefused, message: "Connection refused" }))
[INFO] [stdout] stack backtrace:
[INFO] [stdout]    0:     0x60872fdf78e1 - <<std[70759c8f55707aa4]::sys::backtrace::BacktraceLock>::print::DisplayBacktrace as core[df12db4294e9bfd3]::fmt::Display>::fmt
[INFO] [stdout]    1:     0x60872fe0d13a - core[df12db4294e9bfd3]::fmt::write
[INFO] [stdout]    2:     0x60872fdfc19c - <alloc[2182bb758b4b3781]::vec::Vec<u8> as core[df12db4294e9bfd3]::io::write::Write>::write_fmt
[INFO] [stdout]    3:     0x60872fdd3716 - std[70759c8f55707aa4]::panicking::default_hook::{closure#0}
[INFO] [stdout]    4:     0x60872fdefa79 - std[70759c8f55707aa4]::panicking::default_hook
[INFO] [stdout]    5:     0x60872fd89b90 - test[9d35eded1c95d3be]::test_main_inner::<test[9d35eded1c95d3be]::test_main_static::{closure#0}>::{closure#0}
[INFO] [stdout]    6:     0x60872fdefc32 - std[70759c8f55707aa4]::panicking::panic_with_hook
[INFO] [stdout]    7:     0x60872fdd37c2 - std[70759c8f55707aa4]::panicking::panic_handler::{closure#0}
[INFO] [stdout]    8:     0x60872fdcc499 - std[70759c8f55707aa4]::sys::backtrace::__rust_end_short_backtrace::<std[70759c8f55707aa4]::panicking::panic_handler::{closure#0}, !>
[INFO] [stdout]    9:     0x60872fdd45ad - __rustc[8fa7c3cbc660c2b3]::rust_begin_unwind
[INFO] [stdout]   10:     0x60872fe0d86c - core[df12db4294e9bfd3]::panicking::panic_fmt
[INFO] [stdout]   11:     0x60872fe0d642 - core[df12db4294e9bfd3]::result::unwrap_failed
[INFO] [stdout]   12:     0x60872fd5aeab - dicedb_rs[f77e9ee52eccf702]::commandrpc::tests::test_existsmany
[INFO] [stdout]   13:     0x60872fd6ae09 - <dicedb_rs[f77e9ee52eccf702]::commandrpc::tests::test_existsmany::{closure#0} as core[df12db4294e9bfd3]::ops::function::FnOnce<()>>::call_once
[INFO] [stdout]   14:     0x60872fd7ce7b - test[9d35eded1c95d3be]::__rust_begin_short_backtrace::<core[df12db4294e9bfd3]::result::Result<(), alloc[2182bb758b4b3781]::string::String>, fn() -> core[df12db4294e9bfd3]::result::Result<(), alloc[2182bb758b4b3781]::string::String>>
[INFO] [stdout]   15:     0x60872fd8a4e5 - test[9d35eded1c95d3be]::run_test::{closure#0}
[INFO] [stdout]   16:     0x60872fd83da4 - std[70759c8f55707aa4]::sys::backtrace::__rust_begin_short_backtrace::<test[9d35eded1c95d3be]::run_test::{closure#1}, ()>
[INFO] [stdout]   17:     0x60872fd8d642 - <std[70759c8f55707aa4]::thread::lifecycle::spawn_unchecked<test[9d35eded1c95d3be]::run_test::{closure#1}, ()>::{closure#1} as core[df12db4294e9bfd3]::ops::function::FnOnce<()>>::call_once::{shim:vtable#0}
[INFO] [stdout]   18:     0x60872fdf6c99 - <std[70759c8f55707aa4]::sys::thread::unix::Thread>::new::thread_start
[INFO] [stdout]   19:     0x7afd36cefdfa - <unknown>
[INFO] [stdout]   20:     0x7afd36d833d4 - clone
[INFO] [stdout]   21:                0x0 - <unknown>
[INFO] [stdout] 
[INFO] [stdout] ---- commandrpc::tests::test_decr_min_underflow stdout ----
[INFO] [stdout] 
[INFO] [stdout] thread 'commandrpc::tests::test_decr_min_underflow' (2418) panicked at src/commandrpc.rs:635:62:
[INFO] [stdout] called `Result::unwrap()` on an `Err` value: CommandStreamError(ReadError(Os { code: 111, kind: ConnectionRefused, message: "Connection refused" }))
[INFO] [stdout] stack backtrace:
[INFO] [stdout]    0:     0x60872fdf78e1 - <<std[70759c8f55707aa4]::sys::backtrace::BacktraceLock>::print::DisplayBacktrace as core[df12db4294e9bfd3]::fmt::Display>::fmt
[INFO] [stdout]    1:     0x60872fe0d13a - core[df12db4294e9bfd3]::fmt::write
[INFO] [stdout]    2:     0x60872fdfc19c - <alloc[2182bb758b4b3781]::vec::Vec<u8> as core[df12db4294e9bfd3]::io::write::Write>::write_fmt
[INFO] [stdout]    3:     0x60872fdd3716 - std[70759c8f55707aa4]::panicking::default_hook::{closure#0}
[INFO] [stdout]    4:     0x60872fdefa79 - std[70759c8f55707aa4]::panicking::default_hook
[INFO] [stdout]    5:     0x60872fd89b90 - test[9d35eded1c95d3be]::test_main_inner::<test[9d35eded1c95d3be]::test_main_static::{closure#0}>::{closure#0}
[INFO] [stdout]    6:     0x60872fdefc32 - std[70759c8f55707aa4]::panicking::panic_with_hook
[INFO] [stdout]    7:     0x60872fdd37c2 - std[70759c8f55707aa4]::panicking::panic_handler::{closure#0}
[INFO] [stdout]    8:     0x60872fdcc499 - std[70759c8f55707aa4]::sys::backtrace::__rust_end_short_backtrace::<std[70759c8f55707aa4]::panicking::panic_handler::{closure#0}, !>
[INFO] [stdout]    9:     0x60872fdd45ad - __rustc[8fa7c3cbc660c2b3]::rust_begin_unwind
[INFO] [stdout]   10:     0x60872fe0d86c - core[df12db4294e9bfd3]::panicking::panic_fmt
[INFO] [stdout]   11:     0x60872fe0d642 - core[df12db4294e9bfd3]::result::unwrap_failed
[INFO] [stdout]   12:     0x60872fd61b03 - dicedb_rs[f77e9ee52eccf702]::commandrpc::tests::test_decr_min_underflow
[INFO] [stdout]   13:     0x60872fd6b009 - <dicedb_rs[f77e9ee52eccf702]::commandrpc::tests::test_decr_min_underflow::{closure#0} as core[df12db4294e9bfd3]::ops::function::FnOnce<()>>::call_once
[INFO] [stdout]   14:     0x60872fd7ce7b - test[9d35eded1c95d3be]::__rust_begin_short_backtrace::<core[df12db4294e9bfd3]::result::Result<(), alloc[2182bb758b4b3781]::string::String>, fn() -> core[df12db4294e9bfd3]::result::Result<(), alloc[2182bb758b4b3781]::string::String>>
[INFO] [stdout]   15:     0x60872fd8a4e5 - test[9d35eded1c95d3be]::run_test::{closure#0}
[INFO] [stdout]   16:     0x60872fd83da4 - std[70759c8f55707aa4]::sys::backtrace::__rust_begin_short_backtrace::<test[9d35eded1c95d3be]::run_test::{closure#1}, ()>
[INFO] [stdout]   17:     0x60872fd8d642 - <std[70759c8f55707aa4]::thread::lifecycle::spawn_unchecked<test[9d35eded1c95d3be]::run_test::{closure#1}, ()>::{closure#1} as core[df12db4294e9bfd3]::ops::function::FnOnce<()>>::call_once::{shim:vtable#0}
[INFO] [stdout]   18:     0x60872fdf6c99 - <std[70759c8f55707aa4]::sys::thread::unix::Thread>::new::thread_start
[INFO] [stdout]   19:     0x7afd36cefdfa - <unknown>
[INFO] [stdout]   20:     0x7afd36d833d4 - clone
[INFO] [stdout]   21:                0x0 - <unknown>
[INFO] [stdout] 
[INFO] [stdout] ---- commandrpc::tests::test_expireat_nx stdout ----
[INFO] [stdout] 
[INFO] [stdout] thread 'commandrpc::tests::test_expireat_nx' (2432) panicked at src/commandrpc.rs:765:62:
[INFO] [stdout] called `Result::unwrap()` on an `Err` value: CommandStreamError(ReadError(Os { code: 111, kind: ConnectionRefused, message: "Connection refused" }))
[INFO] [stdout] stack backtrace:
[INFO] [stdout]    0:     0x60872fdf78e1 - <<std[70759c8f55707aa4]::sys::backtrace::BacktraceLock>::print::DisplayBacktrace as core[df12db4294e9bfd3]::fmt::Display>::fmt
[INFO] [stdout]    1:     0x60872fe0d13a - core[df12db4294e9bfd3]::fmt::write
[INFO] [stdout]    2:     0x60872fdfc19c - <alloc[2182bb758b4b3781]::vec::Vec<u8> as core[df12db4294e9bfd3]::io::write::Write>::write_fmt
[INFO] [stdout]    3:     0x60872fdd3716 - std[70759c8f55707aa4]::panicking::default_hook::{closure#0}
[INFO] [stdout]    4:     0x60872fdefa79 - std[70759c8f55707aa4]::panicking::default_hook
[INFO] [stdout]    5:     0x60872fd89b90 - test[9d35eded1c95d3be]::test_main_inner::<test[9d35eded1c95d3be]::test_main_static::{closure#0}>::{closure#0}
[INFO] [stdout]    6:     0x60872fdefc32 - std[70759c8f55707aa4]::panicking::panic_with_hook
[INFO] [stdout]    7:     0x60872fdd37c2 - std[70759c8f55707aa4]::panicking::panic_handler::{closure#0}
[INFO] [stdout]    8:     0x60872fdcc499 - std[70759c8f55707aa4]::sys::backtrace::__rust_end_short_backtrace::<std[70759c8f55707aa4]::panicking::panic_handler::{closure#0}, !>
[INFO] [stdout]    9:     0x60872fdd45ad - __rustc[8fa7c3cbc660c2b3]::rust_begin_unwind
[INFO] [stdout]   10:     0x60872fe0d86c - core[df12db4294e9bfd3]::panicking::panic_fmt
[INFO] [stdout]   11:     0x60872fe0d642 - core[df12db4294e9bfd3]::result::unwrap_failed
[INFO] [stdout]   12:     0x60872fd5d71d - dicedb_rs[f77e9ee52eccf702]::commandrpc::tests::test_expireat_nx
[INFO] [stdout]   13:     0x60872fd6aea9 - <dicedb_rs[f77e9ee52eccf702]::commandrpc::tests::test_expireat_nx::{closure#0} as core[df12db4294e9bfd3]::ops::function::FnOnce<()>>::call_once
[INFO] [stdout]   14:     0x60872fd7ce7b - test[9d35eded1c95d3be]::__rust_begin_short_backtrace::<core[df12db4294e9bfd3]::result::Result<(), alloc[2182bb758b4b3781]::string::String>, fn() -> core[df12db4294e9bfd3]::result::Result<(), alloc[2182bb758b4b3781]::string::String>>
[INFO] [stdout]   15:     0x60872fd8a4e5 - test[9d35eded1c95d3be]::run_test::{closure#0}
[INFO] [stdout]   16:     0x60872fd83da4 - std[70759c8f55707aa4]::sys::backtrace::__rust_begin_short_backtrace::<test[9d35eded1c95d3be]::run_test::{closure#1}, ()>
[INFO] [stdout]   17:     0x60872fd8d642 - <std[70759c8f55707aa4]::thread::lifecycle::spawn_unchecked<test[9d35eded1c95d3be]::run_test::{closure#1}, ()>::{closure#1} as core[df12db4294e9bfd3]::ops::function::FnOnce<()>>::call_once::{shim:vtable#0}
[INFO] [stdout]   18:     0x60872fdf6c99 - <std[70759c8f55707aa4]::sys::thread::unix::Thread>::new::thread_start
[INFO] [stdout]   19:     0x7afd36cefdfa - <unknown>
[INFO] [stdout]   20:     0x7afd36d833d4 - clone
[INFO] [stdout]   21:                0x0 - <unknown>
[INFO] [stdout] 
[INFO] [stdout] ---- commandrpc::tests::test_decr stdout ----
[INFO] [stdout] 
[INFO] [stdout] thread 'commandrpc::tests::test_decr' (2417) panicked at src/commandrpc.rs:605:62:
[INFO] [stdout] called `Result::unwrap()` on an `Err` value: CommandStreamError(ReadError(Os { code: 111, kind: ConnectionRefused, message: "Connection refused" }))
[INFO] [stdout] stack backtrace:
[INFO] [stdout]    0:     0x60872fdf78e1 - <<std[70759c8f55707aa4]::sys::backtrace::BacktraceLock>::print::DisplayBacktrace as core[df12db4294e9bfd3]::fmt::Display>::fmt
[INFO] [stdout]    1:     0x60872fe0d13a - core[df12db4294e9bfd3]::fmt::write
[INFO] [stdout]    2:     0x60872fdfc19c - <alloc[2182bb758b4b3781]::vec::Vec<u8> as core[df12db4294e9bfd3]::io::write::Write>::write_fmt
[INFO] [stdout]    3:     0x60872fdd3716 - std[70759c8f55707aa4]::panicking::default_hook::{closure#0}
[INFO] [stdout]    4:     0x60872fdefa79 - std[70759c8f55707aa4]::panicking::default_hook
[INFO] [stdout]    5:     0x60872fd89b90 - test[9d35eded1c95d3be]::test_main_inner::<test[9d35eded1c95d3be]::test_main_static::{closure#0}>::{closure#0}
[INFO] [stdout]    6:     0x60872fdefc32 - std[70759c8f55707aa4]::panicking::panic_with_hook
[INFO] [stdout]    7:     0x60872fdd37c2 - std[70759c8f55707aa4]::panicking::panic_handler::{closure#0}
[INFO] [stdout]    8:     0x60872fdcc499 - std[70759c8f55707aa4]::sys::backtrace::__rust_end_short_backtrace::<std[70759c8f55707aa4]::panicking::panic_handler::{closure#0}, !>
[INFO] [stdout]    9:     0x60872fdd45ad - __rustc[8fa7c3cbc660c2b3]::rust_begin_unwind
[INFO] [stdout]   10:     0x60872fe0d86c - core[df12db4294e9bfd3]::panicking::panic_fmt
[INFO] [stdout]   11:     0x60872fe0d642 - core[df12db4294e9bfd3]::result::unwrap_failed
[INFO] [stdout]   12:     0x60872fd63d1b - dicedb_rs[f77e9ee52eccf702]::commandrpc::tests::test_decr
[INFO] [stdout]   13:     0x60872fd6b0c9 - <dicedb_rs[f77e9ee52eccf702]::commandrpc::tests::test_decr::{closure#0} as core[df12db4294e9bfd3]::ops::function::FnOnce<()>>::call_once
[INFO] [stdout]   14:     0x60872fd7ce7b - test[9d35eded1c95d3be]::__rust_begin_short_backtrace::<core[df12db4294e9bfd3]::result::Result<(), alloc[2182bb758b4b3781]::string::String>, fn() -> core[df12db4294e9bfd3]::result::Result<(), alloc[2182bb758b4b3781]::string::String>>
[INFO] [stdout]   15:     0x60872fd8a4e5 - test[9d35eded1c95d3be]::run_test::{closure#0}
[INFO] [stdout]   16:     0x60872fd83da4 - std[70759c8f55707aa4]::sys::backtrace::__rust_begin_short_backtrace::<test[9d35eded1c95d3be]::run_test::{closure#1}, ()>
[INFO] [stdout]   17:     0x60872fd8d642 - <std[70759c8f55707aa4]::thread::lifecycle::spawn_unchecked<test[9d35eded1c95d3be]::run_test::{closure#1}, ()>::{closure#1} as core[df12db4294e9bfd3]::ops::function::FnOnce<()>>::call_once::{shim:vtable#0}
[INFO] [stdout]   18:     0x60872fdf6c99 - <std[70759c8f55707aa4]::sys::thread::unix::Thread>::new::thread_start
[INFO] [stdout]   19:     0x7afd36cefdfa - <unknown>
[INFO] [stdout]   20:     0x7afd36d833d4 - clone
[INFO] [stdout]   21:                0x0 - <unknown>
[INFO] [stdout] 
[INFO] [stdout] ---- commandrpc::tests::test_expiretime stdout ----
[INFO] [stdout] 
[INFO] [stdout] thread 'commandrpc::tests::test_expiretime' (2434) panicked at src/commandrpc.rs:906:62:
[INFO] [stdout] called `Result::unwrap()` on an `Err` value: CommandStreamError(ReadError(Os { code: 111, kind: ConnectionRefused, message: "Connection refused" }))
[INFO] [stdout] stack backtrace:
[INFO] [stdout]    0:     0x60872fdf78e1 - <<std[70759c8f55707aa4]::sys::backtrace::BacktraceLock>::print::DisplayBacktrace as core[df12db4294e9bfd3]::fmt::Display>::fmt
[INFO] [stdout]    1:     0x60872fe0d13a - core[df12db4294e9bfd3]::fmt::write
[INFO] [stdout]    2:     0x60872fdfc19c - <alloc[2182bb758b4b3781]::vec::Vec<u8> as core[df12db4294e9bfd3]::io::write::Write>::write_fmt
[INFO] [stdout]    3:     0x60872fdd3716 - std[70759c8f55707aa4]::panicking::default_hook::{closure#0}
[INFO] [stdout]    4:     0x60872fdefa79 - std[70759c8f55707aa4]::panicking::default_hook
[INFO] [stdout]    5:     0x60872fd89b90 - test[9d35eded1c95d3be]::test_main_inner::<test[9d35eded1c95d3be]::test_main_static::{closure#0}>::{closure#0}
[INFO] [stdout]    6:     0x60872fdefc32 - std[70759c8f55707aa4]::panicking::panic_with_hook
[INFO] [stdout]    7:     0x60872fdd37c2 - std[70759c8f55707aa4]::panicking::panic_handler::{closure#0}
[INFO] [stdout]    8:     0x60872fdcc499 - std[70759c8f55707aa4]::sys::backtrace::__rust_end_short_backtrace::<std[70759c8f55707aa4]::panicking::panic_handler::{closure#0}, !>
[INFO] [stdout]    9:     0x60872fdd45ad - __rustc[8fa7c3cbc660c2b3]::rust_begin_unwind
[INFO] [stdout]   10:     0x60872fe0d86c - core[df12db4294e9bfd3]::panicking::panic_fmt
[INFO] [stdout]   11:     0x60872fe0d642 - core[df12db4294e9bfd3]::result::unwrap_failed
[INFO] [stdout]   12:     0x60872fd5b4f2 - dicedb_rs[f77e9ee52eccf702]::commandrpc::tests::test_expiretime
[INFO] [stdout]   13:     0x60872fd6ae29 - <dicedb_rs[f77e9ee52eccf702]::commandrpc::tests::test_expiretime::{closure#0} as core[df12db4294e9bfd3]::ops::function::FnOnce<()>>::call_once
[INFO] [stdout]   14:     0x60872fd7ce7b - test[9d35eded1c95d3be]::__rust_begin_short_backtrace::<core[df12db4294e9bfd3]::result::Result<(), alloc[2182bb758b4b3781]::string::String>, fn() -> core[df12db4294e9bfd3]::result::Result<(), alloc[2182bb758b4b3781]::string::String>>
[INFO] [stdout]   15:     0x60872fd8a4e5 - test[9d35eded1c95d3be]::run_test::{closure#0}
[INFO] [stdout]   16:     0x60872fd83da4 - std[70759c8f55707aa4]::sys::backtrace::__rust_begin_short_backtrace::<test[9d35eded1c95d3be]::run_test::{closure#1}, ()>
[INFO] [stdout]   17:     0x60872fd8d642 - <std[70759c8f55707aa4]::thread::lifecycle::spawn_unchecked<test[9d35eded1c95d3be]::run_test::{closure#1}, ()>::{closure#1} as core[df12db4294e9bfd3]::ops::function::FnOnce<()>>::call_once::{shim:vtable#0}
[INFO] [stdout]   18:     0x60872fdf6c99 - <std[70759c8f55707aa4]::sys::thread::unix::Thread>::new::thread_start
[INFO] [stdout]   19:     0x7afd36cefdfa - <unknown>
[INFO] [stdout]   20:     0x7afd36d833d4 - clone
[INFO] [stdout]   21:                0x0 - <unknown>
[INFO] [stdout] 
[INFO] [stdout] ---- commandrpc::tests::test_hgetset_multi stdout ----
[INFO] [stdout] 
[INFO] [stdout] thread 'commandrpc::tests::test_hgetset_multi' (2440) panicked at src/commandrpc.rs:558:62:
[INFO] [stdout] called `Result::unwrap()` on an `Err` value: CommandStreamError(ReadError(Os { code: 111, kind: ConnectionRefused, message: "Connection refused" }))
[INFO] [stdout] stack backtrace:
[INFO] [stdout]    0:     0x60872fdf78e1 - <<std[70759c8f55707aa4]::sys::backtrace::BacktraceLock>::print::DisplayBacktrace as core[df12db4294e9bfd3]::fmt::Display>::fmt
[INFO] [stdout]    1:     0x60872fe0d13a - core[df12db4294e9bfd3]::fmt::write
[INFO] [stdout]    2:     0x60872fdfc19c - <alloc[2182bb758b4b3781]::vec::Vec<u8> as core[df12db4294e9bfd3]::io::write::Write>::write_fmt
[INFO] [stdout]    3:     0x60872fdd3716 - std[70759c8f55707aa4]::panicking::default_hook::{closure#0}
[INFO] [stdout]    4:     0x60872fdefa79 - std[70759c8f55707aa4]::panicking::default_hook
[INFO] [stdout]    5:     0x60872fd89b90 - test[9d35eded1c95d3be]::test_main_inner::<test[9d35eded1c95d3be]::test_main_static::{closure#0}>::{closure#0}
[INFO] [stdout]    6:     0x60872fdefc32 - std[70759c8f55707aa4]::panicking::panic_with_hook
[INFO] [stdout]    7:     0x60872fdd37c2 - std[70759c8f55707aa4]::panicking::panic_handler::{closure#0}
[INFO] [stdout]    8:     0x60872fdcc499 - std[70759c8f55707aa4]::sys::backtrace::__rust_end_short_backtrace::<std[70759c8f55707aa4]::panicking::panic_handler::{closure#0}, !>
[INFO] [stdout]    9:     0x60872fdd45ad - __rustc[8fa7c3cbc660c2b3]::rust_begin_unwind
[INFO] [stdout]   10:     0x60872fe0d86c - core[df12db4294e9bfd3]::panicking::panic_fmt
[INFO] [stdout]   11:     0x60872fe0d642 - core[df12db4294e9bfd3]::result::unwrap_failed
[INFO] [stdout]   12:     0x60872fd5fa26 - dicedb_rs[f77e9ee52eccf702]::commandrpc::tests::test_hgetset_multi
[INFO] [stdout]   13:     0x60872fd6af49 - <dicedb_rs[f77e9ee52eccf702]::commandrpc::tests::test_hgetset_multi::{closure#0} as core[df12db4294e9bfd3]::ops::function::FnOnce<()>>::call_once
[INFO] [stdout]   14:     0x60872fd7ce7b - test[9d35eded1c95d3be]::__rust_begin_short_backtrace::<core[df12db4294e9bfd3]::result::Result<(), alloc[2182bb758b4b3781]::string::String>, fn() -> core[df12db4294e9bfd3]::result::Result<(), alloc[2182bb758b4b3781]::string::String>>
[INFO] [stdout]   15:     0x60872fd8a4e5 - test[9d35eded1c95d3be]::run_test::{closure#0}
[INFO] [stdout]   16:     0x60872fd83da4 - std[70759c8f55707aa4]::sys::backtrace::__rust_begin_short_backtrace::<test[9d35eded1c95d3be]::run_test::{closure#1}, ()>
[INFO] [stdout]   17:     0x60872fd8d642 - <std[70759c8f55707aa4]::thread::lifecycle::spawn_unchecked<test[9d35eded1c95d3be]::run_test::{closure#1}, ()>::{closure#1} as core[df12db4294e9bfd3]::ops::function::FnOnce<()>>::call_once::{shim:vtable#0}
[INFO] [stdout]   18:     0x60872fdf6c99 - <std[70759c8f55707aa4]::sys::thread::unix::Thread>::new::thread_start
[INFO] [stdout]   19:     0x7afd36cefdfa - <unknown>
[INFO] [stdout]   20:     0x7afd36d833d4 - clone
[INFO] [stdout]   21:                0x0 - <unknown>
[INFO] [stdout] 
[INFO] [stdout] ---- commandrpc::tests::test_incr_overflow stdout ----
[INFO] [stdout] 
[INFO] [stdout] thread 'commandrpc::tests::test_incr_overflow' (2443) panicked at src/commandrpc.rs:1022:62:
[INFO] [stdout] called `Result::unwrap()` on an `Err` value: CommandStreamError(ReadError(Os { code: 111, kind: ConnectionRefused, message: "Connection refused" }))
[INFO] [stdout] stack backtrace:
[INFO] [stdout]    0:     0x60872fdf78e1 - <<std[70759c8f55707aa4]::sys::backtrace::BacktraceLock>::print::DisplayBacktrace as core[df12db4294e9bfd3]::fmt::Display>::fmt
[INFO] [stdout]    1:     0x60872fe0d13a - core[df12db4294e9bfd3]::fmt::write
[INFO] [stdout]    2:     0x60872fdfc19c - <alloc[2182bb758b4b3781]::vec::Vec<u8> as core[df12db4294e9bfd3]::io::write::Write>::write_fmt
[INFO] [stdout]    3:     0x60872fdd3716 - std[70759c8f55707aa4]::panicking::default_hook::{closure#0}
[INFO] [stdout]    4:     0x60872fdefa79 - std[70759c8f55707aa4]::panicking::default_hook
[INFO] [stdout]    5:     0x60872fd89b90 - test[9d35eded1c95d3be]::test_main_inner::<test[9d35eded1c95d3be]::test_main_static::{closure#0}>::{closure#0}
[INFO] [stdout]    6:     0x60872fdefc32 - std[70759c8f55707aa4]::panicking::panic_with_hook
[INFO] [stdout]    7:     0x60872fdd37c2 - std[70759c8f55707aa4]::panicking::panic_handler::{closure#0}
[INFO] [stdout]    8:     0x60872fdcc499 - std[70759c8f55707aa4]::sys::backtrace::__rust_end_short_backtrace::<std[70759c8f55707aa4]::panicking::panic_handler::{closure#0}, !>
[INFO] [stdout]    9:     0x60872fdd45ad - __rustc[8fa7c3cbc660c2b3]::rust_begin_unwind
[INFO] [stdout]   10:     0x60872fe0d86c - core[df12db4294e9bfd3]::panicking::panic_fmt
[INFO] [stdout]   11:     0x60872fe0d642 - core[df12db4294e9bfd3]::result::unwrap_failed
[INFO] [stdout]   12:     0x60872fd60069 - dicedb_rs[f77e9ee52eccf702]::commandrpc::tests::test_incr_overflow
[INFO] [stdout]   13:     0x60872fd6af69 - <dicedb_rs[f77e9ee52eccf702]::commandrpc::tests::test_incr_overflow::{closure#0} as core[df12db4294e9bfd3]::ops::function::FnOnce<()>>::call_once
[INFO] [stdout]   14:     0x60872fd7ce7b - test[9d35eded1c95d3be]::__rust_begin_short_backtrace::<core[df12db4294e9bfd3]::result::Result<(), alloc[2182bb758b4b3781]::string::String>, fn() -> core[df12db4294e9bfd3]::result::Result<(), alloc[2182bb758b4b3781]::string::String>>
[INFO] [stdout]   15:     0x60872fd8a4e5 - test[9d35eded1c95d3be]::run_test::{closure#0}
[INFO] [stdout]   16:     0x60872fd83da4 - std[70759c8f55707aa4]::sys::backtrace::__rust_begin_short_backtrace::<test[9d35eded1c95d3be]::run_test::{closure#1}, ()>
[INFO] [stdout]   17:     0x60872fd8d642 - <std[70759c8f55707aa4]::thread::lifecycle::spawn_unchecked<test[9d35eded1c95d3be]::run_test::{closure#1}, ()>::{closure#1} as core[df12db4294e9bfd3]::ops::function::FnOnce<()>>::call_once::{shim:vtable#0}
[INFO] [stdout]   18:     0x60872fdf6c99 - <std[70759c8f55707aa4]::sys::thread::unix::Thread>::new::thread_start
[INFO] [stdout]   19:     0x7afd36cefdfa - <unknown>
[INFO] [stdout]   20:     0x7afd36d833d4 - clone
[INFO] [stdout]   21:                0x0 - <unknown>
[INFO] [stdout] 
[INFO] [stdout] ---- commandrpc::tests::test_incr stdout ----
[INFO] [stdout] 
[INFO] [stdout] thread 'commandrpc::tests::test_incr' (2442) panicked at src/commandrpc.rs:1002:62:
[INFO] [stdout] called `Result::unwrap()` on an `Err` value: CommandStreamError(ReadError(Os { code: 111, kind: ConnectionRefused, message: "Connection refused" }))
[INFO] [stdout] stack backtrace:
[INFO] [stdout]    0:     0x60872fdf78e1 - <<std[70759c8f55707aa4]::sys::backtrace::BacktraceLock>::print::DisplayBacktrace as core[df12db4294e9bfd3]::fmt::Display>::fmt
[INFO] [stdout]    1:     0x60872fe0d13a - core[df12db4294e9bfd3]::fmt::write
[INFO] [stdout]    2:     0x60872fdfc19c - <alloc[2182bb758b4b3781]::vec::Vec<u8> as core[df12db4294e9bfd3]::io::write::Write>::write_fmt
[INFO] [stdout]    3:     0x60872fdd3716 - std[70759c8f55707aa4]::panicking::default_hook::{closure#0}
[INFO] [stdout]    4:     0x60872fdefa79 - std[70759c8f55707aa4]::panicking::default_hook
[INFO] [stdout]    5:     0x60872fd89b90 - test[9d35eded1c95d3be]::test_main_inner::<test[9d35eded1c95d3be]::test_main_static::{closure#0}>::{closure#0}
[INFO] [stdout]    6:     0x60872fdefc32 - std[70759c8f55707aa4]::panicking::panic_with_hook
[INFO] [stdout]    7:     0x60872fdd37c2 - std[70759c8f55707aa4]::panicking::panic_handler::{closure#0}
[INFO] [stdout]    8:     0x60872fdcc499 - std[70759c8f55707aa4]::sys::backtrace::__rust_end_short_backtrace::<std[70759c8f55707aa4]::panicking::panic_handler::{closure#0}, !>
[INFO] [stdout]    9:     0x60872fdd45ad - __rustc[8fa7c3cbc660c2b3]::rust_begin_unwind
[INFO] [stdout]   10:     0x60872fe0d86c - core[df12db4294e9bfd3]::panicking::panic_fmt
[INFO] [stdout]   11:     0x60872fe0d642 - core[df12db4294e9bfd3]::result::unwrap_failed
[INFO] [stdout]   12:     0x60872fd645bc - dicedb_rs[f77e9ee52eccf702]::commandrpc::tests::test_incr
[INFO] [stdout]   13:     0x60872fd6b109 - <dicedb_rs[f77e9ee52eccf702]::commandrpc::tests::test_incr::{closure#0} as core[df12db4294e9bfd3]::ops::function::FnOnce<()>>::call_once
[INFO] [stdout]   14:     0x60872fd7ce7b - test[9d35eded1c95d3be]::__rust_begin_short_backtrace::<core[df12db4294e9bfd3]::result::Result<(), alloc[2182bb758b4b3781]::string::String>, fn() -> core[df12db4294e9bfd3]::result::Result<(), alloc[2182bb758b4b3781]::string::String>>
[INFO] [stdout]   15:     0x60872fd8a4e5 - test[9d35eded1c95d3be]::run_test::{closure#0}
[INFO] [stdout]   16:     0x60872fd83da4 - std[70759c8f55707aa4]::sys::backtrace::__rust_begin_short_backtrace::<test[9d35eded1c95d3be]::run_test::{closure#1}, ()>
[INFO] [stdout]   17:     0x60872fd8d642 - <std[70759c8f55707aa4]::thread::lifecycle::spawn_unchecked<test[9d35eded1c95d3be]::run_test::{closure#1}, ()>::{closure#1} as core[df12db4294e9bfd3]::ops::function::FnOnce<()>>::call_once::{shim:vtable#0}
[INFO] [stdout]   18:     0x60872fdf6c99 - <std[70759c8f55707aa4]::sys::thread::unix::Thread>::new::thread_start
[INFO] [stdout]   19:     0x7afd36cefdfa - <unknown>
[INFO] [stdout]   20:     0x7afd36d833d4 - clone
[INFO] [stdout]   21:                0x0 - <unknown>
[INFO] [stdout] 
[INFO] [stdout] ---- commandrpc::tests::test_hgetset_single stdout ----
[INFO] [stdout] 
[INFO] [stdout] thread 'commandrpc::tests::test_hgetset_single' (2441) panicked at src/commandrpc.rs:542:62:
[INFO] [stdout] called `Result::unwrap()` on an `Err` value: CommandStreamError(ReadError(Os { code: 111, kind: ConnectionRefused, message: "Connection refused" }))
[INFO] [stdout] stack backtrace:
[INFO] [stdout]    0:     0x60872fdf78e1 - <<std[70759c8f55707aa4]::sys::backtrace::BacktraceLock>::print::DisplayBacktrace as core[df12db4294e9bfd3]::fmt::Display>::fmt
[INFO] [stdout]    1:     0x60872fe0d13a - core[df12db4294e9bfd3]::fmt::write
[INFO] [stdout]    2:     0x60872fdfc19c - <alloc[2182bb758b4b3781]::vec::Vec<u8> as core[df12db4294e9bfd3]::io::write::Write>::write_fmt
[INFO] [stdout]    3:     0x60872fdd3716 - std[70759c8f55707aa4]::panicking::default_hook::{closure#0}
[INFO] [stdout]    4:     0x60872fdefa79 - std[70759c8f55707aa4]::panicking::default_hook
[INFO] [stdout]    5:     0x60872fd89b90 - test[9d35eded1c95d3be]::test_main_inner::<test[9d35eded1c95d3be]::test_main_static::{closure#0}>::{closure#0}
[INFO] [stdout]    6:     0x60872fdefc32 - std[70759c8f55707aa4]::panicking::panic_with_hook
[INFO] [stdout]    7:     0x60872fdd37c2 - std[70759c8f55707aa4]::panicking::panic_handler::{closure#0}
[INFO] [stdout]    8:     0x60872fdcc499 - std[70759c8f55707aa4]::sys::backtrace::__rust_end_short_backtrace::<std[70759c8f55707aa4]::panicking::panic_handler::{closure#0}, !>
[INFO] [stdout]    9:     0x60872fdd45ad - __rustc[8fa7c3cbc660c2b3]::rust_begin_unwind
[INFO] [stdout]   10:     0x60872fe0d86c - core[df12db4294e9bfd3]::panicking::panic_fmt
[INFO] [stdout]   11:     0x60872fe0d642 - core[df12db4294e9bfd3]::result::unwrap_failed
[INFO] [stdout]   12:     0x60872fd60b9f - dicedb_rs[f77e9ee52eccf702]::commandrpc::tests::test_hgetset_single
[INFO] [stderr] error: test failed, to rerun pass `--lib`
[INFO] [stdout]   13:     0x60872fd6afa9 - <dicedb_rs[f77e9ee52eccf702]::commandrpc::tests::test_hgetset_single::{closure#0} as core[df12db4294e9bfd3]::ops::function::FnOnce<()>>::call_once
[INFO] [stdout]   14:     0x60872fd7ce7b - test[9d35eded1c95d3be]::__rust_begin_short_backtrace::<core[df12db4294e9bfd3]::result::Result<(), alloc[2182bb758b4b3781]::string::String>, fn() -> core[df12db4294e9bfd3]::result::Result<(), alloc[2182bb758b4b3781]::string::String>>
[INFO] [stdout]   15:     0x60872fd8a4e5 - test[9d35eded1c95d3be]::run_test::{closure#0}
[INFO] [stdout]   16:     0x60872fd83da4 - std[70759c8f55707aa4]::sys::backtrace::__rust_begin_short_backtrace::<test[9d35eded1c95d3be]::run_test::{closure#1}, ()>
[INFO] [stdout]   17:     0x60872fd8d642 - <std[70759c8f55707aa4]::thread::lifecycle::spawn_unchecked<test[9d35eded1c95d3be]::run_test::{closure#1}, ()>::{closure#1} as core[df12db4294e9bfd3]::ops::function::FnOnce<()>>::call_once::{shim:vtable#0}
[INFO] [stdout]   18:     0x60872fdf6c99 - <std[70759c8f55707aa4]::sys::thread::unix::Thread>::new::thread_start
[INFO] [stdout]   19:     0x7afd36cefdfa - <unknown>
[INFO] [stdout]   20:     0x7afd36d833d4 - clone
[INFO] [stdout]   21:                0x0 - <unknown>
[INFO] [stdout] 
[INFO] [stdout] ---- commandrpc::tests::test_get_set stdout ----
[INFO] [stdout] 
[INFO] [stdout] thread 'commandrpc::tests::test_get_set' (2435) panicked at src/commandrpc.rs:937:62:
[INFO] [stdout] called `Result::unwrap()` on an `Err` value: CommandStreamError(ReadError(Os { code: 111, kind: ConnectionRefused, message: "Connection refused" }))
[INFO] [stdout] stack backtrace:
[INFO] [stdout]    0:     0x60872fdf78e1 - <<std[70759c8f55707aa4]::sys::backtrace::BacktraceLock>::print::DisplayBacktrace as core[df12db4294e9bfd3]::fmt::Display>::fmt
[INFO] [stdout]    1:     0x60872fe0d13a - core[df12db4294e9bfd3]::fmt::write
[INFO] [stdout]    2:     0x60872fdfc19c - <alloc[2182bb758b4b3781]::vec::Vec<u8> as core[df12db4294e9bfd3]::io::write::Write>::write_fmt
[INFO] [stdout]    3:     0x60872fdd3716 - std[70759c8f55707aa4]::panicking::default_hook::{closure#0}
[INFO] [stdout]    4:     0x60872fdefa79 - std[70759c8f55707aa4]::panicking::default_hook
[INFO] [stdout]    5:     0x60872fd89b90 - test[9d35eded1c95d3be]::test_main_inner::<test[9d35eded1c95d3be]::test_main_static::{closure#0}>::{closure#0}
[INFO] [stdout]    6:     0x60872fdefc32 - std[70759c8f55707aa4]::panicking::panic_with_hook
[INFO] [stdout]    7:     0x60872fdd37c2 - std[70759c8f55707aa4]::panicking::panic_handler::{closure#0}
[INFO] [stdout]    8:     0x60872fdcc499 - std[70759c8f55707aa4]::sys::backtrace::__rust_end_short_backtrace::<std[70759c8f55707aa4]::panicking::panic_handler::{closure#0}, !>
[INFO] [stdout]    9:     0x60872fdd45ad - __rustc[8fa7c3cbc660c2b3]::rust_begin_unwind
[INFO] [stdout]   10:     0x60872fe0d86c - core[df12db4294e9bfd3]::panicking::panic_fmt
[INFO] [stdout]   11:     0x60872fe0d642 - core[df12db4294e9bfd3]::result::unwrap_failed
[INFO] [stdout]   12:     0x60872fd56bc2 - dicedb_rs[f77e9ee52eccf702]::commandrpc::tests::test_get_set
[INFO] [stdout]   13:     0x60872fd6aca9 - <dicedb_rs[f77e9ee52eccf702]::commandrpc::tests::test_get_set::{closure#0} as core[df12db4294e9bfd3]::ops::function::FnOnce<()>>::call_once
[INFO] [stdout]   14:     0x60872fd7ce7b - test[9d35eded1c95d3be]::__rust_begin_short_backtrace::<core[df12db4294e9bfd3]::result::Result<(), alloc[2182bb758b4b3781]::string::String>, fn() -> core[df12db4294e9bfd3]::result::Result<(), alloc[2182bb758b4b3781]::string::String>>
[INFO] [stdout]   15:     0x60872fd8a4e5 - test[9d35eded1c95d3be]::run_test::{closure#0}
[INFO] [stdout]   16:     0x60872fd83da4 - std[70759c8f55707aa4]::sys::backtrace::__rust_begin_short_backtrace::<test[9d35eded1c95d3be]::run_test::{closure#1}, ()>
[INFO] [stdout]   17:     0x60872fd8d642 - <std[70759c8f55707aa4]::thread::lifecycle::spawn_unchecked<test[9d35eded1c95d3be]::run_test::{closure#1}, ()>::{closure#1} as core[df12db4294e9bfd3]::ops::function::FnOnce<()>>::call_once::{shim:vtable#0}
[INFO] [stdout]   18:     0x60872fdf6c99 - <std[70759c8f55707aa4]::sys::thread::unix::Thread>::new::thread_start
[INFO] [stdout]   19:     0x7afd36cefdfa - <unknown>
[INFO] [stdout]   20:     0x7afd36d833d4 - clone
[INFO] [stdout]   21:                0x0 - <unknown>
[INFO] [stdout] 
[INFO] [stdout] ---- commandrpc::tests::test_expire_xx stdout ----
[INFO] [stdout] 
[INFO] [stdout] thread 'commandrpc::tests::test_expire_xx' (2428) panicked at src/commandrpc.rs:689:62:
[INFO] [stdout] called `Result::unwrap()` on an `Err` value: CommandStreamError(ReadError(Os { code: 111, kind: ConnectionRefused, message: "Connection refused" }))
[INFO] [stdout] stack backtrace:
[INFO] [stdout]    0:     0x60872fdf78e1 - <<std[70759c8f55707aa4]::sys::backtrace::BacktraceLock>::print::DisplayBacktrace as core[df12db4294e9bfd3]::fmt::Display>::fmt
[INFO] [stdout]    1:     0x60872fe0d13a - core[df12db4294e9bfd3]::fmt::write
[INFO] [stdout]    2:     0x60872fdfc19c - <alloc[2182bb758b4b3781]::vec::Vec<u8> as core[df12db4294e9bfd3]::io::write::Write>::write_fmt
[INFO] [stdout]    3:     0x60872fdd3716 - std[70759c8f55707aa4]::panicking::default_hook::{closure#0}
[INFO] [stdout]    4:     0x60872fdefa79 - std[70759c8f55707aa4]::panicking::default_hook
[INFO] [stdout]    5:     0x60872fd89b90 - test[9d35eded1c95d3be]::test_main_inner::<test[9d35eded1c95d3be]::test_main_static::{closure#0}>::{closure#0}
[INFO] [stdout]    6:     0x60872fdefc32 - std[70759c8f55707aa4]::panicking::panic_with_hook
[INFO] [stdout]    7:     0x60872fdd37c2 - std[70759c8f55707aa4]::panicking::panic_handler::{closure#0}
[INFO] [stdout]    8:     0x60872fdcc499 - std[70759c8f55707aa4]::sys::backtrace::__rust_end_short_backtrace::<std[70759c8f55707aa4]::panicking::panic_handler::{closure#0}, !>
[INFO] [stdout]    9:     0x60872fdd45ad - __rustc[8fa7c3cbc660c2b3]::rust_begin_unwind
[INFO] [stdout]   10:     0x60872fe0d86c - core[df12db4294e9bfd3]::panicking::panic_fmt
[INFO] [stdout]   11:     0x60872fe0d642 - core[df12db4294e9bfd3]::result::unwrap_failed
[INFO] [stdout]   12:     0x60872fd59816 - dicedb_rs[f77e9ee52eccf702]::commandrpc::tests::test_expire_xx
[INFO] [stdout]   13:     0x60872fd6ad69 - <dicedb_rs[f77e9ee52eccf702]::commandrpc::tests::test_expire_xx::{closure#0} as core[df12db4294e9bfd3]::ops::function::FnOnce<()>>::call_once
[INFO] [stdout]   14:     0x60872fd7ce7b - test[9d35eded1c95d3be]::__rust_begin_short_backtrace::<core[df12db4294e9bfd3]::result::Result<(), alloc[2182bb758b4b3781]::string::String>, fn() -> core[df12db4294e9bfd3]::result::Result<(), alloc[2182bb758b4b3781]::string::String>>
[INFO] [stdout]   15:     0x60872fd8a4e5 - test[9d35eded1c95d3be]::run_test::{closure#0}
[INFO] [stdout]   16:     0x60872fd83da4 - std[70759c8f55707aa4]::sys::backtrace::__rust_begin_short_backtrace::<test[9d35eded1c95d3be]::run_test::{closure#1}, ()>
[INFO] [stdout]   17:     0x60872fd8d642 - <std[70759c8f55707aa4]::thread::lifecycle::spawn_unchecked<test[9d35eded1c95d3be]::run_test::{closure#1}, ()>::{closure#1} as core[df12db4294e9bfd3]::ops::function::FnOnce<()>>::call_once::{shim:vtable#0}
[INFO] [stdout]   18:     0x60872fdf6c99 - <std[70759c8f55707aa4]::sys::thread::unix::Thread>::new::thread_start
[INFO] [stdout]   19:     0x7afd36cefdfa - <unknown>
[INFO] [stdout]   20:     0x7afd36d833d4 - clone
[INFO] [stdout]   21:                0x0 - <unknown>
[INFO] [stdout] 
[INFO] [stdout] ---- commandrpc::tests::test_expireat_xx stdout ----
[INFO] [stdout] 
[INFO] [stdout] thread 'commandrpc::tests::test_expireat_xx' (2433) panicked at src/commandrpc.rs:793:62:
[INFO] [stdout] called `Result::unwrap()` on an `Err` value: CommandStreamError(ReadError(Os { code: 111, kind: ConnectionRefused, message: "Connection refused" }))
[INFO] [stdout] stack backtrace:
[INFO] [stdout]    0:     0x60872fdf78e1 - <<std[70759c8f55707aa4]::sys::backtrace::BacktraceLock>::print::DisplayBacktrace as core[df12db4294e9bfd3]::fmt::Display>::fmt
[INFO] [stdout]    1:     0x60872fe0d13a - core[df12db4294e9bfd3]::fmt::write
[INFO] [stdout]    2:     0x60872fdfc19c - <alloc[2182bb758b4b3781]::vec::Vec<u8> as core[df12db4294e9bfd3]::io::write::Write>::write_fmt
[INFO] [stdout]    3:     0x60872fdd3716 - std[70759c8f55707aa4]::panicking::default_hook::{closure#0}
[INFO] [stdout]    4:     0x60872fdefa79 - std[70759c8f55707aa4]::panicking::default_hook
[INFO] [stdout]    5:     0x60872fd89b90 - test[9d35eded1c95d3be]::test_main_inner::<test[9d35eded1c95d3be]::test_main_static::{closure#0}>::{closure#0}
[INFO] [stdout]    6:     0x60872fdefc32 - std[70759c8f55707aa4]::panicking::panic_with_hook
[INFO] [stdout]    7:     0x60872fdd37c2 - std[70759c8f55707aa4]::panicking::panic_handler::{closure#0}
[INFO] [stdout]    8:     0x60872fdcc499 - std[70759c8f55707aa4]::sys::backtrace::__rust_end_short_backtrace::<std[70759c8f55707aa4]::panicking::panic_handler::{closure#0}, !>
[INFO] [stdout]    9:     0x60872fdd45ad - __rustc[8fa7c3cbc660c2b3]::rust_begin_unwind
[INFO] [stdout]   10:     0x60872fe0d86c - core[df12db4294e9bfd3]::panicking::panic_fmt
[INFO] [stdout]   11:     0x60872fe0d642 - core[df12db4294e9bfd3]::result::unwrap_failed
[INFO] [stdout]   12:     0x60872fd5e0af - dicedb_rs[f77e9ee52eccf702]::commandrpc::tests::test_expireat_xx
[INFO] [stdout]   13:     0x60872fd6aec9 - <dicedb_rs[f77e9ee52eccf702]::commandrpc::tests::test_expireat_xx::{closure#0} as core[df12db4294e9bfd3]::ops::function::FnOnce<()>>::call_once
[INFO] [stdout]   14:     0x60872fd7ce7b - test[9d35eded1c95d3be]::__rust_begin_short_backtrace::<core[df12db4294e9bfd3]::result::Result<(), alloc[2182bb758b4b3781]::string::String>, fn() -> core[df12db4294e9bfd3]::result::Result<(), alloc[2182bb758b4b3781]::string::String>>
[INFO] [stdout]   15:     0x60872fd8a4e5 - test[9d35eded1c95d3be]::run_test::{closure#0}
[INFO] [stdout]   16:     0x60872fd83da4 - std[70759c8f55707aa4]::sys::backtrace::__rust_begin_short_backtrace::<test[9d35eded1c95d3be]::run_test::{closure#1}, ()>
[INFO] [stdout]   17:     0x60872fd8d642 - <std[70759c8f55707aa4]::thread::lifecycle::spawn_unchecked<test[9d35eded1c95d3be]::run_test::{closure#1}, ()>::{closure#1} as core[df12db4294e9bfd3]::ops::function::FnOnce<()>>::call_once::{shim:vtable#0}
[INFO] [stdout]   18:     0x60872fdf6c99 - <std[70759c8f55707aa4]::sys::thread::unix::Thread>::new::thread_start
[INFO] [stdout]   19:     0x7afd36cefdfa - <unknown>
[INFO] [stdout]   20:     0x7afd36d833d4 - clone
[INFO] [stdout]   21:                0x0 - <unknown>
[INFO] [stdout] 
[INFO] [stdout] ---- commandrpc::tests::test_hgetall stdout ----
[INFO] [stdout] 
[INFO] [stdout] thread 'commandrpc::tests::test_hgetall' (2439) panicked at src/commandrpc.rs:583:62:
[INFO] [stdout] called `Result::unwrap()` on an `Err` value: CommandStreamError(ReadError(Os { code: 111, kind: ConnectionRefused, message: "Connection refused" }))
[INFO] [stdout] stack backtrace:
[INFO] [stdout]    0:     0x60872fdf78e1 - <<std[70759c8f55707aa4]::sys::backtrace::BacktraceLock>::print::DisplayBacktrace as core[df12db4294e9bfd3]::fmt::Display>::fmt
[INFO] [stdout]    1:     0x60872fe0d13a - core[df12db4294e9bfd3]::fmt::write
[INFO] [stdout]    2:     0x60872fdfc19c - <alloc[2182bb758b4b3781]::vec::Vec<u8> as core[df12db4294e9bfd3]::io::write::Write>::write_fmt
[INFO] [stdout]    3:     0x60872fdd3716 - std[70759c8f55707aa4]::panicking::default_hook::{closure#0}
[INFO] [stdout]    4:     0x60872fdefa79 - std[70759c8f55707aa4]::panicking::default_hook
[INFO] [stdout]    5:     0x60872fd89b90 - test[9d35eded1c95d3be]::test_main_inner::<test[9d35eded1c95d3be]::test_main_static::{closure#0}>::{closure#0}
[INFO] [stdout]    6:     0x60872fdefc32 - std[70759c8f55707aa4]::panicking::panic_with_hook
[INFO] [stdout]    7:     0x60872fdd37c2 - std[70759c8f55707aa4]::panicking::panic_handler::{closure#0}
[INFO] [stdout]    8:     0x60872fdcc499 - std[70759c8f55707aa4]::sys::backtrace::__rust_end_short_backtrace::<std[70759c8f55707aa4]::panicking::panic_handler::{closure#0}, !>
[INFO] [stdout]    9:     0x60872fdd45ad - __rustc[8fa7c3cbc660c2b3]::rust_begin_unwind
[INFO] [stdout]   10:     0x60872fe0d86c - core[df12db4294e9bfd3]::panicking::panic_fmt
[INFO] [stdout]   11:     0x60872fe0d642 - core[df12db4294e9bfd3]::result::unwrap_failed
[INFO] [stdout]   12:     0x60872fd57530 - dicedb_rs[f77e9ee52eccf702]::commandrpc::tests::test_hgetall
[INFO] [stdout]   13:     0x60872fd6acc9 - <dicedb_rs[f77e9ee52eccf702]::commandrpc::tests::test_hgetall::{closure#0} as core[df12db4294e9bfd3]::ops::function::FnOnce<()>>::call_once
[INFO] [stdout]   14:     0x60872fd7ce7b - test[9d35eded1c95d3be]::__rust_begin_short_backtrace::<core[df12db4294e9bfd3]::result::Result<(), alloc[2182bb758b4b3781]::string::String>, fn() -> core[df12db4294e9bfd3]::result::Result<(), alloc[2182bb758b4b3781]::string::String>>
[INFO] [stdout]   15:     0x60872fd8a4e5 - test[9d35eded1c95d3be]::run_test::{closure#0}
[INFO] [stdout]   16:     0x60872fd83da4 - std[70759c8f55707aa4]::sys::backtrace::__rust_begin_short_backtrace::<test[9d35eded1c95d3be]::run_test::{closure#1}, ()>
[INFO] [stdout]   17:     0x60872fd8d642 - <std[70759c8f55707aa4]::thread::lifecycle::spawn_unchecked<test[9d35eded1c95d3be]::run_test::{closure#1}, ()>::{closure#1} as core[df12db4294e9bfd3]::ops::function::FnOnce<()>>::call_once::{shim:vtable#0}
[INFO] [stdout]   18:     0x60872fdf6c99 - <std[70759c8f55707aa4]::sys::thread::unix::Thread>::new::thread_start
[INFO] [stdout]   19:     0x7afd36cefdfa - <unknown>
[INFO] [stdout]   20:     0x7afd36d833d4 - clone
[INFO] [stdout]   21:                0x0 - <unknown>
[INFO] [stdout] 
[INFO] [stdout] ---- commandrpc::tests::test_key_w_newline stdout ----
[INFO] [stdout] 
[INFO] [stdout] thread 'commandrpc::tests::test_key_w_newline' (2445) panicked at src/commandrpc.rs:485:62:
[INFO] [stdout] called `Result::unwrap()` on an `Err` value: CommandStreamError(ReadError(Os { code: 111, kind: ConnectionRefused, message: "Connection refused" }))
[INFO] [stdout] stack backtrace:
[INFO] [stdout]    0:     0x60872fdf78e1 - <<std[70759c8f55707aa4]::sys::backtrace::BacktraceLock>::print::DisplayBacktrace as core[df12db4294e9bfd3]::fmt::Display>::fmt
[INFO] [stdout]    1:     0x60872fe0d13a - core[df12db4294e9bfd3]::fmt::write
[INFO] [stdout]    2:     0x60872fdfc19c - <alloc[2182bb758b4b3781]::vec::Vec<u8> as core[df12db4294e9bfd3]::io::write::Write>::write_fmt
[INFO] [stdout]    3:     0x60872fdd3716 - std[70759c8f55707aa4]::panicking::default_hook::{closure#0}
[INFO] [stdout]    4:     0x60872fdefa79 - std[70759c8f55707aa4]::panicking::default_hook
[INFO] [stdout]    5:     0x60872fd89b90 - test[9d35eded1c95d3be]::test_main_inner::<test[9d35eded1c95d3be]::test_main_static::{closure#0}>::{closure#0}
[INFO] [stdout]    6:     0x60872fdefc32 - std[70759c8f55707aa4]::panicking::panic_with_hook
[INFO] [stdout]    7:     0x60872fdd37c2 - std[70759c8f55707aa4]::panicking::panic_handler::{closure#0}
[INFO] [stdout]    8:     0x60872fdcc499 - std[70759c8f55707aa4]::sys::backtrace::__rust_end_short_backtrace::<std[70759c8f55707aa4]::panicking::panic_handler::{closure#0}, !>
[INFO] [stdout]    9:     0x60872fdd45ad - __rustc[8fa7c3cbc660c2b3]::rust_begin_unwind
[INFO] [stdout]   10:     0x60872fe0d86c - core[df12db4294e9bfd3]::panicking::panic_fmt
[INFO] [stdout]   11:     0x60872fe0d642 - core[df12db4294e9bfd3]::result::unwrap_failed
[INFO] [stdout]   12:     0x60872fd60641 - dicedb_rs[f77e9ee52eccf702]::commandrpc::tests::test_key_w_newline
[INFO] [stdout]   13:     0x60872fd6af89 - <dicedb_rs[f77e9ee52eccf702]::commandrpc::tests::test_key_w_newline::{closure#0} as core[df12db4294e9bfd3]::ops::function::FnOnce<()>>::call_once
[INFO] [stdout]   14:     0x60872fd7ce7b - test[9d35eded1c95d3be]::__rust_begin_short_backtrace::<core[df12db4294e9bfd3]::result::Result<(), alloc[2182bb758b4b3781]::string::String>, fn() -> core[df12db4294e9bfd3]::result::Result<(), alloc[2182bb758b4b3781]::string::String>>
[INFO] [stdout]   15:     0x60872fd8a4e5 - test[9d35eded1c95d3be]::run_test::{closure#0}
[INFO] [stdout]   16:     0x60872fd83da4 - std[70759c8f55707aa4]::sys::backtrace::__rust_begin_short_backtrace::<test[9d35eded1c95d3be]::run_test::{closure#1}, ()>
[INFO] [stdout]   17:     0x60872fd8d642 - <std[70759c8f55707aa4]::thread::lifecycle::spawn_unchecked<test[9d35eded1c95d3be]::run_test::{closure#1}, ()>::{closure#1} as core[df12db4294e9bfd3]::ops::function::FnOnce<()>>::call_once::{shim:vtable#0}
[INFO] [stdout]   18:     0x60872fdf6c99 - <std[70759c8f55707aa4]::sys::thread::unix::Thread>::new::thread_start
[INFO] [stdout]   19:     0x7afd36cefdfa - <unknown>
[INFO] [stdout]   20:     0x7afd36d833d4 - clone
[INFO] [stdout]   21:                0x0 - <unknown>
[INFO] [stdout] 
[INFO] [stdout] ---- commandrpc::tests::test_key_w_spaces stdout ----
[INFO] [stdout] 
[INFO] [stdout] thread 'commandrpc::tests::test_key_w_spaces' (2446) panicked at src/commandrpc.rs:458:62:
[INFO] [stdout] called `Result::unwrap()` on an `Err` value: CommandStreamError(ReadError(Os { code: 111, kind: ConnectionRefused, message: "Connection refused" }))
[INFO] [stdout] stack backtrace:
[INFO] [stdout]    0:     0x60872fdf78e1 - <<std[70759c8f55707aa4]::sys::backtrace::BacktraceLock>::print::DisplayBacktrace as core[df12db4294e9bfd3]::fmt::Display>::fmt
[INFO] [stdout]    1:     0x60872fe0d13a - core[df12db4294e9bfd3]::fmt::write
[INFO] [stdout]    2:     0x60872fdfc19c - <alloc[2182bb758b4b3781]::vec::Vec<u8> as core[df12db4294e9bfd3]::io::write::Write>::write_fmt
[INFO] [stdout]    3:     0x60872fdd3716 - std[70759c8f55707aa4]::panicking::default_hook::{closure#0}
[INFO] [stdout]    4:     0x60872fdefa79 - std[70759c8f55707aa4]::panicking::default_hook
[INFO] [stdout]    5:     0x60872fd89b90 - test[9d35eded1c95d3be]::test_main_inner::<test[9d35eded1c95d3be]::test_main_static::{closure#0}>::{closure#0}
[INFO] [stdout]    6:     0x60872fdefc32 - std[70759c8f55707aa4]::panicking::panic_with_hook
[INFO] [stdout]    7:     0x60872fdd37c2 - std[70759c8f55707aa4]::panicking::panic_handler::{closure#0}
[INFO] [stdout]    8:     0x60872fdcc499 - std[70759c8f55707aa4]::sys::backtrace::__rust_end_short_backtrace::<std[70759c8f55707aa4]::panicking::panic_handler::{closure#0}, !>
[INFO] [stdout]    9:     0x60872fdd45ad - __rustc[8fa7c3cbc660c2b3]::rust_begin_unwind
[INFO] [stdout]   10:     0x60872fe0d86c - core[df12db4294e9bfd3]::panicking::panic_fmt
[INFO] [stdout]   11:     0x60872fe0d642 - core[df12db4294e9bfd3]::result::unwrap_failed
[INFO] [stdout]   12:     0x60872fd5e885 - dicedb_rs[f77e9ee52eccf702]::commandrpc::tests::test_key_w_spaces
[INFO] [stdout]   13:     0x60872fd6aee9 - <dicedb_rs[f77e9ee52eccf702]::commandrpc::tests::test_key_w_spaces::{closure#0} as core[df12db4294e9bfd3]::ops::function::FnOnce<()>>::call_once
[INFO] [stdout]   14:     0x60872fd7ce7b - test[9d35eded1c95d3be]::__rust_begin_short_backtrace::<core[df12db4294e9bfd3]::result::Result<(), alloc[2182bb758b4b3781]::string::String>, fn() -> core[df12db4294e9bfd3]::result::Result<(), alloc[2182bb758b4b3781]::string::String>>
[INFO] [stdout]   15:     0x60872fd8a4e5 - test[9d35eded1c95d3be]::run_test::{closure#0}
[INFO] [stdout]   16:     0x60872fd83da4 - std[70759c8f55707aa4]::sys::backtrace::__rust_begin_short_backtrace::<test[9d35eded1c95d3be]::run_test::{closure#1}, ()>
[INFO] [stdout]   17:     0x60872fd8d642 - <std[70759c8f55707aa4]::thread::lifecycle::spawn_unchecked<test[9d35eded1c95d3be]::run_test::{closure#1}, ()>::{closure#1} as core[df12db4294e9bfd3]::ops::function::FnOnce<()>>::call_once::{shim:vtable#0}
[INFO] [stdout]   18:     0x60872fdf6c99 - <std[70759c8f55707aa4]::sys::thread::unix::Thread>::new::thread_start
[INFO] [stdout]   19:     0x7afd36cefdfa - <unknown>
[INFO] [stdout]   20:     0x7afd36d833d4 - clone
[INFO] [stdout]   21:                0x0 - <unknown>
[INFO] [stdout] 
[INFO] [stdout] ---- commandrpc::tests::test_incrby stdout ----
[INFO] [stdout] 
[INFO] [stdout] thread 'commandrpc::tests::test_incrby' (2444) panicked at src/commandrpc.rs:1012:62:
[INFO] [stdout] called `Result::unwrap()` on an `Err` value: CommandStreamError(ReadError(Os { code: 111, kind: ConnectionRefused, message: "Connection refused" }))
[INFO] [stdout] stack backtrace:
[INFO] [stdout]    0:     0x60872fdf78e1 - <<std[70759c8f55707aa4]::sys::backtrace::BacktraceLock>::print::DisplayBacktrace as core[df12db4294e9bfd3]::fmt::Display>::fmt
[INFO] [stdout]    1:     0x60872fe0d13a - core[df12db4294e9bfd3]::fmt::write
[INFO] [stdout]    2:     0x60872fdfc19c - <alloc[2182bb758b4b3781]::vec::Vec<u8> as core[df12db4294e9bfd3]::io::write::Write>::write_fmt
[INFO] [stdout]    3:     0x60872fdd3716 - std[70759c8f55707aa4]::panicking::default_hook::{closure#0}
[INFO] [stdout]    4:     0x60872fdefa79 - std[70759c8f55707aa4]::panicking::default_hook
[INFO] [stdout]    5:     0x60872fd89b90 - test[9d35eded1c95d3be]::test_main_inner::<test[9d35eded1c95d3be]::test_main_static::{closure#0}>::{closure#0}
[INFO] [stdout]    6:     0x60872fdefc32 - std[70759c8f55707aa4]::panicking::panic_with_hook
[INFO] [stdout]    7:     0x60872fdd37c2 - std[70759c8f55707aa4]::panicking::panic_handler::{closure#0}
[INFO] [stdout]    8:     0x60872fdcc499 - std[70759c8f55707aa4]::sys::backtrace::__rust_end_short_backtrace::<std[70759c8f55707aa4]::panicking::panic_handler::{closure#0}, !>
[INFO] [stdout]    9:     0x60872fdd45ad - __rustc[8fa7c3cbc660c2b3]::rust_begin_unwind
[INFO] [stdout]   10:     0x60872fe0d86c - core[df12db4294e9bfd3]::panicking::panic_fmt
[INFO] [stdout]   11:     0x60872fe0d642 - core[df12db4294e9bfd3]::result::unwrap_failed
[INFO] [stdout]   12:     0x60872fd55fbb - dicedb_rs[f77e9ee52eccf702]::commandrpc::tests::test_incrby
[INFO] [stdout]   13:     0x60872fd6ac69 - <dicedb_rs[f77e9ee52eccf702]::commandrpc::tests::test_incrby::{closure#0} as core[df12db4294e9bfd3]::ops::function::FnOnce<()>>::call_once
[INFO] [stdout]   14:     0x60872fd7ce7b - test[9d35eded1c95d3be]::__rust_begin_short_backtrace::<core[df12db4294e9bfd3]::result::Result<(), alloc[2182bb758b4b3781]::string::String>, fn() -> core[df12db4294e9bfd3]::result::Result<(), alloc[2182bb758b4b3781]::string::String>>
[INFO] [stdout]   15:     0x60872fd8a4e5 - test[9d35eded1c95d3be]::run_test::{closure#0}
[INFO] [stdout]   16:     0x60872fd83da4 - std[70759c8f55707aa4]::sys::backtrace::__rust_begin_short_backtrace::<test[9d35eded1c95d3be]::run_test::{closure#1}, ()>
[INFO] [stdout]   17:     0x60872fd8d642 - <std[70759c8f55707aa4]::thread::lifecycle::spawn_unchecked<test[9d35eded1c95d3be]::run_test::{closure#1}, ()>::{closure#1} as core[df12db4294e9bfd3]::ops::function::FnOnce<()>>::call_once::{shim:vtable#0}
[INFO] [stdout]   18:     0x60872fdf6c99 - <std[70759c8f55707aa4]::sys::thread::unix::Thread>::new::thread_start
[INFO] [stdout]   19:     0x7afd36cefdfa - <unknown>
[INFO] [stdout]   20:     0x7afd36d833d4 - clone
[INFO] [stdout]   21:                0x0 - <unknown>
[INFO] [stdout] 
[INFO] [stdout] ---- commandrpc::tests::test_get_set_float stdout ----
[INFO] [stdout] 
[INFO] [stdout] thread 'commandrpc::tests::test_get_set_float' (2436) panicked at src/commandrpc.rs:1086:62:
[INFO] [stdout] called `Result::unwrap()` on an `Err` value: CommandStreamError(ReadError(Os { code: 111, kind: ConnectionRefused, message: "Connection refused" }))
[INFO] [stdout] stack backtrace:
[INFO] [stdout]    0:     0x60872fdf78e1 - <<std[70759c8f55707aa4]::sys::backtrace::BacktraceLock>::print::DisplayBacktrace as core[df12db4294e9bfd3]::fmt::Display>::fmt
[INFO] [stdout]    1:     0x60872fe0d13a - core[df12db4294e9bfd3]::fmt::write
[INFO] [stdout]    2:     0x60872fdfc19c - <alloc[2182bb758b4b3781]::vec::Vec<u8> as core[df12db4294e9bfd3]::io::write::Write>::write_fmt
[INFO] [stdout]    3:     0x60872fdd3716 - std[70759c8f55707aa4]::panicking::default_hook::{closure#0}
[INFO] [stdout]    4:     0x60872fdefa79 - std[70759c8f55707aa4]::panicking::default_hook
[INFO] [stdout]    5:     0x60872fd89b90 - test[9d35eded1c95d3be]::test_main_inner::<test[9d35eded1c95d3be]::test_main_static::{closure#0}>::{closure#0}
[INFO] [stdout]    6:     0x60872fdefc32 - std[70759c8f55707aa4]::panicking::panic_with_hook
[INFO] [stdout]    7:     0x60872fdd37c2 - std[70759c8f55707aa4]::panicking::panic_handler::{closure#0}
[INFO] [stdout]    8:     0x60872fdcc499 - std[70759c8f55707aa4]::sys::backtrace::__rust_end_short_backtrace::<std[70759c8f55707aa4]::panicking::panic_handler::{closure#0}, !>
[INFO] [stdout]    9:     0x60872fdd45ad - __rustc[8fa7c3cbc660c2b3]::rust_begin_unwind
[INFO] [stdout]   10:     0x60872fe0d86c - core[df12db4294e9bfd3]::panicking::panic_fmt
[INFO] [stdout]   11:     0x60872fe0d642 - core[df12db4294e9bfd3]::result::unwrap_failed
[INFO] [stdout]   12:     0x60872fd5f359 - dicedb_rs[f77e9ee52eccf702]::commandrpc::tests::test_get_set_float
[INFO] [stdout]   13:     0x60872fd6af29 - <dicedb_rs[f77e9ee52eccf702]::commandrpc::tests::test_get_set_float::{closure#0} as core[df12db4294e9bfd3]::ops::function::FnOnce<()>>::call_once
[INFO] [stdout]   14:     0x60872fd7ce7b - test[9d35eded1c95d3be]::__rust_begin_short_backtrace::<core[df12db4294e9bfd3]::result::Result<(), alloc[2182bb758b4b3781]::string::String>, fn() -> core[df12db4294e9bfd3]::result::Result<(), alloc[2182bb758b4b3781]::string::String>>
[INFO] [stdout]   15:     0x60872fd8a4e5 - test[9d35eded1c95d3be]::run_test::{closure#0}
[INFO] [stdout]   16:     0x60872fd83da4 - std[70759c8f55707aa4]::sys::backtrace::__rust_begin_short_backtrace::<test[9d35eded1c95d3be]::run_test::{closure#1}, ()>
[INFO] [stdout]   17:     0x60872fd8d642 - <std[70759c8f55707aa4]::thread::lifecycle::spawn_unchecked<test[9d35eded1c95d3be]::run_test::{closure#1}, ()>::{closure#1} as core[df12db4294e9bfd3]::ops::function::FnOnce<()>>::call_once::{shim:vtable#0}
[INFO] [stdout]   18:     0x60872fdf6c99 - <std[70759c8f55707aa4]::sys::thread::unix::Thread>::new::thread_start
[INFO] [stdout]   19:     0x7afd36cefdfa - <unknown>
[INFO] [stdout]   20:     0x7afd36d833d4 - clone
[INFO] [stdout]   21:                0x0 - <unknown>
[INFO] [stdout] 
[INFO] [stdout] ---- commandrpc::tests::test_getdel stdout ----
[INFO] [stdout] 
[INFO] [stdout] thread 'commandrpc::tests::test_getdel' (2437) panicked at src/commandrpc.rs:974:62:
[INFO] [stdout] called `Result::unwrap()` on an `Err` value: CommandStreamError(ReadError(Os { code: 111, kind: ConnectionRefused, message: "Connection refused" }))
[INFO] [stdout] stack backtrace:
[INFO] [stdout]    0:     0x60872fdf78e1 - <<std[70759c8f55707aa4]::sys::backtrace::BacktraceLock>::print::DisplayBacktrace as core[df12db4294e9bfd3]::fmt::Display>::fmt
[INFO] [stdout]    1:     0x60872fe0d13a - core[df12db4294e9bfd3]::fmt::write
[INFO] [stdout]    2:     0x60872fdfc19c - <alloc[2182bb758b4b3781]::vec::Vec<u8> as core[df12db4294e9bfd3]::io::write::Write>::write_fmt
[INFO] [stdout]    3:     0x60872fdd3716 - std[70759c8f55707aa4]::panicking::default_hook::{closure#0}
[INFO] [stdout]    4:     0x60872fdefa79 - std[70759c8f55707aa4]::panicking::default_hook
[INFO] [stdout]    5:     0x60872fd89b90 - test[9d35eded1c95d3be]::test_main_inner::<test[9d35eded1c95d3be]::test_main_static::{closure#0}>::{closure#0}
[INFO] [stdout]    6:     0x60872fdefc32 - std[70759c8f55707aa4]::panicking::panic_with_hook
[INFO] [stdout]    7:     0x60872fdd37c2 - std[70759c8f55707aa4]::panicking::panic_handler::{closure#0}
[INFO] [stdout]    8:     0x60872fdcc499 - std[70759c8f55707aa4]::sys::backtrace::__rust_end_short_backtrace::<std[70759c8f55707aa4]::panicking::panic_handler::{closure#0}, !>
[INFO] [stdout]    9:     0x60872fdd45ad - __rustc[8fa7c3cbc660c2b3]::rust_begin_unwind
[INFO] [stdout]   10:     0x60872fe0d86c - core[df12db4294e9bfd3]::panicking::panic_fmt
[INFO] [stdout]   11:     0x60872fe0d642 - core[df12db4294e9bfd3]::result::unwrap_failed
[INFO] [stdout]   12:     0x60872fd55a9f - dicedb_rs[f77e9ee52eccf702]::commandrpc::tests::test_getdel
[INFO] [stdout]   13:     0x60872fd6ac49 - <dicedb_rs[f77e9ee52eccf702]::commandrpc::tests::test_getdel::{closure#0} as core[df12db4294e9bfd3]::ops::function::FnOnce<()>>::call_once
[INFO] [stdout]   14:     0x60872fd7ce7b - test[9d35eded1c95d3be]::__rust_begin_short_backtrace::<core[df12db4294e9bfd3]::result::Result<(), alloc[2182bb758b4b3781]::string::String>, fn() -> core[df12db4294e9bfd3]::result::Result<(), alloc[2182bb758b4b3781]::string::String>>
[INFO] [stdout]   15:     0x60872fd8a4e5 - test[9d35eded1c95d3be]::run_test::{closure#0}
[INFO] [stdout]   16:     0x60872fd83da4 - std[70759c8f55707aa4]::sys::backtrace::__rust_begin_short_backtrace::<test[9d35eded1c95d3be]::run_test::{closure#1}, ()>
[INFO] [stdout]   17:     0x60872fd8d642 - <std[70759c8f55707aa4]::thread::lifecycle::spawn_unchecked<test[9d35eded1c95d3be]::run_test::{closure#1}, ()>::{closure#1} as core[df12db4294e9bfd3]::ops::function::FnOnce<()>>::call_once::{shim:vtable#0}
[INFO] [stdout]   18:     0x60872fdf6c99 - <std[70759c8f55707aa4]::sys::thread::unix::Thread>::new::thread_start
[INFO] [stdout]   19:     0x7afd36cefdfa - <unknown>
[INFO] [stdout]   20:     0x7afd36d833d4 - clone
[INFO] [stdout]   21:                0x0 - <unknown>
[INFO] [stdout] 
[INFO] [stdout] ---- commandrpc::tests::test_getex stdout ----
[INFO] [stdout] 
[INFO] [stdout] thread 'commandrpc::tests::test_getex' (2438) panicked at src/commandrpc.rs:987:62:
[INFO] [stdout] called `Result::unwrap()` on an `Err` value: CommandStreamError(ReadError(Os { code: 111, kind: ConnectionRefused, message: "Connection refused" }))
[INFO] [stdout] stack backtrace:
[INFO] [stdout]    0:     0x60872fdf78e1 - <<std[70759c8f55707aa4]::sys::backtrace::BacktraceLock>::print::DisplayBacktrace as core[df12db4294e9bfd3]::fmt::Display>::fmt
[INFO] [stdout]    1:     0x60872fe0d13a - core[df12db4294e9bfd3]::fmt::write
[INFO] [stdout]    2:     0x60872fdfc19c - <alloc[2182bb758b4b3781]::vec::Vec<u8> as core[df12db4294e9bfd3]::io::write::Write>::write_fmt
[INFO] [stdout]    3:     0x60872fdd3716 - std[70759c8f55707aa4]::panicking::default_hook::{closure#0}
[INFO] [stdout]    4:     0x60872fdefa79 - std[70759c8f55707aa4]::panicking::default_hook
[INFO] [stdout]    5:     0x60872fd89b90 - test[9d35eded1c95d3be]::test_main_inner::<test[9d35eded1c95d3be]::test_main_static::{closure#0}>::{closure#0}
[INFO] [stdout]    6:     0x60872fdefc32 - std[70759c8f55707aa4]::panicking::panic_with_hook
[INFO] [stdout]    7:     0x60872fdd37c2 - std[70759c8f55707aa4]::panicking::panic_handler::{closure#0}
[INFO] [stdout]    8:     0x60872fdcc499 - std[70759c8f55707aa4]::sys::backtrace::__rust_end_short_backtrace::<std[70759c8f55707aa4]::panicking::panic_handler::{closure#0}, !>
[INFO] [stdout]    9:     0x60872fdd45ad - __rustc[8fa7c3cbc660c2b3]::rust_begin_unwind
[INFO] [stdout]   10:     0x60872fe0d86c - core[df12db4294e9bfd3]::panicking::panic_fmt
[INFO] [stdout]   11:     0x60872fe0d642 - core[df12db4294e9bfd3]::result::unwrap_failed
[INFO] [stdout]   12:     0x60872fd548aa - dicedb_rs[f77e9ee52eccf702]::commandrpc::tests::test_getex
[INFO] [stdout]   13:     0x60872fd6abe9 - <dicedb_rs[f77e9ee52eccf702]::commandrpc::tests::test_getex::{closure#0} as core[df12db4294e9bfd3]::ops::function::FnOnce<()>>::call_once
[INFO] [stdout]   14:     0x60872fd7ce7b - test[9d35eded1c95d3be]::__rust_begin_short_backtrace::<core[df12db4294e9bfd3]::result::Result<(), alloc[2182bb758b4b3781]::string::String>, fn() -> core[df12db4294e9bfd3]::result::Result<(), alloc[2182bb758b4b3781]::string::String>>
[INFO] [stdout]   15:     0x60872fd8a4e5 - test[9d35eded1c95d3be]::run_test::{closure#0}
[INFO] [stdout]   16:     0x60872fd83da4 - std[70759c8f55707aa4]::sys::backtrace::__rust_begin_short_backtrace::<test[9d35eded1c95d3be]::run_test::{closure#1}, ()>
[INFO] [stdout]   17:     0x60872fd8d642 - <std[70759c8f55707aa4]::thread::lifecycle::spawn_unchecked<test[9d35eded1c95d3be]::run_test::{closure#1}, ()>::{closure#1} as core[df12db4294e9bfd3]::ops::function::FnOnce<()>>::call_once::{shim:vtable#0}
[INFO] [stdout]   18:     0x60872fdf6c99 - <std[70759c8f55707aa4]::sys::thread::unix::Thread>::new::thread_start
[INFO] [stdout]   19:     0x7afd36cefdfa - <unknown>
[INFO] [stdout]   20:     0x7afd36d833d4 - clone
[INFO] [stdout]   21:                0x0 - <unknown>
[INFO] [stdout] 
[INFO] [stdout] ---- commandrpc::tests::test_key_w_underscores_cause_problems_with_exists stdout ----
[INFO] [stdout] 
[INFO] [stdout] thread 'commandrpc::tests::test_key_w_underscores_cause_problems_with_exists' (2448) panicked at src/commandrpc.rs:514:62:
[INFO] [stdout] called `Result::unwrap()` on an `Err` value: CommandStreamError(ReadError(Os { code: 111, kind: ConnectionRefused, message: "Connection refused" }))
[INFO] [stdout] stack backtrace:
[INFO] [stdout]    0:     0x60872fdf78e1 - <<std[70759c8f55707aa4]::sys::backtrace::BacktraceLock>::print::DisplayBacktrace as core[df12db4294e9bfd3]::fmt::Display>::fmt
[INFO] [stdout]    1:     0x60872fe0d13a - core[df12db4294e9bfd3]::fmt::write
[INFO] [stdout]    2:     0x60872fdfc19c - <alloc[2182bb758b4b3781]::vec::Vec<u8> as core[df12db4294e9bfd3]::io::write::Write>::write_fmt
[INFO] [stdout]    3:     0x60872fdd3716 - std[70759c8f55707aa4]::panicking::default_hook::{closure#0}
[INFO] [stdout]    4:     0x60872fdefa79 - std[70759c8f55707aa4]::panicking::default_hook
[INFO] [stdout]    5:     0x60872fd89b90 - test[9d35eded1c95d3be]::test_main_inner::<test[9d35eded1c95d3be]::test_main_static::{closure#0}>::{closure#0}
[INFO] [stdout]    6:     0x60872fdefc32 - std[70759c8f55707aa4]::panicking::panic_with_hook
[INFO] [stdout]    7:     0x60872fdd37c2 - std[70759c8f55707aa4]::panicking::panic_handler::{closure#0}
[INFO] [stdout]    8:     0x60872fdcc499 - std[70759c8f55707aa4]::sys::backtrace::__rust_end_short_backtrace::<std[70759c8f55707aa4]::panicking::panic_handler::{closure#0}, !>
[INFO] [stdout]    9:     0x60872fdd45ad - __rustc[8fa7c3cbc660c2b3]::rust_begin_unwind
[INFO] [stdout]   10:     0x60872fe0d86c - core[df12db4294e9bfd3]::panicking::panic_fmt
[INFO] [stdout]   11:     0x60872fe0d642 - core[df12db4294e9bfd3]::result::unwrap_failed
[INFO] [stdout]   12:     0x60872fd62cb3 - dicedb_rs[f77e9ee52eccf702]::commandrpc::tests::test_key_w_underscores_cause_problems_with_exists
[INFO] [stdout]   13:     0x60872fd6b069 - <dicedb_rs[f77e9ee52eccf702]::commandrpc::tests::test_key_w_underscores_cause_problems_with_exists::{closure#0} as core[df12db4294e9bfd3]::ops::function::FnOnce<()>>::call_once
[INFO] [stdout]   14:     0x60872fd7ce7b - test[9d35eded1c95d3be]::__rust_begin_short_backtrace::<core[df12db4294e9bfd3]::result::Result<(), alloc[2182bb758b4b3781]::string::String>, fn() -> core[df12db4294e9bfd3]::result::Result<(), alloc[2182bb758b4b3781]::string::String>>
[INFO] [stdout]   15:     0x60872fd8a4e5 - test[9d35eded1c95d3be]::run_test::{closure#0}
[INFO] [stdout]   16:     0x60872fd83da4 - std[70759c8f55707aa4]::sys::backtrace::__rust_begin_short_backtrace::<test[9d35eded1c95d3be]::run_test::{closure#1}, ()>
[INFO] [stdout]   17:     0x60872fd8d642 - <std[70759c8f55707aa4]::thread::lifecycle::spawn_unchecked<test[9d35eded1c95d3be]::run_test::{closure#1}, ()>::{closure#1} as core[df12db4294e9bfd3]::ops::function::FnOnce<()>>::call_once::{shim:vtable#0}
[INFO] [stdout]   18:     0x60872fdf6c99 - <std[70759c8f55707aa4]::sys::thread::unix::Thread>::new::thread_start
[INFO] [stdout]   19:     0x7afd36cefdfa - <unknown>
[INFO] [stdout]   20:     0x7afd36d833d4 - clone
[INFO] [stdout]   21:                0x0 - <unknown>
[INFO] [stdout] 
[INFO] [stdout] ---- commandrpc::tests::test_key_w_underscores stdout ----
[INFO] [stdout] 
[INFO] [stdout] thread 'commandrpc::tests::test_key_w_underscores' (2447) panicked at src/commandrpc.rs:470:62:
[INFO] [stdout] called `Result::unwrap()` on an `Err` value: CommandStreamError(ReadError(Os { code: 111, kind: ConnectionRefused, message: "Connection refused" }))
[INFO] [stdout] stack backtrace:
[INFO] [stdout]    0:     0x60872fdf78e1 - <<std[70759c8f55707aa4]::sys::backtrace::BacktraceLock>::print::DisplayBacktrace as core[df12db4294e9bfd3]::fmt::Display>::fmt
[INFO] [stdout]    1:     0x60872fe0d13a - core[df12db4294e9bfd3]::fmt::write
[INFO] [stdout]    2:     0x60872fdfc19c - <alloc[2182bb758b4b3781]::vec::Vec<u8> as core[df12db4294e9bfd3]::io::write::Write>::write_fmt
[INFO] [stdout]    3:     0x60872fdd3716 - std[70759c8f55707aa4]::panicking::default_hook::{closure#0}
[INFO] [stdout]    4:     0x60872fdefa79 - std[70759c8f55707aa4]::panicking::default_hook
[INFO] [stdout]    5:     0x60872fd89b90 - test[9d35eded1c95d3be]::test_main_inner::<test[9d35eded1c95d3be]::test_main_static::{closure#0}>::{closure#0}
[INFO] [stdout]    6:     0x60872fdefc32 - std[70759c8f55707aa4]::panicking::panic_with_hook
[INFO] [stdout]    7:     0x60872fdd37c2 - std[70759c8f55707aa4]::panicking::panic_handler::{closure#0}
[INFO] [stdout]    8:     0x60872fdcc499 - std[70759c8f55707aa4]::sys::backtrace::__rust_end_short_backtrace::<std[70759c8f55707aa4]::panicking::panic_handler::{closure#0}, !>
[INFO] [stdout]    9:     0x60872fdd45ad - __rustc[8fa7c3cbc660c2b3]::rust_begin_unwind
[INFO] [stdout]   10:     0x60872fe0d86c - core[df12db4294e9bfd3]::panicking::panic_fmt
[INFO] [stdout]   11:     0x60872fe0d642 - core[df12db4294e9bfd3]::result::unwrap_failed
[INFO] [stdout]   12:     0x60872fd61691 - dicedb_rs[f77e9ee52eccf702]::commandrpc::tests::test_key_w_underscores
[INFO] [stdout]   13:     0x60872fd6afe9 - <dicedb_rs[f77e9ee52eccf702]::commandrpc::tests::test_key_w_underscores::{closure#0} as core[df12db4294e9bfd3]::ops::function::FnOnce<()>>::call_once
[INFO] [stdout]   14:     0x60872fd7ce7b - test[9d35eded1c95d3be]::__rust_begin_short_backtrace::<core[df12db4294e9bfd3]::result::Result<(), alloc[2182bb758b4b3781]::string::String>, fn() -> core[df12db4294e9bfd3]::result::Result<(), alloc[2182bb758b4b3781]::string::String>>
[INFO] [stdout]   15:     0x60872fd8a4e5 - test[9d35eded1c95d3be]::run_test::{closure#0}
[INFO] [stdout]   16:     0x60872fd83da4 - std[70759c8f55707aa4]::sys::backtrace::__rust_begin_short_backtrace::<test[9d35eded1c95d3be]::run_test::{closure#1}, ()>
[INFO] [stdout]   17:     0x60872fd8d642 - <std[70759c8f55707aa4]::thread::lifecycle::spawn_unchecked<test[9d35eded1c95d3be]::run_test::{closure#1}, ()>::{closure#1} as core[df12db4294e9bfd3]::ops::function::FnOnce<()>>::call_once::{shim:vtable#0}
[INFO] [stdout]   18:     0x60872fdf6c99 - <std[70759c8f55707aa4]::sys::thread::unix::Thread>::new::thread_start
[INFO] [stdout]   19:     0x7afd36cefdfa - <unknown>
[INFO] [stdout]   20:     0x7afd36d833d4 - clone
[INFO] [stdout]   21:                0x0 - <unknown>
[INFO] [stdout] 
[INFO] [stdout] ---- commandrpc::tests::test_type_str stdout ----
[INFO] [stdout] 
[INFO] [stdout] thread 'commandrpc::tests::test_type_str' (2456) panicked at src/commandrpc.rs:1048:62:
[INFO] [stdout] called `Result::unwrap()` on an `Err` value: CommandStreamError(ReadError(Os { code: 111, kind: ConnectionRefused, message: "Connection refused" }))
[INFO] [stdout] stack backtrace:
[INFO] [stdout]    0:     0x60872fdf78e1 - <<std[70759c8f55707aa4]::sys::backtrace::BacktraceLock>::print::DisplayBacktrace as core[df12db4294e9bfd3]::fmt::Display>::fmt
[INFO] [stdout]    1:     0x60872fe0d13a - core[df12db4294e9bfd3]::fmt::write
[INFO] [stdout]    2:     0x60872fdfc19c - <alloc[2182bb758b4b3781]::vec::Vec<u8> as core[df12db4294e9bfd3]::io::write::Write>::write_fmt
[INFO] [stdout]    3:     0x60872fdd3716 - std[70759c8f55707aa4]::panicking::default_hook::{closure#0}
[INFO] [stdout]    4:     0x60872fdefa79 - std[70759c8f55707aa4]::panicking::default_hook
[INFO] [stdout]    5:     0x60872fd89b90 - test[9d35eded1c95d3be]::test_main_inner::<test[9d35eded1c95d3be]::test_main_static::{closure#0}>::{closure#0}
[INFO] [stdout]    6:     0x60872fdefc32 - std[70759c8f55707aa4]::panicking::panic_with_hook
[INFO] [stdout]    7:     0x60872fdd37c2 - std[70759c8f55707aa4]::panicking::panic_handler::{closure#0}
[INFO] [stdout]    8:     0x60872fdcc499 - std[70759c8f55707aa4]::sys::backtrace::__rust_end_short_backtrace::<std[70759c8f55707aa4]::panicking::panic_handler::{closure#0}, !>
[INFO] [stdout]    9:     0x60872fdd45ad - __rustc[8fa7c3cbc660c2b3]::rust_begin_unwind
[INFO] [stdout]   10:     0x60872fe0d86c - core[df12db4294e9bfd3]::panicking::panic_fmt
[INFO] [stdout]   11:     0x60872fe0d642 - core[df12db4294e9bfd3]::result::unwrap_failed
[INFO] [stdout]   12:     0x60872fd58835 - dicedb_rs[f77e9ee52eccf702]::commandrpc::tests::test_type_str
[INFO] [stdout]   13:     0x60872fd6ad29 - <dicedb_rs[f77e9ee52eccf702]::commandrpc::tests::test_type_str::{closure#0} as core[df12db4294e9bfd3]::ops::function::FnOnce<()>>::call_once
[INFO] [stdout]   14:     0x60872fd7ce7b - test[9d35eded1c95d3be]::__rust_begin_short_backtrace::<core[df12db4294e9bfd3]::result::Result<(), alloc[2182bb758b4b3781]::string::String>, fn() -> core[df12db4294e9bfd3]::result::Result<(), alloc[2182bb758b4b3781]::string::String>>
[INFO] [stdout]   15:     0x60872fd8a4e5 - test[9d35eded1c95d3be]::run_test::{closure#0}
[INFO] [stdout]   16:     0x60872fd83da4 - std[70759c8f55707aa4]::sys::backtrace::__rust_begin_short_backtrace::<test[9d35eded1c95d3be]::run_test::{closure#1}, ()>
[INFO] [stdout]   17:     0x60872fd8d642 - <std[70759c8f55707aa4]::thread::lifecycle::spawn_unchecked<test[9d35eded1c95d3be]::run_test::{closure#1}, ()>::{closure#1} as core[df12db4294e9bfd3]::ops::function::FnOnce<()>>::call_once::{shim:vtable#0}
[INFO] [stdout]   18:     0x60872fdf6c99 - <std[70759c8f55707aa4]::sys::thread::unix::Thread>::new::thread_start
[INFO] [stdout]   19:     0x7afd36cefdfa - <unknown>
[INFO] [stdout]   20:     0x7afd36d833d4 - clone
[INFO] [stdout]   21:                0x0 - <unknown>
[INFO] [stdout] 
[INFO] [stdout] ---- commandrpc::tests::test_ping_pong stdout ----
[INFO] [stdout] 
[INFO] [stdout] thread 'commandrpc::tests::test_ping_pong' (2450) panicked at src/commandrpc.rs:959:62:
[INFO] [stdout] called `Result::unwrap()` on an `Err` value: CommandStreamError(ReadError(Os { code: 111, kind: ConnectionRefused, message: "Connection refused" }))
[INFO] [stdout] stack backtrace:
[INFO] [stdout]    0:     0x60872fdf78e1 - <<std[70759c8f55707aa4]::sys::backtrace::BacktraceLock>::print::DisplayBacktrace as core[df12db4294e9bfd3]::fmt::Display>::fmt
[INFO] [stdout]    1:     0x60872fe0d13a - core[df12db4294e9bfd3]::fmt::write
[INFO] [stdout]    2:     0x60872fdfc19c - <alloc[2182bb758b4b3781]::vec::Vec<u8> as core[df12db4294e9bfd3]::io::write::Write>::write_fmt
[INFO] [stdout]    3:     0x60872fdd3716 - std[70759c8f55707aa4]::panicking::default_hook::{closure#0}
[INFO] [stdout]    4:     0x60872fdefa79 - std[70759c8f55707aa4]::panicking::default_hook
[INFO] [stdout]    5:     0x60872fd89b90 - test[9d35eded1c95d3be]::test_main_inner::<test[9d35eded1c95d3be]::test_main_static::{closure#0}>::{closure#0}
[INFO] [stdout]    6:     0x60872fdefc32 - std[70759c8f55707aa4]::panicking::panic_with_hook
[INFO] [stdout]    7:     0x60872fdd37c2 - std[70759c8f55707aa4]::panicking::panic_handler::{closure#0}
[INFO] [stdout]    8:     0x60872fdcc499 - std[70759c8f55707aa4]::sys::backtrace::__rust_end_short_backtrace::<std[70759c8f55707aa4]::panicking::panic_handler::{closure#0}, !>
[INFO] [stdout]    9:     0x60872fdd45ad - __rustc[8fa7c3cbc660c2b3]::rust_begin_unwind
[INFO] [stdout]   10:     0x60872fe0d86c - core[df12db4294e9bfd3]::panicking::panic_fmt
[INFO] [stdout]   11:     0x60872fe0d642 - core[df12db4294e9bfd3]::result::unwrap_failed
[INFO] [stdout]   12:     0x60872fd59e4d - dicedb_rs[f77e9ee52eccf702]::commandrpc::tests::test_ping_pong
[INFO] [stdout]   13:     0x60872fd6ad89 - <dicedb_rs[f77e9ee52eccf702]::commandrpc::tests::test_ping_pong::{closure#0} as core[df12db4294e9bfd3]::ops::function::FnOnce<()>>::call_once
[INFO] [stdout]   14:     0x60872fd7ce7b - test[9d35eded1c95d3be]::__rust_begin_short_backtrace::<core[df12db4294e9bfd3]::result::Result<(), alloc[2182bb758b4b3781]::string::String>, fn() -> core[df12db4294e9bfd3]::result::Result<(), alloc[2182bb758b4b3781]::string::String>>
[INFO] [stdout]   15:     0x60872fd8a4e5 - test[9d35eded1c95d3be]::run_test::{closure#0}
[INFO] [stdout]   16:     0x60872fd83da4 - std[70759c8f55707aa4]::sys::backtrace::__rust_begin_short_backtrace::<test[9d35eded1c95d3be]::run_test::{closure#1}, ()>
[INFO] [stdout]   17:     0x60872fd8d642 - <std[70759c8f55707aa4]::thread::lifecycle::spawn_unchecked<test[9d35eded1c95d3be]::run_test::{closure#1}, ()>::{closure#1} as core[df12db4294e9bfd3]::ops::function::FnOnce<()>>::call_once::{shim:vtable#0}
[INFO] [stdout]   18:     0x60872fdf6c99 - <std[70759c8f55707aa4]::sys::thread::unix::Thread>::new::thread_start
[INFO] [stdout]   19:     0x7afd36cefdfa - <unknown>
[INFO] [stdout]   20:     0x7afd36d833d4 - clone
[INFO] [stdout]   21:                0x0 - <unknown>
[INFO] [stdout] 
[INFO] [stdout] ---- stream::tests::test_reconnect stdout ----
[INFO] [stdout] 
[INFO] [stdout] thread 'stream::tests::test_reconnect' (2460) panicked at src/stream.rs:133:84:
[INFO] [stdout] called `Result::unwrap()` on an `Err` value: ReadError(Os { code: 111, kind: ConnectionRefused, message: "Connection refused" })
[INFO] [stdout] stack backtrace:
[INFO] [stdout]    0:     0x60872fdf78e1 - <<std[70759c8f55707aa4]::sys::backtrace::BacktraceLock>::print::DisplayBacktrace as core[df12db4294e9bfd3]::fmt::Display>::fmt
[INFO] [stdout]    1:     0x60872fe0d13a - core[df12db4294e9bfd3]::fmt::write
[INFO] [stdout]    2:     0x60872fdfc19c - <alloc[2182bb758b4b3781]::vec::Vec<u8> as core[df12db4294e9bfd3]::io::write::Write>::write_fmt
[INFO] [stdout]    3:     0x60872fdd3716 - std[70759c8f55707aa4]::panicking::default_hook::{closure#0}
[INFO] [stdout]    4:     0x60872fdefa79 - std[70759c8f55707aa4]::panicking::default_hook
[INFO] [stdout]    5:     0x60872fd89b90 - test[9d35eded1c95d3be]::test_main_inner::<test[9d35eded1c95d3be]::test_main_static::{closure#0}>::{closure#0}
[INFO] [stdout]    6:     0x60872fdefc32 - std[70759c8f55707aa4]::panicking::panic_with_hook
[INFO] [stdout]    7:     0x60872fdd37c2 - std[70759c8f55707aa4]::panicking::panic_handler::{closure#0}
[INFO] [stdout]    8:     0x60872fdcc499 - std[70759c8f55707aa4]::sys::backtrace::__rust_end_short_backtrace::<std[70759c8f55707aa4]::panicking::panic_handler::{closure#0}, !>
[INFO] [stdout]    9:     0x60872fdd45ad - __rustc[8fa7c3cbc660c2b3]::rust_begin_unwind
[INFO] [stdout]   10:     0x60872fe0d86c - core[df12db4294e9bfd3]::panicking::panic_fmt
[INFO] [stdout]   11:     0x60872fe0d642 - core[df12db4294e9bfd3]::result::unwrap_failed
[INFO] [stdout]   12:     0x60872fd6b4c3 - <dicedb_rs[f77e9ee52eccf702]::stream::tests::test_reconnect::{closure#0} as core[df12db4294e9bfd3]::ops::function::FnOnce<()>>::call_once
[INFO] [stdout]   13:     0x60872fd7ce7b - test[9d35eded1c95d3be]::__rust_begin_short_backtrace::<core[df12db4294e9bfd3]::result::Result<(), alloc[2182bb758b4b3781]::string::String>, fn() -> core[df12db4294e9bfd3]::result::Result<(), alloc[2182bb758b4b3781]::string::String>>
[INFO] [stdout]   14:     0x60872fd8a4e5 - test[9d35eded1c95d3be]::run_test::{closure#0}
[INFO] [stdout]   15:     0x60872fd83da4 - std[70759c8f55707aa4]::sys::backtrace::__rust_begin_short_backtrace::<test[9d35eded1c95d3be]::run_test::{closure#1}, ()>
[INFO] [stdout]   16:     0x60872fd8d642 - <std[70759c8f55707aa4]::thread::lifecycle::spawn_unchecked<test[9d35eded1c95d3be]::run_test::{closure#1}, ()>::{closure#1} as core[df12db4294e9bfd3]::ops::function::FnOnce<()>>::call_once::{shim:vtable#0}
[INFO] [stdout]   17:     0x60872fdf6c99 - <std[70759c8f55707aa4]::sys::thread::unix::Thread>::new::thread_start
[INFO] [stdout]   18:     0x7afd36cefdfa - <unknown>
[INFO] [stdout]   19:     0x7afd36d833d4 - clone
[INFO] [stdout]   20:                0x0 - <unknown>
[INFO] [stdout] 
[INFO] [stdout] ---- commandrpc::tests::test_ttl stdout ----
[INFO] [stdout] 
[INFO] [stdout] thread 'commandrpc::tests::test_ttl' (2452) panicked at src/commandrpc.rs:1032:62:
[INFO] [stdout] called `Result::unwrap()` on an `Err` value: CommandStreamError(ReadError(Os { code: 111, kind: ConnectionRefused, message: "Connection refused" }))
[INFO] [stdout] stack backtrace:
[INFO] [stdout]    0:     0x60872fdf78e1 - <<std[70759c8f55707aa4]::sys::backtrace::BacktraceLock>::print::DisplayBacktrace as core[df12db4294e9bfd3]::fmt::Display>::fmt
[INFO] [stdout]    1:     0x60872fe0d13a - core[df12db4294e9bfd3]::fmt::write
[INFO] [stdout]    2:     0x60872fdfc19c - <alloc[2182bb758b4b3781]::vec::Vec<u8> as core[df12db4294e9bfd3]::io::write::Write>::write_fmt
[INFO] [stdout]    3:     0x60872fdd3716 - std[70759c8f55707aa4]::panicking::default_hook::{closure#0}
[INFO] [stdout]    4:     0x60872fdefa79 - std[70759c8f55707aa4]::panicking::default_hook
[INFO] [stdout]    5:     0x60872fd89b90 - test[9d35eded1c95d3be]::test_main_inner::<test[9d35eded1c95d3be]::test_main_static::{closure#0}>::{closure#0}
[INFO] [stdout]    6:     0x60872fdefc32 - std[70759c8f55707aa4]::panicking::panic_with_hook
[INFO] [stdout]    7:     0x60872fdd37c2 - std[70759c8f55707aa4]::panicking::panic_handler::{closure#0}
[INFO] [stdout]    8:     0x60872fdcc499 - std[70759c8f55707aa4]::sys::backtrace::__rust_end_short_backtrace::<std[70759c8f55707aa4]::panicking::panic_handler::{closure#0}, !>
[INFO] [stdout]    9:     0x60872fdd45ad - __rustc[8fa7c3cbc660c2b3]::rust_begin_unwind
[INFO] [stdout]   10:     0x60872fe0d86c - core[df12db4294e9bfd3]::panicking::panic_fmt
[INFO] [stdout]   11:     0x60872fe0d642 - core[df12db4294e9bfd3]::result::unwrap_failed
[INFO] [stdout]   12:     0x60872fd6387a - dicedb_rs[f77e9ee52eccf702]::commandrpc::tests::test_ttl
[INFO] [stdout]   13:     0x60872fd6b0a9 - <dicedb_rs[f77e9ee52eccf702]::commandrpc::tests::test_ttl::{closure#0} as core[df12db4294e9bfd3]::ops::function::FnOnce<()>>::call_once
[INFO] [stdout]   14:     0x60872fd7ce7b - test[9d35eded1c95d3be]::__rust_begin_short_backtrace::<core[df12db4294e9bfd3]::result::Result<(), alloc[2182bb758b4b3781]::string::String>, fn() -> core[df12db4294e9bfd3]::result::Result<(), alloc[2182bb758b4b3781]::string::String>>
[INFO] [stdout]   15:     0x60872fd8a4e5 - test[9d35eded1c95d3be]::run_test::{closure#0}
[INFO] [stdout]   16:     0x60872fd83da4 - std[70759c8f55707aa4]::sys::backtrace::__rust_begin_short_backtrace::<test[9d35eded1c95d3be]::run_test::{closure#1}, ()>
[INFO] [stdout]   17:     0x60872fd8d642 - <std[70759c8f55707aa4]::thread::lifecycle::spawn_unchecked<test[9d35eded1c95d3be]::run_test::{closure#1}, ()>::{closure#1} as core[df12db4294e9bfd3]::ops::function::FnOnce<()>>::call_once::{shim:vtable#0}
[INFO] [stdout]   18:     0x60872fdf6c99 - <std[70759c8f55707aa4]::sys::thread::unix::Thread>::new::thread_start
[INFO] [stdout]   19:     0x7afd36cefdfa - <unknown>
[INFO] [stdout]   20:     0x7afd36d833d4 - clone
[INFO] [stdout]   21:                0x0 - <unknown>
[INFO] [stdout] 
[INFO] [stdout] ---- commandrpc::tests::test_type_float stdout ----
[INFO] [stdout] 
[INFO] [stdout] thread 'commandrpc::tests::test_type_float' (2453) panicked at src/commandrpc.rs:1076:62:
[INFO] [stdout] called `Result::unwrap()` on an `Err` value: CommandStreamError(ReadError(Os { code: 111, kind: ConnectionRefused, message: "Connection refused" }))
[INFO] [stdout] stack backtrace:
[INFO] [stdout]    0:     0x60872fdf78e1 - <<std[70759c8f55707aa4]::sys::backtrace::BacktraceLock>::print::DisplayBacktrace as core[df12db4294e9bfd3]::fmt::Display>::fmt
[INFO] [stdout]    1:     0x60872fe0d13a - core[df12db4294e9bfd3]::fmt::write
[INFO] [stdout]    2:     0x60872fdfc19c - <alloc[2182bb758b4b3781]::vec::Vec<u8> as core[df12db4294e9bfd3]::io::write::Write>::write_fmt
[INFO] [stdout]    3:     0x60872fdd3716 - std[70759c8f55707aa4]::panicking::default_hook::{closure#0}
[INFO] [stdout]    4:     0x60872fdefa79 - std[70759c8f55707aa4]::panicking::default_hook
[INFO] [stdout]    5:     0x60872fd89b90 - test[9d35eded1c95d3be]::test_main_inner::<test[9d35eded1c95d3be]::test_main_static::{closure#0}>::{closure#0}
[INFO] [stdout]    6:     0x60872fdefc32 - std[70759c8f55707aa4]::panicking::panic_with_hook
[INFO] [stdout]    7:     0x60872fdd37c2 - std[70759c8f55707aa4]::panicking::panic_handler::{closure#0}
[INFO] [stdout]    8:     0x60872fdcc499 - std[70759c8f55707aa4]::sys::backtrace::__rust_end_short_backtrace::<std[70759c8f55707aa4]::panicking::panic_handler::{closure#0}, !>
[INFO] [stdout]    9:     0x60872fdd45ad - __rustc[8fa7c3cbc660c2b3]::rust_begin_unwind
[INFO] [stdout]   10:     0x60872fe0d86c - core[df12db4294e9bfd3]::panicking::panic_fmt
[INFO] [stdout]   11:     0x60872fe0d642 - core[df12db4294e9bfd3]::result::unwrap_failed
[INFO] [stdout]   12:     0x60872fd5bb21 - dicedb_rs[f77e9ee52eccf702]::commandrpc::tests::test_type_float
[INFO] [stdout]   13:     0x60872fd6ae49 - <dicedb_rs[f77e9ee52eccf702]::commandrpc::tests::test_type_float::{closure#0} as core[df12db4294e9bfd3]::ops::function::FnOnce<()>>::call_once
[INFO] [stdout]   14:     0x60872fd7ce7b - test[9d35eded1c95d3be]::__rust_begin_short_backtrace::<core[df12db4294e9bfd3]::result::Result<(), alloc[2182bb758b4b3781]::string::String>, fn() -> core[df12db4294e9bfd3]::result::Result<(), alloc[2182bb758b4b3781]::string::String>>
[INFO] [stdout]   15:     0x60872fd8a4e5 - test[9d35eded1c95d3be]::run_test::{closure#0}
[INFO] [stdout]   16:     0x60872fd83da4 - std[70759c8f55707aa4]::sys::backtrace::__rust_begin_short_backtrace::<test[9d35eded1c95d3be]::run_test::{closure#1}, ()>
[INFO] [stdout]   17:     0x60872fd8d642 - <std[70759c8f55707aa4]::thread::lifecycle::spawn_unchecked<test[9d35eded1c95d3be]::run_test::{closure#1}, ()>::{closure#1} as core[df12db4294e9bfd3]::ops::function::FnOnce<()>>::call_once::{shim:vtable#0}
[INFO] [stdout]   18:     0x60872fdf6c99 - <std[70759c8f55707aa4]::sys::thread::unix::Thread>::new::thread_start
[INFO] [stdout]   19:     0x7afd36cefdfa - <unknown>
[INFO] [stdout]   20:     0x7afd36d833d4 - clone
[INFO] [stdout]   21:                0x0 - <unknown>
[INFO] [stdout] 
[INFO] [stdout] ---- commandrpc::tests::test_key_w_weird_symbols stdout ----
[INFO] [stdout] 
[INFO] [stdout] thread 'commandrpc::tests::test_key_w_weird_symbols' (2449) panicked at src/commandrpc.rs:500:62:
[INFO] [stdout] called `Result::unwrap()` on an `Err` value: CommandStreamError(ReadError(Os { code: 111, kind: ConnectionRefused, message: "Connection refused" }))
[INFO] [stdout] stack backtrace:
[INFO] [stdout]    0:     0x60872fdf78e1 - <<std[70759c8f55707aa4]::sys::backtrace::BacktraceLock>::print::DisplayBacktrace as core[df12db4294e9bfd3]::fmt::Display>::fmt
[INFO] [stdout]    1:     0x60872fe0d13a - core[df12db4294e9bfd3]::fmt::write
[INFO] [stdout]    2:     0x60872fdfc19c - <alloc[2182bb758b4b3781]::vec::Vec<u8> as core[df12db4294e9bfd3]::io::write::Write>::write_fmt
[INFO] [stdout]    3:     0x60872fdd3716 - std[70759c8f55707aa4]::panicking::default_hook::{closure#0}
[INFO] [stdout]    4:     0x60872fdefa79 - std[70759c8f55707aa4]::panicking::default_hook
[INFO] [stdout]    5:     0x60872fd89b90 - test[9d35eded1c95d3be]::test_main_inner::<test[9d35eded1c95d3be]::test_main_static::{closure#0}>::{closure#0}
[INFO] [stdout]    6:     0x60872fdefc32 - std[70759c8f55707aa4]::panicking::panic_with_hook
[INFO] [stdout]    7:     0x60872fdd37c2 - std[70759c8f55707aa4]::panicking::panic_handler::{closure#0}
[INFO] [stdout]    8:     0x60872fdcc499 - std[70759c8f55707aa4]::sys::backtrace::__rust_end_short_backtrace::<std[70759c8f55707aa4]::panicking::panic_handler::{closure#0}, !>
[INFO] [stdout]    9:     0x60872fdd45ad - __rustc[8fa7c3cbc660c2b3]::rust_begin_unwind
[INFO] [stdout]   10:     0x60872fe0d86c - core[df12db4294e9bfd3]::panicking::panic_fmt
[INFO] [stdout]   11:     0x60872fe0d642 - core[df12db4294e9bfd3]::result::unwrap_failed
[INFO] [stdout]   12:     0x60872fd62820 - dicedb_rs[f77e9ee52eccf702]::commandrpc::tests::test_key_w_weird_symbols
[INFO] [stdout]   13:     0x60872fd6b049 - <dicedb_rs[f77e9ee52eccf702]::commandrpc::tests::test_key_w_weird_symbols::{closure#0} as core[df12db4294e9bfd3]::ops::function::FnOnce<()>>::call_once
[INFO] [stdout]   14:     0x60872fd7ce7b - test[9d35eded1c95d3be]::__rust_begin_short_backtrace::<core[df12db4294e9bfd3]::result::Result<(), alloc[2182bb758b4b3781]::string::String>, fn() -> core[df12db4294e9bfd3]::result::Result<(), alloc[2182bb758b4b3781]::string::String>>
[INFO] [stdout]   15:     0x60872fd8a4e5 - test[9d35eded1c95d3be]::run_test::{closure#0}
[INFO] [stdout]   16:     0x60872fd83da4 - std[70759c8f55707aa4]::sys::backtrace::__rust_begin_short_backtrace::<test[9d35eded1c95d3be]::run_test::{closure#1}, ()>
[INFO] [stdout]   17:     0x60872fd8d642 - <std[70759c8f55707aa4]::thread::lifecycle::spawn_unchecked<test[9d35eded1c95d3be]::run_test::{closure#1}, ()>::{closure#1} as core[df12db4294e9bfd3]::ops::function::FnOnce<()>>::call_once::{shim:vtable#0}
[INFO] [stdout]   18:     0x60872fdf6c99 - <std[70759c8f55707aa4]::sys::thread::unix::Thread>::new::thread_start
[INFO] [stdout]   19:     0x7afd36cefdfa - <unknown>
[INFO] [stdout]   20:     0x7afd36d833d4 - clone
[INFO] [stdout]   21:                0x0 - <unknown>
[INFO] [stdout] 
[INFO] [stdout] ---- commandrpc::tests::test_type_int stdout ----
[INFO] [stdout] 
[INFO] [stdout] thread 'commandrpc::tests::test_type_int' (2454) panicked at src/commandrpc.rs:1058:62:
[INFO] [stdout] called `Result::unwrap()` on an `Err` value: CommandStreamError(ReadError(Os { code: 111, kind: ConnectionRefused, message: "Connection refused" }))
[INFO] [stdout] stack backtrace:
[INFO] [stdout]    0:     0x60872fdf78e1 - <<std[70759c8f55707aa4]::sys::backtrace::BacktraceLock>::print::DisplayBacktrace as core[df12db4294e9bfd3]::fmt::Display>::fmt
[INFO] [stdout]    1:     0x60872fe0d13a - core[df12db4294e9bfd3]::fmt::write
[INFO] [stdout]    2:     0x60872fdfc19c - <alloc[2182bb758b4b3781]::vec::Vec<u8> as core[df12db4294e9bfd3]::io::write::Write>::write_fmt
[INFO] [stdout]    3:     0x60872fdd3716 - std[70759c8f55707aa4]::panicking::default_hook::{closure#0}
[INFO] [stdout]    4:     0x60872fdefa79 - std[70759c8f55707aa4]::panicking::default_hook
[INFO] [stdout]    5:     0x60872fd89b90 - test[9d35eded1c95d3be]::test_main_inner::<test[9d35eded1c95d3be]::test_main_static::{closure#0}>::{closure#0}
[INFO] [stdout]    6:     0x60872fdefc32 - std[70759c8f55707aa4]::panicking::panic_with_hook
[INFO] [stdout]    7:     0x60872fdd37c2 - std[70759c8f55707aa4]::panicking::panic_handler::{closure#0}
[INFO] [stdout]    8:     0x60872fdcc499 - std[70759c8f55707aa4]::sys::backtrace::__rust_end_short_backtrace::<std[70759c8f55707aa4]::panicking::panic_handler::{closure#0}, !>
[INFO] [stdout]    9:     0x60872fdd45ad - __rustc[8fa7c3cbc660c2b3]::rust_begin_unwind
[INFO] [stdout]   10:     0x60872fe0d86c - core[df12db4294e9bfd3]::panicking::panic_fmt
[INFO] [stdout]   11:     0x60872fe0d642 - core[df12db4294e9bfd3]::result::unwrap_failed
[INFO] [stdout]   12:     0x60872fd582c6 - dicedb_rs[f77e9ee52eccf702]::commandrpc::tests::test_type_int
[INFO] [stdout]   13:     0x60872fd6ad09 - <dicedb_rs[f77e9ee52eccf702]::commandrpc::tests::test_type_int::{closure#0} as core[df12db4294e9bfd3]::ops::function::FnOnce<()>>::call_once
[INFO] [stdout]   14:     0x60872fd7ce7b - test[9d35eded1c95d3be]::__rust_begin_short_backtrace::<core[df12db4294e9bfd3]::result::Result<(), alloc[2182bb758b4b3781]::string::String>, fn() -> core[df12db4294e9bfd3]::result::Result<(), alloc[2182bb758b4b3781]::string::String>>
[INFO] [stdout]   15:     0x60872fd8a4e5 - test[9d35eded1c95d3be]::run_test::{closure#0}
[INFO] [stdout]   16:     0x60872fd83da4 - std[70759c8f55707aa4]::sys::backtrace::__rust_begin_short_backtrace::<test[9d35eded1c95d3be]::run_test::{closure#1}, ()>
[INFO] [stdout]   17:     0x60872fd8d642 - <std[70759c8f55707aa4]::thread::lifecycle::spawn_unchecked<test[9d35eded1c95d3be]::run_test::{closure#1}, ()>::{closure#1} as core[df12db4294e9bfd3]::ops::function::FnOnce<()>>::call_once::{shim:vtable#0}
[INFO] [stdout]   18:     0x60872fdf6c99 - <std[70759c8f55707aa4]::sys::thread::unix::Thread>::new::thread_start
[INFO] [stdout]   19:     0x7afd36cefdfa - <unknown>
[INFO] [stdout]   20:     0x7afd36d833d4 - clone
[INFO] [stdout]   21:                0x0 - <unknown>
[INFO] [stdout] 
[INFO] [stdout] ---- commandrpc::tests::test_set_with_get stdout ----
[INFO] [stdout] 
[INFO] [stdout] thread 'commandrpc::tests::test_set_with_get' (2451) panicked at src/commandrpc.rs:947:62:
[INFO] [stdout] called `Result::unwrap()` on an `Err` value: CommandStreamError(ReadError(Os { code: 111, kind: ConnectionRefused, message: "Connection refused" }))
[INFO] [stdout] stack backtrace:
[INFO] [stdout]    0:     0x60872fdf78e1 - <<std[70759c8f55707aa4]::sys::backtrace::BacktraceLock>::print::DisplayBacktrace as core[df12db4294e9bfd3]::fmt::Display>::fmt
[INFO] [stdout]    1:     0x60872fe0d13a - core[df12db4294e9bfd3]::fmt::write
[INFO] [stdout]    2:     0x60872fdfc19c - <alloc[2182bb758b4b3781]::vec::Vec<u8> as core[df12db4294e9bfd3]::io::write::Write>::write_fmt
[INFO] [stdout]    3:     0x60872fdd3716 - std[70759c8f55707aa4]::panicking::default_hook::{closure#0}
[INFO] [stdout]    4:     0x60872fdefa79 - std[70759c8f55707aa4]::panicking::default_hook
[INFO] [stdout]    5:     0x60872fd89b90 - test[9d35eded1c95d3be]::test_main_inner::<test[9d35eded1c95d3be]::test_main_static::{closure#0}>::{closure#0}
[INFO] [stdout]    6:     0x60872fdefc32 - std[70759c8f55707aa4]::panicking::panic_with_hook
[INFO] [stdout]    7:     0x60872fdd37c2 - std[70759c8f55707aa4]::panicking::panic_handler::{closure#0}
[INFO] [stdout]    8:     0x60872fdcc499 - std[70759c8f55707aa4]::sys::backtrace::__rust_end_short_backtrace::<std[70759c8f55707aa4]::panicking::panic_handler::{closure#0}, !>
[INFO] [stdout]    9:     0x60872fdd45ad - __rustc[8fa7c3cbc660c2b3]::rust_begin_unwind
[INFO] [stdout]   10:     0x60872fe0d86c - core[df12db4294e9bfd3]::panicking::panic_fmt
[INFO] [stdout]   11:     0x60872fe0d642 - core[df12db4294e9bfd3]::result::unwrap_failed
[INFO] [stdout]   12:     0x60872fd5eea1 - dicedb_rs[f77e9ee52eccf702]::commandrpc::tests::test_set_with_get
[INFO] [stdout]   13:     0x60872fd6af09 - <dicedb_rs[f77e9ee52eccf702]::commandrpc::tests::test_set_with_get::{closure#0} as core[df12db4294e9bfd3]::ops::function::FnOnce<()>>::call_once
[INFO] [stdout]   14:     0x60872fd7ce7b - test[9d35eded1c95d3be]::__rust_begin_short_backtrace::<core[df12db4294e9bfd3]::result::Result<(), alloc[2182bb758b4b3781]::string::String>, fn() -> core[df12db4294e9bfd3]::result::Result<(), alloc[2182bb758b4b3781]::string::String>>
[INFO] [stdout]   15:     0x60872fd8a4e5 - test[9d35eded1c95d3be]::run_test::{closure#0}
[INFO] [stdout]   16:     0x60872fd83da4 - std[70759c8f55707aa4]::sys::backtrace::__rust_begin_short_backtrace::<test[9d35eded1c95d3be]::run_test::{closure#1}, ()>
[INFO] [stdout]   17:     0x60872fd8d642 - <std[70759c8f55707aa4]::thread::lifecycle::spawn_unchecked<test[9d35eded1c95d3be]::run_test::{closure#1}, ()>::{closure#1} as core[df12db4294e9bfd3]::ops::function::FnOnce<()>>::call_once::{shim:vtable#0}
[INFO] [stdout]   18:     0x60872fdf6c99 - <std[70759c8f55707aa4]::sys::thread::unix::Thread>::new::thread_start
[INFO] [stdout]   19:     0x7afd36cefdfa - <unknown>
[INFO] [stdout]   20:     0x7afd36d833d4 - clone
[INFO] [stdout]   21:                0x0 - <unknown>
[INFO] [stdout] 
[INFO] [stdout] ---- commandrpc::tests::test_type_null stdout ----
[INFO] [stdout] 
[INFO] [stdout] thread 'commandrpc::tests::test_type_null' (2455) panicked at src/commandrpc.rs:1068:62:
[INFO] [stdout] called `Result::unwrap()` on an `Err` value: CommandStreamError(ReadError(Os { code: 111, kind: ConnectionRefused, message: "Connection refused" }))
[INFO] [stdout] stack backtrace:
[INFO] [stdout]    0:     0x60872fdf78e1 - <<std[70759c8f55707aa4]::sys::backtrace::BacktraceLock>::print::DisplayBacktrace as core[df12db4294e9bfd3]::fmt::Display>::fmt
[INFO] [stdout]    1:     0x60872fe0d13a - core[df12db4294e9bfd3]::fmt::write
[INFO] [stdout]    2:     0x60872fdfc19c - <alloc[2182bb758b4b3781]::vec::Vec<u8> as core[df12db4294e9bfd3]::io::write::Write>::write_fmt
[INFO] [stdout]    3:     0x60872fdd3716 - std[70759c8f55707aa4]::panicking::default_hook::{closure#0}
[INFO] [stdout]    4:     0x60872fdefa79 - std[70759c8f55707aa4]::panicking::default_hook
[INFO] [stdout]    5:     0x60872fd89b90 - test[9d35eded1c95d3be]::test_main_inner::<test[9d35eded1c95d3be]::test_main_static::{closure#0}>::{closure#0}
[INFO] [stdout]    6:     0x60872fdefc32 - std[70759c8f55707aa4]::panicking::panic_with_hook
[INFO] [stdout]    7:     0x60872fdd37c2 - std[70759c8f55707aa4]::panicking::panic_handler::{closure#0}
[INFO] [stdout]    8:     0x60872fdcc499 - std[70759c8f55707aa4]::sys::backtrace::__rust_end_short_backtrace::<std[70759c8f55707aa4]::panicking::panic_handler::{closure#0}, !>
[INFO] [stdout]    9:     0x60872fdd45ad - __rustc[8fa7c3cbc660c2b3]::rust_begin_unwind
[INFO] [stdout]   10:     0x60872fe0d86c - core[df12db4294e9bfd3]::panicking::panic_fmt
[INFO] [stdout]   11:     0x60872fe0d642 - core[df12db4294e9bfd3]::result::unwrap_failed
[INFO] [stdout]   12:     0x60872fd5a273 - dicedb_rs[f77e9ee52eccf702]::commandrpc::tests::test_type_null
[INFO] [stdout]   13:     0x60872fd6ada9 - <dicedb_rs[f77e9ee52eccf702]::commandrpc::tests::test_type_null::{closure#0} as core[df12db4294e9bfd3]::ops::function::FnOnce<()>>::call_once
[INFO] [stdout]   14:     0x60872fd7ce7b - test[9d35eded1c95d3be]::__rust_begin_short_backtrace::<core[df12db4294e9bfd3]::result::Result<(), alloc[2182bb758b4b3781]::string::String>, fn() -> core[df12db4294e9bfd3]::result::Result<(), alloc[2182bb758b4b3781]::string::String>>
[INFO] [stdout]   15:     0x60872fd8a4e5 - test[9d35eded1c95d3be]::run_test::{closure#0}
[INFO] [stdout]   16:     0x60872fd83da4 - std[70759c8f55707aa4]::sys::backtrace::__rust_begin_short_backtrace::<test[9d35eded1c95d3be]::run_test::{closure#1}, ()>
[INFO] [stdout]   17:     0x60872fd8d642 - <std[70759c8f55707aa4]::thread::lifecycle::spawn_unchecked<test[9d35eded1c95d3be]::run_test::{closure#1}, ()>::{closure#1} as core[df12db4294e9bfd3]::ops::function::FnOnce<()>>::call_once::{shim:vtable#0}
[INFO] [stdout]   18:     0x60872fdf6c99 - <std[70759c8f55707aa4]::sys::thread::unix::Thread>::new::thread_start
[INFO] [stdout]   19:     0x7afd36cefdfa - <unknown>
[INFO] [stdout]   20:     0x7afd36d833d4 - clone
[INFO] [stdout]   21:                0x0 - <unknown>
[INFO] [stdout] 
[INFO] [stdout] ---- watchrpc::tests::test_create_watcher stdout ----
[INFO] [stdout] 
[INFO] [stdout] thread 'watchrpc::tests::test_create_watcher' (2461) panicked at src/watchrpc.rs:64:62:
[INFO] [stdout] called `Result::unwrap()` on an `Err` value: CommandStreamError(ReadError(Os { code: 111, kind: ConnectionRefused, message: "Connection refused" }))
[INFO] [stdout] stack backtrace:
[INFO] [stdout]    0:     0x60872fdf78e1 - <<std[70759c8f55707aa4]::sys::backtrace::BacktraceLock>::print::DisplayBacktrace as core[df12db4294e9bfd3]::fmt::Display>::fmt
[INFO] [stdout]    1:     0x60872fe0d13a - core[df12db4294e9bfd3]::fmt::write
[INFO] [stdout]    2:     0x60872fdfc19c - <alloc[2182bb758b4b3781]::vec::Vec<u8> as core[df12db4294e9bfd3]::io::write::Write>::write_fmt
[INFO] [stdout]    3:     0x60872fdd3716 - std[70759c8f55707aa4]::panicking::default_hook::{closure#0}
[INFO] [stdout]    4:     0x60872fdefa79 - std[70759c8f55707aa4]::panicking::default_hook
[INFO] [stdout]    5:     0x60872fd89b90 - test[9d35eded1c95d3be]::test_main_inner::<test[9d35eded1c95d3be]::test_main_static::{closure#0}>::{closure#0}
[INFO] [stdout]    6:     0x60872fdefc32 - std[70759c8f55707aa4]::panicking::panic_with_hook
[INFO] [stdout]    7:     0x60872fdd37c2 - std[70759c8f55707aa4]::panicking::panic_handler::{closure#0}
[INFO] [stdout]    8:     0x60872fdcc499 - std[70759c8f55707aa4]::sys::backtrace::__rust_end_short_backtrace::<std[70759c8f55707aa4]::panicking::panic_handler::{closure#0}, !>
[INFO] [stdout]    9:     0x60872fdd45ad - __rustc[8fa7c3cbc660c2b3]::rust_begin_unwind
[INFO] [stdout]   10:     0x60872fe0d86c - core[df12db4294e9bfd3]::panicking::panic_fmt
[INFO] [stdout]   11:     0x60872fe0d642 - core[df12db4294e9bfd3]::result::unwrap_failed
[INFO] [stdout]   12:     0x60872fd78712 - dicedb_rs[f77e9ee52eccf702]::watchrpc::tests::test_create_watcher
[INFO] [stdout]   13:     0x60872fd6b5a9 - <dicedb_rs[f77e9ee52eccf702]::watchrpc::tests::test_create_watcher::{closure#0} as core[df12db4294e9bfd3]::ops::function::FnOnce<()>>::call_once
[INFO] [stdout]   14:     0x60872fd7ce7b - test[9d35eded1c95d3be]::__rust_begin_short_backtrace::<core[df12db4294e9bfd3]::result::Result<(), alloc[2182bb758b4b3781]::string::String>, fn() -> core[df12db4294e9bfd3]::result::Result<(), alloc[2182bb758b4b3781]::string::String>>
[INFO] [stdout]   15:     0x60872fd8a4e5 - test[9d35eded1c95d3be]::run_test::{closure#0}
[INFO] [stdout]   16:     0x60872fd83da4 - std[70759c8f55707aa4]::sys::backtrace::__rust_begin_short_backtrace::<test[9d35eded1c95d3be]::run_test::{closure#1}, ()>
[INFO] [stdout]   17:     0x60872fd8d642 - <std[70759c8f55707aa4]::thread::lifecycle::spawn_unchecked<test[9d35eded1c95d3be]::run_test::{closure#1}, ()>::{closure#1} as core[df12db4294e9bfd3]::ops::function::FnOnce<()>>::call_once::{shim:vtable#0}
[INFO] [stdout]   18:     0x60872fdf6c99 - <std[70759c8f55707aa4]::sys::thread::unix::Thread>::new::thread_start
[INFO] [stdout]   19:     0x7afd36cefdfa - <unknown>
[INFO] [stdout]   20:     0x7afd36d833d4 - clone
[INFO] [stdout]   21:                0x0 - <unknown>
[INFO] [stdout] 
[INFO] [stdout] ---- watchrpc::tests::test_get_watch_first_value_null stdout ----
[INFO] [stdout] 
[INFO] [stdout] thread 'watchrpc::tests::test_get_watch_first_value_null' (2463) panicked at src/watchrpc.rs:72:62:
[INFO] [stdout] called `Result::unwrap()` on an `Err` value: CommandStreamError(ReadError(Os { code: 111, kind: ConnectionRefused, message: "Connection refused" }))
[INFO] [stdout] stack backtrace:
[INFO] [stdout]    0:     0x60872fdf78e1 - <<std[70759c8f55707aa4]::sys::backtrace::BacktraceLock>::print::DisplayBacktrace as core[df12db4294e9bfd3]::fmt::Display>::fmt
[INFO] [stdout]    1:     0x60872fe0d13a - core[df12db4294e9bfd3]::fmt::write
[INFO] [stdout]    2:     0x60872fdfc19c - <alloc[2182bb758b4b3781]::vec::Vec<u8> as core[df12db4294e9bfd3]::io::write::Write>::write_fmt
[INFO] [stdout]    3:     0x60872fdd3716 - std[70759c8f55707aa4]::panicking::default_hook::{closure#0}
[INFO] [stdout]    4:     0x60872fdefa79 - std[70759c8f55707aa4]::panicking::default_hook
[INFO] [stdout]    5:     0x60872fd89b90 - test[9d35eded1c95d3be]::test_main_inner::<test[9d35eded1c95d3be]::test_main_static::{closure#0}>::{closure#0}
[INFO] [stdout]    6:     0x60872fdefc32 - std[70759c8f55707aa4]::panicking::panic_with_hook
[INFO] [stdout]    7:     0x60872fdd37c2 - std[70759c8f55707aa4]::panicking::panic_handler::{closure#0}
[INFO] [stdout]    8:     0x60872fdcc499 - std[70759c8f55707aa4]::sys::backtrace::__rust_end_short_backtrace::<std[70759c8f55707aa4]::panicking::panic_handler::{closure#0}, !>
[INFO] [stdout]    9:     0x60872fdd45ad - __rustc[8fa7c3cbc660c2b3]::rust_begin_unwind
[INFO] [stdout]   10:     0x60872fe0d86c - core[df12db4294e9bfd3]::panicking::panic_fmt
[INFO] [stdout]   11:     0x60872fe0d642 - core[df12db4294e9bfd3]::result::unwrap_failed
[INFO] [stdout]   12:     0x60872fd79cb7 - dicedb_rs[f77e9ee52eccf702]::watchrpc::tests::test_get_watch_first_value_null
[INFO] [stdout]   13:     0x60872fd6b609 - <dicedb_rs[f77e9ee52eccf702]::watchrpc::tests::test_get_watch_first_value_null::{closure#0} as core[df12db4294e9bfd3]::ops::function::FnOnce<()>>::call_once
[INFO] [stdout]   14:     0x60872fd7ce7b - test[9d35eded1c95d3be]::__rust_begin_short_backtrace::<core[df12db4294e9bfd3]::result::Result<(), alloc[2182bb758b4b3781]::string::String>, fn() -> core[df12db4294e9bfd3]::result::Result<(), alloc[2182bb758b4b3781]::string::String>>
[INFO] [stdout]   15:     0x60872fd8a4e5 - test[9d35eded1c95d3be]::run_test::{closure#0}
[INFO] [stdout]   16:     0x60872fd83da4 - std[70759c8f55707aa4]::sys::backtrace::__rust_begin_short_backtrace::<test[9d35eded1c95d3be]::run_test::{closure#1}, ()>
[INFO] [stdout]   17:     0x60872fd8d642 - <std[70759c8f55707aa4]::thread::lifecycle::spawn_unchecked<test[9d35eded1c95d3be]::run_test::{closure#1}, ()>::{closure#1} as core[df12db4294e9bfd3]::ops::function::FnOnce<()>>::call_once::{shim:vtable#0}
[INFO] [stdout]   18:     0x60872fdf6c99 - <std[70759c8f55707aa4]::sys::thread::unix::Thread>::new::thread_start
[INFO] [stdout]   19:     0x7afd36cefdfa - <unknown>
[INFO] [stdout]   20:     0x7afd36d833d4 - clone
[INFO] [stdout]   21:                0x0 - <unknown>
[INFO] [stdout] 
[INFO] [stdout] ---- watchrpc::tests::test_get_watch_first_val_int stdout ----
[INFO] [stdout] 
[INFO] [stdout] thread 'watchrpc::tests::test_get_watch_first_val_int' (2462) panicked at src/watchrpc.rs:81:62:
[INFO] [stdout] called `Result::unwrap()` on an `Err` value: CommandStreamError(ReadError(Os { code: 111, kind: ConnectionRefused, message: "Connection refused" }))
[INFO] [stdout] stack backtrace:
[INFO] [stdout]    0:     0x60872fdf78e1 - <<std[70759c8f55707aa4]::sys::backtrace::BacktraceLock>::print::DisplayBacktrace as core[df12db4294e9bfd3]::fmt::Display>::fmt
[INFO] [stdout]    1:     0x60872fe0d13a - core[df12db4294e9bfd3]::fmt::write
[INFO] [stdout]    2:     0x60872fdfc19c - <alloc[2182bb758b4b3781]::vec::Vec<u8> as core[df12db4294e9bfd3]::io::write::Write>::write_fmt
[INFO] [stdout]    3:     0x60872fdd3716 - std[70759c8f55707aa4]::panicking::default_hook::{closure#0}
[INFO] [stdout]    4:     0x60872fdefa79 - std[70759c8f55707aa4]::panicking::default_hook
[INFO] [stdout]    5:     0x60872fd89b90 - test[9d35eded1c95d3be]::test_main_inner::<test[9d35eded1c95d3be]::test_main_static::{closure#0}>::{closure#0}
[INFO] [stdout]    6:     0x60872fdefc32 - std[70759c8f55707aa4]::panicking::panic_with_hook
[INFO] [stdout]    7:     0x60872fdd37c2 - std[70759c8f55707aa4]::panicking::panic_handler::{closure#0}
[INFO] [stdout]    8:     0x60872fdcc499 - std[70759c8f55707aa4]::sys::backtrace::__rust_end_short_backtrace::<std[70759c8f55707aa4]::panicking::panic_handler::{closure#0}, !>
[INFO] [stdout]    9:     0x60872fdd45ad - __rustc[8fa7c3cbc660c2b3]::rust_begin_unwind
[INFO] [stdout]   10:     0x60872fe0d86c - core[df12db4294e9bfd3]::panicking::panic_fmt
[INFO] [stdout]   11:     0x60872fe0d642 - core[df12db4294e9bfd3]::result::unwrap_failed
[INFO] [stdout]   12:     0x60872fd79915 - dicedb_rs[f77e9ee52eccf702]::watchrpc::tests::test_get_watch_first_val_int
[INFO] [stdout]   13:     0x60872fd6b5e9 - <dicedb_rs[f77e9ee52eccf702]::watchrpc::tests::test_get_watch_first_val_int::{closure#0} as core[df12db4294e9bfd3]::ops::function::FnOnce<()>>::call_once
[INFO] [stdout]   14:     0x60872fd7ce7b - test[9d35eded1c95d3be]::__rust_begin_short_backtrace::<core[df12db4294e9bfd3]::result::Result<(), alloc[2182bb758b4b3781]::string::String>, fn() -> core[df12db4294e9bfd3]::result::Result<(), alloc[2182bb758b4b3781]::string::String>>
[INFO] [stdout]   15:     0x60872fd8a4e5 - test[9d35eded1c95d3be]::run_test::{closure#0}
[INFO] [stdout]   16:     0x60872fd83da4 - std[70759c8f55707aa4]::sys::backtrace::__rust_begin_short_backtrace::<test[9d35eded1c95d3be]::run_test::{closure#1}, ()>
[INFO] [stdout]   17:     0x60872fd8d642 - <std[70759c8f55707aa4]::thread::lifecycle::spawn_unchecked<test[9d35eded1c95d3be]::run_test::{closure#1}, ()>::{closure#1} as core[df12db4294e9bfd3]::ops::function::FnOnce<()>>::call_once::{shim:vtable#0}
[INFO] [stdout]   18:     0x60872fdf6c99 - <std[70759c8f55707aa4]::sys::thread::unix::Thread>::new::thread_start
[INFO] [stdout]   19:     0x7afd36cefdfa - <unknown>
[INFO] [stdout]   20:     0x7afd36d833d4 - clone
[INFO] [stdout]   21:                0x0 - <unknown>
[INFO] [stdout] 
[INFO] [stdout] 
[INFO] [stdout] failures:
[INFO] [stdout]     client::tests::test_client
[INFO] [stdout]     commandrpc::tests::test_case_sensitive_keys
[INFO] [stdout]     commandrpc::tests::test_decr
[INFO] [stdout]     commandrpc::tests::test_decr_min_underflow
[INFO] [stdout]     commandrpc::tests::test_decrby
[INFO] [stdout]     commandrpc::tests::test_decrby_overflow
[INFO] [stdout]     commandrpc::tests::test_del
[INFO] [stdout]     commandrpc::tests::test_echo
[INFO] [stdout]     commandrpc::tests::test_exists_one
[INFO] [stdout]     commandrpc::tests::test_exists_two
[INFO] [stdout]     commandrpc::tests::test_existsmany
[INFO] [stdout]     commandrpc::tests::test_expire
[INFO] [stdout]     commandrpc::tests::test_expire_nx
[INFO] [stdout]     commandrpc::tests::test_expire_xx
[INFO] [stdout]     commandrpc::tests::test_expireat
[INFO] [stdout]     commandrpc::tests::test_expireat_gt
[INFO] [stdout]     commandrpc::tests::test_expireat_lt
[INFO] [stdout]     commandrpc::tests::test_expireat_nx
[INFO] [stdout]     commandrpc::tests::test_expireat_xx
[INFO] [stdout]     commandrpc::tests::test_expiretime
[INFO] [stdout]     commandrpc::tests::test_get_set
[INFO] [stdout]     commandrpc::tests::test_get_set_float
[INFO] [stdout]     commandrpc::tests::test_getdel
[INFO] [stdout]     commandrpc::tests::test_getex
[INFO] [stdout]     commandrpc::tests::test_hgetall
[INFO] [stdout]     commandrpc::tests::test_hgetset_multi
[INFO] [stdout]     commandrpc::tests::test_hgetset_single
[INFO] [stdout]     commandrpc::tests::test_incr
[INFO] [stdout]     commandrpc::tests::test_incr_overflow
[INFO] [stdout]     commandrpc::tests::test_incrby
[INFO] [stdout]     commandrpc::tests::test_key_w_newline
[INFO] [stdout]     commandrpc::tests::test_key_w_spaces
[INFO] [stdout]     commandrpc::tests::test_key_w_underscores
[INFO] [stdout]     commandrpc::tests::test_key_w_underscores_cause_problems_with_exists
[INFO] [stdout]     commandrpc::tests::test_key_w_weird_symbols
[INFO] [stdout]     commandrpc::tests::test_ping_pong
[INFO] [stdout]     commandrpc::tests::test_set_with_get
[INFO] [stdout]     commandrpc::tests::test_ttl
[INFO] [stdout]     commandrpc::tests::test_type_float
[INFO] [stdout]     commandrpc::tests::test_type_int
[INFO] [stdout]     commandrpc::tests::test_type_null
[INFO] [stdout]     commandrpc::tests::test_type_str
[INFO] [stdout]     stream::tests::test_reconnect
[INFO] [stdout]     watchrpc::tests::test_create_watcher
[INFO] [stdout]     watchrpc::tests::test_get_watch_first_val_int
[INFO] [stdout]     watchrpc::tests::test_get_watch_first_value_null
[INFO] [stdout] 
[INFO] [stdout] test result: FAILED. 5 passed; 46 failed; 2 ignored; 0 measured; 0 filtered out; finished in 0.02s
[INFO] [stdout] 
[INFO] running `Command { std: "docker" "inspect" "57f116ce502361110301c585968a51a1e5eaafb499772b39ff7a67eaa4c3f80d", kill_on_drop: false }`
[INFO] running `Command { std: "docker" "rm" "-f" "57f116ce502361110301c585968a51a1e5eaafb499772b39ff7a67eaa4c3f80d", kill_on_drop: false }`
[INFO] [stdout] 57f116ce502361110301c585968a51a1e5eaafb499772b39ff7a67eaa4c3f80d
